[INFO] cloning repository https://github.com/rohankumardubey/cotp
[INFO] running `Command { std: "git" "-c" "credential.helper=" "-c" "credential.helper=/workspace/cargo-home/bin/git-credential-null" "clone" "--bare" "https://github.com/rohankumardubey/cotp" "/workspace/cache/git-repos/https%3A%2F%2Fgithub.com%2Frohankumardubey%2Fcotp", kill_on_drop: false }`
[INFO] [stderr] Cloning into bare repository '/workspace/cache/git-repos/https%3A%2F%2Fgithub.com%2Frohankumardubey%2Fcotp'...
[INFO] running `Command { std: "git" "rev-parse" "HEAD", kill_on_drop: false }`
[INFO] [stdout] f01ae70924e20eb0187074bad228820f135719b5
[INFO] testing rohankumardubey/cotp against beta-2023-04-20 for beta-1.70-1
[INFO] running `Command { std: "git" "clone" "/workspace/cache/git-repos/https%3A%2F%2Fgithub.com%2Frohankumardubey%2Fcotp" "/workspace/builds/worker-4-tc2/source", kill_on_drop: false }`
[INFO] [stderr] Cloning into '/workspace/builds/worker-4-tc2/source'...
[INFO] [stderr] done.
[INFO] validating manifest of git repo https://github.com/rohankumardubey/cotp on toolchain beta-2023-04-20
[INFO] running `Command { std: CARGO_HOME="/workspace/cargo-home" RUSTUP_HOME="/workspace/rustup-home" "/workspace/cargo-home/bin/cargo" "+beta-2023-04-20" "metadata" "--manifest-path" "Cargo.toml" "--no-deps", kill_on_drop: false }`
[INFO] started tweaking git repo https://github.com/rohankumardubey/cotp
[INFO] finished tweaking git repo https://github.com/rohankumardubey/cotp
[INFO] tweaked toml for git repo https://github.com/rohankumardubey/cotp written to /workspace/builds/worker-4-tc2/source/Cargo.toml
[INFO] crate git repo https://github.com/rohankumardubey/cotp already has a lockfile, it will not be regenerated
[INFO] running `Command { std: CARGO_HOME="/workspace/cargo-home" RUSTUP_HOME="/workspace/rustup-home" "/workspace/cargo-home/bin/cargo" "+beta-2023-04-20" "fetch" "--manifest-path" "Cargo.toml", kill_on_drop: false }`
[INFO] [stderr]  Downloading crates ...
[INFO] [stderr]   Downloaded chacha20 v0.8.1
[INFO] [stderr]   Downloaded inout v0.1.2
[INFO] [stderr]   Downloaded chacha20poly1305 v0.9.0
[INFO] [stderr]   Downloaded copypasta-ext v0.3.7
[INFO] [stderr]   Downloaded rust-argon2 v1.0.0
[INFO] [stderr]   Downloaded scrypt v0.9.0
[INFO] [stderr]   Downloaded block-buffer v0.10.1
[INFO] [stderr]   Downloaded cipher v0.4.2
[INFO] running `Command { std: "docker" "create" "-v" "/var/lib/crater-agent-workspace/builds/worker-4-tc2/target:/opt/rustwide/target:rw,Z" "-v" "/var/lib/crater-agent-workspace/builds/worker-4-tc2/source:/opt/rustwide/workdir:ro,Z" "-v" "/var/lib/crater-agent-workspace/cargo-home:/opt/rustwide/cargo-home:ro,Z" "-v" "/var/lib/crater-agent-workspace/rustup-home:/opt/rustwide/rustup-home:ro,Z" "-e" "SOURCE_DIR=/opt/rustwide/workdir" "-e" "CARGO_TARGET_DIR=/opt/rustwide/target" "-e" "CARGO_HOME=/opt/rustwide/cargo-home" "-e" "RUSTUP_HOME=/opt/rustwide/rustup-home" "-w" "/opt/rustwide/workdir" "-m" "1610612736" "--user" "0:0" "--network" "none" "ghcr.io/rust-lang/crates-build-env/linux@sha256:5ff2268d62e97bff2cde7d5815dd6ed5b47097566f13b8d0ca110b04b60e07ed" "/opt/rustwide/cargo-home/bin/cargo" "+beta-2023-04-20" "metadata" "--no-deps" "--format-version=1", kill_on_drop: false }`
[INFO] [stdout] 3f0ab19239ff839925172b9c00a8500c9ce838d74d1efa5dffd6538b3a437964
[INFO] running `Command { std: "docker" "start" "-a" "3f0ab19239ff839925172b9c00a8500c9ce838d74d1efa5dffd6538b3a437964", kill_on_drop: false }`
[INFO] running `Command { std: "docker" "inspect" "3f0ab19239ff839925172b9c00a8500c9ce838d74d1efa5dffd6538b3a437964", kill_on_drop: false }`
[INFO] running `Command { std: "docker" "rm" "-f" "3f0ab19239ff839925172b9c00a8500c9ce838d74d1efa5dffd6538b3a437964", kill_on_drop: false }`
[INFO] [stdout] 3f0ab19239ff839925172b9c00a8500c9ce838d74d1efa5dffd6538b3a437964
[INFO] running `Command { std: "docker" "create" "-v" "/var/lib/crater-agent-workspace/builds/worker-4-tc2/target:/opt/rustwide/target:rw,Z" "-v" "/var/lib/crater-agent-workspace/builds/worker-4-tc2/source:/opt/rustwide/workdir:ro,Z" "-v" "/var/lib/crater-agent-workspace/cargo-home:/opt/rustwide/cargo-home:ro,Z" "-v" "/var/lib/crater-agent-workspace/rustup-home:/opt/rustwide/rustup-home:ro,Z" "-e" "SOURCE_DIR=/opt/rustwide/workdir" "-e" "CARGO_TARGET_DIR=/opt/rustwide/target" "-e" "CARGO_INCREMENTAL=0" "-e" "RUST_BACKTRACE=full" "-e" "RUSTFLAGS=--cap-lints=warn" "-e" "RUSTDOCFLAGS=--cap-lints=warn" "-e" "CARGO_HOME=/opt/rustwide/cargo-home" "-e" "RUSTUP_HOME=/opt/rustwide/rustup-home" "-w" "/opt/rustwide/workdir" "-m" "1610612736" "--user" "0:0" "--network" "none" "ghcr.io/rust-lang/crates-build-env/linux@sha256:5ff2268d62e97bff2cde7d5815dd6ed5b47097566f13b8d0ca110b04b60e07ed" "/opt/rustwide/cargo-home/bin/cargo" "+beta-2023-04-20" "build" "--frozen" "--message-format=json", kill_on_drop: false }`
[INFO] [stdout] 697ee0e1f5e85b790b0d46fe39078f35d09949e0927c2fd655a19c1aa20af4d7
[INFO] running `Command { std: "docker" "start" "-a" "697ee0e1f5e85b790b0d46fe39078f35d09949e0927c2fd655a19c1aa20af4d7", kill_on_drop: false }`
[INFO] [stderr]     Blocking waiting for file lock on package cache
[INFO] [stderr]    Compiling cfg-if v1.0.0
[INFO] [stderr]    Compiling libc v0.2.117
[INFO] [stderr]    Compiling version_check v0.9.4
[INFO] [stderr]    Compiling autocfg v1.0.1
[INFO] [stderr]    Compiling typenum v1.15.0
[INFO] [stderr]    Compiling proc-macro2 v1.0.36
[INFO] [stderr]    Compiling unicode-xid v0.2.2
[INFO] [stderr]    Compiling memchr v2.4.1
[INFO] [stderr]    Compiling smallvec v1.8.0
[INFO] [stderr]    Compiling subtle v2.4.1
[INFO] [stderr]    Compiling log v0.4.14
[INFO] [stderr]    Compiling pkg-config v0.3.24
[INFO] [stderr]    Compiling generic-array v0.14.5
[INFO] [stderr]    Compiling bitflags v1.3.2
[INFO] [stderr]    Compiling xml-rs v0.8.4
[INFO] [stderr]    Compiling memoffset v0.6.5
[INFO] [stderr]    Compiling lazy_static v1.4.0
[INFO] [stderr]    Compiling wayland-sys v0.29.4
[INFO] [stderr]    Compiling libloading v0.7.3
[INFO] [stderr]    Compiling quote v1.0.15
[INFO] [stderr]    Compiling wayland-scanner v0.29.4
[INFO] [stderr]    Compiling cpufeatures v0.2.1
[INFO] [stderr]    Compiling dlib v0.5.0
[INFO] [stderr]    Compiling nom v7.1.0
[INFO] [stderr]    Compiling once_cell v1.9.0
[INFO] [stderr]    Compiling num-traits v0.2.14
[INFO] [stderr]    Compiling nix v0.22.3
[INFO] [stderr]    Compiling downcast-rs v1.2.0
[INFO] [stderr]    Compiling scoped-tls v1.0.0
[INFO] [stderr]    Compiling crypto-common v0.1.3
[INFO] [stderr]    Compiling minimal-lexical v0.2.1
[INFO] [stderr]    Compiling block-buffer v0.10.1
[INFO] [stderr]    Compiling quick-xml v0.22.0
[INFO] [stderr]    Compiling num-integer v0.1.44
[INFO] [stderr]    Compiling signal-hook v0.3.13
[INFO] [stderr]    Compiling opaque-debug v0.3.0
[INFO] [stderr]    Compiling scopeguard v1.1.0
[INFO] [stderr]    Compiling lock_api v0.4.6
[INFO] [stderr]    Compiling digest v0.10.3
[INFO] [stderr]    Compiling cipher v0.3.0
[INFO] [stderr]    Compiling universal-hash v0.4.1
[INFO] [stderr]    Compiling wayland-client v0.29.4
[INFO] [stderr]    Compiling wayland-protocols v0.29.4
[INFO] [stderr]    Compiling xcb v0.10.1
[INFO] [stderr]    Compiling signal-hook-registry v1.4.0
[INFO] [stderr]    Compiling smithay-client-toolkit v0.15.3
[INFO] [stderr]    Compiling syn v1.0.86
[INFO] [stderr]    Compiling parking_lot_core v0.8.5
[INFO] [stderr]    Compiling mio v0.7.14
[INFO] [stderr]    Compiling memmap2 v0.3.1
[INFO] [stderr]    Compiling num-rational v0.3.2
[INFO] [stderr]    Compiling xcursor v0.3.4
[INFO] [stderr]    Compiling num-iter v0.1.42
[INFO] [stderr]    Compiling instant v0.1.12
[INFO] [stderr]    Compiling parking_lot_core v0.9.1
[INFO] [stderr]    Compiling serde_derive v1.0.136
[INFO] [stderr]    Compiling wayland-commons v0.29.4
[INFO] [stderr]    Compiling signal-hook-mio v0.2.1
[INFO] [stderr]    Compiling inout v0.1.2
[INFO] [stderr]    Compiling getrandom v0.2.5
[INFO] [stderr]    Compiling indexmap v1.8.0
[INFO] [stderr]    Compiling crossbeam-utils v0.8.7
[INFO] [stderr]    Compiling serde v1.0.136
[INFO] [stderr]    Compiling rand_core v0.6.3
[INFO] [stderr]    Compiling cipher v0.4.2
[INFO] [stderr]    Compiling parking_lot v0.11.2
[INFO] [stderr]    Compiling polyval v0.5.3
[INFO] [stderr]    Compiling wayland-cursor v0.29.4
[INFO] [stderr]    Compiling x11-clipboard v0.5.3
[INFO] [stderr]    Compiling aead v0.4.3
[INFO] [stderr]    Compiling byteorder v1.4.3
[INFO] [stderr]    Compiling bytemuck v1.7.3
[INFO] [stderr]    Compiling base64ct v1.0.1
[INFO] [stderr]    Compiling hashbrown v0.11.2
[INFO] [stderr]    Compiling copypasta-ext v0.3.7
[INFO] [stderr]    Compiling color_quant v1.1.0
[INFO] [stderr]    Compiling constant_time_eq v0.1.5
[INFO] [stderr]    Compiling serde_json v1.0.79
[INFO] [stderr]    Compiling zeroize v1.4.3
[INFO] [stderr]    Compiling either v1.6.1
[INFO] [stderr]    Compiling arrayref v0.3.6
[INFO] [stderr]    Compiling arrayvec v0.7.2
[INFO] [stderr]    Compiling which v4.2.4
[INFO] [stderr]    Compiling chacha20 v0.8.1
[INFO] [stderr]    Compiling blake2b_simd v1.0.0
[INFO] [stderr]    Compiling image v0.23.14
[INFO] [stderr]    Compiling password-hash v0.3.2
[INFO] [stderr]    Compiling ghash v0.4.4
[INFO] [stderr]    Compiling parking_lot v0.12.0
[INFO] [stderr]    Compiling crossterm v0.22.1
[INFO] [stderr]    Compiling salsa20 v0.10.2
[INFO] [stderr]    Compiling poly1305 v0.7.2
[INFO] [stderr]    Compiling aes v0.7.5
[INFO] [stderr]    Compiling ctr v0.8.0
[INFO] [stderr]    Compiling hmac v0.12.1
[INFO] [stderr]    Compiling pbkdf2 v0.10.1
[INFO] [stderr]    Compiling sha2 v0.10.2
[INFO] [stderr]    Compiling atty v0.2.14
[INFO] [stderr]    Compiling dirs-sys v0.3.6
[INFO] [stderr]    Compiling os_str_bytes v6.0.0
[INFO] [stderr]    Compiling unicode-segmentation v1.9.0
[INFO] [stderr]    Compiling unicode-width v0.1.9
[INFO] [stderr]    Compiling itoa v1.0.1
[INFO] [stderr]    Compiling checked_int_cast v1.0.0
[INFO] [stderr]    Compiling textwrap v0.15.0
[INFO] [stderr]    Compiling strsim v0.10.0
[INFO] [stderr]    Compiling cassowary v0.3.0
[INFO] [stderr]    Compiling base64 v0.13.0
[INFO] [stderr]    Compiling ryu v1.0.9
[INFO] [stderr]    Compiling termcolor v1.1.2
[INFO] [stderr]    Compiling tui v0.17.0
[INFO] [stderr]    Compiling rust-argon2 v1.0.0
[INFO] [stderr]    Compiling clap v3.1.6
[INFO] [stderr]    Compiling qrcode v0.12.0
[INFO] [stderr]    Compiling scrypt v0.9.0
[INFO] [stderr]    Compiling dirs v4.0.0
[INFO] [stderr]    Compiling aes-gcm v0.9.4
[INFO] [stderr]    Compiling chacha20poly1305 v0.9.0
[INFO] [stderr]    Compiling crossterm v0.23.0
[INFO] [stderr]    Compiling sha-1 v0.10.0
[INFO] [stderr]    Compiling rpassword v5.0.1
[INFO] [stderr]    Compiling hex v0.4.3
[INFO] [stderr]    Compiling urlencoding v2.1.0
[INFO] [stderr]    Compiling data-encoding v2.3.2
[INFO] [stderr]    Compiling smithay-clipboard v0.6.5
[INFO] [stderr]    Compiling copypasta v0.7.1
[INFO] [stderr]    Compiling cotp v0.2.0 (/opt/rustwide/workdir)
[INFO] [stdout] warning: use of deprecated struct `clap::App`: Replaced with `Command`
[INFO] [stdout]  --> src/args.rs:1:12
[INFO] [stdout]   |
[INFO] [stdout] 1 | use clap::{App, AppSettings, Arg, ArgMatches};
[INFO] [stdout]   |            ^^^
[INFO] [stdout]   |
[INFO] [stdout]   = note: `#[warn(deprecated)]` on by default
[INFO] [stdout] 
[INFO] [stdout] 
[INFO] [stdout] warning: use of deprecated struct `clap::App`: Replaced with `Command`
[INFO] [stdout]   --> src/args.rs:22:5
[INFO] [stdout]    |
[INFO] [stdout] 22 |     App::new(env!("CARGO_PKG_NAME"))
[INFO] [stdout]    |     ^^^
[INFO] [stdout] 
[INFO] [stdout] 
[INFO] [stdout] warning: use of deprecated struct `clap::App`: Replaced with `Command`
[INFO] [stdout]   --> src/args.rs:28:13
[INFO] [stdout]    |
[INFO] [stdout] 28 |             App::new("add")
[INFO] [stdout]    |             ^^^
[INFO] [stdout] 
[INFO] [stdout] 
[INFO] [stdout] warning: use of deprecated unit variant `clap::AppSettings::ArgRequiredElseHelp`: Replaced with `Command::arg_required_else_help` and `Command::is_arg_required_else_help_set`
[INFO] [stdout]   --> src/args.rs:30:39
[INFO] [stdout]    |
[INFO] [stdout] 30 |                 .setting(AppSettings::ArgRequiredElseHelp)
[INFO] [stdout]    |                                       ^^^^^^^^^^^^^^^^^^^
[INFO] [stdout] 
[INFO] [stdout] 
[INFO] [stdout] warning: use of deprecated struct `clap::App`: Replaced with `Command`
[INFO] [stdout]   --> src/args.rs:84:13
[INFO] [stdout]    |
[INFO] [stdout] 84 |             App::new("edit")
[INFO] [stdout]    |             ^^^
[INFO] [stdout] 
[INFO] [stdout] 
[INFO] [stdout] warning: use of deprecated unit variant `clap::AppSettings::ArgRequiredElseHelp`: Replaced with `Command::arg_required_else_help` and `Command::is_arg_required_else_help_set`
[INFO] [stdout]   --> src/args.rs:86:39
[INFO] [stdout]    |
[INFO] [stdout] 86 |                 .setting(AppSettings::ArgRequiredElseHelp)
[INFO] [stdout]    |                                       ^^^^^^^^^^^^^^^^^^^
[INFO] [stdout] 
[INFO] [stdout] 
[INFO] [stdout] warning: use of deprecated struct `clap::App`: Replaced with `Command`
[INFO] [stdout]    --> src/args.rs:145:13
[INFO] [stdout]     |
[INFO] [stdout] 145 |             App::new("remove")
[INFO] [stdout]     |             ^^^
[INFO] [stdout] 
[INFO] [stdout] 
[INFO] [stdout] warning: use of deprecated unit variant `clap::AppSettings::ArgRequiredElseHelp`: Replaced with `Command::arg_required_else_help` and `Command::is_arg_required_else_help_set`
[INFO] [stdout]    --> src/args.rs:147:39
[INFO] [stdout]     |
[INFO] [stdout] 147 |                 .setting(AppSettings::ArgRequiredElseHelp) 
[INFO] [stdout]     |                                       ^^^^^^^^^^^^^^^^^^^
[INFO] [stdout] 
[INFO] [stdout] 
[INFO] [stdout] warning: use of deprecated struct `clap::App`: Replaced with `Command`
[INFO] [stdout]    --> src/args.rs:159:13
[INFO] [stdout]     |
[INFO] [stdout] 159 |             App::new("import")
[INFO] [stdout]     |             ^^^
[INFO] [stdout] 
[INFO] [stdout] 
[INFO] [stdout] warning: use of deprecated unit variant `clap::AppSettings::ArgRequiredElseHelp`: Replaced with `Command::arg_required_else_help` and `Command::is_arg_required_else_help_set`
[INFO] [stdout]    --> src/args.rs:161:39
[INFO] [stdout]     |
[INFO] [stdout] 161 |                 .setting(AppSettings::ArgRequiredElseHelp) 
[INFO] [stdout]     |                                       ^^^^^^^^^^^^^^^^^^^
[INFO] [stdout] 
[INFO] [stdout] 
[INFO] [stdout] warning: use of deprecated struct `clap::App`: Replaced with `Command`
[INFO] [stdout]    --> src/args.rs:254:13
[INFO] [stdout]     |
[INFO] [stdout] 254 |             App::new("export")
[INFO] [stdout]     |             ^^^
[INFO] [stdout] 
[INFO] [stdout] 
[INFO] [stdout] warning: use of deprecated struct `clap::App`: Replaced with `Command`
[INFO] [stdout]    --> src/args.rs:267:13
[INFO] [stdout]     |
[INFO] [stdout] 267 |             App::new("info")
[INFO] [stdout]     |             ^^^
[INFO] [stdout] 
[INFO] [stdout] 
[INFO] [stdout] warning: use of deprecated unit variant `clap::AppSettings::ArgRequiredElseHelp`: Replaced with `Command::arg_required_else_help` and `Command::is_arg_required_else_help_set`
[INFO] [stdout]    --> src/args.rs:269:39
[INFO] [stdout]     |
[INFO] [stdout] 269 |                 .setting(AppSettings::ArgRequiredElseHelp)
[INFO] [stdout]     |                                       ^^^^^^^^^^^^^^^^^^^
[INFO] [stdout] 
[INFO] [stdout] 
[INFO] [stdout] warning: use of deprecated struct `clap::App`: Replaced with `Command`
[INFO] [stdout]    --> src/args.rs:280:13
[INFO] [stdout]     |
[INFO] [stdout] 280 |             App::new("search")
[INFO] [stdout]     |             ^^^
[INFO] [stdout] 
[INFO] [stdout] 
[INFO] [stdout] warning: use of deprecated unit variant `clap::AppSettings::ArgRequiredElseHelp`: Replaced with `Command::arg_required_else_help` and `Command::is_arg_required_else_help_set`
[INFO] [stdout]    --> src/args.rs:282:39
[INFO] [stdout]     |
[INFO] [stdout] 282 |                 .setting(AppSettings::ArgRequiredElseHelp)
[INFO] [stdout]     |                                       ^^^^^^^^^^^^^^^^^^^
[INFO] [stdout] 
[INFO] [stdout] 
[INFO] [stdout] warning: use of deprecated struct `clap::App`: Replaced with `Command`
[INFO] [stdout]    --> src/args.rs:301:13
[INFO] [stdout]     |
[INFO] [stdout] 301 |             App::new("passwd")
[INFO] [stdout]     |             ^^^
[INFO] [stdout] 
[INFO] [stdout] 
[INFO] [stdout] warning: use of deprecated struct `clap::App`: Replaced with `Command`
[INFO] [stdout]    --> src/args.rs:305:13
[INFO] [stdout]     |
[INFO] [stdout] 305 |             App::new("qrcode")
[INFO] [stdout]     |             ^^^
[INFO] [stdout] 
[INFO] [stdout] 
[INFO] [stdout] warning: use of deprecated unit variant `clap::AppSettings::ArgRequiredElseHelp`: Replaced with `Command::arg_required_else_help` and `Command::is_arg_required_else_help_set`
[INFO] [stdout]    --> src/args.rs:306:39
[INFO] [stdout]     |
[INFO] [stdout] 306 |                 .setting(AppSettings::ArgRequiredElseHelp)
[INFO] [stdout]     |                                       ^^^^^^^^^^^^^^^^^^^
[INFO] [stdout] 
[INFO] [stdout] 
[INFO] [stdout] warning: 18 warnings emitted
[INFO] [stdout] 
[INFO] [stdout] 
[INFO] [stderr]     Finished dev [unoptimized + debuginfo] target(s) in 1m 02s
[INFO] [stderr] warning: the following packages contain code that will be rejected by a future version of Rust: quick-xml v0.22.0
[INFO] [stderr] note: to see what the problems were, use the option `--future-incompat-report`, or run `cargo report future-incompatibilities --id 1`
[INFO] running `Command { std: "docker" "inspect" "697ee0e1f5e85b790b0d46fe39078f35d09949e0927c2fd655a19c1aa20af4d7", kill_on_drop: false }`
[INFO] running `Command { std: "docker" "rm" "-f" "697ee0e1f5e85b790b0d46fe39078f35d09949e0927c2fd655a19c1aa20af4d7", kill_on_drop: false }`
[INFO] [stdout] 697ee0e1f5e85b790b0d46fe39078f35d09949e0927c2fd655a19c1aa20af4d7
[INFO] running `Command { std: "docker" "create" "-v" "/var/lib/crater-agent-workspace/builds/worker-4-tc2/target:/opt/rustwide/target:rw,Z" "-v" "/var/lib/crater-agent-workspace/builds/worker-4-tc2/source:/opt/rustwide/workdir:ro,Z" "-v" "/var/lib/crater-agent-workspace/cargo-home:/opt/rustwide/cargo-home:ro,Z" "-v" "/var/lib/crater-agent-workspace/rustup-home:/opt/rustwide/rustup-home:ro,Z" "-e" "SOURCE_DIR=/opt/rustwide/workdir" "-e" "CARGO_TARGET_DIR=/opt/rustwide/target" "-e" "CARGO_INCREMENTAL=0" "-e" "RUST_BACKTRACE=full" "-e" "RUSTFLAGS=--cap-lints=warn" "-e" "RUSTDOCFLAGS=--cap-lints=warn" "-e" "CARGO_HOME=/opt/rustwide/cargo-home" "-e" "RUSTUP_HOME=/opt/rustwide/rustup-home" "-w" "/opt/rustwide/workdir" "-m" "1610612736" "--user" "0:0" "--network" "none" "ghcr.io/rust-lang/crates-build-env/linux@sha256:5ff2268d62e97bff2cde7d5815dd6ed5b47097566f13b8d0ca110b04b60e07ed" "/opt/rustwide/cargo-home/bin/cargo" "+beta-2023-04-20" "test" "--frozen" "--no-run" "--message-format=json", kill_on_drop: false }`
[INFO] [stdout] 27f9d42b1017dc1b792a639dae1bf948e9f34495eed91db441009e75244dd7b4
[INFO] running `Command { std: "docker" "start" "-a" "27f9d42b1017dc1b792a639dae1bf948e9f34495eed91db441009e75244dd7b4", kill_on_drop: false }`
[INFO] [stderr]    Compiling cotp v0.2.0 (/opt/rustwide/workdir)
[INFO] [stdout] warning: use of deprecated struct `clap::App`: Replaced with `Command`
[INFO] [stdout]  --> src/args.rs:1:12
[INFO] [stdout]   |
[INFO] [stdout] 1 | use clap::{App, AppSettings, Arg, ArgMatches};
[INFO] [stdout]   |            ^^^
[INFO] [stdout]   |
[INFO] [stdout]   = note: `#[warn(deprecated)]` on by default
[INFO] [stdout] 
[INFO] [stdout] 
[INFO] [stdout] warning: use of deprecated struct `clap::App`: Replaced with `Command`
[INFO] [stdout]   --> src/args.rs:22:5
[INFO] [stdout]    |
[INFO] [stdout] 22 |     App::new(env!("CARGO_PKG_NAME"))
[INFO] [stdout]    |     ^^^
[INFO] [stdout] 
[INFO] [stdout] 
[INFO] [stdout] warning: use of deprecated struct `clap::App`: Replaced with `Command`
[INFO] [stdout]   --> src/args.rs:28:13
[INFO] [stdout]    |
[INFO] [stdout] 28 |             App::new("add")
[INFO] [stdout]    |             ^^^
[INFO] [stdout] 
[INFO] [stdout] 
[INFO] [stdout] warning: use of deprecated unit variant `clap::AppSettings::ArgRequiredElseHelp`: Replaced with `Command::arg_required_else_help` and `Command::is_arg_required_else_help_set`
[INFO] [stdout]   --> src/args.rs:30:39
[INFO] [stdout]    |
[INFO] [stdout] 30 |                 .setting(AppSettings::ArgRequiredElseHelp)
[INFO] [stdout]    |                                       ^^^^^^^^^^^^^^^^^^^
[INFO] [stdout] 
[INFO] [stdout] 
[INFO] [stdout] warning: use of deprecated struct `clap::App`: Replaced with `Command`
[INFO] [stdout]   --> src/args.rs:84:13
[INFO] [stdout]    |
[INFO] [stdout] 84 |             App::new("edit")
[INFO] [stdout]    |             ^^^
[INFO] [stdout] 
[INFO] [stdout] 
[INFO] [stdout] warning: use of deprecated unit variant `clap::AppSettings::ArgRequiredElseHelp`: Replaced with `Command::arg_required_else_help` and `Command::is_arg_required_else_help_set`
[INFO] [stdout]   --> src/args.rs:86:39
[INFO] [stdout]    |
[INFO] [stdout] 86 |                 .setting(AppSettings::ArgRequiredElseHelp)
[INFO] [stdout]    |                                       ^^^^^^^^^^^^^^^^^^^
[INFO] [stdout] 
[INFO] [stdout] 
[INFO] [stdout] warning: use of deprecated struct `clap::App`: Replaced with `Command`
[INFO] [stdout]    --> src/args.rs:145:13
[INFO] [stdout]     |
[INFO] [stdout] 145 |             App::new("remove")
[INFO] [stdout]     |             ^^^
[INFO] [stdout] 
[INFO] [stdout] 
[INFO] [stdout] warning: use of deprecated unit variant `clap::AppSettings::ArgRequiredElseHelp`: Replaced with `Command::arg_required_else_help` and `Command::is_arg_required_else_help_set`
[INFO] [stdout]    --> src/args.rs:147:39
[INFO] [stdout]     |
[INFO] [stdout] 147 |                 .setting(AppSettings::ArgRequiredElseHelp) 
[INFO] [stdout]     |                                       ^^^^^^^^^^^^^^^^^^^
[INFO] [stdout] 
[INFO] [stdout] 
[INFO] [stdout] warning: use of deprecated struct `clap::App`: Replaced with `Command`
[INFO] [stdout]    --> src/args.rs:159:13
[INFO] [stdout]     |
[INFO] [stdout] 159 |             App::new("import")
[INFO] [stdout]     |             ^^^
[INFO] [stdout] 
[INFO] [stdout] 
[INFO] [stdout] warning: use of deprecated unit variant `clap::AppSettings::ArgRequiredElseHelp`: Replaced with `Command::arg_required_else_help` and `Command::is_arg_required_else_help_set`
[INFO] [stdout]    --> src/args.rs:161:39
[INFO] [stdout]     |
[INFO] [stdout] 161 |                 .setting(AppSettings::ArgRequiredElseHelp) 
[INFO] [stdout]     |                                       ^^^^^^^^^^^^^^^^^^^
[INFO] [stdout] 
[INFO] [stdout] 
[INFO] [stdout] warning: use of deprecated struct `clap::App`: Replaced with `Command`
[INFO] [stdout]    --> src/args.rs:254:13
[INFO] [stdout]     |
[INFO] [stdout] 254 |             App::new("export")
[INFO] [stdout]     |             ^^^
[INFO] [stdout] 
[INFO] [stdout] 
[INFO] [stdout] warning: use of deprecated struct `clap::App`: Replaced with `Command`
[INFO] [stdout]    --> src/args.rs:267:13
[INFO] [stdout]     |
[INFO] [stdout] 267 |             App::new("info")
[INFO] [stdout]     |             ^^^
[INFO] [stdout] 
[INFO] [stdout] 
[INFO] [stdout] warning: use of deprecated unit variant `clap::AppSettings::ArgRequiredElseHelp`: Replaced with `Command::arg_required_else_help` and `Command::is_arg_required_else_help_set`
[INFO] [stdout]    --> src/args.rs:269:39
[INFO] [stdout]     |
[INFO] [stdout] 269 |                 .setting(AppSettings::ArgRequiredElseHelp)
[INFO] [stdout]     |                                       ^^^^^^^^^^^^^^^^^^^
[INFO] [stdout] 
[INFO] [stdout] 
[INFO] [stdout] warning: use of deprecated struct `clap::App`: Replaced with `Command`
[INFO] [stdout]    --> src/args.rs:280:13
[INFO] [stdout]     |
[INFO] [stdout] 280 |             App::new("search")
[INFO] [stdout]     |             ^^^
[INFO] [stdout] 
[INFO] [stdout] 
[INFO] [stdout] warning: use of deprecated unit variant `clap::AppSettings::ArgRequiredElseHelp`: Replaced with `Command::arg_required_else_help` and `Command::is_arg_required_else_help_set`
[INFO] [stdout]    --> src/args.rs:282:39
[INFO] [stdout]     |
[INFO] [stdout] 282 |                 .setting(AppSettings::ArgRequiredElseHelp)
[INFO] [stdout]     |                                       ^^^^^^^^^^^^^^^^^^^
[INFO] [stdout] 
[INFO] [stdout] 
[INFO] [stdout] warning: use of deprecated struct `clap::App`: Replaced with `Command`
[INFO] [stdout]    --> src/args.rs:301:13
[INFO] [stdout]     |
[INFO] [stdout] 301 |             App::new("passwd")
[INFO] [stdout]     |             ^^^
[INFO] [stdout] 
[INFO] [stdout] 
[INFO] [stdout] warning: use of deprecated struct `clap::App`: Replaced with `Command`
[INFO] [stdout]    --> src/args.rs:305:13
[INFO] [stdout]     |
[INFO] [stdout] 305 |             App::new("qrcode")
[INFO] [stdout]     |             ^^^
[INFO] [stdout] 
[INFO] [stdout] 
[INFO] [stdout] warning: use of deprecated unit variant `clap::AppSettings::ArgRequiredElseHelp`: Replaced with `Command::arg_required_else_help` and `Command::is_arg_required_else_help_set`
[INFO] [stdout]    --> src/args.rs:306:39
[INFO] [stdout]     |
[INFO] [stdout] 306 |                 .setting(AppSettings::ArgRequiredElseHelp)
[INFO] [stdout]     |                                       ^^^^^^^^^^^^^^^^^^^
[INFO] [stdout] 
[INFO] [stdout] 
[INFO] [stdout] warning: 18 warnings emitted
[INFO] [stdout] 
[INFO] [stdout] 
[INFO] [stderr]     Finished test [unoptimized + debuginfo] target(s) in 2.34s
[INFO] [stderr] warning: the following packages contain code that will be rejected by a future version of Rust: quick-xml v0.22.0
[INFO] [stderr] note: to see what the problems were, use the option `--future-incompat-report`, or run `cargo report future-incompatibilities --id 1`
[INFO] running `Command { std: "docker" "inspect" "27f9d42b1017dc1b792a639dae1bf948e9f34495eed91db441009e75244dd7b4", kill_on_drop: false }`
[INFO] running `Command { std: "docker" "rm" "-f" "27f9d42b1017dc1b792a639dae1bf948e9f34495eed91db441009e75244dd7b4", kill_on_drop: false }`
[INFO] [stdout] 27f9d42b1017dc1b792a639dae1bf948e9f34495eed91db441009e75244dd7b4
[INFO] running `Command { std: "docker" "create" "-v" "/var/lib/crater-agent-workspace/builds/worker-4-tc2/target:/opt/rustwide/target:rw,Z" "-v" "/var/lib/crater-agent-workspace/builds/worker-4-tc2/source:/opt/rustwide/workdir:ro,Z" "-v" "/var/lib/crater-agent-workspace/cargo-home:/opt/rustwide/cargo-home:ro,Z" "-v" "/var/lib/crater-agent-workspace/rustup-home:/opt/rustwide/rustup-home:ro,Z" "-e" "SOURCE_DIR=/opt/rustwide/workdir" "-e" "CARGO_TARGET_DIR=/opt/rustwide/target" "-e" "CARGO_INCREMENTAL=0" "-e" "RUST_BACKTRACE=full" "-e" "RUSTFLAGS=--cap-lints=warn" "-e" "RUSTDOCFLAGS=--cap-lints=warn" "-e" "CARGO_HOME=/opt/rustwide/cargo-home" "-e" "RUSTUP_HOME=/opt/rustwide/rustup-home" "-w" "/opt/rustwide/workdir" "-m" "1610612736" "--user" "0:0" "--network" "none" "ghcr.io/rust-lang/crates-build-env/linux@sha256:5ff2268d62e97bff2cde7d5815dd6ed5b47097566f13b8d0ca110b04b60e07ed" "/opt/rustwide/cargo-home/bin/cargo" "+beta-2023-04-20" "test" "--frozen", kill_on_drop: false }`
[INFO] [stdout] 4873c05b5a23a2375eb55c15443e91a303884198958488f3f2812cd7c756a43d
[INFO] running `Command { std: "docker" "start" "-a" "4873c05b5a23a2375eb55c15443e91a303884198958488f3f2812cd7c756a43d", kill_on_drop: false }`
[INFO] [stderr] warning: use of deprecated struct `clap::App`: Replaced with `Command`
[INFO] [stderr]  --> src/args.rs:1:12
[INFO] [stderr]   |
[INFO] [stderr] 1 | use clap::{App, AppSettings, Arg, ArgMatches};
[INFO] [stderr]   |            ^^^
[INFO] [stderr]   |
[INFO] [stderr]   = note: `#[warn(deprecated)]` on by default
[INFO] [stderr] 
[INFO] [stderr] warning: use of deprecated struct `clap::App`: Replaced with `Command`
[INFO] [stderr]   --> src/args.rs:22:5
[INFO] [stderr]    |
[INFO] [stderr] 22 |     App::new(env!("CARGO_PKG_NAME"))
[INFO] [stderr]    |     ^^^
[INFO] [stderr] 
[INFO] [stderr] warning: use of deprecated struct `clap::App`: Replaced with `Command`
[INFO] [stderr]   --> src/args.rs:28:13
[INFO] [stderr]    |
[INFO] [stderr] 28 |             App::new("add")
[INFO] [stderr]    |             ^^^
[INFO] [stderr] 
[INFO] [stderr] warning: use of deprecated unit variant `clap::AppSettings::ArgRequiredElseHelp`: Replaced with `Command::arg_required_else_help` and `Command::is_arg_required_else_help_set`
[INFO] [stderr]   --> src/args.rs:30:39
[INFO] [stderr]    |
[INFO] [stderr] 30 |                 .setting(AppSettings::ArgRequiredElseHelp)
[INFO] [stderr]    |                                       ^^^^^^^^^^^^^^^^^^^
[INFO] [stderr] 
[INFO] [stderr] warning: use of deprecated struct `clap::App`: Replaced with `Command`
[INFO] [stderr]   --> src/args.rs:84:13
[INFO] [stderr]    |
[INFO] [stderr] 84 |             App::new("edit")
[INFO] [stderr]    |             ^^^
[INFO] [stderr] 
[INFO] [stderr] warning: use of deprecated unit variant `clap::AppSettings::ArgRequiredElseHelp`: Replaced with `Command::arg_required_else_help` and `Command::is_arg_required_else_help_set`
[INFO] [stderr]   --> src/args.rs:86:39
[INFO] [stderr]    |
[INFO] [stderr] 86 |                 .setting(AppSettings::ArgRequiredElseHelp)
[INFO] [stderr]    |                                       ^^^^^^^^^^^^^^^^^^^
[INFO] [stderr] 
[INFO] [stderr] warning: use of deprecated struct `clap::App`: Replaced with `Command`
[INFO] [stderr]    --> src/args.rs:145:13
[INFO] [stderr]     |
[INFO] [stderr] 145 |             App::new("remove")
[INFO] [stderr]     |             ^^^
[INFO] [stderr] 
[INFO] [stderr] warning: use of deprecated unit variant `clap::AppSettings::ArgRequiredElseHelp`: Replaced with `Command::arg_required_else_help` and `Command::is_arg_required_else_help_set`
[INFO] [stderr]    --> src/args.rs:147:39
[INFO] [stderr]     |
[INFO] [stderr] 147 |                 .setting(AppSettings::ArgRequiredElseHelp) 
[INFO] [stderr]     |                                       ^^^^^^^^^^^^^^^^^^^
[INFO] [stderr] 
[INFO] [stderr] warning: use of deprecated struct `clap::App`: Replaced with `Command`
[INFO] [stderr]    --> src/args.rs:159:13
[INFO] [stderr]     |
[INFO] [stderr] 159 |             App::new("import")
[INFO] [stderr]     |             ^^^
[INFO] [stderr] 
[INFO] [stderr] warning: use of deprecated unit variant `clap::AppSettings::ArgRequiredElseHelp`: Replaced with `Command::arg_required_else_help` and `Command::is_arg_required_else_help_set`
[INFO] [stderr]    --> src/args.rs:161:39
[INFO] [stderr]     |
[INFO] [stderr] 161 |                 .setting(AppSettings::ArgRequiredElseHelp) 
[INFO] [stderr]     |                                       ^^^^^^^^^^^^^^^^^^^
[INFO] [stderr] 
[INFO] [stderr] warning: use of deprecated struct `clap::App`: Replaced with `Command`
[INFO] [stderr]    --> src/args.rs:254:13
[INFO] [stderr]     |
[INFO] [stderr] 254 |             App::new("export")
[INFO] [stderr]     |             ^^^
[INFO] [stderr] 
[INFO] [stderr] warning: use of deprecated struct `clap::App`: Replaced with `Command`
[INFO] [stderr]    --> src/args.rs:267:13
[INFO] [stderr]     |
[INFO] [stderr] 267 |             App::new("info")
[INFO] [stderr]     |             ^^^
[INFO] [stderr] 
[INFO] [stderr] warning: use of deprecated unit variant `clap::AppSettings::ArgRequiredElseHelp`: Replaced with `Command::arg_required_else_help` and `Command::is_arg_required_else_help_set`
[INFO] [stderr]    --> src/args.rs:269:39
[INFO] [stderr]     |
[INFO] [stderr] 269 |                 .setting(AppSettings::ArgRequiredElseHelp)
[INFO] [stderr]     |                                       ^^^^^^^^^^^^^^^^^^^
[INFO] [stderr] 
[INFO] [stderr] warning: use of deprecated struct `clap::App`: Replaced with `Command`
[INFO] [stderr]    --> src/args.rs:280:13
[INFO] [stderr]     |
[INFO] [stderr] 280 |             App::new("search")
[INFO] [stderr]     |             ^^^
[INFO] [stderr] 
[INFO] [stderr] warning: use of deprecated unit variant `clap::AppSettings::ArgRequiredElseHelp`: Replaced with `Command::arg_required_else_help` and `Command::is_arg_required_else_help_set`
[INFO] [stderr]    --> src/args.rs:282:39
[INFO] [stderr]     |
[INFO] [stderr] 282 |                 .setting(AppSettings::ArgRequiredElseHelp)
[INFO] [stderr]     |                                       ^^^^^^^^^^^^^^^^^^^
[INFO] [stderr] 
[INFO] [stderr] warning: use of deprecated struct `clap::App`: Replaced with `Command`
[INFO] [stderr]    --> src/args.rs:301:13
[INFO] [stderr]     |
[INFO] [stderr] 301 |             App::new("passwd")
[INFO] [stderr]     |             ^^^
[INFO] [stderr] 
[INFO] [stderr] warning: use of deprecated struct `clap::App`: Replaced with `Command`
[INFO] [stderr]    --> src/args.rs:305:13
[INFO] [stderr]     |
[INFO] [stderr] 305 |             App::new("qrcode")
[INFO] [stderr]     |             ^^^
[INFO] [stderr] 
[INFO] [stderr] warning: use of deprecated unit variant `clap::AppSettings::ArgRequiredElseHelp`: Replaced with `Command::arg_required_else_help` and `Command::is_arg_required_else_help_set`
[INFO] [stderr]    --> src/args.rs:306:39
[INFO] [stderr]     |
[INFO] [stderr] 306 |                 .setting(AppSettings::ArgRequiredElseHelp)
[INFO] [stderr]     |                                       ^^^^^^^^^^^^^^^^^^^
[INFO] [stderr] 
[INFO] [stderr] warning: `cotp` (bin "cotp" test) generated 18 warnings
[INFO] [stderr]     Finished test [unoptimized + debuginfo] target(s) in 0.06s
[INFO] [stderr] warning: the following packages contain code that will be rejected by a future version of Rust: quick-xml v0.22.0
[INFO] [stderr] note: to see what the problems were, use the option `--future-incompat-report`, or run `cargo report future-incompatibilities --id 1`
[INFO] [stderr]      Running unittests src/main.rs (/opt/rustwide/target/debug/deps/cotp-1ee1034d2b101662)
[INFO] [stdout] 
[INFO] [stdout] running 6 tests
[INFO] [stdout] test otp::otp_element::test::test_otpauth_uri ... ok
[INFO] [stdout] test importers::freeotp_plus::tests::test_secret_conversion ... ok
[INFO] [stdout] test otp::otp_maker::tests::test_hotp ... ok
[INFO] [stdout] test otp::otp_maker::tests::test_totp ... ok
[INFO] [stdout] test utils::tests::test_db_creation ... FAILED
[INFO] [stdout] test cryptography::tests::test_encryption ... ok
[INFO] [stdout] 
[INFO] [stdout] failures:
[INFO] [stdout] 
[INFO] [stdout] ---- utils::tests::test_db_creation stdout ----
[INFO] [stdout] thread 'utils::tests::test_db_creation' panicked at 'assertion failed: `(left == right)`
[INFO] [stdout]   left: `Ok(true)`,
[INFO] [stdout]  right: `Err(())`', src/utils.rs:99:9
[INFO] [stdout] stack backtrace:
[INFO] [stdout]    0:     0x55575cb4e67a - std::backtrace_rs::backtrace::libunwind::trace::h2f05d0192276a8f6
[INFO] [stdout]                                at /rustc/1b7dd2252b99671ce5d1cb9664c5f8636329436d/library/std/src/../../backtrace/src/backtrace/libunwind.rs:93:5
[INFO] [stdout]    1:     0x55575cb4e67a - std::backtrace_rs::backtrace::trace_unsynchronized::hedc23dff7a1af150
[INFO] [stdout]                                at /rustc/1b7dd2252b99671ce5d1cb9664c5f8636329436d/library/std/src/../../backtrace/src/backtrace/mod.rs:66:5
[INFO] [stdout]    2:     0x55575cb4e67a - std::sys_common::backtrace::_print_fmt::h17541ef7592f3ce2
[INFO] [stdout]                                at /rustc/1b7dd2252b99671ce5d1cb9664c5f8636329436d/library/std/src/sys_common/backtrace.rs:65:5
[INFO] [stdout]    3:     0x55575cb4e67a - <std::sys_common::backtrace::_print::DisplayBacktrace as core::fmt::Display>::fmt::h20f75df5ab0c0792
[INFO] [stdout]                                at /rustc/1b7dd2252b99671ce5d1cb9664c5f8636329436d/library/std/src/sys_common/backtrace.rs:44:22
[INFO] [stdout]    4:     0x55575cb72f6f - core::fmt::write::h78109e6f466b3af6
[INFO] [stdout]                                at /rustc/1b7dd2252b99671ce5d1cb9664c5f8636329436d/library/core/src/fmt/mod.rs:1254:17
[INFO] [stdout]    5:     0x55575cb4b7d5 - std::io::Write::write_fmt::hd24bfb68a1b35a25
[INFO] [stdout]                                at /rustc/1b7dd2252b99671ce5d1cb9664c5f8636329436d/library/std/src/io/mod.rs:1698:15
[INFO] [stdout]    6:     0x55575cb4e445 - std::sys_common::backtrace::_print::h8dac57a9f8fbf9a5
[INFO] [stdout]                                at /rustc/1b7dd2252b99671ce5d1cb9664c5f8636329436d/library/std/src/sys_common/backtrace.rs:47:5
[INFO] [stdout]    7:     0x55575cb4e445 - std::sys_common::backtrace::print::hf9ecbf41d1aa712f
[INFO] [stdout]                                at /rustc/1b7dd2252b99671ce5d1cb9664c5f8636329436d/library/std/src/sys_common/backtrace.rs:34:9
[INFO] [stdout]    8:     0x55575cb500fe - std::panicking::default_hook::{{closure}}::h04c07acfc84ca028
[INFO] [stdout]                                at /rustc/1b7dd2252b99671ce5d1cb9664c5f8636329436d/library/std/src/panicking.rs:269:22
[INFO] [stdout]    9:     0x55575cb4fe31 - std::panicking::default_hook::h01f6bb23e1eceb2c
[INFO] [stdout]                                at /rustc/1b7dd2252b99671ce5d1cb9664c5f8636329436d/library/std/src/panicking.rs:285:9
[INFO] [stdout]   10:     0x55575c9cf4fb - <alloc::boxed::Box<F,A> as core::ops::function::Fn<Args>>::call::h87fe9f7b2fd49e4c
[INFO] [stdout]                                at /rustc/1b7dd2252b99671ce5d1cb9664c5f8636329436d/library/alloc/src/boxed.rs:1987:9
[INFO] [stdout]   11:     0x55575c9cf4fb - test::test_main::{{closure}}::he94d679243a7531b
[INFO] [stdout]                                at /rustc/1b7dd2252b99671ce5d1cb9664c5f8636329436d/library/test/src/lib.rs:134:21
[INFO] [stdout]   12:     0x55575cb507e4 - <alloc::boxed::Box<F,A> as core::ops::function::Fn<Args>>::call::h3f2d6d8b14c4769f
[INFO] [stdout]                                at /rustc/1b7dd2252b99671ce5d1cb9664c5f8636329436d/library/alloc/src/boxed.rs:1987:9
[INFO] [stdout]   13:     0x55575cb507e4 - std::panicking::rust_panic_with_hook::h2bb3722bbaf2f6df
[INFO] [stdout]                                at /rustc/1b7dd2252b99671ce5d1cb9664c5f8636329436d/library/std/src/panicking.rs:695:13
[INFO] [stdout]   14:     0x55575cb50559 - std::panicking::begin_panic_handler::{{closure}}::h91bc7f36a4be011b
[INFO] [stdout]                                at /rustc/1b7dd2252b99671ce5d1cb9664c5f8636329436d/library/std/src/panicking.rs:582:13
[INFO] [stdout]   15:     0x55575cb4eae6 - std::sys_common::backtrace::__rust_end_short_backtrace::h8b3d3717114f9e59
[INFO] [stdout]                                at /rustc/1b7dd2252b99671ce5d1cb9664c5f8636329436d/library/std/src/sys_common/backtrace.rs:150:18
[INFO] [stdout]   16:     0x55575cb502b2 - rust_begin_unwind
[INFO] [stdout]                                at /rustc/1b7dd2252b99671ce5d1cb9664c5f8636329436d/library/std/src/panicking.rs:578:5
[INFO] [stdout]   17:     0x55575c971083 - core::panicking::panic_fmt::hfd368e3fbdabea26
[INFO] [stdout]                                at /rustc/1b7dd2252b99671ce5d1cb9664c5f8636329436d/library/core/src/panicking.rs:67:14
[INFO] [stdout]   18:     0x55575c97144f - core::panicking::assert_failed_inner::haef49168e1798a91
[INFO] [stdout]   19:     0x55575c98174a - core::panicking::assert_failed::h36c1cdeca1793f32
[INFO] [stdout]                                at /rustc/1b7dd2252b99671ce5d1cb9664c5f8636329436d/library/core/src/panicking.rs:228:5
[INFO] [stdout]   20:     0x55575c987f3d - cotp::utils::tests::test_db_creation::h81bba057fc513b5a
[INFO] [stdout]                                at /opt/rustwide/workdir/src/utils.rs:99:9
[INFO] [stdout]   21:     0x55575c987ea7 - cotp::utils::tests::test_db_creation::{{closure}}::hcdd5b18bf09035df
[INFO] [stdout]                                at /opt/rustwide/workdir/src/utils.rs:98:27
[INFO] [stdout]   22:     0x55575c990fd5 - core::ops::function::FnOnce::call_once::ha31cecc3bae84cd8
[INFO] [stdout]                                at /rustc/1b7dd2252b99671ce5d1cb9664c5f8636329436d/library/core/src/ops/function.rs:250:5
[INFO] [stdout]   23:     0x55575c9d43cf - core::ops::function::FnOnce::call_once::ha6a70e79f7481a7e
[INFO] [stdout]                                at /rustc/1b7dd2252b99671ce5d1cb9664c5f8636329436d/library/core/src/ops/function.rs:250:5
[INFO] [stdout]   24:     0x55575c9d43cf - test::__rust_begin_short_backtrace::hce33033019b61e69
[INFO] [stdout]                                at /rustc/1b7dd2252b99671ce5d1cb9664c5f8636329436d/library/test/src/lib.rs:655:18
[INFO] [stdout]   25:     0x55575c9a1bbc - test::run_test::{{closure}}::h858d3528838ae3e5
[INFO] [stdout]                                at /rustc/1b7dd2252b99671ce5d1cb9664c5f8636329436d/library/test/src/lib.rs:646:30
[INFO] [stdout]   26:     0x55575c9a1bbc - core::ops::function::FnOnce::call_once{{vtable.shim}}::he8ac2b00f01ae79e
[INFO] [stdout]                                at /rustc/1b7dd2252b99671ce5d1cb9664c5f8636329436d/library/core/src/ops/function.rs:250:5
[INFO] [stdout]   27:     0x55575c9d34a6 - <alloc::boxed::Box<F,A> as core::ops::function::FnOnce<Args>>::call_once::h8093d25b522725ef
[INFO] [stdout]                                at /rustc/1b7dd2252b99671ce5d1cb9664c5f8636329436d/library/alloc/src/boxed.rs:1973:9
[INFO] [stdout]   28:     0x55575c9d34a6 - <core::panic::unwind_safe::AssertUnwindSafe<F> as core::ops::function::FnOnce<()>>::call_once::h5c334c204e4a3913
[INFO] [stdout]                                at /rustc/1b7dd2252b99671ce5d1cb9664c5f8636329436d/library/core/src/panic/unwind_safe.rs:271:9
[INFO] [stdout]   29:     0x55575c9d34a6 - std::panicking::try::do_call::ha8b740c7b9478074
[INFO] [stdout]                                at /rustc/1b7dd2252b99671ce5d1cb9664c5f8636329436d/library/std/src/panicking.rs:485:40
[INFO] [stdout]   30:     0x55575c9d34a6 - std::panicking::try::h5d34f63d0e41b64e
[INFO] [stdout]                                at /rustc/1b7dd2252b99671ce5d1cb9664c5f8636329436d/library/std/src/panicking.rs:449:19
[INFO] [stdout]   31:     0x55575c9d34a6 - std::panic::catch_unwind::hcfbb511e1aa7fc67
[INFO] [stdout]                                at /rustc/1b7dd2252b99671ce5d1cb9664c5f8636329436d/library/std/src/panic.rs:140:14
[INFO] [stdout]   32:     0x55575c9d34a6 - test::run_test_in_process::h9abda90f802eaf21
[INFO] [stdout]                                at /rustc/1b7dd2252b99671ce5d1cb9664c5f8636329436d/library/test/src/lib.rs:678:27
[INFO] [stdout]   33:     0x55575c9d34a6 - test::run_test::run_test_inner::{{closure}}::h0f058de91f6c6edf
[INFO] [stdout]                                at /rustc/1b7dd2252b99671ce5d1cb9664c5f8636329436d/library/test/src/lib.rs:572:39
[INFO] [stdout]   34:     0x55575c99c3c5 - test::run_test::run_test_inner::{{closure}}::h5ca48a4c59c6c1fb
[INFO] [stdout]                                at /rustc/1b7dd2252b99671ce5d1cb9664c5f8636329436d/library/test/src/lib.rs:599:37
[INFO] [stdout]   35:     0x55575c99c3c5 - std::sys_common::backtrace::__rust_begin_short_backtrace::h32bd51e1495d4a33
[INFO] [stdout]                                at /rustc/1b7dd2252b99671ce5d1cb9664c5f8636329436d/library/std/src/sys_common/backtrace.rs:134:18
[INFO] [stdout]   36:     0x55575c9a1901 - std::thread::Builder::spawn_unchecked_::{{closure}}::{{closure}}::hc086fae9b128b2db
[INFO] [stdout]                                at /rustc/1b7dd2252b99671ce5d1cb9664c5f8636329436d/library/std/src/thread/mod.rs:526:17
[INFO] [stdout]   37:     0x55575c9a1901 - <core::panic::unwind_safe::AssertUnwindSafe<F> as core::ops::function::FnOnce<()>>::call_once::hb66571888d270d43
[INFO] [stdout]                                at /rustc/1b7dd2252b99671ce5d1cb9664c5f8636329436d/library/core/src/panic/unwind_safe.rs:271:9
[INFO] [stdout]   38:     0x55575c9a1901 - std::panicking::try::do_call::h4fa2ef4f6e51fecf
[INFO] [stdout]                                at /rustc/1b7dd2252b99671ce5d1cb9664c5f8636329436d/library/std/src/panicking.rs:485:40
[INFO] [stdout]   39:     0x55575c9a1901 - std::panicking::try::h1e9e22b8584489b5
[INFO] [stdout]                                at /rustc/1b7dd2252b99671ce5d1cb9664c5f8636329436d/library/std/src/panicking.rs:449:19
[INFO] [stdout]   40:     0x55575c9a1901 - std::panic::catch_unwind::h44698a3de0e0769e
[INFO] [stdout]                                at /rustc/1b7dd2252b99671ce5d1cb9664c5f8636329436d/library/std/src/panic.rs:140:14
[INFO] [stdout]   41:     0x55575c9a1901 - std::thread::Builder::spawn_unchecked_::{{closure}}::h50153abde3fe239e
[INFO] [stdout]                                at /rustc/1b7dd2252b99671ce5d1cb9664c5f8636329436d/library/std/src/thread/mod.rs:525:30
[INFO] [stdout]   42:     0x55575c9a1901 - core::ops::function::FnOnce::call_once{{vtable.shim}}::hbe5bbf6f38394364
[INFO] [stdout]                                at /rustc/1b7dd2252b99671ce5d1cb9664c5f8636329436d/library/core/src/ops/function.rs:250:5
[INFO] [stdout]   43:     0x55575cb54d65 - <alloc::boxed::Box<F,A> as core::ops::function::FnOnce<Args>>::call_once::h0d83cb2920a49046
[INFO] [stdout]                                at /rustc/1b7dd2252b99671ce5d1cb9664c5f8636329436d/library/alloc/src/boxed.rs:1973:9
[INFO] [stdout]   44:     0x55575cb54d65 - <alloc::boxed::Box<F,A> as core::ops::function::FnOnce<Args>>::call_once::hbe0a008aa7d9ef59
[INFO] [stdout]                                at /rustc/1b7dd2252b99671ce5d1cb9664c5f8636329436d/library/alloc/src/boxed.rs:1973:9
[INFO] [stdout]   45:     0x55575cb54d65 - std::sys::unix::thread::Thread::new::thread_start::h3a466996bdf6b1f9
[INFO] [stdout]                                at /rustc/1b7dd2252b99671ce5d1cb9664c5f8636329436d/library/std/src/sys/unix/thread.rs:108:17
[INFO] [stdout]   46:     0x7f497189ab43 - <unknown>
[INFO] [stdout]   47:     0x7f497192bbb4 - __clone
[INFO] [stdout]   48:                0x0 - <unknown>
[INFO] [stdout] 
[INFO] [stdout] 
[INFO] [stdout] failures:
[INFO] [stdout]     utils::tests::test_db_creation
[INFO] [stdout] 
[INFO] [stdout] test result: FAILED. 5 passed; 1 failed; 0 ignored; 0 measured; 0 filtered out; finished in 1.22s
[INFO] [stdout] 
[INFO] [stderr] error: test failed, to rerun pass `--bin cotp`
[INFO] running `Command { std: "docker" "inspect" "4873c05b5a23a2375eb55c15443e91a303884198958488f3f2812cd7c756a43d", kill_on_drop: false }`
[INFO] running `Command { std: "docker" "rm" "-f" "4873c05b5a23a2375eb55c15443e91a303884198958488f3f2812cd7c756a43d", kill_on_drop: false }`
[INFO] [stdout] 4873c05b5a23a2375eb55c15443e91a303884198958488f3f2812cd7c756a43d
