[INFO] cloning repository https://github.com/riboseinc/riffol
[INFO] running `Command { std: "git" "-c" "credential.helper=" "-c" "credential.helper=/workspace/cargo-home/bin/git-credential-null" "clone" "--bare" "https://github.com/riboseinc/riffol" "/workspace/cache/git-repos/https%3A%2F%2Fgithub.com%2Friboseinc%2Friffol", kill_on_drop: false }`
[INFO] [stderr] Cloning into bare repository '/workspace/cache/git-repos/https%3A%2F%2Fgithub.com%2Friboseinc%2Friffol'...
[INFO] running `Command { std: "git" "rev-parse" "HEAD", kill_on_drop: false }`
[INFO] [stdout] 3fa11b085767de108c62141b2faf1b60e379c081
[INFO] testing riboseinc/riffol against beta-2023-04-20 for beta-1.70-1
[INFO] running `Command { std: "git" "clone" "/workspace/cache/git-repos/https%3A%2F%2Fgithub.com%2Friboseinc%2Friffol" "/workspace/builds/worker-1-tc2/source", kill_on_drop: false }`
[INFO] [stderr] Cloning into '/workspace/builds/worker-1-tc2/source'...
[INFO] [stderr] done.
[INFO] validating manifest of git repo https://github.com/riboseinc/riffol on toolchain beta-2023-04-20
[INFO] running `Command { std: CARGO_HOME="/workspace/cargo-home" RUSTUP_HOME="/workspace/rustup-home" "/workspace/cargo-home/bin/cargo" "+beta-2023-04-20" "metadata" "--manifest-path" "Cargo.toml" "--no-deps", kill_on_drop: false }`
[INFO] started tweaking git repo https://github.com/riboseinc/riffol
[INFO] finished tweaking git repo https://github.com/riboseinc/riffol
[INFO] tweaked toml for git repo https://github.com/riboseinc/riffol written to /workspace/builds/worker-1-tc2/source/Cargo.toml
[INFO] crate git repo https://github.com/riboseinc/riffol already has a lockfile, it will not be regenerated
[INFO] running `Command { std: CARGO_HOME="/workspace/cargo-home" RUSTUP_HOME="/workspace/rustup-home" "/workspace/cargo-home/bin/cargo" "+beta-2023-04-20" "fetch" "--manifest-path" "Cargo.toml", kill_on_drop: false }`
[INFO] [stderr]     Updating crates.io index
[INFO] [stderr]  Downloading crates ...
[INFO] [stderr]   Downloaded syslog v4.0.1
[INFO] [stderr]   Downloaded signal-hook v0.1.5
[INFO] [stderr]   Downloaded nereon_derive v0.4.2
[INFO] [stderr]   Downloaded arc-swap v0.3.2
[INFO] [stderr]   Downloaded nereon v0.4.2
[INFO] running `Command { std: "docker" "create" "-v" "/var/lib/crater-agent-workspace/builds/worker-1-tc2/target:/opt/rustwide/target:rw,Z" "-v" "/var/lib/crater-agent-workspace/builds/worker-1-tc2/source:/opt/rustwide/workdir:ro,Z" "-v" "/var/lib/crater-agent-workspace/cargo-home:/opt/rustwide/cargo-home:ro,Z" "-v" "/var/lib/crater-agent-workspace/rustup-home:/opt/rustwide/rustup-home:ro,Z" "-e" "SOURCE_DIR=/opt/rustwide/workdir" "-e" "CARGO_TARGET_DIR=/opt/rustwide/target" "-e" "CARGO_HOME=/opt/rustwide/cargo-home" "-e" "RUSTUP_HOME=/opt/rustwide/rustup-home" "-w" "/opt/rustwide/workdir" "-m" "1610612736" "--user" "0:0" "--network" "none" "ghcr.io/rust-lang/crates-build-env/linux@sha256:5ff2268d62e97bff2cde7d5815dd6ed5b47097566f13b8d0ca110b04b60e07ed" "/opt/rustwide/cargo-home/bin/cargo" "+beta-2023-04-20" "metadata" "--no-deps" "--format-version=1", kill_on_drop: false }`
[INFO] [stdout] fc9de956b2b4290e1d20bf25986cf651b490a0a188e93c1de33567e4bd4893f1
[INFO] running `Command { std: "docker" "start" "-a" "fc9de956b2b4290e1d20bf25986cf651b490a0a188e93c1de33567e4bd4893f1", kill_on_drop: false }`
[INFO] running `Command { std: "docker" "inspect" "fc9de956b2b4290e1d20bf25986cf651b490a0a188e93c1de33567e4bd4893f1", kill_on_drop: false }`
[INFO] running `Command { std: "docker" "rm" "-f" "fc9de956b2b4290e1d20bf25986cf651b490a0a188e93c1de33567e4bd4893f1", kill_on_drop: false }`
[INFO] [stdout] fc9de956b2b4290e1d20bf25986cf651b490a0a188e93c1de33567e4bd4893f1
[INFO] running `Command { std: "docker" "create" "-v" "/var/lib/crater-agent-workspace/builds/worker-1-tc2/target:/opt/rustwide/target:rw,Z" "-v" "/var/lib/crater-agent-workspace/builds/worker-1-tc2/source:/opt/rustwide/workdir:ro,Z" "-v" "/var/lib/crater-agent-workspace/cargo-home:/opt/rustwide/cargo-home:ro,Z" "-v" "/var/lib/crater-agent-workspace/rustup-home:/opt/rustwide/rustup-home:ro,Z" "-e" "SOURCE_DIR=/opt/rustwide/workdir" "-e" "CARGO_TARGET_DIR=/opt/rustwide/target" "-e" "CARGO_INCREMENTAL=0" "-e" "RUST_BACKTRACE=full" "-e" "RUSTFLAGS=--cap-lints=warn" "-e" "RUSTDOCFLAGS=--cap-lints=warn" "-e" "CARGO_HOME=/opt/rustwide/cargo-home" "-e" "RUSTUP_HOME=/opt/rustwide/rustup-home" "-w" "/opt/rustwide/workdir" "-m" "1610612736" "--user" "0:0" "--network" "none" "ghcr.io/rust-lang/crates-build-env/linux@sha256:5ff2268d62e97bff2cde7d5815dd6ed5b47097566f13b8d0ca110b04b60e07ed" "/opt/rustwide/cargo-home/bin/cargo" "+beta-2023-04-20" "build" "--frozen" "--message-format=json", kill_on_drop: false }`
[INFO] [stdout] 5e5b1b656b3d7eafec1ad889e644a2fcf81b705a96744a2fb0f4134fa4c29e93
[INFO] running `Command { std: "docker" "start" "-a" "5e5b1b656b3d7eafec1ad889e644a2fcf81b705a96744a2fb0f4134fa4c29e93", kill_on_drop: false }`
[INFO] [stderr]    Compiling libc v0.2.43
[INFO] [stderr]    Compiling cfg-if v0.1.5
[INFO] [stderr]    Compiling proc-macro2 v0.4.20
[INFO] [stderr]    Compiling version_check v0.1.5
[INFO] [stderr]    Compiling unicode-xid v0.1.0
[INFO] [stderr]    Compiling semver-parser v0.7.0
[INFO] [stderr]    Compiling void v1.0.2
[INFO] [stderr]    Compiling cc v1.0.25
[INFO] [stderr]    Compiling num-traits v0.2.6
[INFO] [stderr]    Compiling ucd-trie v0.1.1
[INFO] [stderr]    Compiling rand_core v0.3.0
[INFO] [stderr]    Compiling lazy_static v1.1.0
[INFO] [stderr]    Compiling semver v0.9.0
[INFO] [stderr]    Compiling rand_core v0.2.2
[INFO] [stderr]    Compiling pest v2.0.1
[INFO] [stderr]    Compiling unreachable v1.0.0
[INFO] [stderr]    Compiling stable_deref_trait v1.1.1
[INFO] [stderr]    Compiling scopeguard v0.3.3
[INFO] [stderr]    Compiling maplit v1.0.1
[INFO] [stderr]    Compiling rustc_version v0.2.3
[INFO] [stderr]    Compiling num-integer v0.1.39
[INFO] [stderr]    Compiling owning_ref v0.3.3
[INFO] [stderr]    Compiling smallvec v0.6.5
[INFO] [stderr]    Compiling rand v0.5.5
[INFO] [stderr]    Compiling quote v0.6.8
[INFO] [stderr]    Compiling parking_lot_core v0.3.1
[INFO] [stderr]    Compiling backtrace-sys v0.1.24
[INFO] [stderr]    Compiling syn v0.14.9
[INFO] [stderr]    Compiling time v0.1.40
[INFO] [stderr]    Compiling log v0.4.5
[INFO] [stderr]    Compiling pest_meta v2.0.3
[INFO] [stderr]    Compiling rustc-demangle v0.1.9
[INFO] [stderr]    Compiling nodrop v0.1.12
[INFO] [stderr]    Compiling bitflags v1.0.4
[INFO] [stderr]    Compiling unicode-width v0.1.5
[INFO] [stderr]    Compiling arrayvec v0.4.7
[INFO] [stderr]    Compiling textwrap v0.10.0
[INFO] [stderr]    Compiling syn v0.15.12
[INFO] [stderr]    Compiling backtrace v0.3.9
[INFO] [stderr]    Compiling lock_api v0.1.4
[INFO] [stderr]    Compiling atty v0.2.11
[INFO] [stderr]    Compiling memoffset v0.2.1
[INFO] [stderr]    Compiling vec_map v0.8.1
[INFO] [stderr]    Compiling crossbeam-utils v0.5.0
[INFO] [stderr]    Compiling strsim v0.7.0
[INFO] [stderr]    Compiling nix v0.11.0
[INFO] [stderr]    Compiling pest_generator v2.0.0
[INFO] [stderr]    Compiling ansi_term v0.11.0
[INFO] [stderr]    Compiling crossbeam-epoch v0.6.0
[INFO] [stderr]    Compiling parking_lot v0.6.4
[INFO] [stderr]    Compiling clap v2.32.0
[INFO] [stderr]    Compiling error-chain v0.11.0
[INFO] [stderr]    Compiling chrono v0.4.6
[INFO] [stderr]    Compiling thread_local v0.3.6
[INFO] [stderr]    Compiling net2 v0.2.33
[INFO] [stderr]    Compiling iovec v0.1.2
[INFO] [stderr]    Compiling slab v0.4.1
[INFO] [stderr]    Compiling lazycell v1.2.0
[INFO] [stderr]    Compiling termcolor v0.3.6
[INFO] [stderr]    Compiling arc-swap v0.3.2
[INFO] [stderr]    Compiling pest_derive v2.0.1
[INFO] [stderr]    Compiling mio v0.6.16
[INFO] [stderr]    Compiling syslog v4.0.1
[INFO] [stderr]    Compiling stderrlog v0.4.1
[INFO] [stderr]    Compiling signal-hook v0.1.5
[INFO] [stderr]    Compiling crossbeam-channel v0.2.6
[INFO] [stderr]    Compiling nereon_derive v0.4.2
[INFO] [stderr]    Compiling nereon v0.4.2
[INFO] [stderr]    Compiling riffol v0.3.0 (/opt/rustwide/workdir)
[INFO] [stdout] warning: the item `libc` is imported redundantly
[INFO] [stdout]   --> src/signal.rs:33:13
[INFO] [stdout]    |
[INFO] [stdout] 25 | use libc;
[INFO] [stdout]    |     ---- the item `libc` is already imported here
[INFO] [stdout] ...
[INFO] [stdout] 33 |         use libc;
[INFO] [stdout]    |             ^^^^
[INFO] [stdout]    |
[INFO] [stdout]    = note: `#[warn(unused_imports)]` on by default
[INFO] [stdout] 
[INFO] [stdout] 
[INFO] [stdout] warning: use of deprecated function `std::mem::uninitialized`: use `mem::MaybeUninit` instead
[INFO] [stdout]    --> src/health.rs:149:50
[INFO] [stdout]     |
[INFO] [stdout] 149 |             let mut stats: statvfs = ::std::mem::uninitialized();
[INFO] [stdout]     |                                                  ^^^^^^^^^^^^^
[INFO] [stdout]     |
[INFO] [stdout]     = note: `#[warn(deprecated)]` on by default
[INFO] [stdout] 
[INFO] [stdout] 
[INFO] [stdout] warning: use of deprecated method `std::os::unix::process::CommandExt::before_exec`: should be unsafe, use `pre_exec` instead
[INFO] [stdout]    --> src/application.rs:289:14
[INFO] [stdout]     |
[INFO] [stdout] 289 |             .before_exec(move || {
[INFO] [stdout]     |              ^^^^^^^^^^^
[INFO] [stdout] 
[INFO] [stdout] 
[INFO] [stdout] warning: variable does not need to be mutable
[INFO] [stdout]    --> src/stream.rs:176:21
[INFO] [stdout]     |
[INFO] [stdout] 176 |                 let mut connection = connections.get_mut(handle).unwrap();
[INFO] [stdout]     |                     ----^^^^^^^^^^
[INFO] [stdout]     |                     |
[INFO] [stdout]     |                     help: remove this `mut`
[INFO] [stdout]     |
[INFO] [stdout]     = note: `#[warn(unused_mut)]` on by default
[INFO] [stdout] 
[INFO] [stdout] 
[INFO] [stdout] warning: variable does not need to be mutable
[INFO] [stdout]    --> src/stream.rs:195:21
[INFO] [stdout]     |
[INFO] [stdout] 195 |                 let mut connection = connections.remove(handle);
[INFO] [stdout]     |                     ----^^^^^^^^^^
[INFO] [stdout]     |                     |
[INFO] [stdout]     |                     help: remove this `mut`
[INFO] [stdout] 
[INFO] [stdout] 
[INFO] [stdout] warning: variable does not need to be mutable
[INFO] [stdout]    --> src/stream.rs:243:17
[INFO] [stdout]     |
[INFO] [stdout] 243 |             let mut logger: syslog::Result<
[INFO] [stdout]     |                 ----^^^^^^
[INFO] [stdout]     |                 |
[INFO] [stdout]     |                 help: remove this `mut`
[INFO] [stdout] 
[INFO] [stdout] 
[INFO] [stdout] warning: the type `libc::statvfs` does not permit being left uninitialized
[INFO] [stdout]    --> src/health.rs:149:38
[INFO] [stdout]     |
[INFO] [stdout] 149 |             let mut stats: statvfs = ::std::mem::uninitialized();
[INFO] [stdout]     |                                      ^^^^^^^^^^^^^^^^^^^^^^^^^^^
[INFO] [stdout]     |                                      |
[INFO] [stdout]     |                                      this code causes undefined behavior when executed
[INFO] [stdout]     |                                      help: use `MaybeUninit<T>` instead, and only call `assume_init` after initialization is done
[INFO] [stdout]     |
[INFO] [stdout]     = note: integers must be initialized
[INFO] [stdout]     = note: `#[warn(invalid_value)]` on by default
[INFO] [stdout] 
[INFO] [stdout] 
[INFO] [stdout] warning: 7 warnings emitted
[INFO] [stdout] 
[INFO] [stdout] 
[INFO] [stderr]     Finished dev [unoptimized + debuginfo] target(s) in 8.21s
[INFO] [stderr] warning: the following packages contain code that will be rejected by a future version of Rust: syn v0.14.9
[INFO] [stderr] note: to see what the problems were, use the option `--future-incompat-report`, or run `cargo report future-incompatibilities --id 1`
[INFO] running `Command { std: "docker" "inspect" "5e5b1b656b3d7eafec1ad889e644a2fcf81b705a96744a2fb0f4134fa4c29e93", kill_on_drop: false }`
[INFO] running `Command { std: "docker" "rm" "-f" "5e5b1b656b3d7eafec1ad889e644a2fcf81b705a96744a2fb0f4134fa4c29e93", kill_on_drop: false }`
[INFO] [stdout] 5e5b1b656b3d7eafec1ad889e644a2fcf81b705a96744a2fb0f4134fa4c29e93
[INFO] running `Command { std: "docker" "create" "-v" "/var/lib/crater-agent-workspace/builds/worker-1-tc2/target:/opt/rustwide/target:rw,Z" "-v" "/var/lib/crater-agent-workspace/builds/worker-1-tc2/source:/opt/rustwide/workdir:ro,Z" "-v" "/var/lib/crater-agent-workspace/cargo-home:/opt/rustwide/cargo-home:ro,Z" "-v" "/var/lib/crater-agent-workspace/rustup-home:/opt/rustwide/rustup-home:ro,Z" "-e" "SOURCE_DIR=/opt/rustwide/workdir" "-e" "CARGO_TARGET_DIR=/opt/rustwide/target" "-e" "CARGO_INCREMENTAL=0" "-e" "RUST_BACKTRACE=full" "-e" "RUSTFLAGS=--cap-lints=warn" "-e" "RUSTDOCFLAGS=--cap-lints=warn" "-e" "CARGO_HOME=/opt/rustwide/cargo-home" "-e" "RUSTUP_HOME=/opt/rustwide/rustup-home" "-w" "/opt/rustwide/workdir" "-m" "1610612736" "--user" "0:0" "--network" "none" "ghcr.io/rust-lang/crates-build-env/linux@sha256:5ff2268d62e97bff2cde7d5815dd6ed5b47097566f13b8d0ca110b04b60e07ed" "/opt/rustwide/cargo-home/bin/cargo" "+beta-2023-04-20" "test" "--frozen" "--no-run" "--message-format=json", kill_on_drop: false }`
[INFO] [stdout] f4cbc04cd83daa3408f20d020e9eb363ccdd6826e9a7f8c1b5a68b6812a898c0
[INFO] running `Command { std: "docker" "start" "-a" "f4cbc04cd83daa3408f20d020e9eb363ccdd6826e9a7f8c1b5a68b6812a898c0", kill_on_drop: false }`
[INFO] [stdout] warning: the item `libc` is imported redundantly
[INFO] [stdout]   --> src/signal.rs:33:13
[INFO] [stdout]    |
[INFO] [stdout] 25 | use libc;
[INFO] [stdout]    |     ---- the item `libc` is already imported here
[INFO] [stdout] ...
[INFO] [stdout] 33 |         use libc;
[INFO] [stdout]    |             ^^^^
[INFO] [stdout]    |
[INFO] [stdout]    = note: `#[warn(unused_imports)]` on by default
[INFO] [stdout] 
[INFO] [stdout] 
[INFO] [stdout] warning: use of deprecated function `std::mem::uninitialized`: use `mem::MaybeUninit` instead
[INFO] [stdout]    --> src/health.rs:149:50
[INFO] [stdout]     |
[INFO] [stdout] 149 |             let mut stats: statvfs = ::std::mem::uninitialized();
[INFO] [stdout]     |                                                  ^^^^^^^^^^^^^
[INFO] [stdout]     |
[INFO] [stdout]     = note: `#[warn(deprecated)]` on by default
[INFO] [stdout] 
[INFO] [stdout] 
[INFO] [stdout] warning: use of deprecated method `std::os::unix::process::CommandExt::before_exec`: should be unsafe, use `pre_exec` instead
[INFO] [stdout]    --> src/application.rs:289:14
[INFO] [stdout]     |
[INFO] [stdout] 289 |             .before_exec(move || {
[INFO] [stdout]     |              ^^^^^^^^^^^
[INFO] [stdout] 
[INFO] [stdout] 
[INFO] [stdout] warning: variable does not need to be mutable
[INFO] [stdout]    --> src/stream.rs:176:21
[INFO] [stdout]     |
[INFO] [stdout] 176 |                 let mut connection = connections.get_mut(handle).unwrap();
[INFO] [stdout]     |                     ----^^^^^^^^^^
[INFO] [stdout]     |                     |
[INFO] [stdout]     |                     help: remove this `mut`
[INFO] [stdout]     |
[INFO] [stdout]     = note: `#[warn(unused_mut)]` on by default
[INFO] [stdout] 
[INFO] [stdout] 
[INFO] [stdout] warning: variable does not need to be mutable
[INFO] [stdout]    --> src/stream.rs:195:21
[INFO] [stdout]     |
[INFO] [stdout] 195 |                 let mut connection = connections.remove(handle);
[INFO] [stdout]     |                     ----^^^^^^^^^^
[INFO] [stdout]     |                     |
[INFO] [stdout]     |                     help: remove this `mut`
[INFO] [stdout] 
[INFO] [stdout] 
[INFO] [stderr]    Compiling riffol v0.3.0 (/opt/rustwide/workdir)
[INFO] [stdout] warning: variable does not need to be mutable
[INFO] [stdout]    --> src/stream.rs:243:17
[INFO] [stdout]     |
[INFO] [stdout] 243 |             let mut logger: syslog::Result<
[INFO] [stdout]     |                 ----^^^^^^
[INFO] [stdout]     |                 |
[INFO] [stdout]     |                 help: remove this `mut`
[INFO] [stdout] 
[INFO] [stdout] 
[INFO] [stdout] warning: the type `libc::statvfs` does not permit being left uninitialized
[INFO] [stdout]    --> src/health.rs:149:38
[INFO] [stdout]     |
[INFO] [stdout] 149 |             let mut stats: statvfs = ::std::mem::uninitialized();
[INFO] [stdout]     |                                      ^^^^^^^^^^^^^^^^^^^^^^^^^^^
[INFO] [stdout]     |                                      |
[INFO] [stdout]     |                                      this code causes undefined behavior when executed
[INFO] [stdout]     |                                      help: use `MaybeUninit<T>` instead, and only call `assume_init` after initialization is done
[INFO] [stdout]     |
[INFO] [stdout]     = note: integers must be initialized
[INFO] [stdout]     = note: `#[warn(invalid_value)]` on by default
[INFO] [stdout] 
[INFO] [stdout] 
[INFO] [stdout] warning: 7 warnings emitted
[INFO] [stdout] 
[INFO] [stdout] 
[INFO] [stdout] warning: the item `libc` is imported redundantly
[INFO] [stdout]   --> src/signal.rs:33:13
[INFO] [stdout]    |
[INFO] [stdout] 25 | use libc;
[INFO] [stdout]    |     ---- the item `libc` is already imported here
[INFO] [stdout] ...
[INFO] [stdout] 33 |         use libc;
[INFO] [stdout]    |             ^^^^
[INFO] [stdout]    |
[INFO] [stdout]    = note: `#[warn(unused_imports)]` on by default
[INFO] [stdout] 
[INFO] [stdout] 
[INFO] [stdout] warning: use of deprecated function `std::mem::uninitialized`: use `mem::MaybeUninit` instead
[INFO] [stdout]    --> src/health.rs:149:50
[INFO] [stdout]     |
[INFO] [stdout] 149 |             let mut stats: statvfs = ::std::mem::uninitialized();
[INFO] [stdout]     |                                                  ^^^^^^^^^^^^^
[INFO] [stdout]     |
[INFO] [stdout]     = note: `#[warn(deprecated)]` on by default
[INFO] [stdout] 
[INFO] [stdout] 
[INFO] [stdout] warning: use of deprecated method `std::os::unix::process::CommandExt::before_exec`: should be unsafe, use `pre_exec` instead
[INFO] [stdout]    --> src/application.rs:289:14
[INFO] [stdout]     |
[INFO] [stdout] 289 |             .before_exec(move || {
[INFO] [stdout]     |              ^^^^^^^^^^^
[INFO] [stdout] 
[INFO] [stdout] 
[INFO] [stdout] warning: variable does not need to be mutable
[INFO] [stdout]    --> src/stream.rs:176:21
[INFO] [stdout]     |
[INFO] [stdout] 176 |                 let mut connection = connections.get_mut(handle).unwrap();
[INFO] [stdout]     |                     ----^^^^^^^^^^
[INFO] [stdout]     |                     |
[INFO] [stdout]     |                     help: remove this `mut`
[INFO] [stdout]     |
[INFO] [stdout]     = note: `#[warn(unused_mut)]` on by default
[INFO] [stdout] 
[INFO] [stdout] 
[INFO] [stdout] warning: variable does not need to be mutable
[INFO] [stdout]    --> src/stream.rs:195:21
[INFO] [stdout]     |
[INFO] [stdout] 195 |                 let mut connection = connections.remove(handle);
[INFO] [stdout]     |                     ----^^^^^^^^^^
[INFO] [stdout]     |                     |
[INFO] [stdout]     |                     help: remove this `mut`
[INFO] [stdout] 
[INFO] [stdout] 
[INFO] [stdout] warning: variable does not need to be mutable
[INFO] [stdout]    --> src/stream.rs:243:17
[INFO] [stdout]     |
[INFO] [stdout] 243 |             let mut logger: syslog::Result<
[INFO] [stdout]     |                 ----^^^^^^
[INFO] [stdout]     |                 |
[INFO] [stdout]     |                 help: remove this `mut`
[INFO] [stdout] 
[INFO] [stdout] 
[INFO] [stdout] warning: the type `libc::statvfs` does not permit being left uninitialized
[INFO] [stdout]    --> src/health.rs:149:38
[INFO] [stdout]     |
[INFO] [stdout] 149 |             let mut stats: statvfs = ::std::mem::uninitialized();
[INFO] [stdout]     |                                      ^^^^^^^^^^^^^^^^^^^^^^^^^^^
[INFO] [stdout]     |                                      |
[INFO] [stdout]     |                                      this code causes undefined behavior when executed
[INFO] [stdout]     |                                      help: use `MaybeUninit<T>` instead, and only call `assume_init` after initialization is done
[INFO] [stdout]     |
[INFO] [stdout]     = note: integers must be initialized
[INFO] [stdout]     = note: `#[warn(invalid_value)]` on by default
[INFO] [stdout] 
[INFO] [stdout] 
[INFO] [stdout] warning: 7 warnings emitted
[INFO] [stdout] 
[INFO] [stdout] 
[INFO] [stderr]     Finished test [unoptimized + debuginfo] target(s) in 1.48s
[INFO] [stderr] warning: the following packages contain code that will be rejected by a future version of Rust: syn v0.14.9
[INFO] [stderr] note: to see what the problems were, use the option `--future-incompat-report`, or run `cargo report future-incompatibilities --id 1`
[INFO] running `Command { std: "docker" "inspect" "f4cbc04cd83daa3408f20d020e9eb363ccdd6826e9a7f8c1b5a68b6812a898c0", kill_on_drop: false }`
[INFO] running `Command { std: "docker" "rm" "-f" "f4cbc04cd83daa3408f20d020e9eb363ccdd6826e9a7f8c1b5a68b6812a898c0", kill_on_drop: false }`
[INFO] [stdout] f4cbc04cd83daa3408f20d020e9eb363ccdd6826e9a7f8c1b5a68b6812a898c0
[INFO] running `Command { std: "docker" "create" "-v" "/var/lib/crater-agent-workspace/builds/worker-1-tc2/target:/opt/rustwide/target:rw,Z" "-v" "/var/lib/crater-agent-workspace/builds/worker-1-tc2/source:/opt/rustwide/workdir:ro,Z" "-v" "/var/lib/crater-agent-workspace/cargo-home:/opt/rustwide/cargo-home:ro,Z" "-v" "/var/lib/crater-agent-workspace/rustup-home:/opt/rustwide/rustup-home:ro,Z" "-e" "SOURCE_DIR=/opt/rustwide/workdir" "-e" "CARGO_TARGET_DIR=/opt/rustwide/target" "-e" "CARGO_INCREMENTAL=0" "-e" "RUST_BACKTRACE=full" "-e" "RUSTFLAGS=--cap-lints=warn" "-e" "RUSTDOCFLAGS=--cap-lints=warn" "-e" "CARGO_HOME=/opt/rustwide/cargo-home" "-e" "RUSTUP_HOME=/opt/rustwide/rustup-home" "-w" "/opt/rustwide/workdir" "-m" "1610612736" "--user" "0:0" "--network" "none" "ghcr.io/rust-lang/crates-build-env/linux@sha256:5ff2268d62e97bff2cde7d5815dd6ed5b47097566f13b8d0ca110b04b60e07ed" "/opt/rustwide/cargo-home/bin/cargo" "+beta-2023-04-20" "test" "--frozen", kill_on_drop: false }`
[INFO] [stdout] 9ad512597d057fdadfb50c6d9b3fb017eb8be64b5aa2d268d79daa1754344c36
[INFO] running `Command { std: "docker" "start" "-a" "9ad512597d057fdadfb50c6d9b3fb017eb8be64b5aa2d268d79daa1754344c36", kill_on_drop: false }`
[INFO] [stderr] warning: the item `libc` is imported redundantly
[INFO] [stderr]   --> src/signal.rs:33:13
[INFO] [stderr]    |
[INFO] [stderr] 25 | use libc;
[INFO] [stderr]    |     ---- the item `libc` is already imported here
[INFO] [stderr] ...
[INFO] [stderr] 33 |         use libc;
[INFO] [stderr]    |             ^^^^
[INFO] [stderr]    |
[INFO] [stderr]    = note: `#[warn(unused_imports)]` on by default
[INFO] [stderr] 
[INFO] [stderr] warning: use of deprecated function `std::mem::uninitialized`: use `mem::MaybeUninit` instead
[INFO] [stderr]    --> src/health.rs:149:50
[INFO] [stderr]     |
[INFO] [stderr] 149 |             let mut stats: statvfs = ::std::mem::uninitialized();
[INFO] [stderr]     |                                                  ^^^^^^^^^^^^^
[INFO] [stderr]     |
[INFO] [stderr]     = note: `#[warn(deprecated)]` on by default
[INFO] [stderr] 
[INFO] [stderr] warning: use of deprecated method `std::os::unix::process::CommandExt::before_exec`: should be unsafe, use `pre_exec` instead
[INFO] [stderr]    --> src/application.rs:289:14
[INFO] [stderr]     |
[INFO] [stderr] 289 |             .before_exec(move || {
[INFO] [stderr]     |              ^^^^^^^^^^^
[INFO] [stderr] 
[INFO] [stderr] warning: variable does not need to be mutable
[INFO] [stderr]    --> src/stream.rs:176:21
[INFO] [stderr]     |
[INFO] [stderr] 176 |                 let mut connection = connections.get_mut(handle).unwrap();
[INFO] [stderr]     |                     ----^^^^^^^^^^
[INFO] [stderr]     |                     |
[INFO] [stderr]     |                     help: remove this `mut`
[INFO] [stderr]     |
[INFO] [stderr]     = note: `#[warn(unused_mut)]` on by default
[INFO] [stderr] 
[INFO] [stderr] warning: variable does not need to be mutable
[INFO] [stderr]    --> src/stream.rs:195:21
[INFO] [stderr]     |
[INFO] [stderr] 195 |                 let mut connection = connections.remove(handle);
[INFO] [stderr]     |                     ----^^^^^^^^^^
[INFO] [stderr]     |                     |
[INFO] [stderr]     |                     help: remove this `mut`
[INFO] [stderr] 
[INFO] [stderr] warning: variable does not need to be mutable
[INFO] [stderr]    --> src/stream.rs:243:17
[INFO] [stderr]     |
[INFO] [stderr] 243 |             let mut logger: syslog::Result<
[INFO] [stderr]     |                 ----^^^^^^
[INFO] [stderr]     |                 |
[INFO] [stderr]     |                 help: remove this `mut`
[INFO] [stderr] 
[INFO] [stderr] warning: the type `libc::statvfs` does not permit being left uninitialized
[INFO] [stderr]    --> src/health.rs:149:38
[INFO] [stderr]     |
[INFO] [stderr] 149 |             let mut stats: statvfs = ::std::mem::uninitialized();
[INFO] [stderr]     |                                      ^^^^^^^^^^^^^^^^^^^^^^^^^^^
[INFO] [stderr]     |                                      |
[INFO] [stderr]     |                                      this code causes undefined behavior when executed
[INFO] [stderr]     |                                      help: use `MaybeUninit<T>` instead, and only call `assume_init` after initialization is done
[INFO] [stderr]     |
[INFO] [stderr]     = note: integers must be initialized
[INFO] [stderr]     = note: `#[warn(invalid_value)]` on by default
[INFO] [stderr] 
[INFO] [stderr] warning: `riffol` (lib) generated 7 warnings (run `cargo fix --lib -p riffol` to apply 3 suggestions)
[INFO] [stderr] warning: `riffol` (lib test) generated 7 warnings (7 duplicates)
[INFO] [stderr]     Finished test [unoptimized + debuginfo] target(s) in 0.03s
[INFO] [stderr] warning: the following packages contain code that will be rejected by a future version of Rust: syn v0.14.9
[INFO] [stderr] note: to see what the problems were, use the option `--future-incompat-report`, or run `cargo report future-incompatibilities --id 1`
[INFO] [stderr]      Running unittests src/lib.rs (/opt/rustwide/target/debug/deps/riffol-f40894f000541cfd)
[INFO] [stdout] 
[INFO] [stdout] running 2 tests
[INFO] [stdout] test config::tests::test ... ok
[INFO] [stdout] test stream::test::test1 ... FAILED
[INFO] [stdout] 
[INFO] [stdout] failures:
[INFO] [stdout] 
[INFO] [stdout] ---- stream::test::test1 stdout ----
[INFO] [stdout] thread 'stream::test::test1' panicked at 'called `Result::unwrap()` on an `Err` value: Os { code: 2, kind: NotFound, message: "No such file or directory" }', src/stream.rs:292:14
[INFO] [stdout] stack backtrace:
[INFO] [stdout]    0:     0x560f9831ac3a - std::backtrace_rs::backtrace::libunwind::trace::h2f05d0192276a8f6
[INFO] [stdout]                                at /rustc/1b7dd2252b99671ce5d1cb9664c5f8636329436d/library/std/src/../../backtrace/src/backtrace/libunwind.rs:93:5
[INFO] [stdout]    1:     0x560f9831ac3a - std::backtrace_rs::backtrace::trace_unsynchronized::hedc23dff7a1af150
[INFO] [stdout]                                at /rustc/1b7dd2252b99671ce5d1cb9664c5f8636329436d/library/std/src/../../backtrace/src/backtrace/mod.rs:66:5
[INFO] [stdout]    2:     0x560f9831ac3a - std::sys_common::backtrace::_print_fmt::h17541ef7592f3ce2
[INFO] [stdout]                                at /rustc/1b7dd2252b99671ce5d1cb9664c5f8636329436d/library/std/src/sys_common/backtrace.rs:65:5
[INFO] [stdout]    3:     0x560f9831ac3a - <std::sys_common::backtrace::_print::DisplayBacktrace as core::fmt::Display>::fmt::h20f75df5ab0c0792
[INFO] [stdout]                                at /rustc/1b7dd2252b99671ce5d1cb9664c5f8636329436d/library/std/src/sys_common/backtrace.rs:44:22
[INFO] [stdout]    4:     0x560f983432ff - core::fmt::write::h78109e6f466b3af6
[INFO] [stdout]                                at /rustc/1b7dd2252b99671ce5d1cb9664c5f8636329436d/library/core/src/fmt/mod.rs:1254:17
[INFO] [stdout]    5:     0x560f98317ac5 - std::io::Write::write_fmt::hd24bfb68a1b35a25
[INFO] [stdout]                                at /rustc/1b7dd2252b99671ce5d1cb9664c5f8636329436d/library/std/src/io/mod.rs:1698:15
[INFO] [stdout]    6:     0x560f9831aa05 - std::sys_common::backtrace::_print::h8dac57a9f8fbf9a5
[INFO] [stdout]                                at /rustc/1b7dd2252b99671ce5d1cb9664c5f8636329436d/library/std/src/sys_common/backtrace.rs:47:5
[INFO] [stdout]    7:     0x560f9831aa05 - std::sys_common::backtrace::print::hf9ecbf41d1aa712f
[INFO] [stdout]                                at /rustc/1b7dd2252b99671ce5d1cb9664c5f8636329436d/library/std/src/sys_common/backtrace.rs:34:9
[INFO] [stdout]    8:     0x560f9831c6be - std::panicking::default_hook::{{closure}}::h04c07acfc84ca028
[INFO] [stdout]                                at /rustc/1b7dd2252b99671ce5d1cb9664c5f8636329436d/library/std/src/panicking.rs:269:22
[INFO] [stdout]    9:     0x560f9831c3f1 - std::panicking::default_hook::h01f6bb23e1eceb2c
[INFO] [stdout]                                at /rustc/1b7dd2252b99671ce5d1cb9664c5f8636329436d/library/std/src/panicking.rs:285:9
[INFO] [stdout]   10:     0x560f981298ab - <alloc::boxed::Box<F,A> as core::ops::function::Fn<Args>>::call::h87fe9f7b2fd49e4c
[INFO] [stdout]                                at /rustc/1b7dd2252b99671ce5d1cb9664c5f8636329436d/library/alloc/src/boxed.rs:1987:9
[INFO] [stdout]   11:     0x560f981298ab - test::test_main::{{closure}}::he94d679243a7531b
[INFO] [stdout]                                at /rustc/1b7dd2252b99671ce5d1cb9664c5f8636329436d/library/test/src/lib.rs:134:21
[INFO] [stdout]   12:     0x560f9831cda4 - <alloc::boxed::Box<F,A> as core::ops::function::Fn<Args>>::call::h3f2d6d8b14c4769f
[INFO] [stdout]                                at /rustc/1b7dd2252b99671ce5d1cb9664c5f8636329436d/library/alloc/src/boxed.rs:1987:9
[INFO] [stdout]   13:     0x560f9831cda4 - std::panicking::rust_panic_with_hook::h2bb3722bbaf2f6df
[INFO] [stdout]                                at /rustc/1b7dd2252b99671ce5d1cb9664c5f8636329436d/library/std/src/panicking.rs:695:13
[INFO] [stdout]   14:     0x560f9831cb19 - std::panicking::begin_panic_handler::{{closure}}::h91bc7f36a4be011b
[INFO] [stdout]                                at /rustc/1b7dd2252b99671ce5d1cb9664c5f8636329436d/library/std/src/panicking.rs:582:13
[INFO] [stdout]   15:     0x560f9831b0a6 - std::sys_common::backtrace::__rust_end_short_backtrace::h8b3d3717114f9e59
[INFO] [stdout]                                at /rustc/1b7dd2252b99671ce5d1cb9664c5f8636329436d/library/std/src/sys_common/backtrace.rs:150:18
[INFO] [stdout]   16:     0x560f9831c872 - rust_begin_unwind
[INFO] [stdout]                                at /rustc/1b7dd2252b99671ce5d1cb9664c5f8636329436d/library/std/src/panicking.rs:578:5
[INFO] [stdout]   17:     0x560f98090d03 - core::panicking::panic_fmt::hfd368e3fbdabea26
[INFO] [stdout]                                at /rustc/1b7dd2252b99671ce5d1cb9664c5f8636329436d/library/core/src/panicking.rs:67:14
[INFO] [stdout]   18:     0x560f980912a3 - core::result::unwrap_failed::he54eb4b2f125b26f
[INFO] [stdout]                                at /rustc/1b7dd2252b99671ce5d1cb9664c5f8636329436d/library/core/src/result.rs:1687:5
[INFO] [stdout]   19:     0x560f980a0023 - core::result::Result<T,E>::unwrap::h126af33b54d0089c
[INFO] [stdout]                                at /rustc/1b7dd2252b99671ce5d1cb9664c5f8636329436d/library/core/src/result.rs:1089:23
[INFO] [stdout]   20:     0x560f980e134d - riffol::stream::test::test1::h58271ef7ef71b690
[INFO] [stdout]                                at /opt/rustwide/workdir/src/stream.rs:286:26
[INFO] [stdout]   21:     0x560f980e11d7 - riffol::stream::test::test1::{{closure}}::hbe147e47c3648029
[INFO] [stdout]                                at /opt/rustwide/workdir/src/stream.rs:284:16
[INFO] [stdout]   22:     0x560f980a8be5 - core::ops::function::FnOnce::call_once::h768156ce814747f8
[INFO] [stdout]                                at /rustc/1b7dd2252b99671ce5d1cb9664c5f8636329436d/library/core/src/ops/function.rs:250:5
[INFO] [stdout]   23:     0x560f9812e77f - core::ops::function::FnOnce::call_once::ha6a70e79f7481a7e
[INFO] [stdout]                                at /rustc/1b7dd2252b99671ce5d1cb9664c5f8636329436d/library/core/src/ops/function.rs:250:5
[INFO] [stdout]   24:     0x560f9812e77f - test::__rust_begin_short_backtrace::hce33033019b61e69
[INFO] [stdout]                                at /rustc/1b7dd2252b99671ce5d1cb9664c5f8636329436d/library/test/src/lib.rs:655:18
[INFO] [stdout]   25:     0x560f980fbf6c - test::run_test::{{closure}}::h858d3528838ae3e5
[INFO] [stdout]                                at /rustc/1b7dd2252b99671ce5d1cb9664c5f8636329436d/library/test/src/lib.rs:646:30
[INFO] [stdout]   26:     0x560f980fbf6c - core::ops::function::FnOnce::call_once{{vtable.shim}}::he8ac2b00f01ae79e
[INFO] [stdout]                                at /rustc/1b7dd2252b99671ce5d1cb9664c5f8636329436d/library/core/src/ops/function.rs:250:5
[INFO] [stdout]   27:     0x560f9812d856 - <alloc::boxed::Box<F,A> as core::ops::function::FnOnce<Args>>::call_once::h8093d25b522725ef
[INFO] [stdout]                                at /rustc/1b7dd2252b99671ce5d1cb9664c5f8636329436d/library/alloc/src/boxed.rs:1973:9
[INFO] [stdout]   28:     0x560f9812d856 - <core::panic::unwind_safe::AssertUnwindSafe<F> as core::ops::function::FnOnce<()>>::call_once::h5c334c204e4a3913
[INFO] [stdout]                                at /rustc/1b7dd2252b99671ce5d1cb9664c5f8636329436d/library/core/src/panic/unwind_safe.rs:271:9
[INFO] [stdout]   29:     0x560f9812d856 - std::panicking::try::do_call::ha8b740c7b9478074
[INFO] [stdout]                                at /rustc/1b7dd2252b99671ce5d1cb9664c5f8636329436d/library/std/src/panicking.rs:485:40
[INFO] [stdout]   30:     0x560f9812d856 - std::panicking::try::h5d34f63d0e41b64e
[INFO] [stdout]                                at /rustc/1b7dd2252b99671ce5d1cb9664c5f8636329436d/library/std/src/panicking.rs:449:19
[INFO] [stdout]   31:     0x560f9812d856 - std::panic::catch_unwind::hcfbb511e1aa7fc67
[INFO] [stdout]                                at /rustc/1b7dd2252b99671ce5d1cb9664c5f8636329436d/library/std/src/panic.rs:140:14
[INFO] [stdout]   32:     0x560f9812d856 - test::run_test_in_process::h9abda90f802eaf21
[INFO] [stdout]                                at /rustc/1b7dd2252b99671ce5d1cb9664c5f8636329436d/library/test/src/lib.rs:678:27
[INFO] [stdout]   33:     0x560f9812d856 - test::run_test::run_test_inner::{{closure}}::h0f058de91f6c6edf
[INFO] [stdout]                                at /rustc/1b7dd2252b99671ce5d1cb9664c5f8636329436d/library/test/src/lib.rs:572:39
[INFO] [stdout]   34:     0x560f980f6775 - test::run_test::run_test_inner::{{closure}}::h5ca48a4c59c6c1fb
[INFO] [stdout]                                at /rustc/1b7dd2252b99671ce5d1cb9664c5f8636329436d/library/test/src/lib.rs:599:37
[INFO] [stdout]   35:     0x560f980f6775 - std::sys_common::backtrace::__rust_begin_short_backtrace::h32bd51e1495d4a33
[INFO] [stdout]                                at /rustc/1b7dd2252b99671ce5d1cb9664c5f8636329436d/library/std/src/sys_common/backtrace.rs:134:18
[INFO] [stdout]   36:     0x560f980fbcb1 - std::thread::Builder::spawn_unchecked_::{{closure}}::{{closure}}::hc086fae9b128b2db
[INFO] [stdout]                                at /rustc/1b7dd2252b99671ce5d1cb9664c5f8636329436d/library/std/src/thread/mod.rs:526:17
[INFO] [stdout]   37:     0x560f980fbcb1 - <core::panic::unwind_safe::AssertUnwindSafe<F> as core::ops::function::FnOnce<()>>::call_once::hb66571888d270d43
[INFO] [stdout]                                at /rustc/1b7dd2252b99671ce5d1cb9664c5f8636329436d/library/core/src/panic/unwind_safe.rs:271:9
[INFO] [stdout]   38:     0x560f980fbcb1 - std::panicking::try::do_call::h4fa2ef4f6e51fecf
[INFO] [stdout]                                at /rustc/1b7dd2252b99671ce5d1cb9664c5f8636329436d/library/std/src/panicking.rs:485:40
[INFO] [stdout]   39:     0x560f980fbcb1 - std::panicking::try::h1e9e22b8584489b5
[INFO] [stdout]                                at /rustc/1b7dd2252b99671ce5d1cb9664c5f8636329436d/library/std/src/panicking.rs:449:19
[INFO] [stdout]   40:     0x560f980fbcb1 - std::panic::catch_unwind::h44698a3de0e0769e
[INFO] [stdout]                                at /rustc/1b7dd2252b99671ce5d1cb9664c5f8636329436d/library/std/src/panic.rs:140:14
[INFO] [stdout]   41:     0x560f980fbcb1 - std::thread::Builder::spawn_unchecked_::{{closure}}::h50153abde3fe239e
[INFO] [stdout]                                at /rustc/1b7dd2252b99671ce5d1cb9664c5f8636329436d/library/std/src/thread/mod.rs:525:30
[INFO] [stdout]   42:     0x560f980fbcb1 - core::ops::function::FnOnce::call_once{{vtable.shim}}::hbe5bbf6f38394364
[INFO] [stdout]                                at /rustc/1b7dd2252b99671ce5d1cb9664c5f8636329436d/library/core/src/ops/function.rs:250:5
[INFO] [stdout]   43:     0x560f98321455 - <alloc::boxed::Box<F,A> as core::ops::function::FnOnce<Args>>::call_once::h0d83cb2920a49046
[INFO] [stdout]                                at /rustc/1b7dd2252b99671ce5d1cb9664c5f8636329436d/library/alloc/src/boxed.rs:1973:9
[INFO] [stdout]   44:     0x560f98321455 - <alloc::boxed::Box<F,A> as core::ops::function::FnOnce<Args>>::call_once::hbe0a008aa7d9ef59
[INFO] [stdout]                                at /rustc/1b7dd2252b99671ce5d1cb9664c5f8636329436d/library/alloc/src/boxed.rs:1973:9
[INFO] [stdout]   45:     0x560f98321455 - std::sys::unix::thread::Thread::new::thread_start::h3a466996bdf6b1f9
[INFO] [stdout]                                at /rustc/1b7dd2252b99671ce5d1cb9664c5f8636329436d/library/std/src/sys/unix/thread.rs:108:17
[INFO] [stdout]   46:     0x7f1dbd69ab43 - <unknown>
[INFO] [stdout]   47:     0x7f1dbd72bbb4 - __clone
[INFO] [stdout]   48:                0x0 - <unknown>
[INFO] [stdout] 
[INFO] [stdout] 
[INFO] [stdout] failures:
[INFO] [stdout]     stream::test::test1
[INFO] [stdout] 
[INFO] [stdout] test result: FAILED. 1 passed; 1 failed; 0 ignored; 0 measured; 0 filtered out; finished in 0.10s
[INFO] [stdout] 
[INFO] [stderr] error: test failed, to rerun pass `--lib`
[INFO] running `Command { std: "docker" "inspect" "9ad512597d057fdadfb50c6d9b3fb017eb8be64b5aa2d268d79daa1754344c36", kill_on_drop: false }`
[INFO] running `Command { std: "docker" "rm" "-f" "9ad512597d057fdadfb50c6d9b3fb017eb8be64b5aa2d268d79daa1754344c36", kill_on_drop: false }`
[INFO] [stdout] 9ad512597d057fdadfb50c6d9b3fb017eb8be64b5aa2d268d79daa1754344c36
