[INFO] cloning repository https://github.com/remexre/wam-tutorial-reconstruction
[INFO] running `Command { std: "git" "-c" "credential.helper=" "-c" "credential.helper=/workspace/cargo-home/bin/git-credential-null" "clone" "--bare" "https://github.com/remexre/wam-tutorial-reconstruction" "/workspace/cache/git-repos/https%3A%2F%2Fgithub.com%2Fremexre%2Fwam-tutorial-reconstruction", kill_on_drop: false }`
[INFO] [stderr] Cloning into bare repository '/workspace/cache/git-repos/https%3A%2F%2Fgithub.com%2Fremexre%2Fwam-tutorial-reconstruction'...
[INFO] running `Command { std: "git" "rev-parse" "HEAD", kill_on_drop: false }`
[INFO] [stdout] af142d5921eedde36dc5c36b29bf08053336e21b
[INFO] testing remexre/wam-tutorial-reconstruction against 1.69.0 for beta-1.70-1
[INFO] running `Command { std: "git" "clone" "/workspace/cache/git-repos/https%3A%2F%2Fgithub.com%2Fremexre%2Fwam-tutorial-reconstruction" "/workspace/builds/worker-4-tc1/source", kill_on_drop: false }`
[INFO] [stderr] Cloning into '/workspace/builds/worker-4-tc1/source'...
[INFO] [stderr] done.
[INFO] validating manifest of git repo https://github.com/remexre/wam-tutorial-reconstruction on toolchain 1.69.0
[INFO] running `Command { std: CARGO_HOME="/workspace/cargo-home" RUSTUP_HOME="/workspace/rustup-home" "/workspace/cargo-home/bin/cargo" "+1.69.0" "metadata" "--manifest-path" "Cargo.toml" "--no-deps", kill_on_drop: false }`
[INFO] started tweaking git repo https://github.com/remexre/wam-tutorial-reconstruction
[INFO] finished tweaking git repo https://github.com/remexre/wam-tutorial-reconstruction
[INFO] tweaked toml for git repo https://github.com/remexre/wam-tutorial-reconstruction written to /workspace/builds/worker-4-tc1/source/Cargo.toml
[INFO] crate git repo https://github.com/remexre/wam-tutorial-reconstruction already has a lockfile, it will not be regenerated
[INFO] running `Command { std: CARGO_HOME="/workspace/cargo-home" RUSTUP_HOME="/workspace/rustup-home" "/workspace/cargo-home/bin/cargo" "+1.69.0" "fetch" "--manifest-path" "Cargo.toml", kill_on_drop: false }`
[INFO] [stderr] warning: An explicit [[bin]] section is specified in Cargo.toml which currently
[INFO] [stderr] disables Cargo from automatically inferring other binary targets.
[INFO] [stderr] This inference behavior will change in the Rust 2018 edition and the following
[INFO] [stderr] files will be included as a binary target:
[INFO] [stderr] 
[INFO] [stderr] * /workspace/builds/worker-4-tc1/source/src/bin/options.rs
[INFO] [stderr] * /workspace/builds/worker-4-tc1/source/src/bin/logger.rs
[INFO] [stderr] 
[INFO] [stderr] This is likely to break cargo build or cargo test as these files may not be
[INFO] [stderr] ready to be compiled as a binary target today. You can future-proof yourself
[INFO] [stderr] and disable this warning by adding `autobins = false` to your [package]
[INFO] [stderr] section. You may also move the files to a location where Cargo would not
[INFO] [stderr] automatically infer them to be a target, such as in subfolders.
[INFO] [stderr] 
[INFO] [stderr] For more information on this warning you can consult
[INFO] [stderr] https://github.com/rust-lang/cargo/issues/5330
[INFO] [stderr]  Downloading crates ...
[INFO] [stderr]   Downloaded spin v0.4.6
[INFO] [stderr]   Downloaded structopt v0.2.5
[INFO] [stderr]   Downloaded structopt-derive v0.2.5
[INFO] [stderr]   Downloaded symbol v0.1.1
[INFO] [stderr]   Downloaded cc v1.0.5
[INFO] [stderr]   Downloaded linefeed v0.4.0
[INFO] [stderr]   Downloaded proptest v0.5.1
[INFO] running `Command { std: "docker" "create" "-v" "/var/lib/crater-agent-workspace/builds/worker-4-tc1/target:/opt/rustwide/target:rw,Z" "-v" "/var/lib/crater-agent-workspace/builds/worker-4-tc1/source:/opt/rustwide/workdir:ro,Z" "-v" "/var/lib/crater-agent-workspace/cargo-home:/opt/rustwide/cargo-home:ro,Z" "-v" "/var/lib/crater-agent-workspace/rustup-home:/opt/rustwide/rustup-home:ro,Z" "-e" "SOURCE_DIR=/opt/rustwide/workdir" "-e" "CARGO_TARGET_DIR=/opt/rustwide/target" "-e" "CARGO_HOME=/opt/rustwide/cargo-home" "-e" "RUSTUP_HOME=/opt/rustwide/rustup-home" "-w" "/opt/rustwide/workdir" "-m" "1610612736" "--user" "0:0" "--network" "none" "ghcr.io/rust-lang/crates-build-env/linux@sha256:5ff2268d62e97bff2cde7d5815dd6ed5b47097566f13b8d0ca110b04b60e07ed" "/opt/rustwide/cargo-home/bin/cargo" "+1.69.0" "metadata" "--no-deps" "--format-version=1", kill_on_drop: false }`
[INFO] [stdout] 42f53faf1be72613309082321d1c1c46ad70d472ee875b8d151fd3cff90db127
[INFO] running `Command { std: "docker" "start" "-a" "42f53faf1be72613309082321d1c1c46ad70d472ee875b8d151fd3cff90db127", kill_on_drop: false }`
[INFO] running `Command { std: "docker" "inspect" "42f53faf1be72613309082321d1c1c46ad70d472ee875b8d151fd3cff90db127", kill_on_drop: false }`
[INFO] running `Command { std: "docker" "rm" "-f" "42f53faf1be72613309082321d1c1c46ad70d472ee875b8d151fd3cff90db127", kill_on_drop: false }`
[INFO] [stdout] 42f53faf1be72613309082321d1c1c46ad70d472ee875b8d151fd3cff90db127
[INFO] running `Command { std: "docker" "create" "-v" "/var/lib/crater-agent-workspace/builds/worker-4-tc1/target:/opt/rustwide/target:rw,Z" "-v" "/var/lib/crater-agent-workspace/builds/worker-4-tc1/source:/opt/rustwide/workdir:ro,Z" "-v" "/var/lib/crater-agent-workspace/cargo-home:/opt/rustwide/cargo-home:ro,Z" "-v" "/var/lib/crater-agent-workspace/rustup-home:/opt/rustwide/rustup-home:ro,Z" "-e" "SOURCE_DIR=/opt/rustwide/workdir" "-e" "CARGO_TARGET_DIR=/opt/rustwide/target" "-e" "CARGO_INCREMENTAL=0" "-e" "RUST_BACKTRACE=full" "-e" "RUSTFLAGS=--cap-lints=warn" "-e" "RUSTDOCFLAGS=--cap-lints=warn" "-e" "CARGO_HOME=/opt/rustwide/cargo-home" "-e" "RUSTUP_HOME=/opt/rustwide/rustup-home" "-w" "/opt/rustwide/workdir" "-m" "1610612736" "--user" "0:0" "--network" "none" "ghcr.io/rust-lang/crates-build-env/linux@sha256:5ff2268d62e97bff2cde7d5815dd6ed5b47097566f13b8d0ca110b04b60e07ed" "/opt/rustwide/cargo-home/bin/cargo" "+1.69.0" "build" "--frozen" "--message-format=json", kill_on_drop: false }`
[INFO] [stdout] 1118e309a2e47aad08c97b55dd0e9517c8e2ed4ac45d4c0698b2a1d6ba9184b4
[INFO] running `Command { std: "docker" "start" "-a" "1118e309a2e47aad08c97b55dd0e9517c8e2ed4ac45d4c0698b2a1d6ba9184b4", kill_on_drop: false }`
[INFO] [stderr] warning: An explicit [[bin]] section is specified in Cargo.toml which currently
[INFO] [stderr] disables Cargo from automatically inferring other binary targets.
[INFO] [stderr] This inference behavior will change in the Rust 2018 edition and the following
[INFO] [stderr] files will be included as a binary target:
[INFO] [stderr] 
[INFO] [stderr] * /opt/rustwide/workdir/src/bin/options.rs
[INFO] [stderr] * /opt/rustwide/workdir/src/bin/logger.rs
[INFO] [stderr] 
[INFO] [stderr] This is likely to break cargo build or cargo test as these files may not be
[INFO] [stderr] ready to be compiled as a binary target today. You can future-proof yourself
[INFO] [stderr] and disable this warning by adding `autobins = false` to your [package]
[INFO] [stderr] section. You may also move the files to a location where Cargo would not
[INFO] [stderr] automatically infer them to be a target, such as in subfolders.
[INFO] [stderr] 
[INFO] [stderr] For more information on this warning you can consult
[INFO] [stderr] https://github.com/rust-lang/cargo/issues/5330
[INFO] [stderr]    Compiling libc v0.2.39
[INFO] [stderr]    Compiling cfg-if v0.1.2
[INFO] [stderr]    Compiling semver v0.1.20
[INFO] [stderr]    Compiling unicode-xid v0.0.4
[INFO] [stderr]    Compiling void v1.0.2
[INFO] [stderr]    Compiling cc v1.0.5
[INFO] [stderr]    Compiling unicode-xid v0.1.0
[INFO] [stderr]    Compiling quote v0.3.15
[INFO] [stderr]    Compiling unicode-width v0.1.4
[INFO] [stderr]    Compiling lazy_static v1.0.0
[INFO] [stderr]    Compiling bitflags v1.0.1
[INFO] [stderr]    Compiling ucd-util v0.1.1
[INFO] [stderr]    Compiling ansi_term v0.11.0
[INFO] [stderr]    Compiling bitflags v0.4.0
[INFO] [stderr]    Compiling rustc-demangle v0.1.7
[INFO] [stderr]    Compiling strsim v0.7.0
[INFO] [stderr]    Compiling unreachable v1.0.0
[INFO] [stderr]    Compiling vec_map v0.8.0
[INFO] [stderr]    Compiling proc-macro2 v0.2.3
[INFO] [stderr]    Compiling textwrap v0.9.0
[INFO] [stderr]    Compiling spin v0.4.6
[INFO] [stderr]    Compiling synom v0.11.3
[INFO] [stderr]    Compiling thread_local v0.3.5
[INFO] [stderr]    Compiling unicode-normalization v0.1.5
[INFO] [stderr]    Compiling utf8-ranges v1.0.0
[INFO] [stderr]    Compiling rustc_version v0.1.7
[INFO] [stderr]    Compiling syn v0.11.11
[INFO] [stderr]    Compiling regex-syntax v0.5.0
[INFO] [stderr]    Compiling symbol v0.1.1
[INFO] [stderr]    Compiling log v0.4.1
[INFO] [stderr]    Compiling ansi_term v0.10.2
[INFO] [stderr]    Compiling either v1.4.0
[INFO] [stderr]    Compiling memchr v2.0.1
[INFO] [stderr]    Compiling atty v0.2.8
[INFO] [stderr]    Compiling quote v0.4.2
[INFO] [stderr]    Compiling nix v0.7.0
[INFO] [stderr]    Compiling memchr v1.0.2
[INFO] [stderr]    Compiling backtrace-sys v0.1.16
[INFO] [stderr]    Compiling clap v2.31.1
[INFO] [stderr]    Compiling nom v3.2.1
[INFO] [stderr]    Compiling syn v0.12.13
[INFO] [stderr]    Compiling aho-corasick v0.6.4
[INFO] [stderr]    Compiling synstructure v0.6.1
[INFO] [stderr]    Compiling failure_derive v0.1.1
[INFO] [stderr]    Compiling regex v0.2.7
[INFO] [stderr]    Compiling structopt-derive v0.2.5
[INFO] [stderr]    Compiling linefeed v0.4.0
[INFO] [stderr]    Compiling structopt v0.2.5
[INFO] [stderr]    Compiling backtrace v0.3.5
[INFO] [stderr]    Compiling failure v0.1.1
[INFO] [stderr]    Compiling wam-tutorial-reconstruction v0.1.0 (/opt/rustwide/workdir)
[INFO] [stdout] warning: `...` range patterns are deprecated
[INFO] [stdout]    --> src/common/parsers.rs:184:12
[INFO] [stdout]     |
[INFO] [stdout] 184 |         'a'...'f' | 'A'...'F' | '0'...'9' => true,
[INFO] [stdout]     |            ^^^ help: use `..=` for an inclusive range
[INFO] [stdout]     |
[INFO] [stdout]     = warning: this is accepted in the current edition (Rust 2015) but is a hard error in Rust 2021!
[INFO] [stdout]     = note: for more information, see <https://doc.rust-lang.org/nightly/edition-guide/rust-2021/warnings-promoted-to-error.html>
[INFO] [stdout]     = note: `#[warn(ellipsis_inclusive_range_patterns)]` on by default
[INFO] [stdout] 
[INFO] [stdout] 
[INFO] [stdout] warning: `...` range patterns are deprecated
[INFO] [stdout]    --> src/common/parsers.rs:184:24
[INFO] [stdout]     |
[INFO] [stdout] 184 |         'a'...'f' | 'A'...'F' | '0'...'9' => true,
[INFO] [stdout]     |                        ^^^ help: use `..=` for an inclusive range
[INFO] [stdout]     |
[INFO] [stdout]     = warning: this is accepted in the current edition (Rust 2015) but is a hard error in Rust 2021!
[INFO] [stdout]     = note: for more information, see <https://doc.rust-lang.org/nightly/edition-guide/rust-2021/warnings-promoted-to-error.html>
[INFO] [stdout] 
[INFO] [stdout] 
[INFO] [stdout] warning: `...` range patterns are deprecated
[INFO] [stdout]    --> src/common/parsers.rs:184:36
[INFO] [stdout]     |
[INFO] [stdout] 184 |         'a'...'f' | 'A'...'F' | '0'...'9' => true,
[INFO] [stdout]     |                                    ^^^ help: use `..=` for an inclusive range
[INFO] [stdout]     |
[INFO] [stdout]     = warning: this is accepted in the current edition (Rust 2015) but is a hard error in Rust 2021!
[INFO] [stdout]     = note: for more information, see <https://doc.rust-lang.org/nightly/edition-guide/rust-2021/warnings-promoted-to-error.html>
[INFO] [stdout] 
[INFO] [stdout] 
[INFO] [stdout] warning: use of deprecated constant `std::sync::ONCE_INIT`: the `new` function is now preferred
[INFO] [stdout]    --> src/common/mod.rs:104:9
[INFO] [stdout]     |
[INFO] [stdout] 104 | /         lazy_static! {
[INFO] [stdout] 105 | |             static ref PLAIN: Regex = Regex::new("^[a-z0-9][a-zA-Z_0-9]*$").unwrap();
[INFO] [stdout] 106 | |         }
[INFO] [stdout]     | |_________^
[INFO] [stdout]     |
[INFO] [stdout]     = note: `#[warn(deprecated)]` on by default
[INFO] [stdout]     = note: this warning originates in the macro `__lazy_static_create` which comes from the expansion of the macro `lazy_static` (in Nightly builds, run with -Z macro-backtrace for more info)
[INFO] [stdout] 
[INFO] [stdout] 
[INFO] [stdout] warning: use of deprecated constant `std::sync::ONCE_INIT`: the `new` function is now preferred
[INFO] [stdout]    --> src/common/mod.rs:178:1
[INFO] [stdout]     |
[INFO] [stdout] 178 | / lazy_static! {
[INFO] [stdout] 179 | |     static ref VARIABLE_NAME: Regex =
[INFO] [stdout] 180 | |         Regex::new("^(_[a-zA-Z_0-9]|[A-Z])[a-zA-Z_0-9]*$").unwrap();
[INFO] [stdout] 181 | | }
[INFO] [stdout]     | |_^
[INFO] [stdout]     |
[INFO] [stdout]     = note: this warning originates in the macro `__lazy_static_create` which comes from the expansion of the macro `lazy_static` (in Nightly builds, run with -Z macro-backtrace for more info)
[INFO] [stdout] 
[INFO] [stdout] 
[INFO] [stdout] warning: trait objects without an explicit `dyn` are deprecated
[INFO] [stdout]   --> src/lib.rs:46:14
[INFO] [stdout]    |
[INFO] [stdout] 46 |     ) -> Box<'a + Iterator<Item = Result<HashMap<Variable, Term>, Error>>>;
[INFO] [stdout]    |              ^^^^^^^^^^^^^^^^^^^^^^^^^^^^^^^^^^^^^^^^^^^^^^^^^^^^^^^^^^^^
[INFO] [stdout]    |
[INFO] [stdout]    = warning: this is accepted in the current edition (Rust 2015) but is a hard error in Rust 2021!
[INFO] [stdout]    = note: for more information, see <https://doc.rust-lang.org/nightly/edition-guide/rust-2021/warnings-promoted-to-error.html>
[INFO] [stdout]    = note: `#[warn(bare_trait_objects)]` on by default
[INFO] [stdout] help: use `dyn`
[INFO] [stdout]    |
[INFO] [stdout] 46 |     ) -> Box<dyn 'a + Iterator<Item = Result<HashMap<Variable, Term>, Error>>>;
[INFO] [stdout]    |              +++
[INFO] [stdout] 
[INFO] [stdout] 
[INFO] [stdout] warning: trait objects without an explicit `dyn` are deprecated
[INFO] [stdout]    --> src/flat/mod.rs:219:14
[INFO] [stdout]     |
[INFO] [stdout] 219 |     ) -> Box<'a + Iterator<Item = Result<HashMap<Variable, Term>, Error>>> {
[INFO] [stdout]     |              ^^^^^^^^^^^^^^^^^^^^^^^^^^^^^^^^^^^^^^^^^^^^^^^^^^^^^^^^^^^^
[INFO] [stdout]     |
[INFO] [stdout]     = warning: this is accepted in the current edition (Rust 2015) but is a hard error in Rust 2021!
[INFO] [stdout]     = note: for more information, see <https://doc.rust-lang.org/nightly/edition-guide/rust-2021/warnings-promoted-to-error.html>
[INFO] [stdout] help: use `dyn`
[INFO] [stdout]     |
[INFO] [stdout] 219 |     ) -> Box<dyn 'a + Iterator<Item = Result<HashMap<Variable, Term>, Error>>> {
[INFO] [stdout]     |              +++
[INFO] [stdout] 
[INFO] [stdout] 
[INFO] [stdout] warning: trait objects without an explicit `dyn` are deprecated
[INFO] [stdout]    --> src/unification/mod.rs:159:14
[INFO] [stdout]     |
[INFO] [stdout] 159 |     ) -> Box<Iterator<Item = Result<HashMap<Variable, Term>, Error>>> {
[INFO] [stdout]     |              ^^^^^^^^^^^^^^^^^^^^^^^^^^^^^^^^^^^^^^^^^^^^^^^^^^^^^^^
[INFO] [stdout]     |
[INFO] [stdout]     = warning: this is accepted in the current edition (Rust 2015) but is a hard error in Rust 2021!
[INFO] [stdout]     = note: for more information, see <https://doc.rust-lang.org/nightly/edition-guide/rust-2021/warnings-promoted-to-error.html>
[INFO] [stdout] help: use `dyn`
[INFO] [stdout]     |
[INFO] [stdout] 159 |     ) -> Box<dyn Iterator<Item = Result<HashMap<Variable, Term>, Error>>> {
[INFO] [stdout]     |              +++
[INFO] [stdout] 
[INFO] [stdout] 
[INFO] [stdout] warning: unused variable: `head`
[INFO] [stdout]   --> src/flat/compile/clause.rs:35:28
[INFO] [stdout]    |
[INFO] [stdout] 35 |     let body = if let Some(head) = head {
[INFO] [stdout]    |                            ^^^^ help: if this is intentional, prefix it with an underscore: `_head`
[INFO] [stdout]    |
[INFO] [stdout]    = note: `#[warn(unused_variables)]` on by default
[INFO] [stdout] 
[INFO] [stdout] 
[INFO] [stdout] warning: unused variable: `s`
[INFO] [stdout]   --> src/flat/compile/clause.rs:56:9
[INFO] [stdout]    |
[INFO] [stdout] 56 |     for s in body {
[INFO] [stdout]    |         ^ help: if this is intentional, prefix it with an underscore: `_s`
[INFO] [stdout] 
[INFO] [stdout] 
[INFO] [stdout] warning: unused variable: `i`
[INFO] [stdout]   --> src/flat/compile/clause.rs:74:10
[INFO] [stdout]    |
[INFO] [stdout] 74 |     for (i, f) in flatten(s).into_iter().enumerate() {
[INFO] [stdout]    |          ^ help: if this is intentional, prefix it with an underscore: `_i`
[INFO] [stdout] 
[INFO] [stdout] 
[INFO] [stdout] warning: unused variable: `a`
[INFO] [stdout]   --> src/flat/compile/clause.rs:76:31
[INFO] [stdout]    |
[INFO] [stdout] 76 |             FlatTerm::Functor(a, is) => unimplemented!(),
[INFO] [stdout]    |                               ^ help: if this is intentional, prefix it with an underscore: `_a`
[INFO] [stdout] 
[INFO] [stdout] 
[INFO] [stdout] warning: unused variable: `is`
[INFO] [stdout]   --> src/flat/compile/clause.rs:76:34
[INFO] [stdout]    |
[INFO] [stdout] 76 |             FlatTerm::Functor(a, is) => unimplemented!(),
[INFO] [stdout]    |                                  ^^ help: if this is intentional, prefix it with an underscore: `_is`
[INFO] [stdout] 
[INFO] [stdout] 
[INFO] [stdout] warning: unused variable: `n`
[INFO] [stdout]   --> src/flat/compile/clause.rs:77:27
[INFO] [stdout]    |
[INFO] [stdout] 77 |             FlatTerm::Ref(n) => unimplemented!(),
[INFO] [stdout]    |                           ^ help: if this is intentional, prefix it with an underscore: `_n`
[INFO] [stdout] 
[INFO] [stdout] 
[INFO] [stdout] warning: unused variable: `v`
[INFO] [stdout]   --> src/flat/compile/clause.rs:78:37
[INFO] [stdout]    |
[INFO] [stdout] 78 |             FlatTerm::Variable(Some(v)) => unimplemented!(),
[INFO] [stdout]    |                                     ^ help: if this is intentional, prefix it with an underscore: `_v`
[INFO] [stdout] 
[INFO] [stdout] 
[INFO] [stdout] warning: unused variable: `code`
[INFO] [stdout]   --> src/flat/compile/clause.rs:68:5
[INFO] [stdout]    |
[INFO] [stdout] 68 |     code: &mut Vec<Instruction>,
[INFO] [stdout]    |     ^^^^ help: if this is intentional, prefix it with an underscore: `_code`
[INFO] [stdout] 
[INFO] [stdout] 
[INFO] [stdout] warning: unused variable: `seen`
[INFO] [stdout]   --> src/flat/compile/clause.rs:69:5
[INFO] [stdout]    |
[INFO] [stdout] 69 |     seen: &mut HashSet<usize>,
[INFO] [stdout]    |     ^^^^ help: if this is intentional, prefix it with an underscore: `_seen`
[INFO] [stdout] 
[INFO] [stdout] 
[INFO] [stdout] warning: unused variable: `vars`
[INFO] [stdout]   --> src/flat/compile/clause.rs:70:5
[INFO] [stdout]    |
[INFO] [stdout] 70 |     vars: &mut HashMap<Variable, Location>,
[INFO] [stdout]    |     ^^^^ help: if this is intentional, prefix it with an underscore: `_vars`
[INFO] [stdout] 
[INFO] [stdout] 
[INFO] [stdout] warning: unused variable: `permanent`
[INFO] [stdout]   --> src/flat/compile/clause.rs:71:5
[INFO] [stdout]    |
[INFO] [stdout] 71 |     permanent: &HashMap<Variable, usize>,
[INFO] [stdout]    |     ^^^^^^^^^ help: if this is intentional, prefix it with an underscore: `_permanent`
[INFO] [stdout] 
[INFO] [stdout] 
[INFO] [stdout] warning: unused variable: `a`
[INFO] [stdout]   --> src/flat/compile/clause.rs:94:39
[INFO] [stdout]    |
[INFO] [stdout] 94 |             Term::Structure(Structure(a, ref ts)) => unimplemented!(),
[INFO] [stdout]    |                                       ^ help: if this is intentional, prefix it with an underscore: `_a`
[INFO] [stdout] 
[INFO] [stdout] 
[INFO] [stdout] warning: unused variable: `ts`
[INFO] [stdout]   --> src/flat/compile/clause.rs:94:46
[INFO] [stdout]    |
[INFO] [stdout] 94 |             Term::Structure(Structure(a, ref ts)) => unimplemented!(),
[INFO] [stdout]    |                                              ^^ help: if this is intentional, prefix it with an underscore: `_ts`
[INFO] [stdout] 
[INFO] [stdout] 
[INFO] [stdout] warning: unused variable: `vars`
[INFO] [stdout]   --> src/flat/compile/clause.rs:87:5
[INFO] [stdout]    |
[INFO] [stdout] 87 |     vars: &mut HashMap<Variable, usize>,
[INFO] [stdout]    |     ^^^^ help: if this is intentional, prefix it with an underscore: `_vars`
[INFO] [stdout] 
[INFO] [stdout] 
[INFO] [stdout] warning: unused variable: `n`
[INFO] [stdout]    --> src/flat/mod.rs:164:29
[INFO] [stdout]     |
[INFO] [stdout] 164 |             Location::Local(n) => unimplemented!("index local"),
[INFO] [stdout]     |                             ^ help: if this is intentional, prefix it with an underscore: `_n`
[INFO] [stdout] 
[INFO] [stdout] 
[INFO] [stdout] warning: unused variable: `n`
[INFO] [stdout]    --> src/flat/mod.rs:210:29
[INFO] [stdout]     |
[INFO] [stdout] 210 |             Location::Local(n) => unimplemented!("index local"),
[INFO] [stdout]     |                             ^ help: if this is intentional, prefix it with an underscore: `_n`
[INFO] [stdout] 
[INFO] [stdout] 
[INFO] [stdout] warning: function `compile_head` is never used
[INFO] [stdout]   --> src/flat/compile/clause.rs:67:4
[INFO] [stdout]    |
[INFO] [stdout] 67 | fn compile_head(
[INFO] [stdout]    |    ^^^^^^^^^^^^
[INFO] [stdout]    |
[INFO] [stdout]    = note: `#[warn(dead_code)]` on by default
[INFO] [stdout] 
[INFO] [stdout] 
[INFO] [stdout] warning: function `compile_body` is never used
[INFO] [stdout]   --> src/flat/compile/clause.rs:84:4
[INFO] [stdout]    |
[INFO] [stdout] 84 | fn compile_body(
[INFO] [stdout]    |    ^^^^^^^^^^^^
[INFO] [stdout] 
[INFO] [stdout] 
[INFO] [stdout] warning: method `extract_term` is never used
[INFO] [stdout]   --> src/flat/store.rs:57:12
[INFO] [stdout]    |
[INFO] [stdout] 57 |     pub fn extract_term(
[INFO] [stdout]    |            ^^^^^^^^^^^^
[INFO] [stdout] 
[INFO] [stdout] 
[INFO] [stdout] warning: missing documentation for a variant
[INFO] [stdout]   --> src/flat/control.rs:38:5
[INFO] [stdout]    |
[INFO] [stdout] 38 |     GetValue(Location, usize),
[INFO] [stdout]    |     ^^^^^^^^
[INFO] [stdout]    |
[INFO] [stdout] note: the lint level is defined here
[INFO] [stdout]   --> src/lib.rs:6:9
[INFO] [stdout]    |
[INFO] [stdout] 6  | #![warn(missing_docs)]
[INFO] [stdout]    |         ^^^^^^^^^^^^
[INFO] [stdout] 
[INFO] [stdout] 
[INFO] [stdout] warning: missing documentation for a variant
[INFO] [stdout]   --> src/flat/control.rs:39:5
[INFO] [stdout]    |
[INFO] [stdout] 39 |     GetVariable(Location, usize),
[INFO] [stdout]    |     ^^^^^^^^^^^
[INFO] [stdout] 
[INFO] [stdout] 
[INFO] [stdout] warning: missing documentation for a variant
[INFO] [stdout]   --> src/flat/control.rs:45:5
[INFO] [stdout]    |
[INFO] [stdout] 45 |     PutValue(Location, usize),
[INFO] [stdout]    |     ^^^^^^^^
[INFO] [stdout] 
[INFO] [stdout] 
[INFO] [stdout] warning: missing documentation for a variant
[INFO] [stdout]   --> src/flat/control.rs:46:5
[INFO] [stdout]    |
[INFO] [stdout] 46 |     PutVariable(Location, usize),
[INFO] [stdout]    |     ^^^^^^^^^^^
[INFO] [stdout] 
[INFO] [stdout] 
[INFO] [stdout] warning: 31 warnings emitted
[INFO] [stdout] 
[INFO] [stdout] 
[INFO] [stdout] warning: use of deprecated function `std::env::home_dir`: This function's behavior may be unexpected on Windows. Consider using a crate from crates.io instead.
[INFO] [stdout]   --> src/bin/main.rs:44:15
[INFO] [stdout]    |
[INFO] [stdout] 44 |     std::env::home_dir()
[INFO] [stdout]    |               ^^^^^^^^
[INFO] [stdout]    |
[INFO] [stdout]    = note: `#[warn(deprecated)]` on by default
[INFO] [stdout] 
[INFO] [stdout] 
[INFO] [stdout] warning: trait objects without an explicit `dyn` are deprecated
[INFO] [stdout]    --> src/bin/main.rs:101:13
[INFO] [stdout]     |
[INFO] [stdout] 101 |     m: &mut Machine,
[INFO] [stdout]     |             ^^^^^^^
[INFO] [stdout]     |
[INFO] [stdout]     = warning: this is accepted in the current edition (Rust 2015) but is a hard error in Rust 2021!
[INFO] [stdout]     = note: for more information, see <https://doc.rust-lang.org/nightly/edition-guide/rust-2021/warnings-promoted-to-error.html>
[INFO] [stdout]     = note: `#[warn(bare_trait_objects)]` on by default
[INFO] [stdout] help: use `dyn`
[INFO] [stdout]     |
[INFO] [stdout] 101 |     m: &mut dyn Machine,
[INFO] [stdout]     |             +++
[INFO] [stdout] 
[INFO] [stdout] 
[INFO] [stdout] warning: trait objects without an explicit `dyn` are deprecated
[INFO] [stdout]   --> src/bin/options.rs:73:45
[INFO] [stdout]    |
[INFO] [stdout] 73 |     pub fn new_machine(&self) -> Result<Box<Machine>, Error> {
[INFO] [stdout]    |                                             ^^^^^^^
[INFO] [stdout]    |
[INFO] [stdout]    = warning: this is accepted in the current edition (Rust 2015) but is a hard error in Rust 2021!
[INFO] [stdout]    = note: for more information, see <https://doc.rust-lang.org/nightly/edition-guide/rust-2021/warnings-promoted-to-error.html>
[INFO] [stdout] help: use `dyn`
[INFO] [stdout]    |
[INFO] [stdout] 73 |     pub fn new_machine(&self) -> Result<Box<dyn Machine>, Error> {
[INFO] [stdout]    |                                             +++
[INFO] [stdout] 
[INFO] [stdout] 
[INFO] [stdout] warning: 3 warnings emitted
[INFO] [stdout] 
[INFO] [stdout] 
[INFO] [stderr]     Finished dev [unoptimized + debuginfo] target(s) in 20.45s
[INFO] [stderr] warning: the following packages contain code that will be rejected by a future version of Rust: nom v3.2.1, syn v0.12.13
[INFO] [stderr] note: to see what the problems were, use the option `--future-incompat-report`, or run `cargo report future-incompatibilities --id 1`
[INFO] running `Command { std: "docker" "inspect" "1118e309a2e47aad08c97b55dd0e9517c8e2ed4ac45d4c0698b2a1d6ba9184b4", kill_on_drop: false }`
[INFO] running `Command { std: "docker" "rm" "-f" "1118e309a2e47aad08c97b55dd0e9517c8e2ed4ac45d4c0698b2a1d6ba9184b4", kill_on_drop: false }`
[INFO] [stdout] 1118e309a2e47aad08c97b55dd0e9517c8e2ed4ac45d4c0698b2a1d6ba9184b4
[INFO] running `Command { std: "docker" "create" "-v" "/var/lib/crater-agent-workspace/builds/worker-4-tc1/target:/opt/rustwide/target:rw,Z" "-v" "/var/lib/crater-agent-workspace/builds/worker-4-tc1/source:/opt/rustwide/workdir:ro,Z" "-v" "/var/lib/crater-agent-workspace/cargo-home:/opt/rustwide/cargo-home:ro,Z" "-v" "/var/lib/crater-agent-workspace/rustup-home:/opt/rustwide/rustup-home:ro,Z" "-e" "SOURCE_DIR=/opt/rustwide/workdir" "-e" "CARGO_TARGET_DIR=/opt/rustwide/target" "-e" "CARGO_INCREMENTAL=0" "-e" "RUST_BACKTRACE=full" "-e" "RUSTFLAGS=--cap-lints=warn" "-e" "RUSTDOCFLAGS=--cap-lints=warn" "-e" "CARGO_HOME=/opt/rustwide/cargo-home" "-e" "RUSTUP_HOME=/opt/rustwide/rustup-home" "-w" "/opt/rustwide/workdir" "-m" "1610612736" "--user" "0:0" "--network" "none" "ghcr.io/rust-lang/crates-build-env/linux@sha256:5ff2268d62e97bff2cde7d5815dd6ed5b47097566f13b8d0ca110b04b60e07ed" "/opt/rustwide/cargo-home/bin/cargo" "+1.69.0" "test" "--frozen" "--no-run" "--message-format=json", kill_on_drop: false }`
[INFO] [stdout] b235274b720cce9dc670de739fac79dd567560c5fc957c7e94d313067ac3f9fb
[INFO] running `Command { std: "docker" "start" "-a" "b235274b720cce9dc670de739fac79dd567560c5fc957c7e94d313067ac3f9fb", kill_on_drop: false }`
[INFO] [stderr] warning: An explicit [[bin]] section is specified in Cargo.toml which currently
[INFO] [stderr] disables Cargo from automatically inferring other binary targets.
[INFO] [stderr] This inference behavior will change in the Rust 2018 edition and the following
[INFO] [stderr] files will be included as a binary target:
[INFO] [stderr] 
[INFO] [stderr] * /opt/rustwide/workdir/src/bin/options.rs
[INFO] [stderr] * /opt/rustwide/workdir/src/bin/logger.rs
[INFO] [stderr] 
[INFO] [stderr] This is likely to break cargo build or cargo test as these files may not be
[INFO] [stderr] ready to be compiled as a binary target today. You can future-proof yourself
[INFO] [stderr] and disable this warning by adding `autobins = false` to your [package]
[INFO] [stderr] section. You may also move the files to a location where Cargo would not
[INFO] [stderr] automatically infer them to be a target, such as in subfolders.
[INFO] [stderr] 
[INFO] [stderr] For more information on this warning you can consult
[INFO] [stderr] https://github.com/rust-lang/cargo/issues/5330
[INFO] [stderr]    Compiling bit-vec v0.4.4
[INFO] [stderr]    Compiling rand v0.4.2
[INFO] [stderr]    Compiling regex-syntax v0.4.2
[INFO] [stderr]    Compiling quick-error v1.2.1
[INFO] [stdout] warning: `...` range patterns are deprecated
[INFO] [stdout]    --> src/common/parsers.rs:184:12
[INFO] [stdout]     |
[INFO] [stdout] 184 |         'a'...'f' | 'A'...'F' | '0'...'9' => true,
[INFO] [stdout]     |            ^^^ help: use `..=` for an inclusive range
[INFO] [stdout]     |
[INFO] [stdout]     = warning: this is accepted in the current edition (Rust 2015) but is a hard error in Rust 2021!
[INFO] [stdout]     = note: for more information, see <https://doc.rust-lang.org/nightly/edition-guide/rust-2021/warnings-promoted-to-error.html>
[INFO] [stdout]     = note: `#[warn(ellipsis_inclusive_range_patterns)]` on by default
[INFO] [stdout] 
[INFO] [stdout] 
[INFO] [stdout] warning: `...` range patterns are deprecated
[INFO] [stdout]    --> src/common/parsers.rs:184:24
[INFO] [stdout]     |
[INFO] [stdout] 184 |         'a'...'f' | 'A'...'F' | '0'...'9' => true,
[INFO] [stdout]     |                        ^^^ help: use `..=` for an inclusive range
[INFO] [stdout]     |
[INFO] [stdout]     = warning: this is accepted in the current edition (Rust 2015) but is a hard error in Rust 2021!
[INFO] [stdout]     = note: for more information, see <https://doc.rust-lang.org/nightly/edition-guide/rust-2021/warnings-promoted-to-error.html>
[INFO] [stdout] 
[INFO] [stdout] 
[INFO] [stdout] warning: `...` range patterns are deprecated
[INFO] [stdout]    --> src/common/parsers.rs:184:36
[INFO] [stdout]     |
[INFO] [stdout] 184 |         'a'...'f' | 'A'...'F' | '0'...'9' => true,
[INFO] [stdout]     |                                    ^^^ help: use `..=` for an inclusive range
[INFO] [stdout]     |
[INFO] [stdout]     = warning: this is accepted in the current edition (Rust 2015) but is a hard error in Rust 2021!
[INFO] [stdout]     = note: for more information, see <https://doc.rust-lang.org/nightly/edition-guide/rust-2021/warnings-promoted-to-error.html>
[INFO] [stdout] 
[INFO] [stdout] 
[INFO] [stdout] warning: use of deprecated constant `std::sync::ONCE_INIT`: the `new` function is now preferred
[INFO] [stdout]    --> src/common/mod.rs:104:9
[INFO] [stdout]     |
[INFO] [stdout] 104 | /         lazy_static! {
[INFO] [stdout] 105 | |             static ref PLAIN: Regex = Regex::new("^[a-z0-9][a-zA-Z_0-9]*$").unwrap();
[INFO] [stdout] 106 | |         }
[INFO] [stdout]     | |_________^
[INFO] [stdout]     |
[INFO] [stdout]     = note: `#[warn(deprecated)]` on by default
[INFO] [stdout]     = note: this warning originates in the macro `__lazy_static_create` which comes from the expansion of the macro `lazy_static` (in Nightly builds, run with -Z macro-backtrace for more info)
[INFO] [stdout] 
[INFO] [stdout] 
[INFO] [stdout] warning: use of deprecated constant `std::sync::ONCE_INIT`: the `new` function is now preferred
[INFO] [stdout]    --> src/common/mod.rs:178:1
[INFO] [stdout]     |
[INFO] [stdout] 178 | / lazy_static! {
[INFO] [stdout] 179 | |     static ref VARIABLE_NAME: Regex =
[INFO] [stdout] 180 | |         Regex::new("^(_[a-zA-Z_0-9]|[A-Z])[a-zA-Z_0-9]*$").unwrap();
[INFO] [stdout] 181 | | }
[INFO] [stdout]     | |_^
[INFO] [stdout]     |
[INFO] [stdout]     = note: this warning originates in the macro `__lazy_static_create` which comes from the expansion of the macro `lazy_static` (in Nightly builds, run with -Z macro-backtrace for more info)
[INFO] [stdout] 
[INFO] [stdout] 
[INFO] [stdout] warning: trait objects without an explicit `dyn` are deprecated
[INFO] [stdout]   --> src/lib.rs:46:14
[INFO] [stdout]    |
[INFO] [stdout] 46 |     ) -> Box<'a + Iterator<Item = Result<HashMap<Variable, Term>, Error>>>;
[INFO] [stdout]    |              ^^^^^^^^^^^^^^^^^^^^^^^^^^^^^^^^^^^^^^^^^^^^^^^^^^^^^^^^^^^^
[INFO] [stdout]    |
[INFO] [stdout]    = warning: this is accepted in the current edition (Rust 2015) but is a hard error in Rust 2021!
[INFO] [stdout]    = note: for more information, see <https://doc.rust-lang.org/nightly/edition-guide/rust-2021/warnings-promoted-to-error.html>
[INFO] [stdout]    = note: `#[warn(bare_trait_objects)]` on by default
[INFO] [stdout] help: use `dyn`
[INFO] [stdout]    |
[INFO] [stdout] 46 |     ) -> Box<dyn 'a + Iterator<Item = Result<HashMap<Variable, Term>, Error>>>;
[INFO] [stdout]    |              +++
[INFO] [stdout] 
[INFO] [stdout] 
[INFO] [stdout] warning: trait objects without an explicit `dyn` are deprecated
[INFO] [stdout]    --> src/flat/mod.rs:219:14
[INFO] [stdout]     |
[INFO] [stdout] 219 |     ) -> Box<'a + Iterator<Item = Result<HashMap<Variable, Term>, Error>>> {
[INFO] [stdout]     |              ^^^^^^^^^^^^^^^^^^^^^^^^^^^^^^^^^^^^^^^^^^^^^^^^^^^^^^^^^^^^
[INFO] [stdout]     |
[INFO] [stdout]     = warning: this is accepted in the current edition (Rust 2015) but is a hard error in Rust 2021!
[INFO] [stdout]     = note: for more information, see <https://doc.rust-lang.org/nightly/edition-guide/rust-2021/warnings-promoted-to-error.html>
[INFO] [stdout] help: use `dyn`
[INFO] [stdout]     |
[INFO] [stdout] 219 |     ) -> Box<dyn 'a + Iterator<Item = Result<HashMap<Variable, Term>, Error>>> {
[INFO] [stdout]     |              +++
[INFO] [stdout] 
[INFO] [stdout] 
[INFO] [stdout] warning: trait objects without an explicit `dyn` are deprecated
[INFO] [stdout]    --> src/unification/mod.rs:159:14
[INFO] [stdout]     |
[INFO] [stdout] 159 |     ) -> Box<Iterator<Item = Result<HashMap<Variable, Term>, Error>>> {
[INFO] [stdout]     |              ^^^^^^^^^^^^^^^^^^^^^^^^^^^^^^^^^^^^^^^^^^^^^^^^^^^^^^^
[INFO] [stdout]     |
[INFO] [stdout]     = warning: this is accepted in the current edition (Rust 2015) but is a hard error in Rust 2021!
[INFO] [stdout]     = note: for more information, see <https://doc.rust-lang.org/nightly/edition-guide/rust-2021/warnings-promoted-to-error.html>
[INFO] [stdout] help: use `dyn`
[INFO] [stdout]     |
[INFO] [stdout] 159 |     ) -> Box<dyn Iterator<Item = Result<HashMap<Variable, Term>, Error>>> {
[INFO] [stdout]     |              +++
[INFO] [stdout] 
[INFO] [stdout] 
[INFO] [stdout] warning: unused variable: `head`
[INFO] [stdout]   --> src/flat/compile/clause.rs:35:28
[INFO] [stdout]    |
[INFO] [stdout] 35 |     let body = if let Some(head) = head {
[INFO] [stdout]    |                            ^^^^ help: if this is intentional, prefix it with an underscore: `_head`
[INFO] [stdout]    |
[INFO] [stdout]    = note: `#[warn(unused_variables)]` on by default
[INFO] [stdout] 
[INFO] [stdout] 
[INFO] [stdout] warning: unused variable: `s`
[INFO] [stdout]   --> src/flat/compile/clause.rs:56:9
[INFO] [stdout]    |
[INFO] [stdout] 56 |     for s in body {
[INFO] [stdout]    |         ^ help: if this is intentional, prefix it with an underscore: `_s`
[INFO] [stdout] 
[INFO] [stdout] 
[INFO] [stdout] warning: unused variable: `i`
[INFO] [stdout]   --> src/flat/compile/clause.rs:74:10
[INFO] [stdout]    |
[INFO] [stdout] 74 |     for (i, f) in flatten(s).into_iter().enumerate() {
[INFO] [stdout]    |          ^ help: if this is intentional, prefix it with an underscore: `_i`
[INFO] [stdout] 
[INFO] [stdout] 
[INFO] [stdout] warning: unused variable: `a`
[INFO] [stdout]   --> src/flat/compile/clause.rs:76:31
[INFO] [stdout]    |
[INFO] [stdout] 76 |             FlatTerm::Functor(a, is) => unimplemented!(),
[INFO] [stdout]    |                               ^ help: if this is intentional, prefix it with an underscore: `_a`
[INFO] [stdout] 
[INFO] [stdout] 
[INFO] [stdout] warning: unused variable: `is`
[INFO] [stdout]   --> src/flat/compile/clause.rs:76:34
[INFO] [stdout]    |
[INFO] [stdout] 76 |             FlatTerm::Functor(a, is) => unimplemented!(),
[INFO] [stdout]    |                                  ^^ help: if this is intentional, prefix it with an underscore: `_is`
[INFO] [stdout] 
[INFO] [stdout] 
[INFO] [stdout] warning: unused variable: `n`
[INFO] [stdout]   --> src/flat/compile/clause.rs:77:27
[INFO] [stdout]    |
[INFO] [stdout] 77 |             FlatTerm::Ref(n) => unimplemented!(),
[INFO] [stdout]    |                           ^ help: if this is intentional, prefix it with an underscore: `_n`
[INFO] [stdout] 
[INFO] [stdout] 
[INFO] [stdout] warning: unused variable: `v`
[INFO] [stdout]   --> src/flat/compile/clause.rs:78:37
[INFO] [stdout]    |
[INFO] [stdout] 78 |             FlatTerm::Variable(Some(v)) => unimplemented!(),
[INFO] [stdout]    |                                     ^ help: if this is intentional, prefix it with an underscore: `_v`
[INFO] [stdout] 
[INFO] [stdout] 
[INFO] [stdout] warning: unused variable: `code`
[INFO] [stdout]   --> src/flat/compile/clause.rs:68:5
[INFO] [stdout]    |
[INFO] [stdout] 68 |     code: &mut Vec<Instruction>,
[INFO] [stdout]    |     ^^^^ help: if this is intentional, prefix it with an underscore: `_code`
[INFO] [stdout] 
[INFO] [stdout] 
[INFO] [stdout] warning: unused variable: `seen`
[INFO] [stdout]   --> src/flat/compile/clause.rs:69:5
[INFO] [stdout]    |
[INFO] [stdout] 69 |     seen: &mut HashSet<usize>,
[INFO] [stdout]    |     ^^^^ help: if this is intentional, prefix it with an underscore: `_seen`
[INFO] [stdout] 
[INFO] [stdout] 
[INFO] [stdout] warning: unused variable: `vars`
[INFO] [stdout]   --> src/flat/compile/clause.rs:70:5
[INFO] [stdout]    |
[INFO] [stdout] 70 |     vars: &mut HashMap<Variable, Location>,
[INFO] [stdout]    |     ^^^^ help: if this is intentional, prefix it with an underscore: `_vars`
[INFO] [stdout] 
[INFO] [stdout] 
[INFO] [stdout] warning: unused variable: `permanent`
[INFO] [stdout]   --> src/flat/compile/clause.rs:71:5
[INFO] [stdout]    |
[INFO] [stdout] 71 |     permanent: &HashMap<Variable, usize>,
[INFO] [stdout]    |     ^^^^^^^^^ help: if this is intentional, prefix it with an underscore: `_permanent`
[INFO] [stdout] 
[INFO] [stdout] 
[INFO] [stdout] warning: unused variable: `a`
[INFO] [stdout]   --> src/flat/compile/clause.rs:94:39
[INFO] [stdout]    |
[INFO] [stdout] 94 |             Term::Structure(Structure(a, ref ts)) => unimplemented!(),
[INFO] [stdout]    |                                       ^ help: if this is intentional, prefix it with an underscore: `_a`
[INFO] [stdout] 
[INFO] [stdout] 
[INFO] [stdout] warning: unused variable: `ts`
[INFO] [stdout]   --> src/flat/compile/clause.rs:94:46
[INFO] [stdout]    |
[INFO] [stdout] 94 |             Term::Structure(Structure(a, ref ts)) => unimplemented!(),
[INFO] [stdout]    |                                              ^^ help: if this is intentional, prefix it with an underscore: `_ts`
[INFO] [stdout] 
[INFO] [stdout] 
[INFO] [stdout] warning: unused variable: `vars`
[INFO] [stdout]   --> src/flat/compile/clause.rs:87:5
[INFO] [stdout]    |
[INFO] [stdout] 87 |     vars: &mut HashMap<Variable, usize>,
[INFO] [stdout]    |     ^^^^ help: if this is intentional, prefix it with an underscore: `_vars`
[INFO] [stdout] 
[INFO] [stdout] 
[INFO] [stdout] warning: unused variable: `n`
[INFO] [stdout]    --> src/flat/mod.rs:164:29
[INFO] [stdout]     |
[INFO] [stdout] 164 |             Location::Local(n) => unimplemented!("index local"),
[INFO] [stdout]     |                             ^ help: if this is intentional, prefix it with an underscore: `_n`
[INFO] [stdout] 
[INFO] [stdout] 
[INFO] [stdout] warning: unused variable: `n`
[INFO] [stdout]    --> src/flat/mod.rs:210:29
[INFO] [stdout]     |
[INFO] [stdout] 210 |             Location::Local(n) => unimplemented!("index local"),
[INFO] [stdout]     |                             ^ help: if this is intentional, prefix it with an underscore: `_n`
[INFO] [stdout] 
[INFO] [stdout] 
[INFO] [stdout] warning: function `compile_head` is never used
[INFO] [stdout]   --> src/flat/compile/clause.rs:67:4
[INFO] [stdout]    |
[INFO] [stdout] 67 | fn compile_head(
[INFO] [stdout]    |    ^^^^^^^^^^^^
[INFO] [stdout]    |
[INFO] [stdout]    = note: `#[warn(dead_code)]` on by default
[INFO] [stdout] 
[INFO] [stdout] 
[INFO] [stdout] warning: function `compile_body` is never used
[INFO] [stdout]   --> src/flat/compile/clause.rs:84:4
[INFO] [stdout]    |
[INFO] [stdout] 84 | fn compile_body(
[INFO] [stdout]    |    ^^^^^^^^^^^^
[INFO] [stdout] 
[INFO] [stdout] 
[INFO] [stdout] warning: method `extract_term` is never used
[INFO] [stdout]   --> src/flat/store.rs:57:12
[INFO] [stdout]    |
[INFO] [stdout] 57 |     pub fn extract_term(
[INFO] [stdout]    |            ^^^^^^^^^^^^
[INFO] [stdout] 
[INFO] [stdout] 
[INFO] [stdout] warning: missing documentation for a variant
[INFO] [stdout]   --> src/flat/control.rs:38:5
[INFO] [stdout]    |
[INFO] [stdout] 38 |     GetValue(Location, usize),
[INFO] [stdout]    |     ^^^^^^^^
[INFO] [stdout]    |
[INFO] [stdout] note: the lint level is defined here
[INFO] [stdout]   --> src/lib.rs:6:9
[INFO] [stdout]    |
[INFO] [stdout] 6  | #![warn(missing_docs)]
[INFO] [stdout]    |         ^^^^^^^^^^^^
[INFO] [stdout] 
[INFO] [stdout] 
[INFO] [stdout] warning: missing documentation for a variant
[INFO] [stdout]   --> src/flat/control.rs:39:5
[INFO] [stdout]    |
[INFO] [stdout] 39 |     GetVariable(Location, usize),
[INFO] [stdout]    |     ^^^^^^^^^^^
[INFO] [stdout] 
[INFO] [stdout] 
[INFO] [stdout] warning: missing documentation for a variant
[INFO] [stdout]   --> src/flat/control.rs:45:5
[INFO] [stdout]    |
[INFO] [stdout] 45 |     PutValue(Location, usize),
[INFO] [stdout]    |     ^^^^^^^^
[INFO] [stdout] 
[INFO] [stdout] 
[INFO] [stdout] warning: missing documentation for a variant
[INFO] [stdout]   --> src/flat/control.rs:46:5
[INFO] [stdout]    |
[INFO] [stdout] 46 |     PutVariable(Location, usize),
[INFO] [stdout]    |     ^^^^^^^^^^^
[INFO] [stdout] 
[INFO] [stdout] 
[INFO] [stdout] warning: 31 warnings emitted
[INFO] [stdout] 
[INFO] [stdout] 
[INFO] [stderr]    Compiling bit-set v0.4.0
[INFO] [stderr]    Compiling proptest v0.5.1
[INFO] [stderr]    Compiling wam-tutorial-reconstruction v0.1.0 (/opt/rustwide/workdir)
[INFO] [stdout] warning: use of deprecated function `std::env::home_dir`: This function's behavior may be unexpected on Windows. Consider using a crate from crates.io instead.
[INFO] [stdout]   --> src/bin/main.rs:44:15
[INFO] [stdout]    |
[INFO] [stdout] 44 |     std::env::home_dir()
[INFO] [stdout]    |               ^^^^^^^^
[INFO] [stdout]    |
[INFO] [stdout]    = note: `#[warn(deprecated)]` on by default
[INFO] [stdout] 
[INFO] [stdout] 
[INFO] [stdout] warning: trait objects without an explicit `dyn` are deprecated
[INFO] [stdout]    --> src/bin/main.rs:101:13
[INFO] [stdout]     |
[INFO] [stdout] 101 |     m: &mut Machine,
[INFO] [stdout]     |             ^^^^^^^
[INFO] [stdout]     |
[INFO] [stdout]     = warning: this is accepted in the current edition (Rust 2015) but is a hard error in Rust 2021!
[INFO] [stdout]     = note: for more information, see <https://doc.rust-lang.org/nightly/edition-guide/rust-2021/warnings-promoted-to-error.html>
[INFO] [stdout]     = note: `#[warn(bare_trait_objects)]` on by default
[INFO] [stdout] help: use `dyn`
[INFO] [stdout]     |
[INFO] [stdout] 101 |     m: &mut dyn Machine,
[INFO] [stdout]     |             +++
[INFO] [stdout] 
[INFO] [stdout] 
[INFO] [stdout] warning: trait objects without an explicit `dyn` are deprecated
[INFO] [stdout]   --> src/bin/options.rs:73:45
[INFO] [stdout]    |
[INFO] [stdout] 73 |     pub fn new_machine(&self) -> Result<Box<Machine>, Error> {
[INFO] [stdout]    |                                             ^^^^^^^
[INFO] [stdout]    |
[INFO] [stdout]    = warning: this is accepted in the current edition (Rust 2015) but is a hard error in Rust 2021!
[INFO] [stdout]    = note: for more information, see <https://doc.rust-lang.org/nightly/edition-guide/rust-2021/warnings-promoted-to-error.html>
[INFO] [stdout] help: use `dyn`
[INFO] [stdout]    |
[INFO] [stdout] 73 |     pub fn new_machine(&self) -> Result<Box<dyn Machine>, Error> {
[INFO] [stdout]    |                                             +++
[INFO] [stdout] 
[INFO] [stdout] 
[INFO] [stdout] warning: `...` range patterns are deprecated
[INFO] [stdout]    --> src/common/parsers.rs:184:12
[INFO] [stdout]     |
[INFO] [stdout] 184 |         'a'...'f' | 'A'...'F' | '0'...'9' => true,
[INFO] [stdout]     |            ^^^ help: use `..=` for an inclusive range
[INFO] [stdout]     |
[INFO] [stdout]     = warning: this is accepted in the current edition (Rust 2015) but is a hard error in Rust 2021!
[INFO] [stdout]     = note: for more information, see <https://doc.rust-lang.org/nightly/edition-guide/rust-2021/warnings-promoted-to-error.html>
[INFO] [stdout]     = note: `#[warn(ellipsis_inclusive_range_patterns)]` on by default
[INFO] [stdout] 
[INFO] [stdout] 
[INFO] [stdout] warning: `...` range patterns are deprecated
[INFO] [stdout]    --> src/common/parsers.rs:184:24
[INFO] [stdout]     |
[INFO] [stdout] 184 |         'a'...'f' | 'A'...'F' | '0'...'9' => true,
[INFO] [stdout]     |                        ^^^ help: use `..=` for an inclusive range
[INFO] [stdout]     |
[INFO] [stdout]     = warning: this is accepted in the current edition (Rust 2015) but is a hard error in Rust 2021!
[INFO] [stdout]     = note: for more information, see <https://doc.rust-lang.org/nightly/edition-guide/rust-2021/warnings-promoted-to-error.html>
[INFO] [stdout] 
[INFO] [stdout] 
[INFO] [stdout] warning: `...` range patterns are deprecated
[INFO] [stdout]    --> src/common/parsers.rs:184:36
[INFO] [stdout]     |
[INFO] [stdout] 184 |         'a'...'f' | 'A'...'F' | '0'...'9' => true,
[INFO] [stdout]     |                                    ^^^ help: use `..=` for an inclusive range
[INFO] [stdout]     |
[INFO] [stdout]     = warning: this is accepted in the current edition (Rust 2015) but is a hard error in Rust 2021!
[INFO] [stdout]     = note: for more information, see <https://doc.rust-lang.org/nightly/edition-guide/rust-2021/warnings-promoted-to-error.html>
[INFO] [stdout] 
[INFO] [stdout] 
[INFO] [stdout] warning: use of deprecated constant `std::sync::ONCE_INIT`: the `new` function is now preferred
[INFO] [stdout]    --> src/common/mod.rs:104:9
[INFO] [stdout]     |
[INFO] [stdout] 104 | /         lazy_static! {
[INFO] [stdout] 105 | |             static ref PLAIN: Regex = Regex::new("^[a-z0-9][a-zA-Z_0-9]*$").unwrap();
[INFO] [stdout] 106 | |         }
[INFO] [stdout]     | |_________^
[INFO] [stdout]     |
[INFO] [stdout]     = note: `#[warn(deprecated)]` on by default
[INFO] [stdout]     = note: this warning originates in the macro `__lazy_static_create` which comes from the expansion of the macro `lazy_static` (in Nightly builds, run with -Z macro-backtrace for more info)
[INFO] [stdout] 
[INFO] [stdout] 
[INFO] [stdout] warning: use of deprecated constant `std::sync::ONCE_INIT`: the `new` function is now preferred
[INFO] [stdout]    --> src/common/mod.rs:178:1
[INFO] [stdout]     |
[INFO] [stdout] 178 | / lazy_static! {
[INFO] [stdout] 179 | |     static ref VARIABLE_NAME: Regex =
[INFO] [stdout] 180 | |         Regex::new("^(_[a-zA-Z_0-9]|[A-Z])[a-zA-Z_0-9]*$").unwrap();
[INFO] [stdout] 181 | | }
[INFO] [stdout]     | |_^
[INFO] [stdout]     |
[INFO] [stdout]     = note: this warning originates in the macro `__lazy_static_create` which comes from the expansion of the macro `lazy_static` (in Nightly builds, run with -Z macro-backtrace for more info)
[INFO] [stdout] 
[INFO] [stdout] 
[INFO] [stdout] warning: trait objects without an explicit `dyn` are deprecated
[INFO] [stdout]   --> src/lib.rs:46:14
[INFO] [stdout]    |
[INFO] [stdout] 46 |     ) -> Box<'a + Iterator<Item = Result<HashMap<Variable, Term>, Error>>>;
[INFO] [stdout]    |              ^^^^^^^^^^^^^^^^^^^^^^^^^^^^^^^^^^^^^^^^^^^^^^^^^^^^^^^^^^^^
[INFO] [stdout]    |
[INFO] [stdout]    = warning: this is accepted in the current edition (Rust 2015) but is a hard error in Rust 2021!
[INFO] [stdout]    = note: for more information, see <https://doc.rust-lang.org/nightly/edition-guide/rust-2021/warnings-promoted-to-error.html>
[INFO] [stdout]    = note: `#[warn(bare_trait_objects)]` on by default
[INFO] [stdout] help: use `dyn`
[INFO] [stdout]    |
[INFO] [stdout] 46 |     ) -> Box<dyn 'a + Iterator<Item = Result<HashMap<Variable, Term>, Error>>>;
[INFO] [stdout]    |              +++
[INFO] [stdout] 
[INFO] [stdout] 
[INFO] [stdout] warning: trait objects without an explicit `dyn` are deprecated
[INFO] [stdout]    --> src/flat/mod.rs:219:14
[INFO] [stdout]     |
[INFO] [stdout] 219 |     ) -> Box<'a + Iterator<Item = Result<HashMap<Variable, Term>, Error>>> {
[INFO] [stdout]     |              ^^^^^^^^^^^^^^^^^^^^^^^^^^^^^^^^^^^^^^^^^^^^^^^^^^^^^^^^^^^^
[INFO] [stdout]     |
[INFO] [stdout]     = warning: this is accepted in the current edition (Rust 2015) but is a hard error in Rust 2021!
[INFO] [stdout]     = note: for more information, see <https://doc.rust-lang.org/nightly/edition-guide/rust-2021/warnings-promoted-to-error.html>
[INFO] [stdout] help: use `dyn`
[INFO] [stdout]     |
[INFO] [stdout] 219 |     ) -> Box<dyn 'a + Iterator<Item = Result<HashMap<Variable, Term>, Error>>> {
[INFO] [stdout]     |              +++
[INFO] [stdout] 
[INFO] [stdout] 
[INFO] [stdout] warning: trait objects without an explicit `dyn` are deprecated
[INFO] [stdout]    --> src/unification/mod.rs:159:14
[INFO] [stdout]     |
[INFO] [stdout] 159 |     ) -> Box<Iterator<Item = Result<HashMap<Variable, Term>, Error>>> {
[INFO] [stdout]     |              ^^^^^^^^^^^^^^^^^^^^^^^^^^^^^^^^^^^^^^^^^^^^^^^^^^^^^^^
[INFO] [stdout]     |
[INFO] [stdout]     = warning: this is accepted in the current edition (Rust 2015) but is a hard error in Rust 2021!
[INFO] [stdout]     = note: for more information, see <https://doc.rust-lang.org/nightly/edition-guide/rust-2021/warnings-promoted-to-error.html>
[INFO] [stdout] help: use `dyn`
[INFO] [stdout]     |
[INFO] [stdout] 159 |     ) -> Box<dyn Iterator<Item = Result<HashMap<Variable, Term>, Error>>> {
[INFO] [stdout]     |              +++
[INFO] [stdout] 
[INFO] [stdout] 
[INFO] [stdout] warning: 3 warnings emitted
[INFO] [stdout] 
[INFO] [stdout] 
[INFO] [stdout] warning: unused variable: `head`
[INFO] [stdout]   --> src/flat/compile/clause.rs:35:28
[INFO] [stdout]    |
[INFO] [stdout] 35 |     let body = if let Some(head) = head {
[INFO] [stdout]    |                            ^^^^ help: if this is intentional, prefix it with an underscore: `_head`
[INFO] [stdout]    |
[INFO] [stdout]    = note: `#[warn(unused_variables)]` on by default
[INFO] [stdout] 
[INFO] [stdout] 
[INFO] [stdout] warning: unused variable: `s`
[INFO] [stdout]   --> src/flat/compile/clause.rs:56:9
[INFO] [stdout]    |
[INFO] [stdout] 56 |     for s in body {
[INFO] [stdout]    |         ^ help: if this is intentional, prefix it with an underscore: `_s`
[INFO] [stdout] 
[INFO] [stdout] 
[INFO] [stdout] warning: unused variable: `i`
[INFO] [stdout]   --> src/flat/compile/clause.rs:74:10
[INFO] [stdout]    |
[INFO] [stdout] 74 |     for (i, f) in flatten(s).into_iter().enumerate() {
[INFO] [stdout]    |          ^ help: if this is intentional, prefix it with an underscore: `_i`
[INFO] [stdout] 
[INFO] [stdout] 
[INFO] [stdout] warning: unused variable: `a`
[INFO] [stdout]   --> src/flat/compile/clause.rs:76:31
[INFO] [stdout]    |
[INFO] [stdout] 76 |             FlatTerm::Functor(a, is) => unimplemented!(),
[INFO] [stdout]    |                               ^ help: if this is intentional, prefix it with an underscore: `_a`
[INFO] [stdout] 
[INFO] [stdout] 
[INFO] [stdout] warning: unused variable: `is`
[INFO] [stdout]   --> src/flat/compile/clause.rs:76:34
[INFO] [stdout]    |
[INFO] [stdout] 76 |             FlatTerm::Functor(a, is) => unimplemented!(),
[INFO] [stdout]    |                                  ^^ help: if this is intentional, prefix it with an underscore: `_is`
[INFO] [stdout] 
[INFO] [stdout] 
[INFO] [stdout] warning: unused variable: `n`
[INFO] [stdout]   --> src/flat/compile/clause.rs:77:27
[INFO] [stdout]    |
[INFO] [stdout] 77 |             FlatTerm::Ref(n) => unimplemented!(),
[INFO] [stdout]    |                           ^ help: if this is intentional, prefix it with an underscore: `_n`
[INFO] [stdout] 
[INFO] [stdout] 
[INFO] [stdout] warning: unused variable: `v`
[INFO] [stdout]   --> src/flat/compile/clause.rs:78:37
[INFO] [stdout]    |
[INFO] [stdout] 78 |             FlatTerm::Variable(Some(v)) => unimplemented!(),
[INFO] [stdout]    |                                     ^ help: if this is intentional, prefix it with an underscore: `_v`
[INFO] [stdout] 
[INFO] [stdout] 
[INFO] [stdout] warning: unused variable: `code`
[INFO] [stdout]   --> src/flat/compile/clause.rs:68:5
[INFO] [stdout]    |
[INFO] [stdout] 68 |     code: &mut Vec<Instruction>,
[INFO] [stdout]    |     ^^^^ help: if this is intentional, prefix it with an underscore: `_code`
[INFO] [stdout] 
[INFO] [stdout] 
[INFO] [stdout] warning: unused variable: `seen`
[INFO] [stdout]   --> src/flat/compile/clause.rs:69:5
[INFO] [stdout]    |
[INFO] [stdout] 69 |     seen: &mut HashSet<usize>,
[INFO] [stdout]    |     ^^^^ help: if this is intentional, prefix it with an underscore: `_seen`
[INFO] [stdout] 
[INFO] [stdout] 
[INFO] [stdout] warning: unused variable: `vars`
[INFO] [stdout]   --> src/flat/compile/clause.rs:70:5
[INFO] [stdout]    |
[INFO] [stdout] 70 |     vars: &mut HashMap<Variable, Location>,
[INFO] [stdout]    |     ^^^^ help: if this is intentional, prefix it with an underscore: `_vars`
[INFO] [stdout] 
[INFO] [stdout] 
[INFO] [stdout] warning: unused variable: `permanent`
[INFO] [stdout]   --> src/flat/compile/clause.rs:71:5
[INFO] [stdout]    |
[INFO] [stdout] 71 |     permanent: &HashMap<Variable, usize>,
[INFO] [stdout]    |     ^^^^^^^^^ help: if this is intentional, prefix it with an underscore: `_permanent`
[INFO] [stdout] 
[INFO] [stdout] 
[INFO] [stdout] warning: unused variable: `a`
[INFO] [stdout]   --> src/flat/compile/clause.rs:94:39
[INFO] [stdout]    |
[INFO] [stdout] 94 |             Term::Structure(Structure(a, ref ts)) => unimplemented!(),
[INFO] [stdout]    |                                       ^ help: if this is intentional, prefix it with an underscore: `_a`
[INFO] [stdout] 
[INFO] [stdout] 
[INFO] [stdout] warning: unused variable: `ts`
[INFO] [stdout]   --> src/flat/compile/clause.rs:94:46
[INFO] [stdout]    |
[INFO] [stdout] 94 |             Term::Structure(Structure(a, ref ts)) => unimplemented!(),
[INFO] [stdout]    |                                              ^^ help: if this is intentional, prefix it with an underscore: `_ts`
[INFO] [stdout] 
[INFO] [stdout] 
[INFO] [stdout] warning: unused variable: `vars`
[INFO] [stdout]   --> src/flat/compile/clause.rs:87:5
[INFO] [stdout]    |
[INFO] [stdout] 87 |     vars: &mut HashMap<Variable, usize>,
[INFO] [stdout]    |     ^^^^ help: if this is intentional, prefix it with an underscore: `_vars`
[INFO] [stdout] 
[INFO] [stdout] 
[INFO] [stdout] warning: unused variable: `n`
[INFO] [stdout]    --> src/flat/mod.rs:164:29
[INFO] [stdout]     |
[INFO] [stdout] 164 |             Location::Local(n) => unimplemented!("index local"),
[INFO] [stdout]     |                             ^ help: if this is intentional, prefix it with an underscore: `_n`
[INFO] [stdout] 
[INFO] [stdout] 
[INFO] [stdout] warning: unused variable: `n`
[INFO] [stdout]    --> src/flat/mod.rs:210:29
[INFO] [stdout]     |
[INFO] [stdout] 210 |             Location::Local(n) => unimplemented!("index local"),
[INFO] [stdout]     |                             ^ help: if this is intentional, prefix it with an underscore: `_n`
[INFO] [stdout] 
[INFO] [stdout] 
[INFO] [stdout] warning: function `compile_head` is never used
[INFO] [stdout]   --> src/flat/compile/clause.rs:67:4
[INFO] [stdout]    |
[INFO] [stdout] 67 | fn compile_head(
[INFO] [stdout]    |    ^^^^^^^^^^^^
[INFO] [stdout]    |
[INFO] [stdout]    = note: `#[warn(dead_code)]` on by default
[INFO] [stdout] 
[INFO] [stdout] 
[INFO] [stdout] warning: function `compile_body` is never used
[INFO] [stdout]   --> src/flat/compile/clause.rs:84:4
[INFO] [stdout]    |
[INFO] [stdout] 84 | fn compile_body(
[INFO] [stdout]    |    ^^^^^^^^^^^^
[INFO] [stdout] 
[INFO] [stdout] 
[INFO] [stdout] warning: method `extract_term` is never used
[INFO] [stdout]   --> src/flat/store.rs:57:12
[INFO] [stdout]    |
[INFO] [stdout] 57 |     pub fn extract_term(
[INFO] [stdout]    |            ^^^^^^^^^^^^
[INFO] [stdout] 
[INFO] [stdout] 
[INFO] [stdout] warning: 27 warnings emitted
[INFO] [stdout] 
[INFO] [stdout] 
[INFO] [stderr]     Finished test [unoptimized + debuginfo] target(s) in 8.52s
[INFO] [stderr] warning: the following packages contain code that will be rejected by a future version of Rust: nom v3.2.1, syn v0.12.13
[INFO] [stderr] note: to see what the problems were, use the option `--future-incompat-report`, or run `cargo report future-incompatibilities --id 1`
[INFO] running `Command { std: "docker" "inspect" "b235274b720cce9dc670de739fac79dd567560c5fc957c7e94d313067ac3f9fb", kill_on_drop: false }`
[INFO] running `Command { std: "docker" "rm" "-f" "b235274b720cce9dc670de739fac79dd567560c5fc957c7e94d313067ac3f9fb", kill_on_drop: false }`
[INFO] [stdout] b235274b720cce9dc670de739fac79dd567560c5fc957c7e94d313067ac3f9fb
[INFO] running `Command { std: "docker" "create" "-v" "/var/lib/crater-agent-workspace/builds/worker-4-tc1/target:/opt/rustwide/target:rw,Z" "-v" "/var/lib/crater-agent-workspace/builds/worker-4-tc1/source:/opt/rustwide/workdir:ro,Z" "-v" "/var/lib/crater-agent-workspace/cargo-home:/opt/rustwide/cargo-home:ro,Z" "-v" "/var/lib/crater-agent-workspace/rustup-home:/opt/rustwide/rustup-home:ro,Z" "-e" "SOURCE_DIR=/opt/rustwide/workdir" "-e" "CARGO_TARGET_DIR=/opt/rustwide/target" "-e" "CARGO_INCREMENTAL=0" "-e" "RUST_BACKTRACE=full" "-e" "RUSTFLAGS=--cap-lints=warn" "-e" "RUSTDOCFLAGS=--cap-lints=warn" "-e" "CARGO_HOME=/opt/rustwide/cargo-home" "-e" "RUSTUP_HOME=/opt/rustwide/rustup-home" "-w" "/opt/rustwide/workdir" "-m" "1610612736" "--user" "0:0" "--network" "none" "ghcr.io/rust-lang/crates-build-env/linux@sha256:5ff2268d62e97bff2cde7d5815dd6ed5b47097566f13b8d0ca110b04b60e07ed" "/opt/rustwide/cargo-home/bin/cargo" "+1.69.0" "test" "--frozen", kill_on_drop: false }`
[INFO] [stdout] 65294645a7769d59760e2bf8b8e3784d0f13147c3930a0d43c2bbd024d18c0a8
[INFO] running `Command { std: "docker" "start" "-a" "65294645a7769d59760e2bf8b8e3784d0f13147c3930a0d43c2bbd024d18c0a8", kill_on_drop: false }`
[INFO] [stderr] warning: An explicit [[bin]] section is specified in Cargo.toml which currently
[INFO] [stderr] disables Cargo from automatically inferring other binary targets.
[INFO] [stderr] This inference behavior will change in the Rust 2018 edition and the following
[INFO] [stderr] files will be included as a binary target:
[INFO] [stderr] 
[INFO] [stderr] * /opt/rustwide/workdir/src/bin/options.rs
[INFO] [stderr] * /opt/rustwide/workdir/src/bin/logger.rs
[INFO] [stderr] 
[INFO] [stderr] This is likely to break cargo build or cargo test as these files may not be
[INFO] [stderr] ready to be compiled as a binary target today. You can future-proof yourself
[INFO] [stderr] and disable this warning by adding `autobins = false` to your [package]
[INFO] [stderr] section. You may also move the files to a location where Cargo would not
[INFO] [stderr] automatically infer them to be a target, such as in subfolders.
[INFO] [stderr] 
[INFO] [stderr] For more information on this warning you can consult
[INFO] [stderr] https://github.com/rust-lang/cargo/issues/5330
[INFO] [stderr] warning: `...` range patterns are deprecated
[INFO] [stderr]    --> src/common/parsers.rs:184:12
[INFO] [stderr]     |
[INFO] [stderr] 184 |         'a'...'f' | 'A'...'F' | '0'...'9' => true,
[INFO] [stderr]     |            ^^^ help: use `..=` for an inclusive range
[INFO] [stderr]     |
[INFO] [stderr]     = warning: this is accepted in the current edition (Rust 2015) but is a hard error in Rust 2021!
[INFO] [stderr]     = note: for more information, see <https://doc.rust-lang.org/nightly/edition-guide/rust-2021/warnings-promoted-to-error.html>
[INFO] [stderr]     = note: `#[warn(ellipsis_inclusive_range_patterns)]` on by default
[INFO] [stderr] 
[INFO] [stderr] warning: `...` range patterns are deprecated
[INFO] [stderr]    --> src/common/parsers.rs:184:24
[INFO] [stderr]     |
[INFO] [stderr] 184 |         'a'...'f' | 'A'...'F' | '0'...'9' => true,
[INFO] [stderr]     |                        ^^^ help: use `..=` for an inclusive range
[INFO] [stderr]     |
[INFO] [stderr]     = warning: this is accepted in the current edition (Rust 2015) but is a hard error in Rust 2021!
[INFO] [stderr]     = note: for more information, see <https://doc.rust-lang.org/nightly/edition-guide/rust-2021/warnings-promoted-to-error.html>
[INFO] [stderr] 
[INFO] [stderr] warning: `...` range patterns are deprecated
[INFO] [stderr]    --> src/common/parsers.rs:184:36
[INFO] [stderr]     |
[INFO] [stderr] 184 |         'a'...'f' | 'A'...'F' | '0'...'9' => true,
[INFO] [stderr]     |                                    ^^^ help: use `..=` for an inclusive range
[INFO] [stderr]     |
[INFO] [stderr]     = warning: this is accepted in the current edition (Rust 2015) but is a hard error in Rust 2021!
[INFO] [stderr]     = note: for more information, see <https://doc.rust-lang.org/nightly/edition-guide/rust-2021/warnings-promoted-to-error.html>
[INFO] [stderr] 
[INFO] [stderr] warning: use of deprecated constant `std::sync::ONCE_INIT`: the `new` function is now preferred
[INFO] [stderr]    --> src/common/mod.rs:104:9
[INFO] [stderr]     |
[INFO] [stderr] 104 | /         lazy_static! {
[INFO] [stderr] 105 | |             static ref PLAIN: Regex = Regex::new("^[a-z0-9][a-zA-Z_0-9]*$").unwrap();
[INFO] [stderr] 106 | |         }
[INFO] [stderr]     | |_________^
[INFO] [stderr]     |
[INFO] [stderr]     = note: `#[warn(deprecated)]` on by default
[INFO] [stderr]     = note: this warning originates in the macro `__lazy_static_create` which comes from the expansion of the macro `lazy_static` (in Nightly builds, run with -Z macro-backtrace for more info)
[INFO] [stderr] 
[INFO] [stderr] warning: use of deprecated constant `std::sync::ONCE_INIT`: the `new` function is now preferred
[INFO] [stderr]    --> src/common/mod.rs:178:1
[INFO] [stderr]     |
[INFO] [stderr] 178 | / lazy_static! {
[INFO] [stderr] 179 | |     static ref VARIABLE_NAME: Regex =
[INFO] [stderr] 180 | |         Regex::new("^(_[a-zA-Z_0-9]|[A-Z])[a-zA-Z_0-9]*$").unwrap();
[INFO] [stderr] 181 | | }
[INFO] [stderr]     | |_^
[INFO] [stderr]     |
[INFO] [stderr]     = note: this warning originates in the macro `__lazy_static_create` which comes from the expansion of the macro `lazy_static` (in Nightly builds, run with -Z macro-backtrace for more info)
[INFO] [stderr] 
[INFO] [stderr] warning: trait objects without an explicit `dyn` are deprecated
[INFO] [stderr]   --> src/lib.rs:46:14
[INFO] [stderr]    |
[INFO] [stderr] 46 |     ) -> Box<'a + Iterator<Item = Result<HashMap<Variable, Term>, Error>>>;
[INFO] [stderr]    |              ^^^^^^^^^^^^^^^^^^^^^^^^^^^^^^^^^^^^^^^^^^^^^^^^^^^^^^^^^^^^
[INFO] [stderr]    |
[INFO] [stderr]    = warning: this is accepted in the current edition (Rust 2015) but is a hard error in Rust 2021!
[INFO] [stderr]    = note: for more information, see <https://doc.rust-lang.org/nightly/edition-guide/rust-2021/warnings-promoted-to-error.html>
[INFO] [stderr]    = note: `#[warn(bare_trait_objects)]` on by default
[INFO] [stderr] help: use `dyn`
[INFO] [stderr]    |
[INFO] [stderr] 46 |     ) -> Box<dyn 'a + Iterator<Item = Result<HashMap<Variable, Term>, Error>>>;
[INFO] [stderr]    |              +++
[INFO] [stderr] 
[INFO] [stderr] warning: trait objects without an explicit `dyn` are deprecated
[INFO] [stderr]    --> src/flat/mod.rs:219:14
[INFO] [stderr]     |
[INFO] [stderr] 219 |     ) -> Box<'a + Iterator<Item = Result<HashMap<Variable, Term>, Error>>> {
[INFO] [stderr]     |              ^^^^^^^^^^^^^^^^^^^^^^^^^^^^^^^^^^^^^^^^^^^^^^^^^^^^^^^^^^^^
[INFO] [stderr]     |
[INFO] [stderr]     = warning: this is accepted in the current edition (Rust 2015) but is a hard error in Rust 2021!
[INFO] [stderr]     = note: for more information, see <https://doc.rust-lang.org/nightly/edition-guide/rust-2021/warnings-promoted-to-error.html>
[INFO] [stderr] help: use `dyn`
[INFO] [stderr]     |
[INFO] [stderr] 219 |     ) -> Box<dyn 'a + Iterator<Item = Result<HashMap<Variable, Term>, Error>>> {
[INFO] [stderr]     |              +++
[INFO] [stderr] 
[INFO] [stderr] warning: trait objects without an explicit `dyn` are deprecated
[INFO] [stderr]    --> src/unification/mod.rs:159:14
[INFO] [stderr]     |
[INFO] [stderr] 159 |     ) -> Box<Iterator<Item = Result<HashMap<Variable, Term>, Error>>> {
[INFO] [stderr]     |              ^^^^^^^^^^^^^^^^^^^^^^^^^^^^^^^^^^^^^^^^^^^^^^^^^^^^^^^
[INFO] [stderr]     |
[INFO] [stderr]     = warning: this is accepted in the current edition (Rust 2015) but is a hard error in Rust 2021!
[INFO] [stderr]     = note: for more information, see <https://doc.rust-lang.org/nightly/edition-guide/rust-2021/warnings-promoted-to-error.html>
[INFO] [stderr] help: use `dyn`
[INFO] [stderr]     |
[INFO] [stderr] 159 |     ) -> Box<dyn Iterator<Item = Result<HashMap<Variable, Term>, Error>>> {
[INFO] [stderr]     |              +++
[INFO] [stderr] 
[INFO] [stderr] warning: unused variable: `head`
[INFO] [stderr]   --> src/flat/compile/clause.rs:35:28
[INFO] [stderr]    |
[INFO] [stderr] 35 |     let body = if let Some(head) = head {
[INFO] [stderr]    |                            ^^^^ help: if this is intentional, prefix it with an underscore: `_head`
[INFO] [stderr]    |
[INFO] [stderr]    = note: `#[warn(unused_variables)]` on by default
[INFO] [stderr] 
[INFO] [stderr] warning: unused variable: `s`
[INFO] [stderr]   --> src/flat/compile/clause.rs:56:9
[INFO] [stderr]    |
[INFO] [stderr] 56 |     for s in body {
[INFO] [stderr]    |         ^ help: if this is intentional, prefix it with an underscore: `_s`
[INFO] [stderr] 
[INFO] [stderr] warning: unused variable: `i`
[INFO] [stderr]   --> src/flat/compile/clause.rs:74:10
[INFO] [stderr]    |
[INFO] [stderr] 74 |     for (i, f) in flatten(s).into_iter().enumerate() {
[INFO] [stderr]    |          ^ help: if this is intentional, prefix it with an underscore: `_i`
[INFO] [stderr] 
[INFO] [stderr] warning: unused variable: `a`
[INFO] [stderr]   --> src/flat/compile/clause.rs:76:31
[INFO] [stderr]    |
[INFO] [stderr] 76 |             FlatTerm::Functor(a, is) => unimplemented!(),
[INFO] [stderr]    |                               ^ help: if this is intentional, prefix it with an underscore: `_a`
[INFO] [stderr] 
[INFO] [stderr] warning: unused variable: `is`
[INFO] [stderr]   --> src/flat/compile/clause.rs:76:34
[INFO] [stderr]    |
[INFO] [stderr] 76 |             FlatTerm::Functor(a, is) => unimplemented!(),
[INFO] [stderr]    |                                  ^^ help: if this is intentional, prefix it with an underscore: `_is`
[INFO] [stderr] 
[INFO] [stderr] warning: unused variable: `n`
[INFO] [stderr]   --> src/flat/compile/clause.rs:77:27
[INFO] [stderr]    |
[INFO] [stderr] 77 |             FlatTerm::Ref(n) => unimplemented!(),
[INFO] [stderr]    |                           ^ help: if this is intentional, prefix it with an underscore: `_n`
[INFO] [stderr] 
[INFO] [stderr] warning: unused variable: `v`
[INFO] [stderr]   --> src/flat/compile/clause.rs:78:37
[INFO] [stderr]    |
[INFO] [stderr] 78 |             FlatTerm::Variable(Some(v)) => unimplemented!(),
[INFO] [stderr]    |                                     ^ help: if this is intentional, prefix it with an underscore: `_v`
[INFO] [stderr] 
[INFO] [stderr] warning: unused variable: `code`
[INFO] [stderr]   --> src/flat/compile/clause.rs:68:5
[INFO] [stderr]    |
[INFO] [stderr] 68 |     code: &mut Vec<Instruction>,
[INFO] [stderr]    |     ^^^^ help: if this is intentional, prefix it with an underscore: `_code`
[INFO] [stderr] 
[INFO] [stderr] warning: unused variable: `seen`
[INFO] [stderr]   --> src/flat/compile/clause.rs:69:5
[INFO] [stderr]    |
[INFO] [stderr] 69 |     seen: &mut HashSet<usize>,
[INFO] [stderr]    |     ^^^^ help: if this is intentional, prefix it with an underscore: `_seen`
[INFO] [stderr] 
[INFO] [stderr] warning: unused variable: `vars`
[INFO] [stderr]   --> src/flat/compile/clause.rs:70:5
[INFO] [stderr]    |
[INFO] [stderr] 70 |     vars: &mut HashMap<Variable, Location>,
[INFO] [stderr]    |     ^^^^ help: if this is intentional, prefix it with an underscore: `_vars`
[INFO] [stderr] 
[INFO] [stderr] warning: unused variable: `permanent`
[INFO] [stderr]   --> src/flat/compile/clause.rs:71:5
[INFO] [stderr]    |
[INFO] [stderr] 71 |     permanent: &HashMap<Variable, usize>,
[INFO] [stderr]    |     ^^^^^^^^^ help: if this is intentional, prefix it with an underscore: `_permanent`
[INFO] [stderr] 
[INFO] [stderr] warning: unused variable: `a`
[INFO] [stderr]   --> src/flat/compile/clause.rs:94:39
[INFO] [stderr]    |
[INFO] [stderr] 94 |             Term::Structure(Structure(a, ref ts)) => unimplemented!(),
[INFO] [stderr]    |                                       ^ help: if this is intentional, prefix it with an underscore: `_a`
[INFO] [stderr] 
[INFO] [stderr] warning: unused variable: `ts`
[INFO] [stderr]   --> src/flat/compile/clause.rs:94:46
[INFO] [stderr]    |
[INFO] [stderr] 94 |             Term::Structure(Structure(a, ref ts)) => unimplemented!(),
[INFO] [stderr]    |                                              ^^ help: if this is intentional, prefix it with an underscore: `_ts`
[INFO] [stderr] 
[INFO] [stderr] warning: unused variable: `vars`
[INFO] [stderr]   --> src/flat/compile/clause.rs:87:5
[INFO] [stderr]    |
[INFO] [stderr] 87 |     vars: &mut HashMap<Variable, usize>,
[INFO] [stderr]    |     ^^^^ help: if this is intentional, prefix it with an underscore: `_vars`
[INFO] [stderr] 
[INFO] [stderr] warning: unused variable: `n`
[INFO] [stderr]    --> src/flat/mod.rs:164:29
[INFO] [stderr]     |
[INFO] [stderr] 164 |             Location::Local(n) => unimplemented!("index local"),
[INFO] [stderr]     |                             ^ help: if this is intentional, prefix it with an underscore: `_n`
[INFO] [stderr] 
[INFO] [stderr] warning: unused variable: `n`
[INFO] [stderr]    --> src/flat/mod.rs:210:29
[INFO] [stderr]     |
[INFO] [stderr] 210 |             Location::Local(n) => unimplemented!("index local"),
[INFO] [stderr]     |                             ^ help: if this is intentional, prefix it with an underscore: `_n`
[INFO] [stderr] 
[INFO] [stderr] warning: function `compile_head` is never used
[INFO] [stderr]   --> src/flat/compile/clause.rs:67:4
[INFO] [stderr]    |
[INFO] [stderr] 67 | fn compile_head(
[INFO] [stderr]    |    ^^^^^^^^^^^^
[INFO] [stderr]    |
[INFO] [stderr]    = note: `#[warn(dead_code)]` on by default
[INFO] [stderr] 
[INFO] [stderr] warning: function `compile_body` is never used
[INFO] [stderr]   --> src/flat/compile/clause.rs:84:4
[INFO] [stderr]    |
[INFO] [stderr] 84 | fn compile_body(
[INFO] [stderr]    |    ^^^^^^^^^^^^
[INFO] [stderr] 
[INFO] [stderr] warning: method `extract_term` is never used
[INFO] [stderr]   --> src/flat/store.rs:57:12
[INFO] [stderr]    |
[INFO] [stderr] 57 |     pub fn extract_term(
[INFO] [stderr]    |            ^^^^^^^^^^^^
[INFO] [stderr] 
[INFO] [stderr] warning: missing documentation for a variant
[INFO] [stderr]   --> src/flat/control.rs:38:5
[INFO] [stderr]    |
[INFO] [stderr] 38 |     GetValue(Location, usize),
[INFO] [stderr]    |     ^^^^^^^^
[INFO] [stderr]    |
[INFO] [stderr] note: the lint level is defined here
[INFO] [stderr]   --> src/lib.rs:6:9
[INFO] [stderr]    |
[INFO] [stderr] 6  | #![warn(missing_docs)]
[INFO] [stderr]    |         ^^^^^^^^^^^^
[INFO] [stderr] 
[INFO] [stderr] warning: missing documentation for a variant
[INFO] [stderr]   --> src/flat/control.rs:39:5
[INFO] [stderr]    |
[INFO] [stderr] 39 |     GetVariable(Location, usize),
[INFO] [stderr]    |     ^^^^^^^^^^^
[INFO] [stderr] 
[INFO] [stderr] warning: missing documentation for a variant
[INFO] [stderr]   --> src/flat/control.rs:45:5
[INFO] [stderr]    |
[INFO] [stderr] 45 |     PutValue(Location, usize),
[INFO] [stderr]    |     ^^^^^^^^
[INFO] [stderr] 
[INFO] [stderr] warning: missing documentation for a variant
[INFO] [stderr]   --> src/flat/control.rs:46:5
[INFO] [stderr]    |
[INFO] [stderr] 46 |     PutVariable(Location, usize),
[INFO] [stderr]    |     ^^^^^^^^^^^
[INFO] [stderr] 
[INFO] [stderr] warning: `wam-tutorial-reconstruction` (lib) generated 31 warnings (run `cargo fix --lib -p wam-tutorial-reconstruction` to apply 22 suggestions)
[INFO] [stderr] warning: `wam-tutorial-reconstruction` (lib test) generated 27 warnings (27 duplicates)
[INFO] [stderr] warning: use of deprecated function `std::env::home_dir`: This function's behavior may be unexpected on Windows. Consider using a crate from crates.io instead.
[INFO] [stderr]   --> src/bin/main.rs:44:15
[INFO] [stderr]    |
[INFO] [stderr] 44 |     std::env::home_dir()
[INFO] [stderr]    |               ^^^^^^^^
[INFO] [stderr]    |
[INFO] [stderr]    = note: `#[warn(deprecated)]` on by default
[INFO] [stderr] 
[INFO] [stderr] warning: trait objects without an explicit `dyn` are deprecated
[INFO] [stderr]    --> src/bin/main.rs:101:13
[INFO] [stderr]     |
[INFO] [stderr] 101 |     m: &mut Machine,
[INFO] [stderr]     |             ^^^^^^^
[INFO] [stderr]     |
[INFO] [stderr]     = warning: this is accepted in the current edition (Rust 2015) but is a hard error in Rust 2021!
[INFO] [stderr]     = note: for more information, see <https://doc.rust-lang.org/nightly/edition-guide/rust-2021/warnings-promoted-to-error.html>
[INFO] [stderr]     = note: `#[warn(bare_trait_objects)]` on by default
[INFO] [stderr] help: use `dyn`
[INFO] [stderr]     |
[INFO] [stderr] 101 |     m: &mut dyn Machine,
[INFO] [stderr]     |             +++
[INFO] [stderr] 
[INFO] [stderr] warning: trait objects without an explicit `dyn` are deprecated
[INFO] [stderr]   --> src/bin/options.rs:73:45
[INFO] [stderr]    |
[INFO] [stderr] 73 |     pub fn new_machine(&self) -> Result<Box<Machine>, Error> {
[INFO] [stderr]    |                                             ^^^^^^^
[INFO] [stderr]    |
[INFO] [stderr]    = warning: this is accepted in the current edition (Rust 2015) but is a hard error in Rust 2021!
[INFO] [stderr]    = note: for more information, see <https://doc.rust-lang.org/nightly/edition-guide/rust-2021/warnings-promoted-to-error.html>
[INFO] [stderr] help: use `dyn`
[INFO] [stderr]    |
[INFO] [stderr] 73 |     pub fn new_machine(&self) -> Result<Box<dyn Machine>, Error> {
[INFO] [stderr]    |                                             +++
[INFO] [stderr] 
[INFO] [stderr] warning: `wam-tutorial-reconstruction` (bin "wam" test) generated 3 warnings (run `cargo fix --bin "wam" --tests` to apply 2 suggestions)
[INFO] [stderr]     Finished test [unoptimized + debuginfo] target(s) in 0.06s
[INFO] [stderr] warning: the following packages contain code that will be rejected by a future version of Rust: nom v3.2.1, syn v0.12.13
[INFO] [stderr] note: to see what the problems were, use the option `--future-incompat-report`, or run `cargo report future-incompatibilities --id 1`
[INFO] [stderr]      Running unittests src/lib.rs (/opt/rustwide/target/debug/deps/wam_tutorial_reconstruction-48b77691dbfc2694)
[INFO] [stdout] 
[INFO] [stdout] running 19 tests
[INFO] [stdout] test flat::compile::fact::tests::compiles_example_program ... ok
[INFO] [stdout] test unification::flatten::tests::flattens_example_query_term ... ok
[INFO] [stdout] test common::tests::term_contains ... ok
[INFO] [stdout] test unification::flatten::tests::flattens_simple_terms ... ok
[INFO] [stdout] test unification::program::tests::compiles_example_term ... ok
[INFO] [stdout] test unification::tests::works ... ok
[INFO] [stdout] test flat::compile::fact::tests::flattens_example_program ... ok
[INFO] [stdout] test unification::query::tests::compiles_example_term ... ok
[INFO] [stdout] test common::tests::parse_tests ... ok
[INFO] [stdout] test common::tests::prop::parse_tostring_for_variable ... ok
[INFO] [stdout] test flat::compile::tests::compiles_example_conjunctive_program ... FAILED
[INFO] [stdout] test flat::compile::clause::tests::figure_3_1 ... FAILED
[INFO] [stdout] test flat::tests::works_for_example_program ... FAILED
[INFO] [stdout] test common::tests::prop::parse_tostring_for_functor ... ok
[INFO] [stdout] test common::tests::prop::parse_tostring_for_atom ... ok
[INFO] [stdout] test unification::flatten::tests::flatten_term_doesnt_crash ... ok
[INFO] [stdout] test common::tests::prop::parse_tostring_for_term ... ok
[INFO] [stdout] test unification::tests::compile_query_idempotency ... ok
[INFO] [stdout] test common::tests::prop::parse_tostring_for_clause ... ok
[INFO] [stdout] 
[INFO] [stdout] failures:
[INFO] [stdout] 
[INFO] [stdout] ---- flat::compile::tests::compiles_example_conjunctive_program stdout ----
[INFO] [stdout] thread 'flat::compile::tests::compiles_example_conjunctive_program' panicked at 'assertion failed: `(left == right)`
[INFO] [stdout]   left: `[Allocate(2)]`,
[INFO] [stdout]  right: `[Allocate(2), Call(Functor(Atom(Symbol("q")), 2)), Call(Functor(Atom(Symbol("r")), 2)), Deallocate]`', src/flat/compile/mod.rs:85:9
[INFO] [stdout] stack backtrace:
[INFO] [stdout]    0:     0x560cba509eba - std::backtrace_rs::backtrace::libunwind::trace::ha9053a9a07ca49cb
[INFO] [stdout]                                at /rustc/84c898d65adf2f39a5a98507f1fe0ce10a2b8dbc/library/std/src/../../backtrace/src/backtrace/libunwind.rs:93:5
[INFO] [stdout]    1:     0x560cba509eba - std::backtrace_rs::backtrace::trace_unsynchronized::h9c2852a457ad564e
[INFO] [stdout]                                at /rustc/84c898d65adf2f39a5a98507f1fe0ce10a2b8dbc/library/std/src/../../backtrace/src/backtrace/mod.rs:66:5
[INFO] [stdout]    2:     0x560cba509eba - std::sys_common::backtrace::_print_fmt::h457936fbfaa0070f
[INFO] [stdout]                                at /rustc/84c898d65adf2f39a5a98507f1fe0ce10a2b8dbc/library/std/src/sys_common/backtrace.rs:65:5
[INFO] [stdout]    3:     0x560cba509eba - <std::sys_common::backtrace::_print::DisplayBacktrace as core::fmt::Display>::fmt::h5779d7bf7f70cb0c
[INFO] [stdout]                                at /rustc/84c898d65adf2f39a5a98507f1fe0ce10a2b8dbc/library/std/src/sys_common/backtrace.rs:44:22
[INFO] [stdout]    4:     0x560cba52db2e - core::fmt::write::h5a4baaff1bcd3eb5
[INFO] [stdout]                                at /rustc/84c898d65adf2f39a5a98507f1fe0ce10a2b8dbc/library/core/src/fmt/mod.rs:1232:17
[INFO] [stdout]    5:     0x560cba506e05 - std::io::Write::write_fmt::h478f79c628ef31d1
[INFO] [stdout]                                at /rustc/84c898d65adf2f39a5a98507f1fe0ce10a2b8dbc/library/std/src/io/mod.rs:1684:15
[INFO] [stdout]    6:     0x560cba509c85 - std::sys_common::backtrace::_print::h5fcdc36060f177e8
[INFO] [stdout]                                at /rustc/84c898d65adf2f39a5a98507f1fe0ce10a2b8dbc/library/std/src/sys_common/backtrace.rs:47:5
[INFO] [stdout]    7:     0x560cba509c85 - std::sys_common::backtrace::print::h54ca9458b876c8bf
[INFO] [stdout]                                at /rustc/84c898d65adf2f39a5a98507f1fe0ce10a2b8dbc/library/std/src/sys_common/backtrace.rs:34:9
[INFO] [stdout]    8:     0x560cba50ba4f - std::panicking::default_hook::{{closure}}::hbe471161c7664ed6
[INFO] [stdout]                                at /rustc/84c898d65adf2f39a5a98507f1fe0ce10a2b8dbc/library/std/src/panicking.rs:271:22
[INFO] [stdout]    9:     0x560cba50b70f - std::panicking::default_hook::ha3500da57aa4ac4f
[INFO] [stdout]                                at /rustc/84c898d65adf2f39a5a98507f1fe0ce10a2b8dbc/library/std/src/panicking.rs:287:9
[INFO] [stdout]   10:     0x560cba3376d7 - <alloc::boxed::Box<F,A> as core::ops::function::Fn<Args>>::call::hdf1b89dd137ece34
[INFO] [stdout]                                at /rustc/84c898d65adf2f39a5a98507f1fe0ce10a2b8dbc/library/alloc/src/boxed.rs:2001:9
[INFO] [stdout]   11:     0x560cba3376d7 - test::test_main::{{closure}}::h9081a79f20e75698
[INFO] [stdout]                                at /rustc/84c898d65adf2f39a5a98507f1fe0ce10a2b8dbc/library/test/src/lib.rs:135:21
[INFO] [stdout]   12:     0x560cba50c17d - <alloc::boxed::Box<F,A> as core::ops::function::Fn<Args>>::call::h6507bddc3eebb4a5
[INFO] [stdout]                                at /rustc/84c898d65adf2f39a5a98507f1fe0ce10a2b8dbc/library/alloc/src/boxed.rs:2001:9
[INFO] [stdout]   13:     0x560cba50c17d - std::panicking::rust_panic_with_hook::h50c09d000dc561d2
[INFO] [stdout]                                at /rustc/84c898d65adf2f39a5a98507f1fe0ce10a2b8dbc/library/std/src/panicking.rs:696:13
[INFO] [stdout]   14:     0x560cba50bef9 - std::panicking::begin_panic_handler::{{closure}}::h9e2b2176e00e0d9c
[INFO] [stdout]                                at /rustc/84c898d65adf2f39a5a98507f1fe0ce10a2b8dbc/library/std/src/panicking.rs:583:13
[INFO] [stdout]   15:     0x560cba50a326 - std::sys_common::backtrace::__rust_end_short_backtrace::h5739b8e512c09d02
[INFO] [stdout]                                at /rustc/84c898d65adf2f39a5a98507f1fe0ce10a2b8dbc/library/std/src/sys_common/backtrace.rs:150:18
[INFO] [stdout]   16:     0x560cba50bc02 - rust_begin_unwind
[INFO] [stdout]                                at /rustc/84c898d65adf2f39a5a98507f1fe0ce10a2b8dbc/library/std/src/panicking.rs:579:5
[INFO] [stdout]   17:     0x560cba24ad63 - core::panicking::panic_fmt::hf33a1475b4dc5c3e
[INFO] [stdout]                                at /rustc/84c898d65adf2f39a5a98507f1fe0ce10a2b8dbc/library/core/src/panicking.rs:64:14
[INFO] [stdout]   18:     0x560cba24b09f - core::panicking::assert_failed_inner::haf9816227b20b6f2
[INFO] [stdout]   19:     0x560cba284aca - core::panicking::assert_failed::hc899e5234af1ed4e
[INFO] [stdout]                                at /rustc/84c898d65adf2f39a5a98507f1fe0ce10a2b8dbc/library/core/src/panicking.rs:211:5
[INFO] [stdout]   20:     0x560cba2a29b1 - wam_tutorial_reconstruction::flat::compile::tests::compiles_example_conjunctive_program::h0b97818e103fb4d4
[INFO] [stdout]                                at /opt/rustwide/workdir/src/flat/compile/mod.rs:85:9
[INFO] [stdout]   21:     0x560cba2a1e87 - wam_tutorial_reconstruction::flat::compile::tests::compiles_example_conjunctive_program::{{closure}}::hb22ec5e4f3127b96
[INFO] [stdout]                                at /opt/rustwide/workdir/src/flat/compile/mod.rs:59:47
[INFO] [stdout]   22:     0x560cba292945 - core::ops::function::FnOnce::call_once::hfd289b82a091e80d
[INFO] [stdout]                                at /rustc/84c898d65adf2f39a5a98507f1fe0ce10a2b8dbc/library/core/src/ops/function.rs:250:5
[INFO] [stdout]   23:     0x560cba33cabf - core::ops::function::FnOnce::call_once::h7d969581be7d0075
[INFO] [stdout]                                at /rustc/84c898d65adf2f39a5a98507f1fe0ce10a2b8dbc/library/core/src/ops/function.rs:250:5
[INFO] [stdout]   24:     0x560cba33cabf - test::__rust_begin_short_backtrace::hca25a52684e56655
[INFO] [stdout]                                at /rustc/84c898d65adf2f39a5a98507f1fe0ce10a2b8dbc/library/test/src/lib.rs:656:18
[INFO] [stdout]   25:     0x560cba30e0dc - test::run_test::{{closure}}::ha8ac744c4af1a4bb
[INFO] [stdout]                                at /rustc/84c898d65adf2f39a5a98507f1fe0ce10a2b8dbc/library/test/src/lib.rs:647:30
[INFO] [stdout]   26:     0x560cba30e0dc - core::ops::function::FnOnce::call_once{{vtable.shim}}::h7b411a9ed45bdecf
[INFO] [stdout]                                at /rustc/84c898d65adf2f39a5a98507f1fe0ce10a2b8dbc/library/core/src/ops/function.rs:250:5
[INFO] [stdout]   27:     0x560cba33ba86 - <alloc::boxed::Box<F,A> as core::ops::function::FnOnce<Args>>::call_once::hd05328869a8ed200
[INFO] [stdout]                                at /rustc/84c898d65adf2f39a5a98507f1fe0ce10a2b8dbc/library/alloc/src/boxed.rs:1987:9
[INFO] [stdout]   28:     0x560cba33ba86 - <core::panic::unwind_safe::AssertUnwindSafe<F> as core::ops::function::FnOnce<()>>::call_once::h0c601ce20bd5b2be
[INFO] [stdout]                                at /rustc/84c898d65adf2f39a5a98507f1fe0ce10a2b8dbc/library/core/src/panic/unwind_safe.rs:271:9
[INFO] [stdout]   29:     0x560cba33ba86 - std::panicking::try::do_call::ha4be5c164fe30854
[INFO] [stdout]                                at /rustc/84c898d65adf2f39a5a98507f1fe0ce10a2b8dbc/library/std/src/panicking.rs:487:40
[INFO] [stdout]   30:     0x560cba33ba86 - std::panicking::try::h604546f3609af05f
[INFO] [stdout]                                at /rustc/84c898d65adf2f39a5a98507f1fe0ce10a2b8dbc/library/std/src/panicking.rs:451:19
[INFO] [stdout]   31:     0x560cba33ba86 - std::panic::catch_unwind::h5bfa8afe44c9c2f9
[INFO] [stdout]                                at /rustc/84c898d65adf2f39a5a98507f1fe0ce10a2b8dbc/library/std/src/panic.rs:140:14
[INFO] [stdout]   32:     0x560cba33ba86 - test::run_test_in_process::hd50dee55dd63e6aa
[INFO] [stdout]                                at /rustc/84c898d65adf2f39a5a98507f1fe0ce10a2b8dbc/library/test/src/lib.rs:679:27
[INFO] [stdout]   33:     0x560cba33ba86 - test::run_test::run_test_inner::{{closure}}::h4aa0f433aa85cea8
[INFO] [stdout]                                at /rustc/84c898d65adf2f39a5a98507f1fe0ce10a2b8dbc/library/test/src/lib.rs:573:39
[INFO] [stdout]   34:     0x560cba308751 - test::run_test::run_test_inner::{{closure}}::had56431adf24b4d6
[INFO] [stdout]                                at /rustc/84c898d65adf2f39a5a98507f1fe0ce10a2b8dbc/library/test/src/lib.rs:600:37
[INFO] [stdout]   35:     0x560cba308751 - std::sys_common::backtrace::__rust_begin_short_backtrace::ha8d9890e0c73bf13
[INFO] [stdout]                                at /rustc/84c898d65adf2f39a5a98507f1fe0ce10a2b8dbc/library/std/src/sys_common/backtrace.rs:134:18
[INFO] [stdout]   36:     0x560cba30e16b - std::thread::Builder::spawn_unchecked_::{{closure}}::{{closure}}::h251832bcb4a95327
[INFO] [stdout]                                at /rustc/84c898d65adf2f39a5a98507f1fe0ce10a2b8dbc/library/std/src/thread/mod.rs:560:17
[INFO] [stdout]   37:     0x560cba30e16b - <core::panic::unwind_safe::AssertUnwindSafe<F> as core::ops::function::FnOnce<()>>::call_once::h8fdff598fa414831
[INFO] [stdout]                                at /rustc/84c898d65adf2f39a5a98507f1fe0ce10a2b8dbc/library/core/src/panic/unwind_safe.rs:271:9
[INFO] [stdout]   38:     0x560cba30e16b - std::panicking::try::do_call::h455dd2f7764a950f
[INFO] [stdout]                                at /rustc/84c898d65adf2f39a5a98507f1fe0ce10a2b8dbc/library/std/src/panicking.rs:487:40
[INFO] [stdout]   39:     0x560cba30e16b - std::panicking::try::had6f23b7b73ae72a
[INFO] [stdout]                                at /rustc/84c898d65adf2f39a5a98507f1fe0ce10a2b8dbc/library/std/src/panicking.rs:451:19
[INFO] [stdout]   40:     0x560cba30e16b - std::panic::catch_unwind::ha6a5ca3915b4dad0
[INFO] [stdout]                                at /rustc/84c898d65adf2f39a5a98507f1fe0ce10a2b8dbc/library/std/src/panic.rs:140:14
[INFO] [stdout]   41:     0x560cba30e16b - std::thread::Builder::spawn_unchecked_::{{closure}}::h883b72ef75da6231
[INFO] [stdout]                                at /rustc/84c898d65adf2f39a5a98507f1fe0ce10a2b8dbc/library/std/src/thread/mod.rs:559:30
[INFO] [stdout]   42:     0x560cba30e16b - core::ops::function::FnOnce::call_once{{vtable.shim}}::hb7dff73dc8bd2ccb
[INFO] [stdout]                                at /rustc/84c898d65adf2f39a5a98507f1fe0ce10a2b8dbc/library/core/src/ops/function.rs:250:5
[INFO] [stdout]   43:     0x560cba510523 - <alloc::boxed::Box<F,A> as core::ops::function::FnOnce<Args>>::call_once::h39990b24eedef2ab
[INFO] [stdout]                                at /rustc/84c898d65adf2f39a5a98507f1fe0ce10a2b8dbc/library/alloc/src/boxed.rs:1987:9
[INFO] [stdout]   44:     0x560cba510523 - <alloc::boxed::Box<F,A> as core::ops::function::FnOnce<Args>>::call_once::h01a027258444143b
[INFO] [stdout]                                at /rustc/84c898d65adf2f39a5a98507f1fe0ce10a2b8dbc/library/alloc/src/boxed.rs:1987:9
[INFO] [stdout]   45:     0x560cba510523 - std::sys::unix::thread::Thread::new::thread_start::ha4f1cdd9c25884ba
[INFO] [stdout]                                at /rustc/84c898d65adf2f39a5a98507f1fe0ce10a2b8dbc/library/std/src/sys/unix/thread.rs:108:17
[INFO] [stdout]   46:     0x7f102363fb43 - <unknown>
[INFO] [stdout]   47:     0x7f10236d0bb4 - __clone
[INFO] [stdout]   48:                0x0 - <unknown>
[INFO] [stdout] 
[INFO] [stdout] ---- flat::compile::clause::tests::figure_3_1 stdout ----
[INFO] [stdout] thread 'flat::compile::clause::tests::figure_3_1' panicked at 'assertion failed: `(left == right)`
[INFO] [stdout]   left: `([Allocate(2)], [Variable(Symbol("Y")), Variable(Symbol("Z"))])`,
[INFO] [stdout]  right: `([Allocate(2), GetVariable(Register(2), 0), GetVariable(Local(0), 1), PutValue(Register(2), 0), PutVariable(Local(1), 1), Call(Functor(Atom(Symbol("q")), 2)), PutValue(Local(1), 0), PutValue(Local(0), 1), Call(Functor(Atom(Symbol("r")), 2)), Deallocate], [Variable(Symbol("Y")), Variable(Symbol("Z"))])`', src/flat/compile/clause.rs:196:9
[INFO] [stdout] stack backtrace:
[INFO] [stdout]    0:     0x560cba509eba - std::backtrace_rs::backtrace::libunwind::trace::ha9053a9a07ca49cb
[INFO] [stdout]                                at /rustc/84c898d65adf2f39a5a98507f1fe0ce10a2b8dbc/library/std/src/../../backtrace/src/backtrace/libunwind.rs:93:5
[INFO] [stdout]    1:     0x560cba509eba - std::backtrace_rs::backtrace::trace_unsynchronized::h9c2852a457ad564e
[INFO] [stdout]                                at /rustc/84c898d65adf2f39a5a98507f1fe0ce10a2b8dbc/library/std/src/../../backtrace/src/backtrace/mod.rs:66:5
[INFO] [stdout]    2:     0x560cba509eba - std::sys_common::backtrace::_print_fmt::h457936fbfaa0070f
[INFO] [stdout]                                at /rustc/84c898d65adf2f39a5a98507f1fe0ce10a2b8dbc/library/std/src/sys_common/backtrace.rs:65:5
[INFO] [stdout]    3:     0x560cba509eba - <std::sys_common::backtrace::_print::DisplayBacktrace as core::fmt::Display>::fmt::h5779d7bf7f70cb0c
[INFO] [stdout]                                at /rustc/84c898d65adf2f39a5a98507f1fe0ce10a2b8dbc/library/std/src/sys_common/backtrace.rs:44:22
[INFO] [stdout]    4:     0x560cba52db2e - core::fmt::write::h5a4baaff1bcd3eb5
[INFO] [stdout]                                at /rustc/84c898d65adf2f39a5a98507f1fe0ce10a2b8dbc/library/core/src/fmt/mod.rs:1232:17
[INFO] [stdout]    5:     0x560cba506e05 - std::io::Write::write_fmt::h478f79c628ef31d1
[INFO] [stdout]                                at /rustc/84c898d65adf2f39a5a98507f1fe0ce10a2b8dbc/library/std/src/io/mod.rs:1684:15
[INFO] [stdout]    6:     0x560cba509c85 - std::sys_common::backtrace::_print::h5fcdc36060f177e8
[INFO] [stdout]                                at /rustc/84c898d65adf2f39a5a98507f1fe0ce10a2b8dbc/library/std/src/sys_common/backtrace.rs:47:5
[INFO] [stdout]    7:     0x560cba509c85 - std::sys_common::backtrace::print::h54ca9458b876c8bf
[INFO] [stdout]                                at /rustc/84c898d65adf2f39a5a98507f1fe0ce10a2b8dbc/library/std/src/sys_common/backtrace.rs:34:9
[INFO] [stdout]    8:     0x560cba50ba4f - std::panicking::default_hook::{{closure}}::hbe471161c7664ed6
[INFO] [stdout]                                at /rustc/84c898d65adf2f39a5a98507f1fe0ce10a2b8dbc/library/std/src/panicking.rs:271:22
[INFO] [stdout]    9:     0x560cba50b70f - std::panicking::default_hook::ha3500da57aa4ac4f
[INFO] [stdout]                                at /rustc/84c898d65adf2f39a5a98507f1fe0ce10a2b8dbc/library/std/src/panicking.rs:287:9
[INFO] [stdout]   10:     0x560cba3376d7 - <alloc::boxed::Box<F,A> as core::ops::function::Fn<Args>>::call::hdf1b89dd137ece34
[INFO] [stdout]                                at /rustc/84c898d65adf2f39a5a98507f1fe0ce10a2b8dbc/library/alloc/src/boxed.rs:2001:9
[INFO] [stdout]   11:     0x560cba3376d7 - test::test_main::{{closure}}::h9081a79f20e75698
[INFO] [stdout]                                at /rustc/84c898d65adf2f39a5a98507f1fe0ce10a2b8dbc/library/test/src/lib.rs:135:21
[INFO] [stdout]   12:     0x560cba50c17d - <alloc::boxed::Box<F,A> as core::ops::function::Fn<Args>>::call::h6507bddc3eebb4a5
[INFO] [stdout]                                at /rustc/84c898d65adf2f39a5a98507f1fe0ce10a2b8dbc/library/alloc/src/boxed.rs:2001:9
[INFO] [stdout]   13:     0x560cba50c17d - std::panicking::rust_panic_with_hook::h50c09d000dc561d2
[INFO] [stdout]                                at /rustc/84c898d65adf2f39a5a98507f1fe0ce10a2b8dbc/library/std/src/panicking.rs:696:13
[INFO] [stdout]   14:     0x560cba50bef9 - std::panicking::begin_panic_handler::{{closure}}::h9e2b2176e00e0d9c
[INFO] [stdout]                                at /rustc/84c898d65adf2f39a5a98507f1fe0ce10a2b8dbc/library/std/src/panicking.rs:583:13
[INFO] [stdout]   15:     0x560cba50a326 - std::sys_common::backtrace::__rust_end_short_backtrace::h5739b8e512c09d02
[INFO] [stdout]                                at /rustc/84c898d65adf2f39a5a98507f1fe0ce10a2b8dbc/library/std/src/sys_common/backtrace.rs:150:18
[INFO] [stdout]   16:     0x560cba50bc02 - rust_begin_unwind
[INFO] [stdout]                                at /rustc/84c898d65adf2f39a5a98507f1fe0ce10a2b8dbc/library/std/src/panicking.rs:579:5
[INFO] [stdout]   17:     0x560cba24ad63 - core::panicking::panic_fmt::hf33a1475b4dc5c3e
[INFO] [stdout]                                at /rustc/84c898d65adf2f39a5a98507f1fe0ce10a2b8dbc/library/core/src/panicking.rs:64:14
[INFO] [stdout]   18:     0x560cba24b09f - core::panicking::assert_failed_inner::haf9816227b20b6f2
[INFO] [stdout]   19:     0x560cba28488a - core::panicking::assert_failed::h6ecb46e1e8777f1a
[INFO] [stdout]                                at /rustc/84c898d65adf2f39a5a98507f1fe0ce10a2b8dbc/library/core/src/panicking.rs:211:5
[INFO] [stdout]   20:     0x560cba2898ac - wam_tutorial_reconstruction::flat::compile::clause::tests::figure_3_1::h0f844cb9438d38c0
[INFO] [stdout]                                at /opt/rustwide/workdir/src/flat/compile/clause.rs:196:9
[INFO] [stdout]   21:     0x560cba288917 - wam_tutorial_reconstruction::flat::compile::clause::tests::figure_3_1::{{closure}}::h565d0f8d4becbb81
[INFO] [stdout]                                at /opt/rustwide/workdir/src/flat/compile/clause.rs:170:21
[INFO] [stdout]   22:     0x560cba292835 - core::ops::function::FnOnce::call_once::hdff8ecb1f2109c9f
[INFO] [stdout]                                at /rustc/84c898d65adf2f39a5a98507f1fe0ce10a2b8dbc/library/core/src/ops/function.rs:250:5
[INFO] [stdout]   23:     0x560cba33cabf - core::ops::function::FnOnce::call_once::h7d969581be7d0075
[INFO] [stdout]                                at /rustc/84c898d65adf2f39a5a98507f1fe0ce10a2b8dbc/library/core/src/ops/function.rs:250:5
[INFO] [stdout]   24:     0x560cba33cabf - test::__rust_begin_short_backtrace::hca25a52684e56655
[INFO] [stdout]                                at /rustc/84c898d65adf2f39a5a98507f1fe0ce10a2b8dbc/library/test/src/lib.rs:656:18
[INFO] [stdout]   25:     0x560cba30e0dc - test::run_test::{{closure}}::ha8ac744c4af1a4bb
[INFO] [stdout]                                at /rustc/84c898d65adf2f39a5a98507f1fe0ce10a2b8dbc/library/test/src/lib.rs:647:30
[INFO] [stdout]   26:     0x560cba30e0dc - core::ops::function::FnOnce::call_once{{vtable.shim}}::h7b411a9ed45bdecf
[INFO] [stdout]                                at /rustc/84c898d65adf2f39a5a98507f1fe0ce10a2b8dbc/library/core/src/ops/function.rs:250:5
[INFO] [stdout]   27:     0x560cba33ba86 - <alloc::boxed::Box<F,A> as core::ops::function::FnOnce<Args>>::call_once::hd05328869a8ed200
[INFO] [stdout]                                at /rustc/84c898d65adf2f39a5a98507f1fe0ce10a2b8dbc/library/alloc/src/boxed.rs:1987:9
[INFO] [stdout]   28:     0x560cba33ba86 - <core::panic::unwind_safe::AssertUnwindSafe<F> as core::ops::function::FnOnce<()>>::call_once::h0c601ce20bd5b2be
[INFO] [stdout]                                at /rustc/84c898d65adf2f39a5a98507f1fe0ce10a2b8dbc/library/core/src/panic/unwind_safe.rs:271:9
[INFO] [stdout]   29:     0x560cba33ba86 - std::panicking::try::do_call::ha4be5c164fe30854
[INFO] [stdout]                                at /rustc/84c898d65adf2f39a5a98507f1fe0ce10a2b8dbc/library/std/src/panicking.rs:487:40
[INFO] [stdout]   30:     0x560cba33ba86 - std::panicking::try::h604546f3609af05f
[INFO] [stdout]                                at /rustc/84c898d65adf2f39a5a98507f1fe0ce10a2b8dbc/library/std/src/panicking.rs:451:19
[INFO] [stdout]   31:     0x560cba33ba86 - std::panic::catch_unwind::h5bfa8afe44c9c2f9
[INFO] [stdout]                                at /rustc/84c898d65adf2f39a5a98507f1fe0ce10a2b8dbc/library/std/src/panic.rs:140:14
[INFO] [stdout]   32:     0x560cba33ba86 - test::run_test_in_process::hd50dee55dd63e6aa
[INFO] [stdout]                                at /rustc/84c898d65adf2f39a5a98507f1fe0ce10a2b8dbc/library/test/src/lib.rs:679:27
[INFO] [stdout]   33:     0x560cba33ba86 - test::run_test::run_test_inner::{{closure}}::h4aa0f433aa85cea8
[INFO] [stdout]                                at /rustc/84c898d65adf2f39a5a98507f1fe0ce10a2b8dbc/library/test/src/lib.rs:573:39
[INFO] [stdout]   34:     0x560cba308751 - test::run_test::run_test_inner::{{closure}}::had56431adf24b4d6
[INFO] [stdout]                                at /rustc/84c898d65adf2f39a5a98507f1fe0ce10a2b8dbc/library/test/src/lib.rs:600:37
[INFO] [stdout]   35:     0x560cba308751 - std::sys_common::backtrace::__rust_begin_short_backtrace::ha8d9890e0c73bf13
[INFO] [stdout]                                at /rustc/84c898d65adf2f39a5a98507f1fe0ce10a2b8dbc/library/std/src/sys_common/backtrace.rs:134:18
[INFO] [stdout]   36:     0x560cba30e16b - std::thread::Builder::spawn_unchecked_::{{closure}}::{{closure}}::h251832bcb4a95327
[INFO] [stdout]                                at /rustc/84c898d65adf2f39a5a98507f1fe0ce10a2b8dbc/library/std/src/thread/mod.rs:560:17
[INFO] [stdout]   37:     0x560cba30e16b - <core::panic::unwind_safe::AssertUnwindSafe<F> as core::ops::function::FnOnce<()>>::call_once::h8fdff598fa414831
[INFO] [stdout]                                at /rustc/84c898d65adf2f39a5a98507f1fe0ce10a2b8dbc/library/core/src/panic/unwind_safe.rs:271:9
[INFO] [stdout]   38:     0x560cba30e16b - std::panicking::try::do_call::h455dd2f7764a950f
[INFO] [stdout]                                at /rustc/84c898d65adf2f39a5a98507f1fe0ce10a2b8dbc/library/std/src/panicking.rs:487:40
[INFO] [stdout]   39:     0x560cba30e16b - std::panicking::try::had6f23b7b73ae72a
[INFO] [stdout]                                at /rustc/84c898d65adf2f39a5a98507f1fe0ce10a2b8dbc/library/std/src/panicking.rs:451:19
[INFO] [stdout]   40:     0x560cba30e16b - std::panic::catch_unwind::ha6a5ca3915b4dad0
[INFO] [stdout]                                at /rustc/84c898d65adf2f39a5a98507f1fe0ce10a2b8dbc/library/std/src/panic.rs:140:14
[INFO] [stdout]   41:     0x560cba30e16b - std::thread::Builder::spawn_unchecked_::{{closure}}::h883b72ef75da6231
[INFO] [stdout]                                at /rustc/84c898d65adf2f39a5a98507f1fe0ce10a2b8dbc/library/std/src/thread/mod.rs:559:30
[INFO] [stdout]   42:     0x560cba30e16b - core::ops::function::FnOnce::call_once{{vtable.shim}}::hb7dff73dc8bd2ccb
[INFO] [stdout]                                at /rustc/84c898d65adf2f39a5a98507f1fe0ce10a2b8dbc/library/core/src/ops/function.rs:250:5
[INFO] [stdout]   43:     0x560cba510523 - <alloc::boxed::Box<F,A> as core::ops::function::FnOnce<Args>>::call_once::h39990b24eedef2ab
[INFO] [stdout]                                at /rustc/84c898d65adf2f39a5a98507f1fe0ce10a2b8dbc/library/alloc/src/boxed.rs:1987:9
[INFO] [stdout]   44:     0x560cba510523 - <alloc::boxed::Box<F,A> as core::ops::function::FnOnce<Args>>::call_once::h01a027258444143b
[INFO] [stdout]                                at /rustc/84c898d65adf2f39a5a98507f1fe0ce10a2b8dbc/library/alloc/src/boxed.rs:1987:9
[INFO] [stdout]   45:     0x560cba510523 - std::sys::unix::thread::Thread::new::thread_start::ha4f1cdd9c25884ba
[INFO] [stdout]                                at /rustc/84c898d65adf2f39a5a98507f1fe0ce10a2b8dbc/library/std/src/sys/unix/thread.rs:108:17
[INFO] [stdout]   46:     0x7f102363fb43 - <unknown>
[INFO] [stdout]   47:     0x7f10236d0bb4 - __clone
[INFO] [stdout]   48:                0x0 - <unknown>
[INFO] [stdout] 
[INFO] [stdout] ---- flat::tests::works_for_example_program stdout ----
[INFO] [stdout] thread 'flat::tests::works_for_example_program' panicked at 'not implemented: instruction not implemented: allocate 2', src/flat/mod.rs:156:18
[INFO] [stdout] stack backtrace:
[INFO] [stdout]    0:     0x560cba509eba - std::backtrace_rs::backtrace::libunwind::trace::ha9053a9a07ca49cb
[INFO] [stdout]                                at /rustc/84c898d65adf2f39a5a98507f1fe0ce10a2b8dbc/library/std/src/../../backtrace/src/backtrace/libunwind.rs:93:5
[INFO] [stdout]    1:     0x560cba509eba - std::backtrace_rs::backtrace::trace_unsynchronized::h9c2852a457ad564e
[INFO] [stdout]                                at /rustc/84c898d65adf2f39a5a98507f1fe0ce10a2b8dbc/library/std/src/../../backtrace/src/backtrace/mod.rs:66:5
[INFO] [stdout]    2:     0x560cba509eba - std::sys_common::backtrace::_print_fmt::h457936fbfaa0070f
[INFO] [stdout]                                at /rustc/84c898d65adf2f39a5a98507f1fe0ce10a2b8dbc/library/std/src/sys_common/backtrace.rs:65:5
[INFO] [stdout]    3:     0x560cba509eba - <std::sys_common::backtrace::_print::DisplayBacktrace as core::fmt::Display>::fmt::h5779d7bf7f70cb0c
[INFO] [stdout]                                at /rustc/84c898d65adf2f39a5a98507f1fe0ce10a2b8dbc/library/std/src/sys_common/backtrace.rs:44:22
[INFO] [stdout]    4:     0x560cba52db2e - core::fmt::write::h5a4baaff1bcd3eb5
[INFO] [stdout]                                at /rustc/84c898d65adf2f39a5a98507f1fe0ce10a2b8dbc/library/core/src/fmt/mod.rs:1232:17
[INFO] [stdout]    5:     0x560cba506e05 - std::io::Write::write_fmt::h478f79c628ef31d1
[INFO] [stdout]                                at /rustc/84c898d65adf2f39a5a98507f1fe0ce10a2b8dbc/library/std/src/io/mod.rs:1684:15
[INFO] [stdout]    6:     0x560cba509c85 - std::sys_common::backtrace::_print::h5fcdc36060f177e8
[INFO] [stdout]                                at /rustc/84c898d65adf2f39a5a98507f1fe0ce10a2b8dbc/library/std/src/sys_common/backtrace.rs:47:5
[INFO] [stdout]    7:     0x560cba509c85 - std::sys_common::backtrace::print::h54ca9458b876c8bf
[INFO] [stdout]                                at /rustc/84c898d65adf2f39a5a98507f1fe0ce10a2b8dbc/library/std/src/sys_common/backtrace.rs:34:9
[INFO] [stdout]    8:     0x560cba50ba4f - std::panicking::default_hook::{{closure}}::hbe471161c7664ed6
[INFO] [stdout]                                at /rustc/84c898d65adf2f39a5a98507f1fe0ce10a2b8dbc/library/std/src/panicking.rs:271:22
[INFO] [stdout]    9:     0x560cba50b70f - std::panicking::default_hook::ha3500da57aa4ac4f
[INFO] [stdout]                                at /rustc/84c898d65adf2f39a5a98507f1fe0ce10a2b8dbc/library/std/src/panicking.rs:287:9
[INFO] [stdout]   10:     0x560cba3376d7 - <alloc::boxed::Box<F,A> as core::ops::function::Fn<Args>>::call::hdf1b89dd137ece34
[INFO] [stdout]                                at /rustc/84c898d65adf2f39a5a98507f1fe0ce10a2b8dbc/library/alloc/src/boxed.rs:2001:9
[INFO] [stdout]   11:     0x560cba3376d7 - test::test_main::{{closure}}::h9081a79f20e75698
[INFO] [stdout]                                at /rustc/84c898d65adf2f39a5a98507f1fe0ce10a2b8dbc/library/test/src/lib.rs:135:21
[INFO] [stdout]   12:     0x560cba50c17d - <alloc::boxed::Box<F,A> as core::ops::function::Fn<Args>>::call::h6507bddc3eebb4a5
[INFO] [stdout]                                at /rustc/84c898d65adf2f39a5a98507f1fe0ce10a2b8dbc/library/alloc/src/boxed.rs:2001:9
[INFO] [stdout]   13:     0x560cba50c17d - std::panicking::rust_panic_with_hook::h50c09d000dc561d2
[INFO] [stdout]                                at /rustc/84c898d65adf2f39a5a98507f1fe0ce10a2b8dbc/library/std/src/panicking.rs:696:13
[INFO] [stdout]   14:     0x560cba50bef9 - std::panicking::begin_panic_handler::{{closure}}::h9e2b2176e00e0d9c
[INFO] [stdout]                                at /rustc/84c898d65adf2f39a5a98507f1fe0ce10a2b8dbc/library/std/src/panicking.rs:583:13
[INFO] [stdout]   15:     0x560cba50a326 - std::sys_common::backtrace::__rust_end_short_backtrace::h5739b8e512c09d02
[INFO] [stdout]                                at /rustc/84c898d65adf2f39a5a98507f1fe0ce10a2b8dbc/library/std/src/sys_common/backtrace.rs:150:18
[INFO] [stdout]   16:     0x560cba50bc02 - rust_begin_unwind
[INFO] [stdout]                                at /rustc/84c898d65adf2f39a5a98507f1fe0ce10a2b8dbc/library/std/src/panicking.rs:579:5
[INFO] [stdout]   17:     0x560cba24ad63 - core::panicking::panic_fmt::hf33a1475b4dc5c3e
[INFO] [stdout]                                at /rustc/84c898d65adf2f39a5a98507f1fe0ce10a2b8dbc/library/core/src/panicking.rs:64:14
[INFO] [stdout]   18:     0x560cba274475 - wam_tutorial_reconstruction::flat::Machine::run_instruction::h07a8f7260bbd2328
[INFO] [stdout]                                at /opt/rustwide/workdir/src/flat/mod.rs:156:18
[INFO] [stdout]   19:     0x560cba27575b - <wam_tutorial_reconstruction::flat::Machine as wam_tutorial_reconstruction::Machine>::run_query::hfee2155baff0f4a6
[INFO] [stdout]                                at /opt/rustwide/workdir/src/flat/mod.rs:225:22
[INFO] [stdout]   20:     0x560cba28a6ba - wam_tutorial_reconstruction::flat::tests::works_for_example_program::h47c51f31612b3694
[INFO] [stdout]                                at /opt/rustwide/workdir/src/flat/mod.rs:266:23
[INFO] [stdout]   21:     0x560cba28a407 - wam_tutorial_reconstruction::flat::tests::works_for_example_program::{{closure}}::h9377ea5c2ea749ec
[INFO] [stdout]                                at /opt/rustwide/workdir/src/flat/mod.rs:262:36
[INFO] [stdout]   22:     0x560cba292025 - core::ops::function::FnOnce::call_once::h560c82b296a20e19
[INFO] [stdout]                                at /rustc/84c898d65adf2f39a5a98507f1fe0ce10a2b8dbc/library/core/src/ops/function.rs:250:5
[INFO] [stdout]   23:     0x560cba33cabf - core::ops::function::FnOnce::call_once::h7d969581be7d0075
[INFO] [stdout]                                at /rustc/84c898d65adf2f39a5a98507f1fe0ce10a2b8dbc/library/core/src/ops/function.rs:250:5
[INFO] [stdout]   24:     0x560cba33cabf - test::__rust_begin_short_backtrace::hca25a52684e56655
[INFO] [stdout]                                at /rustc/84c898d65adf2f39a5a98507f1fe0ce10a2b8dbc/library/test/src/lib.rs:656:18
[INFO] [stdout]   25:     0x560cba30e0dc - test::run_test::{{closure}}::ha8ac744c4af1a4bb
[INFO] [stdout]                                at /rustc/84c898d65adf2f39a5a98507f1fe0ce10a2b8dbc/library/test/src/lib.rs:647:30
[INFO] [stdout]   26:     0x560cba30e0dc - core::ops::function::FnOnce::call_once{{vtable.shim}}::h7b411a9ed45bdecf
[INFO] [stdout]                                at /rustc/84c898d65adf2f39a5a98507f1fe0ce10a2b8dbc/library/core/src/ops/function.rs:250:5
[INFO] [stdout]   27:     0x560cba33ba86 - <alloc::boxed::Box<F,A> as core::ops::function::FnOnce<Args>>::call_once::hd05328869a8ed200
[INFO] [stdout]                                at /rustc/84c898d65adf2f39a5a98507f1fe0ce10a2b8dbc/library/alloc/src/boxed.rs:1987:9
[INFO] [stdout]   28:     0x560cba33ba86 - <core::panic::unwind_safe::AssertUnwindSafe<F> as core::ops::function::FnOnce<()>>::call_once::h0c601ce20bd5b2be
[INFO] [stdout]                                at /rustc/84c898d65adf2f39a5a98507f1fe0ce10a2b8dbc/library/core/src/panic/unwind_safe.rs:271:9
[INFO] [stdout]   29:     0x560cba33ba86 - std::panicking::try::do_call::ha4be5c164fe30854
[INFO] [stdout]                                at /rustc/84c898d65adf2f39a5a98507f1fe0ce10a2b8dbc/library/std/src/panicking.rs:487:40
[INFO] [stdout]   30:     0x560cba33ba86 - std::panicking::try::h604546f3609af05f
[INFO] [stdout]                                at /rustc/84c898d65adf2f39a5a98507f1fe0ce10a2b8dbc/library/std/src/panicking.rs:451:19
[INFO] [stdout]   31:     0x560cba33ba86 - std::panic::catch_unwind::h5bfa8afe44c9c2f9
[INFO] [stdout]                                at /rustc/84c898d65adf2f39a5a98507f1fe0ce10a2b8dbc/library/std/src/panic.rs:140:14
[INFO] [stdout]   32:     0x560cba33ba86 - test::run_test_in_process::hd50dee55dd63e6aa
[INFO] [stdout]                                at /rustc/84c898d65adf2f39a5a98507f1fe0ce10a2b8dbc/library/test/src/lib.rs:679:27
[INFO] [stdout]   33:     0x560cba33ba86 - test::run_test::run_test_inner::{{closure}}::h4aa0f433aa85cea8
[INFO] [stdout]                                at /rustc/84c898d65adf2f39a5a98507f1fe0ce10a2b8dbc/library/test/src/lib.rs:573:39
[INFO] [stdout]   34:     0x560cba308751 - test::run_test::run_test_inner::{{closure}}::had56431adf24b4d6
[INFO] [stdout]                                at /rustc/84c898d65adf2f39a5a98507f1fe0ce10a2b8dbc/library/test/src/lib.rs:600:37
[INFO] [stdout]   35:     0x560cba308751 - std::sys_common::backtrace::__rust_begin_short_backtrace::ha8d9890e0c73bf13
[INFO] [stdout]                                at /rustc/84c898d65adf2f39a5a98507f1fe0ce10a2b8dbc/library/std/src/sys_common/backtrace.rs:134:18
[INFO] [stdout]   36:     0x560cba30e16b - std::thread::Builder::spawn_unchecked_::{{closure}}::{{closure}}::h251832bcb4a95327
[INFO] [stdout]                                at /rustc/84c898d65adf2f39a5a98507f1fe0ce10a2b8dbc/library/std/src/thread/mod.rs:560:17
[INFO] [stdout]   37:     0x560cba30e16b - <core::panic::unwind_safe::AssertUnwindSafe<F> as core::ops::function::FnOnce<()>>::call_once::h8fdff598fa414831
[INFO] [stdout]                                at /rustc/84c898d65adf2f39a5a98507f1fe0ce10a2b8dbc/library/core/src/panic/unwind_safe.rs:271:9
[INFO] [stdout]   38:     0x560cba30e16b - std::panicking::try::do_call::h455dd2f7764a950f
[INFO] [stdout]                                at /rustc/84c898d65adf2f39a5a98507f1fe0ce10a2b8dbc/library/std/src/panicking.rs:487:40
[INFO] [stdout]   39:     0x560cba30e16b - std::panicking::try::had6f23b7b73ae72a
[INFO] [stdout]                                at /rustc/84c898d65adf2f39a5a98507f1fe0ce10a2b8dbc/library/std/src/panicking.rs:451:19
[INFO] [stdout]   40:     0x560cba30e16b - std::panic::catch_unwind::ha6a5ca3915b4dad0
[INFO] [stdout]                                at /rustc/84c898d65adf2f39a5a98507f1fe0ce10a2b8dbc/library/std/src/panic.rs:140:14
[INFO] [stdout]   41:     0x560cba30e16b - std::thread::Builder::spawn_unchecked_::{{closure}}::h883b72ef75da6231
[INFO] [stdout]                                at /rustc/84c898d65adf2f39a5a98507f1fe0ce10a2b8dbc/library/std/src/thread/mod.rs:559:30
[INFO] [stdout]   42:     0x560cba30e16b - core::ops::function::FnOnce::call_once{{vtable.shim}}::hb7dff73dc8bd2ccb
[INFO] [stdout]                                at /rustc/84c898d65adf2f39a5a98507f1fe0ce10a2b8dbc/library/core/src/ops/function.rs:250:5
[INFO] [stdout]   43:     0x560cba510523 - <alloc::boxed::Box<F,A> as core::ops::function::FnOnce<Args>>::call_once::h39990b24eedef2ab
[INFO] [stdout]                                at /rustc/84c898d65adf2f39a5a98507f1fe0ce10a2b8dbc/library/alloc/src/boxed.rs:1987:9
[INFO] [stdout]   44:     0x560cba510523 - <alloc::boxed::Box<F,A> as core::ops::function::FnOnce<Args>>::call_once::h01a027258444143b
[INFO] [stdout]                                at /rustc/84c898d65adf2f39a5a98507f1fe0ce10a2b8dbc/library/alloc/src/boxed.rs:1987:9
[INFO] [stdout]   45:     0x560cba510523 - std::sys::unix::thread::Thread::new::thread_start::ha4f1cdd9c25884ba
[INFO] [stdout]                                at /rustc/84c898d65adf2f39a5a98507f1fe0ce10a2b8dbc/library/std/src/sys/unix/thread.rs:108:17
[INFO] [stdout]   46:     0x7f102363fb43 - <unknown>
[INFO] [stdout]   47:     0x7f10236d0bb4 - __clone
[INFO] [stdout]   48:                0x0 - <unknown>
[INFO] [stdout] 
[INFO] [stdout] 
[INFO] [stdout] failures:
[INFO] [stdout]     flat::compile::clause::tests::figure_3_1
[INFO] [stdout]     flat::compile::tests::compiles_example_conjunctive_program
[INFO] [stdout]     flat::tests::works_for_example_program
[INFO] [stdout] 
[INFO] [stdout] test result: FAILED. 16 passed; 3 failed; 0 ignored; 0 measured; 0 filtered out; finished in 0.84s
[INFO] [stdout] 
[INFO] [stderr] error: test failed, to rerun pass `--lib`
[INFO] running `Command { std: "docker" "inspect" "65294645a7769d59760e2bf8b8e3784d0f13147c3930a0d43c2bbd024d18c0a8", kill_on_drop: false }`
[INFO] running `Command { std: "docker" "rm" "-f" "65294645a7769d59760e2bf8b8e3784d0f13147c3930a0d43c2bbd024d18c0a8", kill_on_drop: false }`
[INFO] [stdout] 65294645a7769d59760e2bf8b8e3784d0f13147c3930a0d43c2bbd024d18c0a8
