[INFO] cloning repository https://github.com/rahul-thakoor/embedded-graphics-web-simulator
[INFO] running `Command { std: "git" "-c" "credential.helper=" "-c" "credential.helper=/workspace/cargo-home/bin/git-credential-null" "clone" "--bare" "https://github.com/rahul-thakoor/embedded-graphics-web-simulator" "/workspace/cache/git-repos/https%3A%2F%2Fgithub.com%2Frahul-thakoor%2Fembedded-graphics-web-simulator", kill_on_drop: false }`
[INFO] [stderr] Cloning into bare repository '/workspace/cache/git-repos/https%3A%2F%2Fgithub.com%2Frahul-thakoor%2Fembedded-graphics-web-simulator'...
[INFO] running `Command { std: "git" "rev-parse" "HEAD", kill_on_drop: false }`
[INFO] [stdout] b52274cdf2656a7ab84c3524e959b086c15b3dbe
[INFO] testing rahul-thakoor/embedded-graphics-web-simulator against beta-2023-04-20 for beta-1.70-1
[INFO] running `Command { std: "git" "clone" "/workspace/cache/git-repos/https%3A%2F%2Fgithub.com%2Frahul-thakoor%2Fembedded-graphics-web-simulator" "/workspace/builds/worker-1-tc2/source", kill_on_drop: false }`
[INFO] [stderr] Cloning into '/workspace/builds/worker-1-tc2/source'...
[INFO] [stderr] done.
[INFO] validating manifest of git repo https://github.com/rahul-thakoor/embedded-graphics-web-simulator on toolchain beta-2023-04-20
[INFO] running `Command { std: CARGO_HOME="/workspace/cargo-home" RUSTUP_HOME="/workspace/rustup-home" "/workspace/cargo-home/bin/cargo" "+beta-2023-04-20" "metadata" "--manifest-path" "Cargo.toml" "--no-deps", kill_on_drop: false }`
[INFO] started tweaking git repo https://github.com/rahul-thakoor/embedded-graphics-web-simulator
[INFO] finished tweaking git repo https://github.com/rahul-thakoor/embedded-graphics-web-simulator
[INFO] tweaked toml for git repo https://github.com/rahul-thakoor/embedded-graphics-web-simulator written to /workspace/builds/worker-1-tc2/source/Cargo.toml
[INFO] running `Command { std: CARGO_HOME="/workspace/cargo-home" RUSTUP_HOME="/workspace/rustup-home" __CARGO_TEST_CHANNEL_OVERRIDE_DO_NOT_USE_THIS="nightly" "/workspace/cargo-home/bin/cargo" "+beta-2023-04-20" "generate-lockfile" "--manifest-path" "Cargo.toml" "-Zno-index-update", kill_on_drop: false }`
[INFO] running `Command { std: CARGO_HOME="/workspace/cargo-home" RUSTUP_HOME="/workspace/rustup-home" "/workspace/cargo-home/bin/cargo" "+beta-2023-04-20" "fetch" "--manifest-path" "Cargo.toml", kill_on_drop: false }`
[INFO] running `Command { std: "docker" "create" "-v" "/var/lib/crater-agent-workspace/builds/worker-1-tc2/target:/opt/rustwide/target:rw,Z" "-v" "/var/lib/crater-agent-workspace/builds/worker-1-tc2/source:/opt/rustwide/workdir:ro,Z" "-v" "/var/lib/crater-agent-workspace/cargo-home:/opt/rustwide/cargo-home:ro,Z" "-v" "/var/lib/crater-agent-workspace/rustup-home:/opt/rustwide/rustup-home:ro,Z" "-e" "SOURCE_DIR=/opt/rustwide/workdir" "-e" "CARGO_TARGET_DIR=/opt/rustwide/target" "-e" "CARGO_HOME=/opt/rustwide/cargo-home" "-e" "RUSTUP_HOME=/opt/rustwide/rustup-home" "-w" "/opt/rustwide/workdir" "-m" "1610612736" "--user" "0:0" "--network" "none" "ghcr.io/rust-lang/crates-build-env/linux@sha256:5ff2268d62e97bff2cde7d5815dd6ed5b47097566f13b8d0ca110b04b60e07ed" "/opt/rustwide/cargo-home/bin/cargo" "+beta-2023-04-20" "metadata" "--no-deps" "--format-version=1", kill_on_drop: false }`
[INFO] [stdout] c65b4903ae74ebbc689101e00bc487ddbd6c0b42045fea88abe47460727ad048
[INFO] running `Command { std: "docker" "start" "-a" "c65b4903ae74ebbc689101e00bc487ddbd6c0b42045fea88abe47460727ad048", kill_on_drop: false }`
[INFO] running `Command { std: "docker" "inspect" "c65b4903ae74ebbc689101e00bc487ddbd6c0b42045fea88abe47460727ad048", kill_on_drop: false }`
[INFO] running `Command { std: "docker" "rm" "-f" "c65b4903ae74ebbc689101e00bc487ddbd6c0b42045fea88abe47460727ad048", kill_on_drop: false }`
[INFO] [stdout] c65b4903ae74ebbc689101e00bc487ddbd6c0b42045fea88abe47460727ad048
[INFO] running `Command { std: "docker" "create" "-v" "/var/lib/crater-agent-workspace/builds/worker-1-tc2/target:/opt/rustwide/target:rw,Z" "-v" "/var/lib/crater-agent-workspace/builds/worker-1-tc2/source:/opt/rustwide/workdir:ro,Z" "-v" "/var/lib/crater-agent-workspace/cargo-home:/opt/rustwide/cargo-home:ro,Z" "-v" "/var/lib/crater-agent-workspace/rustup-home:/opt/rustwide/rustup-home:ro,Z" "-e" "SOURCE_DIR=/opt/rustwide/workdir" "-e" "CARGO_TARGET_DIR=/opt/rustwide/target" "-e" "CARGO_INCREMENTAL=0" "-e" "RUST_BACKTRACE=full" "-e" "RUSTFLAGS=--cap-lints=warn" "-e" "RUSTDOCFLAGS=--cap-lints=warn" "-e" "CARGO_HOME=/opt/rustwide/cargo-home" "-e" "RUSTUP_HOME=/opt/rustwide/rustup-home" "-w" "/opt/rustwide/workdir" "-m" "1610612736" "--user" "0:0" "--network" "none" "ghcr.io/rust-lang/crates-build-env/linux@sha256:5ff2268d62e97bff2cde7d5815dd6ed5b47097566f13b8d0ca110b04b60e07ed" "/opt/rustwide/cargo-home/bin/cargo" "+beta-2023-04-20" "build" "--frozen" "--message-format=json", kill_on_drop: false }`
[INFO] [stdout] 1fa3b03a6074bf6d229901b0f10f0423175fb7212660104ba3dc851b08ffbc18
[INFO] running `Command { std: "docker" "start" "-a" "1fa3b03a6074bf6d229901b0f10f0423175fb7212660104ba3dc851b08ffbc18", kill_on_drop: false }`
[INFO] [stderr]    Compiling proc-macro2 v1.0.56
[INFO] [stderr]    Compiling unicode-ident v1.0.8
[INFO] [stderr]    Compiling quote v1.0.26
[INFO] [stderr]    Compiling syn v1.0.109
[INFO] [stderr]    Compiling wasm-bindgen-shared v0.2.84
[INFO] [stderr]    Compiling log v0.4.17
[INFO] [stderr]    Compiling cfg-if v1.0.0
[INFO] [stderr]    Compiling once_cell v1.17.1
[INFO] [stderr]    Compiling bumpalo v3.12.1
[INFO] [stderr]    Compiling autocfg v1.1.0
[INFO] [stderr]    Compiling wasm-bindgen v0.2.84
[INFO] [stderr]    Compiling az v1.2.1
[INFO] [stderr]    Compiling byteorder v1.4.3
[INFO] [stderr]    Compiling micromath v1.1.1
[INFO] [stderr]    Compiling num-traits v0.2.15
[INFO] [stderr]    Compiling embedded-graphics-core v0.3.3
[INFO] [stderr]    Compiling float-cmp v0.8.0
[INFO] [stderr]    Compiling embedded-graphics v0.7.1
[INFO] [stderr]    Compiling wasm-bindgen-backend v0.2.84
[INFO] [stderr]    Compiling wasm-bindgen-macro-support v0.2.84
[INFO] [stderr]    Compiling wasm-bindgen-macro v0.2.84
[INFO] [stderr]    Compiling js-sys v0.3.61
[INFO] [stderr]    Compiling web-sys v0.3.61
[INFO] [stderr]    Compiling embedded-graphics-web-simulator v0.3.0 (/opt/rustwide/workdir)
[INFO] [stdout] warning: field `canvas` is never read
[INFO] [stdout]   --> src/display.rs:17:5
[INFO] [stdout]    |
[INFO] [stdout] 14 | pub struct WebSimulatorDisplay<C> {
[INFO] [stdout]    |            ------------------- field in this struct
[INFO] [stdout] ...
[INFO] [stdout] 17 |     canvas: HtmlCanvasElement,
[INFO] [stdout]    |     ^^^^^^
[INFO] [stdout]    |
[INFO] [stdout]    = note: `#[warn(dead_code)]` on by default
[INFO] [stdout] 
[INFO] [stdout] 
[INFO] [stdout] warning: 1 warning emitted
[INFO] [stdout] 
[INFO] [stdout] 
[INFO] [stderr]     Finished dev [unoptimized + debuginfo] target(s) in 11.57s
[INFO] running `Command { std: "docker" "inspect" "1fa3b03a6074bf6d229901b0f10f0423175fb7212660104ba3dc851b08ffbc18", kill_on_drop: false }`
[INFO] running `Command { std: "docker" "rm" "-f" "1fa3b03a6074bf6d229901b0f10f0423175fb7212660104ba3dc851b08ffbc18", kill_on_drop: false }`
[INFO] [stdout] 1fa3b03a6074bf6d229901b0f10f0423175fb7212660104ba3dc851b08ffbc18
[INFO] running `Command { std: "docker" "create" "-v" "/var/lib/crater-agent-workspace/builds/worker-1-tc2/target:/opt/rustwide/target:rw,Z" "-v" "/var/lib/crater-agent-workspace/builds/worker-1-tc2/source:/opt/rustwide/workdir:ro,Z" "-v" "/var/lib/crater-agent-workspace/cargo-home:/opt/rustwide/cargo-home:ro,Z" "-v" "/var/lib/crater-agent-workspace/rustup-home:/opt/rustwide/rustup-home:ro,Z" "-e" "SOURCE_DIR=/opt/rustwide/workdir" "-e" "CARGO_TARGET_DIR=/opt/rustwide/target" "-e" "CARGO_INCREMENTAL=0" "-e" "RUST_BACKTRACE=full" "-e" "RUSTFLAGS=--cap-lints=warn" "-e" "RUSTDOCFLAGS=--cap-lints=warn" "-e" "CARGO_HOME=/opt/rustwide/cargo-home" "-e" "RUSTUP_HOME=/opt/rustwide/rustup-home" "-w" "/opt/rustwide/workdir" "-m" "1610612736" "--user" "0:0" "--network" "none" "ghcr.io/rust-lang/crates-build-env/linux@sha256:5ff2268d62e97bff2cde7d5815dd6ed5b47097566f13b8d0ca110b04b60e07ed" "/opt/rustwide/cargo-home/bin/cargo" "+beta-2023-04-20" "test" "--frozen" "--no-run" "--message-format=json", kill_on_drop: false }`
[INFO] [stdout] 69c34662ae92c3c7968f5bc91a77bd131ada09a4d6bf78d20358af83002964a8
[INFO] running `Command { std: "docker" "start" "-a" "69c34662ae92c3c7968f5bc91a77bd131ada09a4d6bf78d20358af83002964a8", kill_on_drop: false }`
[INFO] [stdout] warning: field `canvas` is never read
[INFO] [stdout]   --> src/display.rs:17:5
[INFO] [stdout]    |
[INFO] [stdout] 14 | pub struct WebSimulatorDisplay<C> {
[INFO] [stdout]    |            ------------------- field in this struct
[INFO] [stdout] ...
[INFO] [stdout] 17 |     canvas: HtmlCanvasElement,
[INFO] [stdout]    |     ^^^^^^
[INFO] [stdout]    |
[INFO] [stdout]    = note: `#[warn(dead_code)]` on by default
[INFO] [stdout] 
[INFO] [stdout] 
[INFO] [stderr]    Compiling embedded-graphics-web-simulator v0.3.0 (/opt/rustwide/workdir)
[INFO] [stdout] warning: 1 warning emitted
[INFO] [stdout] 
[INFO] [stdout] 
[INFO] [stdout] warning: field `canvas` is never read
[INFO] [stdout]   --> src/display.rs:17:5
[INFO] [stdout]    |
[INFO] [stdout] 14 | pub struct WebSimulatorDisplay<C> {
[INFO] [stdout]    |            ------------------- field in this struct
[INFO] [stdout] ...
[INFO] [stdout] 17 |     canvas: HtmlCanvasElement,
[INFO] [stdout]    |     ^^^^^^
[INFO] [stdout]    |
[INFO] [stdout]    = note: `#[warn(dead_code)]` on by default
[INFO] [stdout] 
[INFO] [stdout] 
[INFO] [stdout] warning: 1 warning emitted
[INFO] [stdout] 
[INFO] [stdout] 
[INFO] [stderr]     Finished test [unoptimized + debuginfo] target(s) in 0.27s
[INFO] running `Command { std: "docker" "inspect" "69c34662ae92c3c7968f5bc91a77bd131ada09a4d6bf78d20358af83002964a8", kill_on_drop: false }`
[INFO] running `Command { std: "docker" "rm" "-f" "69c34662ae92c3c7968f5bc91a77bd131ada09a4d6bf78d20358af83002964a8", kill_on_drop: false }`
[INFO] [stdout] 69c34662ae92c3c7968f5bc91a77bd131ada09a4d6bf78d20358af83002964a8
[INFO] running `Command { std: "docker" "create" "-v" "/var/lib/crater-agent-workspace/builds/worker-1-tc2/target:/opt/rustwide/target:rw,Z" "-v" "/var/lib/crater-agent-workspace/builds/worker-1-tc2/source:/opt/rustwide/workdir:ro,Z" "-v" "/var/lib/crater-agent-workspace/cargo-home:/opt/rustwide/cargo-home:ro,Z" "-v" "/var/lib/crater-agent-workspace/rustup-home:/opt/rustwide/rustup-home:ro,Z" "-e" "SOURCE_DIR=/opt/rustwide/workdir" "-e" "CARGO_TARGET_DIR=/opt/rustwide/target" "-e" "CARGO_INCREMENTAL=0" "-e" "RUST_BACKTRACE=full" "-e" "RUSTFLAGS=--cap-lints=warn" "-e" "RUSTDOCFLAGS=--cap-lints=warn" "-e" "CARGO_HOME=/opt/rustwide/cargo-home" "-e" "RUSTUP_HOME=/opt/rustwide/rustup-home" "-w" "/opt/rustwide/workdir" "-m" "1610612736" "--user" "0:0" "--network" "none" "ghcr.io/rust-lang/crates-build-env/linux@sha256:5ff2268d62e97bff2cde7d5815dd6ed5b47097566f13b8d0ca110b04b60e07ed" "/opt/rustwide/cargo-home/bin/cargo" "+beta-2023-04-20" "test" "--frozen", kill_on_drop: false }`
[INFO] [stdout] a7c54b28c7a3ca2f271648b1057612c26fc6f8f2df4a05799e165b23da4adcad
[INFO] running `Command { std: "docker" "start" "-a" "a7c54b28c7a3ca2f271648b1057612c26fc6f8f2df4a05799e165b23da4adcad", kill_on_drop: false }`
[INFO] [stdout] 
[INFO] [stdout] running 0 tests
[INFO] [stderr] warning: field `canvas` is never read
[INFO] [stdout] 
[INFO] [stderr]   --> src/display.rs:17:5
[INFO] [stdout] test result: ok. 0 passed; 0 failed; 0 ignored; 0 measured; 0 filtered out; finished in 0.00s
[INFO] [stderr]    |
[INFO] [stdout] 
[INFO] [stderr] 14 | pub struct WebSimulatorDisplay<C> {
[INFO] [stderr]    |            ------------------- field in this struct
[INFO] [stderr] ...
[INFO] [stderr] 17 |     canvas: HtmlCanvasElement,
[INFO] [stderr]    |     ^^^^^^
[INFO] [stderr]    |
[INFO] [stderr]    = note: `#[warn(dead_code)]` on by default
[INFO] [stderr] 
[INFO] [stderr] warning: `embedded-graphics-web-simulator` (lib) generated 1 warning
[INFO] [stderr] warning: `embedded-graphics-web-simulator` (lib test) generated 1 warning (1 duplicate)
[INFO] [stderr]     Finished test [unoptimized + debuginfo] target(s) in 0.03s
[INFO] [stderr]      Running unittests src/lib.rs (/opt/rustwide/target/debug/deps/embedded_graphics_web_simulator-ca3736e8418973bd)
[INFO] [stderr]    Doc-tests embedded-graphics-web-simulator
[INFO] [stdout] 
[INFO] [stdout] running 1 test
[INFO] [stdout] test src/lib.rs - (line 14) - compile ... FAILED
[INFO] [stdout] 
[INFO] [stdout] failures:
[INFO] [stdout] 
[INFO] [stdout] ---- src/lib.rs - (line 14) stdout ----
[INFO] [stdout] error: couldn't read src/./assets/rust-pride.bmp: No such file or directory (os error 2)
[INFO] [stdout]   --> src/lib.rs:42:30
[INFO] [stdout]    |
[INFO] [stdout] 31 |    let bmp = Bmp::from_slice(include_bytes!("./assets/rust-pride.bmp")).unwrap();
[INFO] [stdout]    |                              ^^^^^^^^^^^^^^^^^^^^^^^^^^^^^^^^^^^^^^^^^
[INFO] [stdout]    |
[INFO] [stdout]    = note: this error originates in the macro `include_bytes` (in Nightly builds, run with -Z macro-backtrace for more info)
[INFO] [stdout] 
[INFO] [stdout] error[E0432]: unresolved import `embedded_graphics::primitive_style`
[INFO] [stdout]   --> src/lib.rs:25:4
[INFO] [stdout]    |
[INFO] [stdout] 14 |    primitive_style,
[INFO] [stdout]    |    ^^^^^^^^^^^^^^^
[INFO] [stdout]    |    |
[INFO] [stdout]    |    no `primitive_style` in the root
[INFO] [stdout]    |    help: a similar name exists in the module: `primitives`
[INFO] [stdout] 
[INFO] [stdout] error[E0432]: unresolved import `tinybmp`
[INFO] [stdout]   --> src/lib.rs:27:5
[INFO] [stdout]    |
[INFO] [stdout] 16 | use tinybmp::Bmp;
[INFO] [stdout]    |     ^^^^^^^ use of undeclared crate or module `tinybmp`
[INFO] [stdout] 
[INFO] [stdout] error[E0107]: struct takes 1 generic argument but 2 generic arguments were supplied
[INFO] [stdout]    --> src/lib.rs:43:15
[INFO] [stdout]     |
[INFO] [stdout] 32  |    let image: Image<Bmp, Rgb565> = Image::new(&bmp, Point::new(32, 32));
[INFO] [stdout]     |               ^^^^^      ------ help: remove this generic argument
[INFO] [stdout]     |               |
[INFO] [stdout]     |               expected 1 generic argument
[INFO] [stdout]     |
[INFO] [stdout] note: struct defined here, with 1 generic parameter: `T`
[INFO] [stdout]    --> /opt/rustwide/cargo-home/registry/src/index.crates.io-6f17d22bba15001f/embedded-graphics-0.7.1/src/image/mod.rs:135:12
[INFO] [stdout]     |
[INFO] [stdout] 135 | pub struct Image<'a, T> {
[INFO] [stdout]     |            ^^^^^     -
[INFO] [stdout] 
[INFO] [stdout] error[E0433]: failed to resolve: use of undeclared crate or module `console_error_panic_hook`
[INFO] [stdout]   --> src/lib.rs:36:4
[INFO] [stdout]    |
[INFO] [stdout] 25 |    console_error_panic_hook::set_once();
[INFO] [stdout]    |    ^^^^^^^^^^^^^^^^^^^^^^^^ use of undeclared crate or module `console_error_panic_hook`
[INFO] [stdout] 
[INFO] [stdout] error[E0061]: this function takes 3 arguments but 2 arguments were supplied
[INFO] [stdout]   --> src/lib.rs:39:22
[INFO] [stdout]    |
[INFO] [stdout] 28 |    let mut display = WebSimulatorDisplay::new((128, 128), &output_settings);
[INFO] [stdout]    |                      ^^^^^^^^^^^^^^^^^^^^^^^^------------------------------ an argument of type `Option<&Element>` is missing
[INFO] [stdout]    |
[INFO] [stdout] note: associated function defined here
[INFO] [stdout]   --> /opt/rustwide/workdir/src/display.rs:32:12
[INFO] [stdout]    |
[INFO] [stdout] 32 |     pub fn new(
[INFO] [stdout]    |            ^^^
[INFO] [stdout] help: provide the argument
[INFO] [stdout]    |
[INFO] [stdout] 28 |    let mut display = WebSimulatorDisplay::new((128, 128), &output_settings, /* Option<&Element> */);
[INFO] [stdout]    |                                              ~~~~~~~~~~~~~~~~~~~~~~~~~~~~~~~~~~~~~~~~~~~~~~~~~~~~~~
[INFO] [stdout] 
[INFO] [stdout] error: aborting due to 6 previous errors
[INFO] [stdout] 
[INFO] [stdout] Some errors have detailed explanations: E0061, E0107, E0432, E0433.
[INFO] [stdout] For more information about an error, try `rustc --explain E0061`.
[INFO] [stdout] Couldn't compile the test.
[INFO] [stdout] 
[INFO] [stdout] failures:
[INFO] [stdout]     src/lib.rs - (line 14)
[INFO] [stdout] 
[INFO] [stdout] test result: FAILED. 0 passed; 1 failed; 0 ignored; 0 measured; 0 filtered out; finished in 0.06s
[INFO] [stdout] 
[INFO] [stderr] error: doctest failed, to rerun pass `--doc`
[INFO] running `Command { std: "docker" "inspect" "a7c54b28c7a3ca2f271648b1057612c26fc6f8f2df4a05799e165b23da4adcad", kill_on_drop: false }`
[INFO] running `Command { std: "docker" "rm" "-f" "a7c54b28c7a3ca2f271648b1057612c26fc6f8f2df4a05799e165b23da4adcad", kill_on_drop: false }`
[INFO] [stdout] a7c54b28c7a3ca2f271648b1057612c26fc6f8f2df4a05799e165b23da4adcad
