[INFO] cloning repository https://github.com/raffimolero/commander
[INFO] running `Command { std: "git" "-c" "credential.helper=" "-c" "credential.helper=/workspace/cargo-home/bin/git-credential-null" "clone" "--bare" "https://github.com/raffimolero/commander" "/workspace/cache/git-repos/https%3A%2F%2Fgithub.com%2Fraffimolero%2Fcommander", kill_on_drop: false }`
[INFO] [stderr] Cloning into bare repository '/workspace/cache/git-repos/https%3A%2F%2Fgithub.com%2Fraffimolero%2Fcommander'...
[INFO] running `Command { std: "git" "rev-parse" "HEAD", kill_on_drop: false }`
[INFO] [stdout] 6fcb32222c03c7c50317cb38989550a80d3028aa
[INFO] testing raffimolero/commander against 1.69.0 for beta-1.70-1
[INFO] running `Command { std: "git" "clone" "/workspace/cache/git-repos/https%3A%2F%2Fgithub.com%2Fraffimolero%2Fcommander" "/workspace/builds/worker-7-tc1/source", kill_on_drop: false }`
[INFO] [stderr] Cloning into '/workspace/builds/worker-7-tc1/source'...
[INFO] [stderr] done.
[INFO] validating manifest of git repo https://github.com/raffimolero/commander on toolchain 1.69.0
[INFO] running `Command { std: CARGO_HOME="/workspace/cargo-home" RUSTUP_HOME="/workspace/rustup-home" "/workspace/cargo-home/bin/cargo" "+1.69.0" "metadata" "--manifest-path" "Cargo.toml" "--no-deps", kill_on_drop: false }`
[INFO] started tweaking git repo https://github.com/raffimolero/commander
[INFO] finished tweaking git repo https://github.com/raffimolero/commander
[INFO] tweaked toml for git repo https://github.com/raffimolero/commander written to /workspace/builds/worker-7-tc1/source/Cargo.toml
[INFO] crate git repo https://github.com/raffimolero/commander already has a lockfile, it will not be regenerated
[INFO] running `Command { std: CARGO_HOME="/workspace/cargo-home" RUSTUP_HOME="/workspace/rustup-home" "/workspace/cargo-home/bin/cargo" "+1.69.0" "fetch" "--manifest-path" "Cargo.toml", kill_on_drop: false }`
[INFO] [stderr]     Blocking waiting for file lock on package cache
[INFO] running `Command { std: "docker" "create" "-v" "/var/lib/crater-agent-workspace/builds/worker-7-tc1/target:/opt/rustwide/target:rw,Z" "-v" "/var/lib/crater-agent-workspace/builds/worker-7-tc1/source:/opt/rustwide/workdir:ro,Z" "-v" "/var/lib/crater-agent-workspace/cargo-home:/opt/rustwide/cargo-home:ro,Z" "-v" "/var/lib/crater-agent-workspace/rustup-home:/opt/rustwide/rustup-home:ro,Z" "-e" "SOURCE_DIR=/opt/rustwide/workdir" "-e" "CARGO_TARGET_DIR=/opt/rustwide/target" "-e" "CARGO_HOME=/opt/rustwide/cargo-home" "-e" "RUSTUP_HOME=/opt/rustwide/rustup-home" "-w" "/opt/rustwide/workdir" "-m" "1610612736" "--user" "0:0" "--network" "none" "ghcr.io/rust-lang/crates-build-env/linux@sha256:5ff2268d62e97bff2cde7d5815dd6ed5b47097566f13b8d0ca110b04b60e07ed" "/opt/rustwide/cargo-home/bin/cargo" "+1.69.0" "metadata" "--no-deps" "--format-version=1", kill_on_drop: false }`
[INFO] [stdout] 08ac5eae8b31c6b73040cb4df1cf6d1b09733c75b47299ae8ec1758c65e5d6a1
[INFO] running `Command { std: "docker" "start" "-a" "08ac5eae8b31c6b73040cb4df1cf6d1b09733c75b47299ae8ec1758c65e5d6a1", kill_on_drop: false }`
[INFO] running `Command { std: "docker" "inspect" "08ac5eae8b31c6b73040cb4df1cf6d1b09733c75b47299ae8ec1758c65e5d6a1", kill_on_drop: false }`
[INFO] running `Command { std: "docker" "rm" "-f" "08ac5eae8b31c6b73040cb4df1cf6d1b09733c75b47299ae8ec1758c65e5d6a1", kill_on_drop: false }`
[INFO] [stdout] 08ac5eae8b31c6b73040cb4df1cf6d1b09733c75b47299ae8ec1758c65e5d6a1
[INFO] running `Command { std: "docker" "create" "-v" "/var/lib/crater-agent-workspace/builds/worker-7-tc1/target:/opt/rustwide/target:rw,Z" "-v" "/var/lib/crater-agent-workspace/builds/worker-7-tc1/source:/opt/rustwide/workdir:ro,Z" "-v" "/var/lib/crater-agent-workspace/cargo-home:/opt/rustwide/cargo-home:ro,Z" "-v" "/var/lib/crater-agent-workspace/rustup-home:/opt/rustwide/rustup-home:ro,Z" "-e" "SOURCE_DIR=/opt/rustwide/workdir" "-e" "CARGO_TARGET_DIR=/opt/rustwide/target" "-e" "CARGO_INCREMENTAL=0" "-e" "RUST_BACKTRACE=full" "-e" "RUSTFLAGS=--cap-lints=warn" "-e" "RUSTDOCFLAGS=--cap-lints=warn" "-e" "CARGO_HOME=/opt/rustwide/cargo-home" "-e" "RUSTUP_HOME=/opt/rustwide/rustup-home" "-w" "/opt/rustwide/workdir" "-m" "1610612736" "--user" "0:0" "--network" "none" "ghcr.io/rust-lang/crates-build-env/linux@sha256:5ff2268d62e97bff2cde7d5815dd6ed5b47097566f13b8d0ca110b04b60e07ed" "/opt/rustwide/cargo-home/bin/cargo" "+1.69.0" "build" "--frozen" "--message-format=json", kill_on_drop: false }`
[INFO] [stdout] c2dddb98e1595623bf870b75a8d0dad9ef5826a851c4e0c7faed21579e288efc
[INFO] running `Command { std: "docker" "start" "-a" "c2dddb98e1595623bf870b75a8d0dad9ef5826a851c4e0c7faed21579e288efc", kill_on_drop: false }`
[INFO] [stderr]    Compiling navigator v0.3.1 (/opt/rustwide/workdir)
[INFO] [stderr]     Finished dev [unoptimized + debuginfo] target(s) in 0.11s
[INFO] running `Command { std: "docker" "inspect" "c2dddb98e1595623bf870b75a8d0dad9ef5826a851c4e0c7faed21579e288efc", kill_on_drop: false }`
[INFO] running `Command { std: "docker" "rm" "-f" "c2dddb98e1595623bf870b75a8d0dad9ef5826a851c4e0c7faed21579e288efc", kill_on_drop: false }`
[INFO] [stdout] c2dddb98e1595623bf870b75a8d0dad9ef5826a851c4e0c7faed21579e288efc
[INFO] running `Command { std: "docker" "create" "-v" "/var/lib/crater-agent-workspace/builds/worker-7-tc1/target:/opt/rustwide/target:rw,Z" "-v" "/var/lib/crater-agent-workspace/builds/worker-7-tc1/source:/opt/rustwide/workdir:ro,Z" "-v" "/var/lib/crater-agent-workspace/cargo-home:/opt/rustwide/cargo-home:ro,Z" "-v" "/var/lib/crater-agent-workspace/rustup-home:/opt/rustwide/rustup-home:ro,Z" "-e" "SOURCE_DIR=/opt/rustwide/workdir" "-e" "CARGO_TARGET_DIR=/opt/rustwide/target" "-e" "CARGO_INCREMENTAL=0" "-e" "RUST_BACKTRACE=full" "-e" "RUSTFLAGS=--cap-lints=warn" "-e" "RUSTDOCFLAGS=--cap-lints=warn" "-e" "CARGO_HOME=/opt/rustwide/cargo-home" "-e" "RUSTUP_HOME=/opt/rustwide/rustup-home" "-w" "/opt/rustwide/workdir" "-m" "1610612736" "--user" "0:0" "--network" "none" "ghcr.io/rust-lang/crates-build-env/linux@sha256:5ff2268d62e97bff2cde7d5815dd6ed5b47097566f13b8d0ca110b04b60e07ed" "/opt/rustwide/cargo-home/bin/cargo" "+1.69.0" "test" "--frozen" "--no-run" "--message-format=json", kill_on_drop: false }`
[INFO] [stdout] ed344e45b2e25086d2d54cec347fb3358040bf1a0a671d443ff821a23cb9f454
[INFO] running `Command { std: "docker" "start" "-a" "ed344e45b2e25086d2d54cec347fb3358040bf1a0a671d443ff821a23cb9f454", kill_on_drop: false }`
[INFO] [stderr]    Compiling navigator v0.3.1 (/opt/rustwide/workdir)
[INFO] [stderr]     Finished test [unoptimized + debuginfo] target(s) in 0.93s
[INFO] running `Command { std: "docker" "inspect" "ed344e45b2e25086d2d54cec347fb3358040bf1a0a671d443ff821a23cb9f454", kill_on_drop: false }`
[INFO] running `Command { std: "docker" "rm" "-f" "ed344e45b2e25086d2d54cec347fb3358040bf1a0a671d443ff821a23cb9f454", kill_on_drop: false }`
[INFO] [stdout] ed344e45b2e25086d2d54cec347fb3358040bf1a0a671d443ff821a23cb9f454
[INFO] running `Command { std: "docker" "create" "-v" "/var/lib/crater-agent-workspace/builds/worker-7-tc1/target:/opt/rustwide/target:rw,Z" "-v" "/var/lib/crater-agent-workspace/builds/worker-7-tc1/source:/opt/rustwide/workdir:ro,Z" "-v" "/var/lib/crater-agent-workspace/cargo-home:/opt/rustwide/cargo-home:ro,Z" "-v" "/var/lib/crater-agent-workspace/rustup-home:/opt/rustwide/rustup-home:ro,Z" "-e" "SOURCE_DIR=/opt/rustwide/workdir" "-e" "CARGO_TARGET_DIR=/opt/rustwide/target" "-e" "CARGO_INCREMENTAL=0" "-e" "RUST_BACKTRACE=full" "-e" "RUSTFLAGS=--cap-lints=warn" "-e" "RUSTDOCFLAGS=--cap-lints=warn" "-e" "CARGO_HOME=/opt/rustwide/cargo-home" "-e" "RUSTUP_HOME=/opt/rustwide/rustup-home" "-w" "/opt/rustwide/workdir" "-m" "1610612736" "--user" "0:0" "--network" "none" "ghcr.io/rust-lang/crates-build-env/linux@sha256:5ff2268d62e97bff2cde7d5815dd6ed5b47097566f13b8d0ca110b04b60e07ed" "/opt/rustwide/cargo-home/bin/cargo" "+1.69.0" "test" "--frozen", kill_on_drop: false }`
[INFO] [stdout] 82cd5c155dfa5ad86852557d84d1da3368848aac0d3cd24a7e20aa643a71c035
[INFO] running `Command { std: "docker" "start" "-a" "82cd5c155dfa5ad86852557d84d1da3368848aac0d3cd24a7e20aa643a71c035", kill_on_drop: false }`
[INFO] [stderr]     Finished test [unoptimized + debuginfo] target(s) in 0.00s
[INFO] [stderr]      Running unittests src/lib.rs (/opt/rustwide/target/debug/deps/navigator-f567129bfdc29e79)
[INFO] [stderr]    Doc-tests navigator
[INFO] [stdout] 
[INFO] [stdout] running 0 tests
[INFO] [stdout] 
[INFO] [stdout] test result: ok. 0 passed; 0 failed; 0 ignored; 0 measured; 0 filtered out; finished in 0.00s
[INFO] [stdout] 
[INFO] [stdout] 
[INFO] [stdout] running 2 tests
[INFO] [stdout] test src/nav.rs - nav::navigator (line 19) ... FAILED
[INFO] [stdout] test src/nav.rs - nav::navigator (line 7) ... FAILED
[INFO] [stdout] 
[INFO] [stdout] failures:
[INFO] [stdout] 
[INFO] [stdout] ---- src/nav.rs - nav::navigator (line 19) stdout ----
[INFO] [stdout] error: cannot find macro `navigator` in this scope
[INFO] [stdout]  --> src/nav.rs:20:1
[INFO] [stdout]   |
[INFO] [stdout] 4 | navigator!(ctx => {
[INFO] [stdout]   | ^^^^^^^^^
[INFO] [stdout]   |
[INFO] [stdout]   = help: consider importing this macro:
[INFO] [stdout]           navigator::navigator
[INFO] [stdout] note: `navigator` is imported here, but it is a crate, not a macro
[INFO] [stdout]  --> src/nav.rs:18:1
[INFO] [stdout]   |
[INFO] [stdout] 2 | extern crate r#navigator;
[INFO] [stdout]   | ^^^^^^^^^^^^^^^^^^^^^^^^^
[INFO] [stdout] 
[INFO] [stdout] error: aborting due to previous error
[INFO] [stdout] 
[INFO] [stdout] Couldn't compile the test.
[INFO] [stdout] ---- src/nav.rs - nav::navigator (line 7) stdout ----
[INFO] [stdout] error: cannot find macro `navigator` in this scope
[INFO] [stdout]  --> src/nav.rs:8:1
[INFO] [stdout]   |
[INFO] [stdout] 4 | navigator!(ctx => {
[INFO] [stdout]   | ^^^^^^^^^
[INFO] [stdout]   |
[INFO] [stdout]   = help: consider importing this macro:
[INFO] [stdout]           navigator::navigator
[INFO] [stdout] note: `navigator` is imported here, but it is a crate, not a macro
[INFO] [stdout]  --> src/nav.rs:6:1
[INFO] [stdout]   |
[INFO] [stdout] 2 | extern crate r#navigator;
[INFO] [stdout]   | ^^^^^^^^^^^^^^^^^^^^^^^^^
[INFO] [stdout] 
[INFO] [stdout] error: aborting due to previous error
[INFO] [stdout] 
[INFO] [stdout] Couldn't compile the test.
[INFO] [stdout] 
[INFO] [stdout] failures:
[INFO] [stdout]     src/nav.rs - nav::navigator (line 19)
[INFO] [stdout]     src/nav.rs - nav::navigator (line 7)
[INFO] [stdout] 
[INFO] [stdout] test result: FAILED. 0 passed; 2 failed; 0 ignored; 0 measured; 0 filtered out; finished in 0.05s
[INFO] [stdout] 
[INFO] [stderr] error: doctest failed, to rerun pass `--doc`
[INFO] running `Command { std: "docker" "inspect" "82cd5c155dfa5ad86852557d84d1da3368848aac0d3cd24a7e20aa643a71c035", kill_on_drop: false }`
[INFO] running `Command { std: "docker" "rm" "-f" "82cd5c155dfa5ad86852557d84d1da3368848aac0d3cd24a7e20aa643a71c035", kill_on_drop: false }`
[INFO] [stdout] 82cd5c155dfa5ad86852557d84d1da3368848aac0d3cd24a7e20aa643a71c035
