[INFO] cloning repository https://github.com/r1cebank/rgb
[INFO] running `Command { std: "git" "-c" "credential.helper=" "-c" "credential.helper=/workspace/cargo-home/bin/git-credential-null" "clone" "--bare" "https://github.com/r1cebank/rgb" "/workspace/cache/git-repos/https%3A%2F%2Fgithub.com%2Fr1cebank%2Frgb", kill_on_drop: false }`
[INFO] [stderr] Cloning into bare repository '/workspace/cache/git-repos/https%3A%2F%2Fgithub.com%2Fr1cebank%2Frgb'...
[INFO] running `Command { std: "git" "rev-parse" "HEAD", kill_on_drop: false }`
[INFO] [stdout] e4dc4148c5acca4bdaa48c391f72f0a983eb67b1
[INFO] testing r1cebank/rgb against 1.69.0 for beta-1.70-1
[INFO] running `Command { std: "git" "clone" "/workspace/cache/git-repos/https%3A%2F%2Fgithub.com%2Fr1cebank%2Frgb" "/workspace/builds/worker-1-tc1/source", kill_on_drop: false }`
[INFO] [stderr] Cloning into '/workspace/builds/worker-1-tc1/source'...
[INFO] [stderr] done.
[INFO] validating manifest of git repo https://github.com/r1cebank/rgb on toolchain 1.69.0
[INFO] running `Command { std: CARGO_HOME="/workspace/cargo-home" RUSTUP_HOME="/workspace/rustup-home" "/workspace/cargo-home/bin/cargo" "+1.69.0" "metadata" "--manifest-path" "Cargo.toml" "--no-deps", kill_on_drop: false }`
[INFO] started tweaking git repo https://github.com/r1cebank/rgb
[INFO] finished tweaking git repo https://github.com/r1cebank/rgb
[INFO] tweaked toml for git repo https://github.com/r1cebank/rgb written to /workspace/builds/worker-1-tc1/source/Cargo.toml
[INFO] crate git repo https://github.com/r1cebank/rgb already has a lockfile, it will not be regenerated
[INFO] running `Command { std: CARGO_HOME="/workspace/cargo-home" RUSTUP_HOME="/workspace/rustup-home" "/workspace/cargo-home/bin/cargo" "+1.69.0" "fetch" "--manifest-path" "Cargo.toml", kill_on_drop: false }`
[INFO] [stderr]  Downloading crates ...
[INFO] [stderr]   Downloaded piston_window v0.116.0
[INFO] [stderr]   Downloaded base-x v0.2.7
[INFO] [stderr]   Downloaded pistoncore-glutin_window v0.67.1
[INFO] [stderr]   Downloaded piston v0.52.0
[INFO] [stderr]   Downloaded flume v0.9.1
[INFO] [stderr]   Downloaded cursive_hexview v0.3.0
[INFO] [stderr]   Downloaded blockish v0.0.8
[INFO] running `Command { std: "docker" "create" "-v" "/var/lib/crater-agent-workspace/builds/worker-1-tc1/target:/opt/rustwide/target:rw,Z" "-v" "/var/lib/crater-agent-workspace/builds/worker-1-tc1/source:/opt/rustwide/workdir:ro,Z" "-v" "/var/lib/crater-agent-workspace/cargo-home:/opt/rustwide/cargo-home:ro,Z" "-v" "/var/lib/crater-agent-workspace/rustup-home:/opt/rustwide/rustup-home:ro,Z" "-e" "SOURCE_DIR=/opt/rustwide/workdir" "-e" "CARGO_TARGET_DIR=/opt/rustwide/target" "-e" "CARGO_HOME=/opt/rustwide/cargo-home" "-e" "RUSTUP_HOME=/opt/rustwide/rustup-home" "-w" "/opt/rustwide/workdir" "-m" "1610612736" "--user" "0:0" "--network" "none" "ghcr.io/rust-lang/crates-build-env/linux@sha256:5ff2268d62e97bff2cde7d5815dd6ed5b47097566f13b8d0ca110b04b60e07ed" "/opt/rustwide/cargo-home/bin/cargo" "+1.69.0" "metadata" "--no-deps" "--format-version=1", kill_on_drop: false }`
[INFO] [stdout] 1e2986ebd439f7061327081483fc1d4629d9ca9ca49f7a434a8935468b3ff6e2
[INFO] running `Command { std: "docker" "start" "-a" "1e2986ebd439f7061327081483fc1d4629d9ca9ca49f7a434a8935468b3ff6e2", kill_on_drop: false }`
[INFO] running `Command { std: "docker" "inspect" "1e2986ebd439f7061327081483fc1d4629d9ca9ca49f7a434a8935468b3ff6e2", kill_on_drop: false }`
[INFO] running `Command { std: "docker" "rm" "-f" "1e2986ebd439f7061327081483fc1d4629d9ca9ca49f7a434a8935468b3ff6e2", kill_on_drop: false }`
[INFO] [stdout] 1e2986ebd439f7061327081483fc1d4629d9ca9ca49f7a434a8935468b3ff6e2
[INFO] running `Command { std: "docker" "create" "-v" "/var/lib/crater-agent-workspace/builds/worker-1-tc1/target:/opt/rustwide/target:rw,Z" "-v" "/var/lib/crater-agent-workspace/builds/worker-1-tc1/source:/opt/rustwide/workdir:ro,Z" "-v" "/var/lib/crater-agent-workspace/cargo-home:/opt/rustwide/cargo-home:ro,Z" "-v" "/var/lib/crater-agent-workspace/rustup-home:/opt/rustwide/rustup-home:ro,Z" "-e" "SOURCE_DIR=/opt/rustwide/workdir" "-e" "CARGO_TARGET_DIR=/opt/rustwide/target" "-e" "CARGO_INCREMENTAL=0" "-e" "RUST_BACKTRACE=full" "-e" "RUSTFLAGS=--cap-lints=warn" "-e" "RUSTDOCFLAGS=--cap-lints=warn" "-e" "CARGO_HOME=/opt/rustwide/cargo-home" "-e" "RUSTUP_HOME=/opt/rustwide/rustup-home" "-w" "/opt/rustwide/workdir" "-m" "1610612736" "--user" "0:0" "--network" "none" "ghcr.io/rust-lang/crates-build-env/linux@sha256:5ff2268d62e97bff2cde7d5815dd6ed5b47097566f13b8d0ca110b04b60e07ed" "/opt/rustwide/cargo-home/bin/cargo" "+1.69.0" "build" "--frozen" "--message-format=json", kill_on_drop: false }`
[INFO] [stdout] 95896b658cc03da3ffcfe27eb30e0aeeb290277d5cf50bfc00208a400993a1a3
[INFO] running `Command { std: "docker" "start" "-a" "95896b658cc03da3ffcfe27eb30e0aeeb290277d5cf50bfc00208a400993a1a3", kill_on_drop: false }`
[INFO] [stderr]    Compiling autocfg v1.0.1
[INFO] [stderr]    Compiling libc v0.2.80
[INFO] [stderr]    Compiling cfg-if v0.1.10
[INFO] [stderr]    Compiling xml-rs v0.8.3
[INFO] [stderr]    Compiling log v0.4.11
[INFO] [stderr]    Compiling lazy_static v1.4.0
[INFO] [stderr]    Compiling bitflags v1.2.1
[INFO] [stderr]    Compiling cfg-if v1.0.0
[INFO] [stderr]    Compiling khronos_api v3.1.0
[INFO] [stderr]    Compiling byteorder v1.3.4
[INFO] [stderr]    Compiling scopeguard v1.1.0
[INFO] [stderr]    Compiling proc-macro2 v1.0.24
[INFO] [stderr]    Compiling num-traits v0.2.14
[INFO] [stderr]    Compiling const_fn v0.4.3
[INFO] [stderr]    Compiling unicode-xid v0.2.1
[INFO] [stderr]    Compiling proc-macro2 v0.4.30
[INFO] [stderr]    Compiling syn v1.0.48
[INFO] [stderr]    Compiling gl_generator v0.14.0
[INFO] [stderr]    Compiling crossbeam-utils v0.8.0
[INFO] [stderr]    Compiling memoffset v0.5.6
[INFO] [stderr]    Compiling quote v1.0.7
[INFO] [stderr]    Compiling quote v0.6.13
[INFO] [stderr]    Compiling semver-parser v0.7.0
[INFO] [stderr]    Compiling pkg-config v0.3.19
[INFO] [stderr]    Compiling wayland-scanner v0.21.13
[INFO] [stderr]    Compiling semver v0.9.0
[INFO] [stderr]    Compiling maybe-uninit v2.0.0
[INFO] [stderr]    Compiling num-integer v0.1.44
[INFO] [stderr]    Compiling rustc_version v0.2.3
[INFO] [stderr]    Compiling libloading v0.6.5
[INFO] [stderr]    Compiling rayon-core v1.9.0
[INFO] [stderr]    Compiling nix v0.14.1
[INFO] [stderr]    Compiling piston-float v1.0.0
[INFO] [stderr]    Compiling dlib v0.4.2
[INFO] [stderr]    Compiling crossbeam-epoch v0.9.0
[INFO] [stderr]    Compiling serde_derive v1.0.117
[INFO] [stderr]    Compiling void v1.0.2
[INFO] [stderr]    Compiling wayland-sys v0.21.13
[INFO] [stderr]    Compiling piston-viewport v1.0.0
[INFO] [stderr]    Compiling crossbeam-channel v0.5.0
[INFO] [stderr]    Compiling crossbeam-deque v0.8.0
[INFO] [stderr]    Compiling ordered-float v1.1.0
[INFO] [stderr]    Compiling approx v0.3.2
[INFO] [stderr]    Compiling num_cpus v1.13.0
[INFO] [stderr]    Compiling stb_truetype v0.3.1
[INFO] [stderr]    Compiling rayon v1.5.0
[INFO] [stderr]    Compiling version_check v0.9.2
[INFO] [stderr]    Compiling serde v1.0.117
[INFO] [stderr]    Compiling wayland-client v0.21.13
[INFO] [stderr]    Compiling wayland-protocols v0.21.13
[INFO] [stderr]    Compiling rusttype v0.8.3
[INFO] [stderr]    Compiling parking_lot_core v0.6.2
[INFO] [stderr]    Compiling x11-dl v2.18.5
[INFO] [stderr]    Compiling miniz_oxide v0.4.3
[INFO] [stderr]    Compiling piston-graphics_api_version v1.0.0
[INFO] [stderr]    Compiling same-file v1.0.6
[INFO] [stderr]    Compiling adler32 v1.2.0
[INFO] [stderr]    Compiling downcast-rs v1.2.0
[INFO] [stderr]    Compiling either v1.6.1
[INFO] [stderr]    Compiling crc32fast v1.2.1
[INFO] [stderr]    Compiling walkdir v2.3.1
[INFO] [stderr]    Compiling rusttype v0.7.9
[INFO] [stderr]    Compiling smallvec v0.6.13
[INFO] [stderr]    Compiling parking_lot v0.9.0
[INFO] [stderr]    Compiling wayland-commons v0.21.13
[INFO] [stderr]    Compiling line_drawing v0.7.0
[INFO] [stderr]    Compiling draw_state v0.8.0
[INFO] [stderr]    Compiling num-iter v0.1.42
[INFO] [stderr]    Compiling num-rational v0.3.2
[INFO] [stderr]    Compiling getrandom v0.1.15
[INFO] [stderr]    Compiling cc v1.0.61
[INFO] [stderr]    Compiling adler v0.2.3
[INFO] [stderr]    Compiling weezl v0.1.2
[INFO] [stderr]    Compiling xdg v2.2.0
[INFO] [stderr]    Compiling jpeg-decoder v0.1.20
[INFO] [stderr]    Compiling andrew v0.2.1
[INFO] [stderr]    Compiling libloading v0.5.2
[INFO] [stderr]    Compiling gfx_core v0.9.2
[INFO] [stderr]    Compiling deflate v0.8.6
[INFO] [stderr]    Compiling miniz_oxide v0.3.7
[INFO] [stderr]    Compiling standback v0.2.11
[INFO] [stderr]    Compiling glutin_glx_sys v0.1.7
[INFO] [stderr]    Compiling glutin_egl_sys v0.1.5
[INFO] [stderr]    Compiling memmap v0.7.0
[INFO] [stderr]    Compiling gl_generator v0.10.0
[INFO] [stderr]    Compiling lock_api v0.3.4
[INFO] [stderr]    Compiling proc-macro-hack v0.5.19
[INFO] [stderr]    Compiling ttf-parser v0.6.2
[INFO] [stderr]    Compiling color_quant v1.1.0
[INFO] [stderr]    Compiling gif v0.11.1
[INFO] [stderr]    Compiling png v0.16.7
[INFO] [stderr]    Compiling gl v0.11.0
[INFO] [stderr]    Compiling tiff v0.6.0
[INFO] [stderr]    Compiling owned_ttf_parser v0.6.0
[INFO] [stderr]    Compiling gfx_gl v0.6.1
[INFO] [stderr]    Compiling raw-window-handle v0.3.3
[INFO] [stderr]    Compiling shared_library v0.1.9
[INFO] [stderr]    Compiling piston-texture v0.8.0
[INFO] [stderr]    Compiling bytemuck v1.4.1
[INFO] [stderr]    Compiling scoped_threadpool v0.1.9
[INFO] [stderr]    Compiling percent-encoding v2.1.0
[INFO] [stderr]    Compiling ab_glyph_rasterizer v0.1.4
[INFO] [stderr]    Compiling osmesa-sys v0.1.2
[INFO] [stderr]    Compiling rusttype v0.9.2
[INFO] [stderr]    Compiling image v0.23.11
[INFO] [stderr]    Compiling rand_core v0.5.1
[INFO] [stderr]    Compiling gfx v0.18.2
[INFO] [stderr]    Compiling shader_version v0.7.0
[INFO] [stderr]    Compiling vecmath v1.0.0
[INFO] [stderr]    Compiling alsa-sys v0.1.2
[INFO] [stderr]    Compiling dirs-sys v0.3.5
[INFO] [stderr]    Compiling fnv v1.0.7
[INFO] [stderr]    Compiling ppv-lite86 v0.2.10
[INFO] [stderr]    Compiling read_color v1.0.0
[INFO] [stderr]    Compiling interpolation v0.2.0
[INFO] [stderr]    Compiling time-macros-impl v0.1.1
[INFO] [stderr]    Compiling piston2d-graphics v0.39.0
[INFO] [stderr]    Compiling dirs v2.0.2
[INFO] [stderr]    Compiling rand_chacha v0.2.2
[INFO] [stderr]    Compiling time v0.2.22
[INFO] [stderr]    Compiling piston-gfx_texture v0.41.0
[INFO] [stderr]    Compiling time v0.1.44
[INFO] [stderr]    Compiling lock_api v0.4.1
[INFO] [stderr]    Compiling piston-shaders_graphics2d v0.4.0
[INFO] [stderr]    Compiling unicode-segmentation v1.6.0
[INFO] [stderr]    Compiling unicode-width v0.1.8
[INFO] [stderr]    Compiling spinning_top v0.2.2
[INFO] [stderr]    Compiling textwrap v0.11.0
[INFO] [stderr]    Compiling chrono v0.4.19
[INFO] [stderr]    Compiling heck v0.3.1
[INFO] [stderr]    Compiling piston2d-gfx_graphics v0.72.0
[INFO] [stderr]    Compiling time-macros v0.1.1
[INFO] [stderr]    Compiling gfx_device_gl v0.16.2
[INFO] [stderr]    Compiling rand v0.7.3
[INFO] [stderr]    Compiling term v0.6.1
[INFO] [stderr]    Compiling pistoncore-input v1.0.0
[INFO] [stderr]    Compiling atty v0.2.14
[INFO] [stderr]    Compiling strsim v0.8.0
[INFO] [stderr]    Compiling ansi_term v0.11.0
[INFO] [stderr]    Compiling futures-core v0.3.7
[INFO] [stderr]    Compiling futures-sink v0.3.7
[INFO] [stderr]    Compiling vec_map v0.8.2
[INFO] [stderr]    Compiling cpal v0.8.2
[INFO] [stderr]    Compiling pistoncore-window v0.47.0
[INFO] [stderr]    Compiling flume v0.9.1
[INFO] [stderr]    Compiling clap v2.33.3
[INFO] [stderr]    Compiling pistoncore-event_loop v0.52.0
[INFO] [stderr]    Compiling simplelog v0.7.6
[INFO] [stderr]    Compiling piston v0.52.0
[INFO] [stderr]    Compiling strum_macros v0.19.4
[INFO] [stderr]    Compiling strum v0.19.5
[INFO] [stderr]    Compiling find_folder v0.3.0
[INFO] [stderr]    Compiling smithay-client-toolkit v0.4.6
[INFO] [stderr]    Compiling winit v0.19.5
[INFO] [stderr]    Compiling glutin v0.21.2
[INFO] [stderr]    Compiling pistoncore-glutin_window v0.67.1
[INFO] [stderr]    Compiling piston_window v0.116.0
[INFO] [stderr]    Compiling rgb v0.1.0 (/opt/rustwide/workdir)
[INFO] [stdout] warning: unused import: `Error`
[INFO] [stdout]  --> src/cartridge/mbc3.rs:6:15
[INFO] [stdout]   |
[INFO] [stdout] 6 | use std::io::{Error, Read, Write};
[INFO] [stdout]   |               ^^^^^
[INFO] [stdout]   |
[INFO] [stdout]   = note: `#[warn(unused_imports)]` on by default
[INFO] [stdout] 
[INFO] [stdout] 
[INFO] [stdout] warning: unused import: `Error`
[INFO] [stdout]  --> src/cartridge/rtc.rs:6:15
[INFO] [stdout]   |
[INFO] [stdout] 6 | use std::io::{Error, Write};
[INFO] [stdout]   |               ^^^^^
[INFO] [stdout] 
[INFO] [stdout] 
[INFO] [stdout] warning: unused import: `crate::debug::message::DebugMessage`
[INFO] [stdout]  --> src/debug.rs:7:5
[INFO] [stdout]   |
[INFO] [stdout] 7 | use crate::debug::message::DebugMessage;
[INFO] [stdout]   |     ^^^^^^^^^^^^^^^^^^^^^^^^^^^^^^^^^^^
[INFO] [stdout] 
[INFO] [stdout] 
[INFO] [stdout] warning: unused import: `crate::emulator::Emulator`
[INFO] [stdout]  --> src/debug.rs:8:5
[INFO] [stdout]   |
[INFO] [stdout] 8 | use crate::emulator::Emulator;
[INFO] [stdout]   |     ^^^^^^^^^^^^^^^^^^^^^^^^^
[INFO] [stdout] 
[INFO] [stdout] 
[INFO] [stdout] warning: unused imports: `Receiver`, `TryRecvError`
[INFO] [stdout]   --> src/debug.rs:19:13
[INFO] [stdout]    |
[INFO] [stdout] 19 | use flume::{Receiver, TryRecvError};
[INFO] [stdout]    |             ^^^^^^^^  ^^^^^^^^^^^^
[INFO] [stdout] 
[INFO] [stdout] 
[INFO] [stdout] warning: unused imports: `Builder`, `JoinHandle`
[INFO] [stdout]   --> src/debug.rs:20:19
[INFO] [stdout]    |
[INFO] [stdout] 20 | use std::thread::{Builder, JoinHandle};
[INFO] [stdout]    |                   ^^^^^^^  ^^^^^^^^^^
[INFO] [stdout] 
[INFO] [stdout] 
[INFO] [stdout] warning: unused import: `crate::cartridge::load_cartridge`
[INFO] [stdout]  --> src/emulator.rs:4:5
[INFO] [stdout]   |
[INFO] [stdout] 4 | use crate::cartridge::load_cartridge;
[INFO] [stdout]   |     ^^^^^^^^^^^^^^^^^^^^^^^^^^^^^^^^
[INFO] [stdout] 
[INFO] [stdout] 
[INFO] [stdout] warning: unused import: `crate::cpu::instruction::InstructionSet`
[INFO] [stdout]  --> src/emulator.rs:5:5
[INFO] [stdout]   |
[INFO] [stdout] 5 | use crate::cpu::instruction::InstructionSet;
[INFO] [stdout]   |     ^^^^^^^^^^^^^^^^^^^^^^^^^^^^^^^^^^^^^^^
[INFO] [stdout] 
[INFO] [stdout] 
[INFO] [stdout] warning: unused import: `random_framebuffer`
[INFO] [stdout]   --> src/emulator.rs:10:18
[INFO] [stdout]    |
[INFO] [stdout] 10 | use crate::ppu::{random_framebuffer, Mode, PPUFramebuffer};
[INFO] [stdout]    |                  ^^^^^^^^^^^^^^^^^^
[INFO] [stdout] 
[INFO] [stdout] 
[INFO] [stdout] warning: unused import: `std::io`
[INFO] [stdout]  --> src/memory/mmu.rs:9:5
[INFO] [stdout]   |
[INFO] [stdout] 9 | use std::io;
[INFO] [stdout]   |     ^^^^^^^
[INFO] [stdout] 
[INFO] [stdout] 
[INFO] [stdout] warning: unused import: `std::io::Write`
[INFO] [stdout]   --> src/memory/mmu.rs:10:5
[INFO] [stdout]    |
[INFO] [stdout] 10 | use std::io::Write;
[INFO] [stdout]    |     ^^^^^^^^^^^^^^
[INFO] [stdout] 
[INFO] [stdout] 
[INFO] [stdout] warning: `...` range patterns are deprecated
[INFO] [stdout]    --> src/memory/mmu.rs:122:19
[INFO] [stdout]     |
[INFO] [stdout] 122 |             0x0000...0x7fff => {
[INFO] [stdout]     |                   ^^^ help: use `..=` for an inclusive range
[INFO] [stdout]     |
[INFO] [stdout]     = warning: this is accepted in the current edition (Rust 2018) but is a hard error in Rust 2021!
[INFO] [stdout]     = note: for more information, see <https://doc.rust-lang.org/nightly/edition-guide/rust-2021/warnings-promoted-to-error.html>
[INFO] [stdout]     = note: `#[warn(ellipsis_inclusive_range_patterns)]` on by default
[INFO] [stdout] 
[INFO] [stdout] 
[INFO] [stdout] warning: `...` range patterns are deprecated
[INFO] [stdout]    --> src/memory/mmu.rs:155:18
[INFO] [stdout]     |
[INFO] [stdout] 155 |             0xf40...0xff4b => self.ppu.borrow().get(address),
[INFO] [stdout]     |                  ^^^ help: use `..=` for an inclusive range
[INFO] [stdout]     |
[INFO] [stdout]     = warning: this is accepted in the current edition (Rust 2018) but is a hard error in Rust 2021!
[INFO] [stdout]     = note: for more information, see <https://doc.rust-lang.org/nightly/edition-guide/rust-2021/warnings-promoted-to-error.html>
[INFO] [stdout] 
[INFO] [stdout] 
[INFO] [stdout] warning: `...` range patterns are deprecated
[INFO] [stdout]    --> src/memory/mmu.rs:208:19
[INFO] [stdout]     |
[INFO] [stdout] 208 |             0xff80...0xfffe => self.high_ram[address as usize - 0xff80] = value,
[INFO] [stdout]     |                   ^^^ help: use `..=` for an inclusive range
[INFO] [stdout]     |
[INFO] [stdout]     = warning: this is accepted in the current edition (Rust 2018) but is a hard error in Rust 2021!
[INFO] [stdout]     = note: for more information, see <https://doc.rust-lang.org/nightly/edition-guide/rust-2021/warnings-promoted-to-error.html>
[INFO] [stdout] 
[INFO] [stdout] 
[INFO] [stdout] warning: `...` range patterns are deprecated
[INFO] [stdout]    --> src/ppu.rs:492:19
[INFO] [stdout]     |
[INFO] [stdout] 492 |             0xfe00...0xfe9f => self.oam[address as usize - 0xfe00],
[INFO] [stdout]     |                   ^^^ help: use `..=` for an inclusive range
[INFO] [stdout]     |
[INFO] [stdout]     = warning: this is accepted in the current edition (Rust 2018) but is a hard error in Rust 2021!
[INFO] [stdout]     = note: for more information, see <https://doc.rust-lang.org/nightly/edition-guide/rust-2021/warnings-promoted-to-error.html>
[INFO] [stdout] 
[INFO] [stdout] 
[INFO] [stdout] warning: unused import: `Path`
[INFO] [stdout]  --> src/save.rs:1:17
[INFO] [stdout]   |
[INFO] [stdout] 1 | use std::path::{Path, PathBuf};
[INFO] [stdout]   |                 ^^^^
[INFO] [stdout] 
[INFO] [stdout] 
[INFO] [stdout] warning: unused variable: `address`
[INFO] [stdout]   --> src/cartridge/rom.rs:21:23
[INFO] [stdout]    |
[INFO] [stdout] 21 |     fn set(&mut self, address: u16, value: u8) {
[INFO] [stdout]    |                       ^^^^^^^ help: if this is intentional, prefix it with an underscore: `_address`
[INFO] [stdout]    |
[INFO] [stdout]    = note: `#[warn(unused_variables)]` on by default
[INFO] [stdout] 
[INFO] [stdout] 
[INFO] [stdout] warning: unused variable: `value`
[INFO] [stdout]   --> src/cartridge/rom.rs:21:37
[INFO] [stdout]    |
[INFO] [stdout] 21 |     fn set(&mut self, address: u16, value: u8) {
[INFO] [stdout]    |                                     ^^^^^ help: if this is intentional, prefix it with an underscore: `_value`
[INFO] [stdout] 
[INFO] [stdout] 
[INFO] [stdout] warning: unused variable: `config`
[INFO] [stdout]   --> src/debug/debug_logger.rs:34:31
[INFO] [stdout]    |
[INFO] [stdout] 34 |     pub fn should_skip(&self, config: &Config, record: &Record<'_>) -> bool {
[INFO] [stdout]    |                               ^^^^^^ help: if this is intentional, prefix it with an underscore: `_config`
[INFO] [stdout] 
[INFO] [stdout] 
[INFO] [stdout] warning: constant `INTERRUPT_ENABLE_REG` is never used
[INFO] [stdout]   --> src/cpu.rs:22:7
[INFO] [stdout]    |
[INFO] [stdout] 22 | const INTERRUPT_ENABLE_REG: u16 = 0xFFFF;
[INFO] [stdout]    |       ^^^^^^^^^^^^^^^^^^^^
[INFO] [stdout]    |
[INFO] [stdout]    = note: `#[warn(dead_code)]` on by default
[INFO] [stdout] 
[INFO] [stdout] 
[INFO] [stdout] warning: constant `INTERRUPT_FLAG_REG` is never used
[INFO] [stdout]   --> src/cpu.rs:23:7
[INFO] [stdout]    |
[INFO] [stdout] 23 | const INTERRUPT_FLAG_REG: u16 = 0xFF0F;
[INFO] [stdout]    |       ^^^^^^^^^^^^^^^^^^
[INFO] [stdout] 
[INFO] [stdout] 
[INFO] [stdout] warning: constant `V_BLANK` is never used
[INFO] [stdout]   --> src/cpu.rs:25:7
[INFO] [stdout]    |
[INFO] [stdout] 25 | const V_BLANK: u8 = 0x01;
[INFO] [stdout]    |       ^^^^^^^
[INFO] [stdout] 
[INFO] [stdout] 
[INFO] [stdout] warning: constant `LCD_STAT` is never used
[INFO] [stdout]   --> src/cpu.rs:26:7
[INFO] [stdout]    |
[INFO] [stdout] 26 | const LCD_STAT: u8 = 0x02;
[INFO] [stdout]    |       ^^^^^^^^
[INFO] [stdout] 
[INFO] [stdout] 
[INFO] [stdout] warning: constant `TIMER` is never used
[INFO] [stdout]   --> src/cpu.rs:27:7
[INFO] [stdout]    |
[INFO] [stdout] 27 | const TIMER: u8 = 0x04;
[INFO] [stdout]    |       ^^^^^
[INFO] [stdout] 
[INFO] [stdout] 
[INFO] [stdout] warning: constant `SERIAL` is never used
[INFO] [stdout]   --> src/cpu.rs:28:7
[INFO] [stdout]    |
[INFO] [stdout] 28 | const SERIAL: u8 = 0x08;
[INFO] [stdout]    |       ^^^^^^
[INFO] [stdout] 
[INFO] [stdout] 
[INFO] [stdout] warning: constant `D_PAD` is never used
[INFO] [stdout]   --> src/cpu.rs:29:7
[INFO] [stdout]    |
[INFO] [stdout] 29 | const D_PAD: u8 = 0x10;
[INFO] [stdout]    |       ^^^^^
[INFO] [stdout] 
[INFO] [stdout] 
[INFO] [stdout] warning: field `last_serial` is never read
[INFO] [stdout]   --> src/memory/mmu.rs:21:5
[INFO] [stdout]    |
[INFO] [stdout] 14 | pub struct MMU {
[INFO] [stdout]    |            --- field in this struct
[INFO] [stdout] ...
[INFO] [stdout] 21 |     last_serial: u8,
[INFO] [stdout]    |     ^^^^^^^^^^^
[INFO] [stdout] 
[INFO] [stdout] 
[INFO] [stdout] warning: field `index` is never read
[INFO] [stdout]   --> src/ppu.rs:88:5
[INFO] [stdout]    |
[INFO] [stdout] 80 | pub struct Sprite {
[INFO] [stdout]    |            ------ field in this struct
[INFO] [stdout] ...
[INFO] [stdout] 88 |     index: usize,
[INFO] [stdout]    |     ^^^^^
[INFO] [stdout]    |
[INFO] [stdout]    = note: `Sprite` has derived impls for the traits `Debug` and `Clone`, but these are intentionally ignored during dead code analysis
[INFO] [stdout] 
[INFO] [stdout] 
[INFO] [stdout] warning: structure field `S` should have a snake case name
[INFO] [stdout]   --> src/cartridge/rtc.rs:22:5
[INFO] [stdout]    |
[INFO] [stdout] 22 |     S: u8,
[INFO] [stdout]    |     ^ help: convert the identifier to snake case (notice the capitalization): `s`
[INFO] [stdout]    |
[INFO] [stdout]    = note: `#[warn(non_snake_case)]` on by default
[INFO] [stdout] 
[INFO] [stdout] 
[INFO] [stdout] warning: structure field `M` should have a snake case name
[INFO] [stdout]   --> src/cartridge/rtc.rs:23:5
[INFO] [stdout]    |
[INFO] [stdout] 23 |     M: u8,
[INFO] [stdout]    |     ^ help: convert the identifier to snake case: `m`
[INFO] [stdout] 
[INFO] [stdout] 
[INFO] [stdout] warning: structure field `H` should have a snake case name
[INFO] [stdout]   --> src/cartridge/rtc.rs:24:5
[INFO] [stdout]    |
[INFO] [stdout] 24 |     H: u8,
[INFO] [stdout]    |     ^ help: convert the identifier to snake case: `h`
[INFO] [stdout] 
[INFO] [stdout] 
[INFO] [stdout] warning: structure field `DL` should have a snake case name
[INFO] [stdout]   --> src/cartridge/rtc.rs:25:5
[INFO] [stdout]    |
[INFO] [stdout] 25 |     DL: u8,
[INFO] [stdout]    |     ^^ help: convert the identifier to snake case: `dl`
[INFO] [stdout] 
[INFO] [stdout] 
[INFO] [stdout] warning: structure field `DH` should have a snake case name
[INFO] [stdout]   --> src/cartridge/rtc.rs:26:5
[INFO] [stdout]    |
[INFO] [stdout] 26 |     DH: u8,
[INFO] [stdout]    |     ^^ help: convert the identifier to snake case: `dh`
[INFO] [stdout] 
[INFO] [stdout] 
[INFO] [stdout] warning: 33 warnings emitted
[INFO] [stdout] 
[INFO] [stdout] 
[INFO] [stdout] warning: unused import: `Error`
[INFO] [stdout]  --> src/cartridge/mbc3.rs:6:15
[INFO] [stdout]   |
[INFO] [stdout] 6 | use std::io::{Error, Read, Write};
[INFO] [stdout]   |               ^^^^^
[INFO] [stdout]   |
[INFO] [stdout]   = note: `#[warn(unused_imports)]` on by default
[INFO] [stdout] 
[INFO] [stdout] 
[INFO] [stdout] warning: unused import: `Error`
[INFO] [stdout]  --> src/cartridge/rtc.rs:6:15
[INFO] [stdout]   |
[INFO] [stdout] 6 | use std::io::{Error, Write};
[INFO] [stdout]   |               ^^^^^
[INFO] [stdout] 
[INFO] [stdout] 
[INFO] [stdout] warning: unused import: `crate::debug::message::DebugMessage`
[INFO] [stdout]  --> src/debug.rs:7:5
[INFO] [stdout]   |
[INFO] [stdout] 7 | use crate::debug::message::DebugMessage;
[INFO] [stdout]   |     ^^^^^^^^^^^^^^^^^^^^^^^^^^^^^^^^^^^
[INFO] [stdout] 
[INFO] [stdout] 
[INFO] [stdout] warning: unused import: `crate::emulator::Emulator`
[INFO] [stdout]  --> src/debug.rs:8:5
[INFO] [stdout]   |
[INFO] [stdout] 8 | use crate::emulator::Emulator;
[INFO] [stdout]   |     ^^^^^^^^^^^^^^^^^^^^^^^^^
[INFO] [stdout] 
[INFO] [stdout] 
[INFO] [stdout] warning: unused imports: `Receiver`, `TryRecvError`
[INFO] [stdout]   --> src/debug.rs:19:13
[INFO] [stdout]    |
[INFO] [stdout] 19 | use flume::{Receiver, TryRecvError};
[INFO] [stdout]    |             ^^^^^^^^  ^^^^^^^^^^^^
[INFO] [stdout] 
[INFO] [stdout] 
[INFO] [stdout] warning: unused imports: `Builder`, `JoinHandle`
[INFO] [stdout]   --> src/debug.rs:20:19
[INFO] [stdout]    |
[INFO] [stdout] 20 | use std::thread::{Builder, JoinHandle};
[INFO] [stdout]    |                   ^^^^^^^  ^^^^^^^^^^
[INFO] [stdout] 
[INFO] [stdout] 
[INFO] [stdout] warning: unused import: `crate::cpu::interrupt::Flag::Joypad`
[INFO] [stdout]  --> src/display.rs:1:5
[INFO] [stdout]   |
[INFO] [stdout] 1 | use crate::cpu::interrupt::Flag::Joypad;
[INFO] [stdout]   |     ^^^^^^^^^^^^^^^^^^^^^^^^^^^^^^^^^^^
[INFO] [stdout] 
[INFO] [stdout] 
[INFO] [stdout] warning: unused import: `crate::cpu::registers::Flag`
[INFO] [stdout]  --> src/display/debug_canvas.rs:1:5
[INFO] [stdout]   |
[INFO] [stdout] 1 | use crate::cpu::registers::Flag;
[INFO] [stdout]   |     ^^^^^^^^^^^^^^^^^^^^^^^^^^^
[INFO] [stdout] 
[INFO] [stdout] 
[INFO] [stdout] warning: unused imports: `FB_H`, `FB_W`
[INFO] [stdout]  --> src/display/game_canvas.rs:1:34
[INFO] [stdout]   |
[INFO] [stdout] 1 | use crate::ppu::{PPUFramebuffer, FB_H, FB_W};
[INFO] [stdout]   |                                  ^^^^  ^^^^
[INFO] [stdout] 
[INFO] [stdout] 
[INFO] [stdout] warning: unused import: `piston_window::*`
[INFO] [stdout]  --> src/display/game_canvas.rs:2:5
[INFO] [stdout]   |
[INFO] [stdout] 2 | use piston_window::*;
[INFO] [stdout]   |     ^^^^^^^^^^^^^^^^
[INFO] [stdout] 
[INFO] [stdout] 
[INFO] [stdout] warning: unused import: `crate::cartridge::load_cartridge`
[INFO] [stdout]  --> src/emulator.rs:4:5
[INFO] [stdout]   |
[INFO] [stdout] 4 | use crate::cartridge::load_cartridge;
[INFO] [stdout]   |     ^^^^^^^^^^^^^^^^^^^^^^^^^^^^^^^^
[INFO] [stdout] 
[INFO] [stdout] 
[INFO] [stdout] warning: unused import: `crate::cpu::instruction::InstructionSet`
[INFO] [stdout]  --> src/emulator.rs:5:5
[INFO] [stdout]   |
[INFO] [stdout] 5 | use crate::cpu::instruction::InstructionSet;
[INFO] [stdout]   |     ^^^^^^^^^^^^^^^^^^^^^^^^^^^^^^^^^^^^^^^
[INFO] [stdout] 
[INFO] [stdout] 
[INFO] [stdout] warning: unused import: `random_framebuffer`
[INFO] [stdout]   --> src/emulator.rs:10:18
[INFO] [stdout]    |
[INFO] [stdout] 10 | use crate::ppu::{random_framebuffer, Mode, PPUFramebuffer};
[INFO] [stdout]    |                  ^^^^^^^^^^^^^^^^^^
[INFO] [stdout] 
[INFO] [stdout] 
[INFO] [stdout] warning: unused import: `std::io`
[INFO] [stdout]  --> src/memory/mmu.rs:9:5
[INFO] [stdout]   |
[INFO] [stdout] 9 | use std::io;
[INFO] [stdout]   |     ^^^^^^^
[INFO] [stdout] 
[INFO] [stdout] 
[INFO] [stdout] warning: unused import: `std::io::Write`
[INFO] [stdout]   --> src/memory/mmu.rs:10:5
[INFO] [stdout]    |
[INFO] [stdout] 10 | use std::io::Write;
[INFO] [stdout]    |     ^^^^^^^^^^^^^^
[INFO] [stdout] 
[INFO] [stdout] 
[INFO] [stdout] warning: `...` range patterns are deprecated
[INFO] [stdout]    --> src/memory/mmu.rs:122:19
[INFO] [stdout]     |
[INFO] [stdout] 122 |             0x0000...0x7fff => {
[INFO] [stdout]     |                   ^^^ help: use `..=` for an inclusive range
[INFO] [stdout]     |
[INFO] [stdout]     = warning: this is accepted in the current edition (Rust 2018) but is a hard error in Rust 2021!
[INFO] [stdout]     = note: for more information, see <https://doc.rust-lang.org/nightly/edition-guide/rust-2021/warnings-promoted-to-error.html>
[INFO] [stdout]     = note: `#[warn(ellipsis_inclusive_range_patterns)]` on by default
[INFO] [stdout] 
[INFO] [stdout] 
[INFO] [stdout] warning: `...` range patterns are deprecated
[INFO] [stdout]    --> src/memory/mmu.rs:155:18
[INFO] [stdout]     |
[INFO] [stdout] 155 |             0xf40...0xff4b => self.ppu.borrow().get(address),
[INFO] [stdout]     |                  ^^^ help: use `..=` for an inclusive range
[INFO] [stdout]     |
[INFO] [stdout]     = warning: this is accepted in the current edition (Rust 2018) but is a hard error in Rust 2021!
[INFO] [stdout]     = note: for more information, see <https://doc.rust-lang.org/nightly/edition-guide/rust-2021/warnings-promoted-to-error.html>
[INFO] [stdout] 
[INFO] [stdout] 
[INFO] [stdout] warning: `...` range patterns are deprecated
[INFO] [stdout]    --> src/memory/mmu.rs:208:19
[INFO] [stdout]     |
[INFO] [stdout] 208 |             0xff80...0xfffe => self.high_ram[address as usize - 0xff80] = value,
[INFO] [stdout]     |                   ^^^ help: use `..=` for an inclusive range
[INFO] [stdout]     |
[INFO] [stdout]     = warning: this is accepted in the current edition (Rust 2018) but is a hard error in Rust 2021!
[INFO] [stdout]     = note: for more information, see <https://doc.rust-lang.org/nightly/edition-guide/rust-2021/warnings-promoted-to-error.html>
[INFO] [stdout] 
[INFO] [stdout] 
[INFO] [stdout] warning: `...` range patterns are deprecated
[INFO] [stdout]    --> src/ppu.rs:492:19
[INFO] [stdout]     |
[INFO] [stdout] 492 |             0xfe00...0xfe9f => self.oam[address as usize - 0xfe00],
[INFO] [stdout]     |                   ^^^ help: use `..=` for an inclusive range
[INFO] [stdout]     |
[INFO] [stdout]     = warning: this is accepted in the current edition (Rust 2018) but is a hard error in Rust 2021!
[INFO] [stdout]     = note: for more information, see <https://doc.rust-lang.org/nightly/edition-guide/rust-2021/warnings-promoted-to-error.html>
[INFO] [stdout] 
[INFO] [stdout] 
[INFO] [stdout] warning: unused import: `Path`
[INFO] [stdout]  --> src/save.rs:1:17
[INFO] [stdout]   |
[INFO] [stdout] 1 | use std::path::{Path, PathBuf};
[INFO] [stdout]   |                 ^^^^
[INFO] [stdout] 
[INFO] [stdout] 
[INFO] [stdout] warning: unused variable: `format`
[INFO] [stdout]   --> src/apu.rs:11:17
[INFO] [stdout]    |
[INFO] [stdout] 11 |             let format = cpal::Format {
[INFO] [stdout]    |                 ^^^^^^ help: if this is intentional, prefix it with an underscore: `_format`
[INFO] [stdout]    |
[INFO] [stdout]    = note: `#[warn(unused_variables)]` on by default
[INFO] [stdout] 
[INFO] [stdout] 
[INFO] [stdout] warning: unused variable: `address`
[INFO] [stdout]   --> src/cartridge/rom.rs:21:23
[INFO] [stdout]    |
[INFO] [stdout] 21 |     fn set(&mut self, address: u16, value: u8) {
[INFO] [stdout]    |                       ^^^^^^^ help: if this is intentional, prefix it with an underscore: `_address`
[INFO] [stdout] 
[INFO] [stdout] 
[INFO] [stdout] warning: unused variable: `value`
[INFO] [stdout]   --> src/cartridge/rom.rs:21:37
[INFO] [stdout]    |
[INFO] [stdout] 21 |     fn set(&mut self, address: u16, value: u8) {
[INFO] [stdout]    |                                     ^^^^^ help: if this is intentional, prefix it with an underscore: `_value`
[INFO] [stdout] 
[INFO] [stdout] 
[INFO] [stdout] warning: unused variable: `config`
[INFO] [stdout]   --> src/debug/debug_logger.rs:34:31
[INFO] [stdout]    |
[INFO] [stdout] 34 |     pub fn should_skip(&self, config: &Config, record: &Record<'_>) -> bool {
[INFO] [stdout]    |                               ^^^^^^ help: if this is intentional, prefix it with an underscore: `_config`
[INFO] [stdout] 
[INFO] [stdout] 
[INFO] [stdout] warning: variable does not need to be mutable
[INFO] [stdout]   --> src/display.rs:90:25
[INFO] [stdout]    |
[INFO] [stdout] 90 |                     let mut key_pressed = match key {
[INFO] [stdout]    |                         ----^^^^^^^^^^^
[INFO] [stdout]    |                         |
[INFO] [stdout]    |                         help: remove this `mut`
[INFO] [stdout]    |
[INFO] [stdout]    = note: `#[warn(unused_mut)]` on by default
[INFO] [stdout] 
[INFO] [stdout] 
[INFO] [stdout] warning: variable does not need to be mutable
[INFO] [stdout]    --> src/display.rs:130:33
[INFO] [stdout]     |
[INFO] [stdout] 130 | ...                   let mut key_pressed = match key {
[INFO] [stdout]     |                           ----^^^^^^^^^^^
[INFO] [stdout]     |                           |
[INFO] [stdout]     |                           help: remove this `mut`
[INFO] [stdout] 
[INFO] [stdout] 
[INFO] [stdout] warning: constant `INTERRUPT_ENABLE_REG` is never used
[INFO] [stdout]   --> src/cpu.rs:22:7
[INFO] [stdout]    |
[INFO] [stdout] 22 | const INTERRUPT_ENABLE_REG: u16 = 0xFFFF;
[INFO] [stdout]    |       ^^^^^^^^^^^^^^^^^^^^
[INFO] [stdout]    |
[INFO] [stdout]    = note: `#[warn(dead_code)]` on by default
[INFO] [stdout] 
[INFO] [stdout] 
[INFO] [stdout] warning: constant `INTERRUPT_FLAG_REG` is never used
[INFO] [stdout]   --> src/cpu.rs:23:7
[INFO] [stdout]    |
[INFO] [stdout] 23 | const INTERRUPT_FLAG_REG: u16 = 0xFF0F;
[INFO] [stdout]    |       ^^^^^^^^^^^^^^^^^^
[INFO] [stdout] 
[INFO] [stdout] 
[INFO] [stdout] warning: constant `V_BLANK` is never used
[INFO] [stdout]   --> src/cpu.rs:25:7
[INFO] [stdout]    |
[INFO] [stdout] 25 | const V_BLANK: u8 = 0x01;
[INFO] [stdout]    |       ^^^^^^^
[INFO] [stdout] 
[INFO] [stdout] 
[INFO] [stdout] warning: constant `LCD_STAT` is never used
[INFO] [stdout]   --> src/cpu.rs:26:7
[INFO] [stdout]    |
[INFO] [stdout] 26 | const LCD_STAT: u8 = 0x02;
[INFO] [stdout]    |       ^^^^^^^^
[INFO] [stdout] 
[INFO] [stdout] 
[INFO] [stdout] warning: constant `TIMER` is never used
[INFO] [stdout]   --> src/cpu.rs:27:7
[INFO] [stdout]    |
[INFO] [stdout] 27 | const TIMER: u8 = 0x04;
[INFO] [stdout]    |       ^^^^^
[INFO] [stdout] 
[INFO] [stdout] 
[INFO] [stdout] warning: constant `SERIAL` is never used
[INFO] [stdout]   --> src/cpu.rs:28:7
[INFO] [stdout]    |
[INFO] [stdout] 28 | const SERIAL: u8 = 0x08;
[INFO] [stdout]    |       ^^^^^^
[INFO] [stdout] 
[INFO] [stdout] 
[INFO] [stdout] warning: constant `D_PAD` is never used
[INFO] [stdout]   --> src/cpu.rs:29:7
[INFO] [stdout]    |
[INFO] [stdout] 29 | const D_PAD: u8 = 0x10;
[INFO] [stdout]    |       ^^^^^
[INFO] [stdout] 
[INFO] [stdout] 
[INFO] [stdout] warning: method `flip` is never used
[INFO] [stdout]    --> src/cpu.rs:249:12
[INFO] [stdout]     |
[INFO] [stdout] 249 |     pub fn flip(&mut self) -> bool {
[INFO] [stdout]     |            ^^^^
[INFO] [stdout] 
[INFO] [stdout] 
[INFO] [stdout] warning: variant `Serial` is never constructed
[INFO] [stdout]  --> src/cpu/interrupt.rs:7:5
[INFO] [stdout]   |
[INFO] [stdout] 3 | pub enum Flag {
[INFO] [stdout]   |          ---- variant in this enum
[INFO] [stdout] ...
[INFO] [stdout] 7 |     Serial = 3,
[INFO] [stdout]   |     ^^^^^^
[INFO] [stdout]   |
[INFO] [stdout]   = note: `Flag` has a derived impl for the trait `Clone`, but this is intentionally ignored during dead code analysis
[INFO] [stdout] 
[INFO] [stdout] 
[INFO] [stdout] warning: constant `FB_W` is never used
[INFO] [stdout]   --> src/debug.rs:22:11
[INFO] [stdout]    |
[INFO] [stdout] 22 | pub const FB_W: usize = 160;
[INFO] [stdout]    |           ^^^^
[INFO] [stdout] 
[INFO] [stdout] 
[INFO] [stdout] warning: constant `FB_H` is never used
[INFO] [stdout]   --> src/debug.rs:23:11
[INFO] [stdout]    |
[INFO] [stdout] 23 | pub const FB_H: usize = 144;
[INFO] [stdout]    |           ^^^^
[INFO] [stdout] 
[INFO] [stdout] 
[INFO] [stdout] warning: variant `PeekValue` is never constructed
[INFO] [stdout]  --> src/debug/command.rs:3:5
[INFO] [stdout]   |
[INFO] [stdout] 2 | pub enum DebugCommand {
[INFO] [stdout]   |          ------------ variant in this enum
[INFO] [stdout] 3 |     PeekValue(u16),
[INFO] [stdout]   |     ^^^^^^^^^
[INFO] [stdout]   |
[INFO] [stdout]   = note: `DebugCommand` has derived impls for the traits `Debug` and `Clone`, but these are intentionally ignored during dead code analysis
[INFO] [stdout] 
[INFO] [stdout] 
[INFO] [stdout] warning: variant `DebugCommand` is never constructed
[INFO] [stdout]  --> src/debug/message.rs:8:5
[INFO] [stdout]   |
[INFO] [stdout] 6 | pub enum DebugMessage {
[INFO] [stdout]   |          ------------ variant in this enum
[INFO] [stdout] 7 |     LogUpdate(String),
[INFO] [stdout] 8 |     DebugCommand(DebugCommand),
[INFO] [stdout]   |     ^^^^^^^^^^^^
[INFO] [stdout]   |
[INFO] [stdout]   = note: `DebugMessage` has derived impls for the traits `Debug` and `Clone`, but these are intentionally ignored during dead code analysis
[INFO] [stdout] 
[INFO] [stdout] 
[INFO] [stdout] warning: function `update_tile_canvas` is never used
[INFO] [stdout]    --> src/display/debug_canvas.rs:161:8
[INFO] [stdout]     |
[INFO] [stdout] 161 | pub fn update_tile_canvas(
[INFO] [stdout]     |        ^^^^^^^^^^^^^^^^^^
[INFO] [stdout] 
[INFO] [stdout] 
[INFO] [stdout] warning: constant `PIXEL_COLOUR_STRIDE` is never used
[INFO] [stdout]    --> src/display/debug_canvas.rs:189:11
[INFO] [stdout]     |
[INFO] [stdout] 189 |     const PIXEL_COLOUR_STRIDE: usize = 4;
[INFO] [stdout]     |           ^^^^^^^^^^^^^^^^^^^
[INFO] [stdout] 
[INFO] [stdout] 
[INFO] [stdout] warning: field `last_serial` is never read
[INFO] [stdout]   --> src/memory/mmu.rs:21:5
[INFO] [stdout]    |
[INFO] [stdout] 14 | pub struct MMU {
[INFO] [stdout]    |            --- field in this struct
[INFO] [stdout] ...
[INFO] [stdout] 21 |     last_serial: u8,
[INFO] [stdout]    |     ^^^^^^^^^^^
[INFO] [stdout] 
[INFO] [stdout] 
[INFO] [stdout] warning: field `index` is never read
[INFO] [stdout]   --> src/ppu.rs:88:5
[INFO] [stdout]    |
[INFO] [stdout] 80 | pub struct Sprite {
[INFO] [stdout]    |            ------ field in this struct
[INFO] [stdout] ...
[INFO] [stdout] 88 |     index: usize,
[INFO] [stdout]    |     ^^^^^
[INFO] [stdout]    |
[INFO] [stdout]    = note: `Sprite` has derived impls for the traits `Debug` and `Clone`, but these are intentionally ignored during dead code analysis
[INFO] [stdout] 
[INFO] [stdout] 
[INFO] [stdout] warning: function `random_framebuffer` is never used
[INFO] [stdout]    --> src/ppu.rs:624:8
[INFO] [stdout]     |
[INFO] [stdout] 624 | pub fn random_framebuffer() -> PPUFramebuffer {
[INFO] [stdout]     |        ^^^^^^^^^^^^^^^^^^
[INFO] [stdout] 
[INFO] [stdout] 
[INFO] [stdout] warning: structure field `S` should have a snake case name
[INFO] [stdout]   --> src/cartridge/rtc.rs:22:5
[INFO] [stdout]    |
[INFO] [stdout] 22 |     S: u8,
[INFO] [stdout]    |     ^ help: convert the identifier to snake case (notice the capitalization): `s`
[INFO] [stdout]    |
[INFO] [stdout]    = note: `#[warn(non_snake_case)]` on by default
[INFO] [stdout] 
[INFO] [stdout] 
[INFO] [stdout] warning: structure field `M` should have a snake case name
[INFO] [stdout]   --> src/cartridge/rtc.rs:23:5
[INFO] [stdout]    |
[INFO] [stdout] 23 |     M: u8,
[INFO] [stdout]    |     ^ help: convert the identifier to snake case: `m`
[INFO] [stdout] 
[INFO] [stdout] 
[INFO] [stdout] warning: structure field `H` should have a snake case name
[INFO] [stdout]   --> src/cartridge/rtc.rs:24:5
[INFO] [stdout]    |
[INFO] [stdout] 24 |     H: u8,
[INFO] [stdout]    |     ^ help: convert the identifier to snake case: `h`
[INFO] [stdout] 
[INFO] [stdout] 
[INFO] [stdout] warning: structure field `DL` should have a snake case name
[INFO] [stdout]   --> src/cartridge/rtc.rs:25:5
[INFO] [stdout]    |
[INFO] [stdout] 25 |     DL: u8,
[INFO] [stdout]    |     ^^ help: convert the identifier to snake case: `dl`
[INFO] [stdout] 
[INFO] [stdout] 
[INFO] [stdout] warning: structure field `DH` should have a snake case name
[INFO] [stdout]   --> src/cartridge/rtc.rs:26:5
[INFO] [stdout]    |
[INFO] [stdout] 26 |     DH: u8,
[INFO] [stdout]    |     ^^ help: convert the identifier to snake case: `dh`
[INFO] [stdout] 
[INFO] [stdout] 
[INFO] [stdout] warning: 49 warnings emitted
[INFO] [stdout] 
[INFO] [stdout] 
[INFO] [stderr]     Finished dev [unoptimized + debuginfo] target(s) in 1m 23s
[INFO] running `Command { std: "docker" "inspect" "95896b658cc03da3ffcfe27eb30e0aeeb290277d5cf50bfc00208a400993a1a3", kill_on_drop: false }`
[INFO] running `Command { std: "docker" "rm" "-f" "95896b658cc03da3ffcfe27eb30e0aeeb290277d5cf50bfc00208a400993a1a3", kill_on_drop: false }`
[INFO] [stdout] 95896b658cc03da3ffcfe27eb30e0aeeb290277d5cf50bfc00208a400993a1a3
[INFO] running `Command { std: "docker" "create" "-v" "/var/lib/crater-agent-workspace/builds/worker-1-tc1/target:/opt/rustwide/target:rw,Z" "-v" "/var/lib/crater-agent-workspace/builds/worker-1-tc1/source:/opt/rustwide/workdir:ro,Z" "-v" "/var/lib/crater-agent-workspace/cargo-home:/opt/rustwide/cargo-home:ro,Z" "-v" "/var/lib/crater-agent-workspace/rustup-home:/opt/rustwide/rustup-home:ro,Z" "-e" "SOURCE_DIR=/opt/rustwide/workdir" "-e" "CARGO_TARGET_DIR=/opt/rustwide/target" "-e" "CARGO_INCREMENTAL=0" "-e" "RUST_BACKTRACE=full" "-e" "RUSTFLAGS=--cap-lints=warn" "-e" "RUSTDOCFLAGS=--cap-lints=warn" "-e" "CARGO_HOME=/opt/rustwide/cargo-home" "-e" "RUSTUP_HOME=/opt/rustwide/rustup-home" "-w" "/opt/rustwide/workdir" "-m" "1610612736" "--user" "0:0" "--network" "none" "ghcr.io/rust-lang/crates-build-env/linux@sha256:5ff2268d62e97bff2cde7d5815dd6ed5b47097566f13b8d0ca110b04b60e07ed" "/opt/rustwide/cargo-home/bin/cargo" "+1.69.0" "test" "--frozen" "--no-run" "--message-format=json", kill_on_drop: false }`
[INFO] [stdout] 23a36014bdf84af2f600d83f359132a188b800a2d675b8bd2136a2ce80e0c368
[INFO] running `Command { std: "docker" "start" "-a" "23a36014bdf84af2f600d83f359132a188b800a2d675b8bd2136a2ce80e0c368", kill_on_drop: false }`
[INFO] [stderr]    Compiling ryu v1.0.5
[INFO] [stderr]    Compiling serde_json v1.0.59
[INFO] [stderr]    Compiling itoa v0.4.6
[INFO] [stdout] warning: unused import: `Error`
[INFO] [stdout]  --> src/cartridge/mbc3.rs:6:15
[INFO] [stdout]   |
[INFO] [stdout] 6 | use std::io::{Error, Read, Write};
[INFO] [stdout]   |               ^^^^^
[INFO] [stdout]   |
[INFO] [stdout]   = note: `#[warn(unused_imports)]` on by default
[INFO] [stdout] 
[INFO] [stdout] 
[INFO] [stdout] warning: unused import: `Error`
[INFO] [stdout]  --> src/cartridge/rtc.rs:6:15
[INFO] [stdout]   |
[INFO] [stdout] 6 | use std::io::{Error, Write};
[INFO] [stdout]   |               ^^^^^
[INFO] [stdout] 
[INFO] [stdout] 
[INFO] [stdout] warning: unused import: `crate::debug::message::DebugMessage`
[INFO] [stdout]  --> src/debug.rs:7:5
[INFO] [stdout]   |
[INFO] [stdout] 7 | use crate::debug::message::DebugMessage;
[INFO] [stdout]   |     ^^^^^^^^^^^^^^^^^^^^^^^^^^^^^^^^^^^
[INFO] [stdout] 
[INFO] [stdout] 
[INFO] [stdout] warning: unused import: `crate::emulator::Emulator`
[INFO] [stdout]  --> src/debug.rs:8:5
[INFO] [stdout]   |
[INFO] [stdout] 8 | use crate::emulator::Emulator;
[INFO] [stdout]   |     ^^^^^^^^^^^^^^^^^^^^^^^^^
[INFO] [stdout] 
[INFO] [stdout] 
[INFO] [stdout] warning: unused imports: `Receiver`, `TryRecvError`
[INFO] [stdout]   --> src/debug.rs:19:13
[INFO] [stdout]    |
[INFO] [stdout] 19 | use flume::{Receiver, TryRecvError};
[INFO] [stdout]    |             ^^^^^^^^  ^^^^^^^^^^^^
[INFO] [stdout] 
[INFO] [stdout] 
[INFO] [stdout] warning: unused imports: `Builder`, `JoinHandle`
[INFO] [stdout]   --> src/debug.rs:20:19
[INFO] [stdout]    |
[INFO] [stdout] 20 | use std::thread::{Builder, JoinHandle};
[INFO] [stdout]    |                   ^^^^^^^  ^^^^^^^^^^
[INFO] [stdout] 
[INFO] [stdout] 
[INFO] [stdout] warning: unused import: `crate::cartridge::load_cartridge`
[INFO] [stdout]  --> src/emulator.rs:4:5
[INFO] [stdout]   |
[INFO] [stdout] 4 | use crate::cartridge::load_cartridge;
[INFO] [stdout]   |     ^^^^^^^^^^^^^^^^^^^^^^^^^^^^^^^^
[INFO] [stdout] 
[INFO] [stdout] 
[INFO] [stdout] warning: unused import: `crate::cpu::instruction::InstructionSet`
[INFO] [stdout]  --> src/emulator.rs:5:5
[INFO] [stdout]   |
[INFO] [stdout] 5 | use crate::cpu::instruction::InstructionSet;
[INFO] [stdout]   |     ^^^^^^^^^^^^^^^^^^^^^^^^^^^^^^^^^^^^^^^
[INFO] [stdout] 
[INFO] [stdout] 
[INFO] [stdout] warning: unused import: `random_framebuffer`
[INFO] [stdout]   --> src/emulator.rs:10:18
[INFO] [stdout]    |
[INFO] [stdout] 10 | use crate::ppu::{random_framebuffer, Mode, PPUFramebuffer};
[INFO] [stdout]    |                  ^^^^^^^^^^^^^^^^^^
[INFO] [stdout] 
[INFO] [stdout] 
[INFO] [stdout] warning: unused import: `std::io`
[INFO] [stdout]  --> src/memory/mmu.rs:9:5
[INFO] [stdout]   |
[INFO] [stdout] 9 | use std::io;
[INFO] [stdout]   |     ^^^^^^^
[INFO] [stdout] 
[INFO] [stdout] 
[INFO] [stdout] warning: unused import: `std::io::Write`
[INFO] [stdout]   --> src/memory/mmu.rs:10:5
[INFO] [stdout]    |
[INFO] [stdout] 10 | use std::io::Write;
[INFO] [stdout]    |     ^^^^^^^^^^^^^^
[INFO] [stdout] 
[INFO] [stdout] 
[INFO] [stdout] warning: `...` range patterns are deprecated
[INFO] [stdout]    --> src/memory/mmu.rs:122:19
[INFO] [stdout]     |
[INFO] [stdout] 122 |             0x0000...0x7fff => {
[INFO] [stdout]     |                   ^^^ help: use `..=` for an inclusive range
[INFO] [stdout]     |
[INFO] [stdout]     = warning: this is accepted in the current edition (Rust 2018) but is a hard error in Rust 2021!
[INFO] [stdout]     = note: for more information, see <https://doc.rust-lang.org/nightly/edition-guide/rust-2021/warnings-promoted-to-error.html>
[INFO] [stdout]     = note: `#[warn(ellipsis_inclusive_range_patterns)]` on by default
[INFO] [stdout] 
[INFO] [stdout] 
[INFO] [stdout] warning: `...` range patterns are deprecated
[INFO] [stdout]    --> src/memory/mmu.rs:155:18
[INFO] [stdout]     |
[INFO] [stdout] 155 |             0xf40...0xff4b => self.ppu.borrow().get(address),
[INFO] [stdout]     |                  ^^^ help: use `..=` for an inclusive range
[INFO] [stdout]     |
[INFO] [stdout]     = warning: this is accepted in the current edition (Rust 2018) but is a hard error in Rust 2021!
[INFO] [stdout]     = note: for more information, see <https://doc.rust-lang.org/nightly/edition-guide/rust-2021/warnings-promoted-to-error.html>
[INFO] [stdout] 
[INFO] [stdout] 
[INFO] [stdout] warning: `...` range patterns are deprecated
[INFO] [stdout]    --> src/memory/mmu.rs:208:19
[INFO] [stdout]     |
[INFO] [stdout] 208 |             0xff80...0xfffe => self.high_ram[address as usize - 0xff80] = value,
[INFO] [stdout]     |                   ^^^ help: use `..=` for an inclusive range
[INFO] [stdout]     |
[INFO] [stdout]     = warning: this is accepted in the current edition (Rust 2018) but is a hard error in Rust 2021!
[INFO] [stdout]     = note: for more information, see <https://doc.rust-lang.org/nightly/edition-guide/rust-2021/warnings-promoted-to-error.html>
[INFO] [stdout] 
[INFO] [stdout] 
[INFO] [stdout] warning: `...` range patterns are deprecated
[INFO] [stdout]    --> src/ppu.rs:492:19
[INFO] [stdout]     |
[INFO] [stdout] 492 |             0xfe00...0xfe9f => self.oam[address as usize - 0xfe00],
[INFO] [stdout]     |                   ^^^ help: use `..=` for an inclusive range
[INFO] [stdout]     |
[INFO] [stdout]     = warning: this is accepted in the current edition (Rust 2018) but is a hard error in Rust 2021!
[INFO] [stdout]     = note: for more information, see <https://doc.rust-lang.org/nightly/edition-guide/rust-2021/warnings-promoted-to-error.html>
[INFO] [stdout] 
[INFO] [stdout] 
[INFO] [stdout] warning: unused import: `Path`
[INFO] [stdout]  --> src/save.rs:1:17
[INFO] [stdout]   |
[INFO] [stdout] 1 | use std::path::{Path, PathBuf};
[INFO] [stdout]   |                 ^^^^
[INFO] [stdout] 
[INFO] [stdout] 
[INFO] [stdout] warning: unused variable: `address`
[INFO] [stdout]   --> src/cartridge/rom.rs:21:23
[INFO] [stdout]    |
[INFO] [stdout] 21 |     fn set(&mut self, address: u16, value: u8) {
[INFO] [stdout]    |                       ^^^^^^^ help: if this is intentional, prefix it with an underscore: `_address`
[INFO] [stdout]    |
[INFO] [stdout]    = note: `#[warn(unused_variables)]` on by default
[INFO] [stdout] 
[INFO] [stdout] 
[INFO] [stdout] warning: unused variable: `value`
[INFO] [stdout]   --> src/cartridge/rom.rs:21:37
[INFO] [stdout]    |
[INFO] [stdout] 21 |     fn set(&mut self, address: u16, value: u8) {
[INFO] [stdout]    |                                     ^^^^^ help: if this is intentional, prefix it with an underscore: `_value`
[INFO] [stdout] 
[INFO] [stdout] 
[INFO] [stdout] warning: unused variable: `config`
[INFO] [stdout]   --> src/debug/debug_logger.rs:34:31
[INFO] [stdout]    |
[INFO] [stdout] 34 |     pub fn should_skip(&self, config: &Config, record: &Record<'_>) -> bool {
[INFO] [stdout]    |                               ^^^^^^ help: if this is intentional, prefix it with an underscore: `_config`
[INFO] [stdout] 
[INFO] [stdout] 
[INFO] [stdout] warning: constant `INTERRUPT_ENABLE_REG` is never used
[INFO] [stdout]   --> src/cpu.rs:22:7
[INFO] [stdout]    |
[INFO] [stdout] 22 | const INTERRUPT_ENABLE_REG: u16 = 0xFFFF;
[INFO] [stdout]    |       ^^^^^^^^^^^^^^^^^^^^
[INFO] [stdout]    |
[INFO] [stdout]    = note: `#[warn(dead_code)]` on by default
[INFO] [stdout] 
[INFO] [stdout] 
[INFO] [stdout] warning: constant `INTERRUPT_FLAG_REG` is never used
[INFO] [stdout]   --> src/cpu.rs:23:7
[INFO] [stdout]    |
[INFO] [stdout] 23 | const INTERRUPT_FLAG_REG: u16 = 0xFF0F;
[INFO] [stdout]    |       ^^^^^^^^^^^^^^^^^^
[INFO] [stdout] 
[INFO] [stdout] 
[INFO] [stdout] warning: constant `V_BLANK` is never used
[INFO] [stdout]   --> src/cpu.rs:25:7
[INFO] [stdout]    |
[INFO] [stdout] 25 | const V_BLANK: u8 = 0x01;
[INFO] [stdout]    |       ^^^^^^^
[INFO] [stdout] 
[INFO] [stdout] 
[INFO] [stdout] warning: constant `LCD_STAT` is never used
[INFO] [stdout]   --> src/cpu.rs:26:7
[INFO] [stdout]    |
[INFO] [stdout] 26 | const LCD_STAT: u8 = 0x02;
[INFO] [stdout]    |       ^^^^^^^^
[INFO] [stdout] 
[INFO] [stdout] 
[INFO] [stdout] warning: constant `TIMER` is never used
[INFO] [stdout]   --> src/cpu.rs:27:7
[INFO] [stdout]    |
[INFO] [stdout] 27 | const TIMER: u8 = 0x04;
[INFO] [stdout]    |       ^^^^^
[INFO] [stdout] 
[INFO] [stdout] 
[INFO] [stdout] warning: constant `SERIAL` is never used
[INFO] [stdout]   --> src/cpu.rs:28:7
[INFO] [stdout]    |
[INFO] [stdout] 28 | const SERIAL: u8 = 0x08;
[INFO] [stdout]    |       ^^^^^^
[INFO] [stdout] 
[INFO] [stdout] 
[INFO] [stdout] warning: constant `D_PAD` is never used
[INFO] [stdout]   --> src/cpu.rs:29:7
[INFO] [stdout]    |
[INFO] [stdout] 29 | const D_PAD: u8 = 0x10;
[INFO] [stdout]    |       ^^^^^
[INFO] [stdout] 
[INFO] [stdout] 
[INFO] [stdout] warning: field `last_serial` is never read
[INFO] [stdout]   --> src/memory/mmu.rs:21:5
[INFO] [stdout]    |
[INFO] [stdout] 14 | pub struct MMU {
[INFO] [stdout]    |            --- field in this struct
[INFO] [stdout] ...
[INFO] [stdout] 21 |     last_serial: u8,
[INFO] [stdout]    |     ^^^^^^^^^^^
[INFO] [stdout] 
[INFO] [stdout] 
[INFO] [stdout] warning: field `index` is never read
[INFO] [stdout]   --> src/ppu.rs:88:5
[INFO] [stdout]    |
[INFO] [stdout] 80 | pub struct Sprite {
[INFO] [stdout]    |            ------ field in this struct
[INFO] [stdout] ...
[INFO] [stdout] 88 |     index: usize,
[INFO] [stdout]    |     ^^^^^
[INFO] [stdout]    |
[INFO] [stdout]    = note: `Sprite` has derived impls for the traits `Debug` and `Clone`, but these are intentionally ignored during dead code analysis
[INFO] [stdout] 
[INFO] [stdout] 
[INFO] [stdout] warning: structure field `S` should have a snake case name
[INFO] [stdout]   --> src/cartridge/rtc.rs:22:5
[INFO] [stdout]    |
[INFO] [stdout] 22 |     S: u8,
[INFO] [stdout]    |     ^ help: convert the identifier to snake case (notice the capitalization): `s`
[INFO] [stdout]    |
[INFO] [stdout]    = note: `#[warn(non_snake_case)]` on by default
[INFO] [stdout] 
[INFO] [stdout] 
[INFO] [stdout] warning: structure field `M` should have a snake case name
[INFO] [stdout]   --> src/cartridge/rtc.rs:23:5
[INFO] [stdout]    |
[INFO] [stdout] 23 |     M: u8,
[INFO] [stdout]    |     ^ help: convert the identifier to snake case: `m`
[INFO] [stdout] 
[INFO] [stdout] 
[INFO] [stdout] warning: structure field `H` should have a snake case name
[INFO] [stdout]   --> src/cartridge/rtc.rs:24:5
[INFO] [stdout]    |
[INFO] [stdout] 24 |     H: u8,
[INFO] [stdout]    |     ^ help: convert the identifier to snake case: `h`
[INFO] [stdout] 
[INFO] [stdout] 
[INFO] [stdout] warning: structure field `DL` should have a snake case name
[INFO] [stdout]   --> src/cartridge/rtc.rs:25:5
[INFO] [stdout]    |
[INFO] [stdout] 25 |     DL: u8,
[INFO] [stdout]    |     ^^ help: convert the identifier to snake case: `dl`
[INFO] [stdout] 
[INFO] [stdout] 
[INFO] [stdout] warning: structure field `DH` should have a snake case name
[INFO] [stdout]   --> src/cartridge/rtc.rs:26:5
[INFO] [stdout]    |
[INFO] [stdout] 26 |     DH: u8,
[INFO] [stdout]    |     ^^ help: convert the identifier to snake case: `dh`
[INFO] [stdout] 
[INFO] [stdout] 
[INFO] [stdout] warning: 33 warnings emitted
[INFO] [stdout] 
[INFO] [stdout] 
[INFO] [stdout] warning: unused import: `Error`
[INFO] [stdout]  --> src/cartridge/mbc3.rs:6:15
[INFO] [stdout]   |
[INFO] [stdout] 6 | use std::io::{Error, Read, Write};
[INFO] [stdout]   |               ^^^^^
[INFO] [stdout]   |
[INFO] [stdout]   = note: `#[warn(unused_imports)]` on by default
[INFO] [stdout] 
[INFO] [stdout] 
[INFO] [stdout] warning: unused import: `Error`
[INFO] [stdout]  --> src/cartridge/rtc.rs:6:15
[INFO] [stdout]   |
[INFO] [stdout] 6 | use std::io::{Error, Write};
[INFO] [stdout]   |               ^^^^^
[INFO] [stdout] 
[INFO] [stdout] 
[INFO] [stdout] warning: unused import: `crate::debug::message::DebugMessage`
[INFO] [stdout]  --> src/debug.rs:7:5
[INFO] [stdout]   |
[INFO] [stdout] 7 | use crate::debug::message::DebugMessage;
[INFO] [stdout]   |     ^^^^^^^^^^^^^^^^^^^^^^^^^^^^^^^^^^^
[INFO] [stdout] 
[INFO] [stdout] 
[INFO] [stdout] warning: unused import: `crate::emulator::Emulator`
[INFO] [stdout]  --> src/debug.rs:8:5
[INFO] [stdout]   |
[INFO] [stdout] 8 | use crate::emulator::Emulator;
[INFO] [stdout]   |     ^^^^^^^^^^^^^^^^^^^^^^^^^
[INFO] [stdout] 
[INFO] [stdout] 
[INFO] [stdout] warning: unused imports: `Receiver`, `TryRecvError`
[INFO] [stdout]   --> src/debug.rs:19:13
[INFO] [stdout]    |
[INFO] [stdout] 19 | use flume::{Receiver, TryRecvError};
[INFO] [stdout]    |             ^^^^^^^^  ^^^^^^^^^^^^
[INFO] [stdout] 
[INFO] [stdout] 
[INFO] [stdout] warning: unused imports: `Builder`, `JoinHandle`
[INFO] [stdout]   --> src/debug.rs:20:19
[INFO] [stdout]    |
[INFO] [stdout] 20 | use std::thread::{Builder, JoinHandle};
[INFO] [stdout]    |                   ^^^^^^^  ^^^^^^^^^^
[INFO] [stdout] 
[INFO] [stdout] 
[INFO] [stdout] warning: unused import: `crate::cpu::interrupt::Flag::Joypad`
[INFO] [stdout]  --> src/display.rs:1:5
[INFO] [stdout]   |
[INFO] [stdout] 1 | use crate::cpu::interrupt::Flag::Joypad;
[INFO] [stdout]   |     ^^^^^^^^^^^^^^^^^^^^^^^^^^^^^^^^^^^
[INFO] [stdout] 
[INFO] [stdout] 
[INFO] [stdout] warning: unused import: `crate::cpu::registers::Flag`
[INFO] [stdout]  --> src/display/debug_canvas.rs:1:5
[INFO] [stdout]   |
[INFO] [stdout] 1 | use crate::cpu::registers::Flag;
[INFO] [stdout]   |     ^^^^^^^^^^^^^^^^^^^^^^^^^^^
[INFO] [stdout] 
[INFO] [stdout] 
[INFO] [stdout] warning: unused imports: `FB_H`, `FB_W`
[INFO] [stdout]  --> src/display/game_canvas.rs:1:34
[INFO] [stdout]   |
[INFO] [stdout] 1 | use crate::ppu::{PPUFramebuffer, FB_H, FB_W};
[INFO] [stdout]   |                                  ^^^^  ^^^^
[INFO] [stdout] 
[INFO] [stdout] 
[INFO] [stdout] warning: unused import: `piston_window::*`
[INFO] [stdout]  --> src/display/game_canvas.rs:2:5
[INFO] [stdout]   |
[INFO] [stdout] 2 | use piston_window::*;
[INFO] [stdout]   |     ^^^^^^^^^^^^^^^^
[INFO] [stdout] 
[INFO] [stdout] 
[INFO] [stdout] warning: unused import: `crate::cartridge::load_cartridge`
[INFO] [stdout]  --> src/emulator.rs:4:5
[INFO] [stdout]   |
[INFO] [stdout] 4 | use crate::cartridge::load_cartridge;
[INFO] [stdout]   |     ^^^^^^^^^^^^^^^^^^^^^^^^^^^^^^^^
[INFO] [stdout] 
[INFO] [stdout] 
[INFO] [stdout] warning: unused import: `crate::cpu::instruction::InstructionSet`
[INFO] [stdout]  --> src/emulator.rs:5:5
[INFO] [stdout]   |
[INFO] [stdout] 5 | use crate::cpu::instruction::InstructionSet;
[INFO] [stdout]   |     ^^^^^^^^^^^^^^^^^^^^^^^^^^^^^^^^^^^^^^^
[INFO] [stdout] 
[INFO] [stdout] 
[INFO] [stdout] warning: unused import: `random_framebuffer`
[INFO] [stdout]   --> src/emulator.rs:10:18
[INFO] [stdout]    |
[INFO] [stdout] 10 | use crate::ppu::{random_framebuffer, Mode, PPUFramebuffer};
[INFO] [stdout]    |                  ^^^^^^^^^^^^^^^^^^
[INFO] [stdout] 
[INFO] [stdout] 
[INFO] [stdout] warning: unused import: `std::io`
[INFO] [stdout]  --> src/memory/mmu.rs:9:5
[INFO] [stdout]   |
[INFO] [stdout] 9 | use std::io;
[INFO] [stdout]   |     ^^^^^^^
[INFO] [stdout] 
[INFO] [stdout] 
[INFO] [stdout] warning: unused import: `std::io::Write`
[INFO] [stdout]   --> src/memory/mmu.rs:10:5
[INFO] [stdout]    |
[INFO] [stdout] 10 | use std::io::Write;
[INFO] [stdout]    |     ^^^^^^^^^^^^^^
[INFO] [stdout] 
[INFO] [stdout] 
[INFO] [stdout] warning: `...` range patterns are deprecated
[INFO] [stdout]    --> src/memory/mmu.rs:122:19
[INFO] [stdout]     |
[INFO] [stdout] 122 |             0x0000...0x7fff => {
[INFO] [stdout]     |                   ^^^ help: use `..=` for an inclusive range
[INFO] [stdout]     |
[INFO] [stdout]     = warning: this is accepted in the current edition (Rust 2018) but is a hard error in Rust 2021!
[INFO] [stdout]     = note: for more information, see <https://doc.rust-lang.org/nightly/edition-guide/rust-2021/warnings-promoted-to-error.html>
[INFO] [stdout]     = note: `#[warn(ellipsis_inclusive_range_patterns)]` on by default
[INFO] [stdout] 
[INFO] [stdout] 
[INFO] [stdout] warning: `...` range patterns are deprecated
[INFO] [stdout]    --> src/memory/mmu.rs:155:18
[INFO] [stdout]     |
[INFO] [stdout] 155 |             0xf40...0xff4b => self.ppu.borrow().get(address),
[INFO] [stdout]     |                  ^^^ help: use `..=` for an inclusive range
[INFO] [stdout]     |
[INFO] [stdout]     = warning: this is accepted in the current edition (Rust 2018) but is a hard error in Rust 2021!
[INFO] [stdout]     = note: for more information, see <https://doc.rust-lang.org/nightly/edition-guide/rust-2021/warnings-promoted-to-error.html>
[INFO] [stdout] 
[INFO] [stdout] 
[INFO] [stdout] warning: `...` range patterns are deprecated
[INFO] [stdout]    --> src/memory/mmu.rs:208:19
[INFO] [stdout]     |
[INFO] [stdout] 208 |             0xff80...0xfffe => self.high_ram[address as usize - 0xff80] = value,
[INFO] [stdout]     |                   ^^^ help: use `..=` for an inclusive range
[INFO] [stdout]     |
[INFO] [stdout]     = warning: this is accepted in the current edition (Rust 2018) but is a hard error in Rust 2021!
[INFO] [stdout]     = note: for more information, see <https://doc.rust-lang.org/nightly/edition-guide/rust-2021/warnings-promoted-to-error.html>
[INFO] [stdout] 
[INFO] [stdout] 
[INFO] [stdout] warning: `...` range patterns are deprecated
[INFO] [stdout]    --> src/ppu.rs:492:19
[INFO] [stdout]     |
[INFO] [stdout] 492 |             0xfe00...0xfe9f => self.oam[address as usize - 0xfe00],
[INFO] [stdout]     |                   ^^^ help: use `..=` for an inclusive range
[INFO] [stdout]     |
[INFO] [stdout]     = warning: this is accepted in the current edition (Rust 2018) but is a hard error in Rust 2021!
[INFO] [stdout]     = note: for more information, see <https://doc.rust-lang.org/nightly/edition-guide/rust-2021/warnings-promoted-to-error.html>
[INFO] [stdout] 
[INFO] [stdout] 
[INFO] [stdout] warning: unused import: `Path`
[INFO] [stdout]  --> src/save.rs:1:17
[INFO] [stdout]   |
[INFO] [stdout] 1 | use std::path::{Path, PathBuf};
[INFO] [stdout]   |                 ^^^^
[INFO] [stdout] 
[INFO] [stdout] 
[INFO] [stdout] warning: unused variable: `format`
[INFO] [stdout]   --> src/apu.rs:11:17
[INFO] [stdout]    |
[INFO] [stdout] 11 |             let format = cpal::Format {
[INFO] [stdout]    |                 ^^^^^^ help: if this is intentional, prefix it with an underscore: `_format`
[INFO] [stdout]    |
[INFO] [stdout]    = note: `#[warn(unused_variables)]` on by default
[INFO] [stdout] 
[INFO] [stdout] 
[INFO] [stdout] warning: unused variable: `address`
[INFO] [stdout]   --> src/cartridge/rom.rs:21:23
[INFO] [stdout]    |
[INFO] [stdout] 21 |     fn set(&mut self, address: u16, value: u8) {
[INFO] [stdout]    |                       ^^^^^^^ help: if this is intentional, prefix it with an underscore: `_address`
[INFO] [stdout] 
[INFO] [stdout] 
[INFO] [stdout] warning: unused variable: `value`
[INFO] [stdout]   --> src/cartridge/rom.rs:21:37
[INFO] [stdout]    |
[INFO] [stdout] 21 |     fn set(&mut self, address: u16, value: u8) {
[INFO] [stdout]    |                                     ^^^^^ help: if this is intentional, prefix it with an underscore: `_value`
[INFO] [stdout] 
[INFO] [stdout] 
[INFO] [stdout] warning: unused variable: `config`
[INFO] [stdout]   --> src/debug/debug_logger.rs:34:31
[INFO] [stdout]    |
[INFO] [stdout] 34 |     pub fn should_skip(&self, config: &Config, record: &Record<'_>) -> bool {
[INFO] [stdout]    |                               ^^^^^^ help: if this is intentional, prefix it with an underscore: `_config`
[INFO] [stdout] 
[INFO] [stdout] 
[INFO] [stdout] warning: variable does not need to be mutable
[INFO] [stdout]   --> src/display.rs:90:25
[INFO] [stdout]    |
[INFO] [stdout] 90 |                     let mut key_pressed = match key {
[INFO] [stdout]    |                         ----^^^^^^^^^^^
[INFO] [stdout]    |                         |
[INFO] [stdout]    |                         help: remove this `mut`
[INFO] [stdout]    |
[INFO] [stdout]    = note: `#[warn(unused_mut)]` on by default
[INFO] [stdout] 
[INFO] [stdout] 
[INFO] [stdout] warning: variable does not need to be mutable
[INFO] [stdout]    --> src/display.rs:130:33
[INFO] [stdout]     |
[INFO] [stdout] 130 | ...                   let mut key_pressed = match key {
[INFO] [stdout]     |                           ----^^^^^^^^^^^
[INFO] [stdout]     |                           |
[INFO] [stdout]     |                           help: remove this `mut`
[INFO] [stdout] 
[INFO] [stdout] 
[INFO] [stdout] warning: constant `INTERRUPT_ENABLE_REG` is never used
[INFO] [stdout]   --> src/cpu.rs:22:7
[INFO] [stdout]    |
[INFO] [stdout] 22 | const INTERRUPT_ENABLE_REG: u16 = 0xFFFF;
[INFO] [stdout]    |       ^^^^^^^^^^^^^^^^^^^^
[INFO] [stdout]    |
[INFO] [stdout]    = note: `#[warn(dead_code)]` on by default
[INFO] [stdout] 
[INFO] [stdout] 
[INFO] [stdout] warning: constant `INTERRUPT_FLAG_REG` is never used
[INFO] [stdout]   --> src/cpu.rs:23:7
[INFO] [stdout]    |
[INFO] [stdout] 23 | const INTERRUPT_FLAG_REG: u16 = 0xFF0F;
[INFO] [stdout]    |       ^^^^^^^^^^^^^^^^^^
[INFO] [stdout] 
[INFO] [stdout] 
[INFO] [stdout] warning: constant `V_BLANK` is never used
[INFO] [stdout]   --> src/cpu.rs:25:7
[INFO] [stdout]    |
[INFO] [stdout] 25 | const V_BLANK: u8 = 0x01;
[INFO] [stdout]    |       ^^^^^^^
[INFO] [stdout] 
[INFO] [stdout] 
[INFO] [stdout] warning: constant `LCD_STAT` is never used
[INFO] [stdout]   --> src/cpu.rs:26:7
[INFO] [stdout]    |
[INFO] [stdout] 26 | const LCD_STAT: u8 = 0x02;
[INFO] [stdout]    |       ^^^^^^^^
[INFO] [stdout] 
[INFO] [stdout] 
[INFO] [stdout] warning: constant `TIMER` is never used
[INFO] [stdout]   --> src/cpu.rs:27:7
[INFO] [stdout]    |
[INFO] [stdout] 27 | const TIMER: u8 = 0x04;
[INFO] [stdout]    |       ^^^^^
[INFO] [stdout] 
[INFO] [stdout] 
[INFO] [stdout] warning: constant `SERIAL` is never used
[INFO] [stdout]   --> src/cpu.rs:28:7
[INFO] [stdout]    |
[INFO] [stdout] 28 | const SERIAL: u8 = 0x08;
[INFO] [stdout]    |       ^^^^^^
[INFO] [stdout] 
[INFO] [stdout] 
[INFO] [stdout] warning: constant `D_PAD` is never used
[INFO] [stdout]   --> src/cpu.rs:29:7
[INFO] [stdout]    |
[INFO] [stdout] 29 | const D_PAD: u8 = 0x10;
[INFO] [stdout]    |       ^^^^^
[INFO] [stdout] 
[INFO] [stdout] 
[INFO] [stdout] warning: method `flip` is never used
[INFO] [stdout]    --> src/cpu.rs:249:12
[INFO] [stdout]     |
[INFO] [stdout] 249 |     pub fn flip(&mut self) -> bool {
[INFO] [stdout]     |            ^^^^
[INFO] [stdout] 
[INFO] [stdout] 
[INFO] [stdout] warning: variant `Serial` is never constructed
[INFO] [stdout]  --> src/cpu/interrupt.rs:7:5
[INFO] [stdout]   |
[INFO] [stdout] 3 | pub enum Flag {
[INFO] [stdout]   |          ---- variant in this enum
[INFO] [stdout] ...
[INFO] [stdout] 7 |     Serial = 3,
[INFO] [stdout]   |     ^^^^^^
[INFO] [stdout]   |
[INFO] [stdout]   = note: `Flag` has a derived impl for the trait `Clone`, but this is intentionally ignored during dead code analysis
[INFO] [stdout] 
[INFO] [stdout] 
[INFO] [stdout] warning: constant `FB_W` is never used
[INFO] [stdout]   --> src/debug.rs:22:11
[INFO] [stdout]    |
[INFO] [stdout] 22 | pub const FB_W: usize = 160;
[INFO] [stdout]    |           ^^^^
[INFO] [stdout] 
[INFO] [stdout] 
[INFO] [stdout] warning: constant `FB_H` is never used
[INFO] [stdout]   --> src/debug.rs:23:11
[INFO] [stdout]    |
[INFO] [stdout] 23 | pub const FB_H: usize = 144;
[INFO] [stdout]    |           ^^^^
[INFO] [stdout] 
[INFO] [stdout] 
[INFO] [stdout] warning: variant `PeekValue` is never constructed
[INFO] [stdout]  --> src/debug/command.rs:3:5
[INFO] [stdout]   |
[INFO] [stdout] 2 | pub enum DebugCommand {
[INFO] [stdout]   |          ------------ variant in this enum
[INFO] [stdout] 3 |     PeekValue(u16),
[INFO] [stdout]   |     ^^^^^^^^^
[INFO] [stdout]   |
[INFO] [stdout]   = note: `DebugCommand` has derived impls for the traits `Debug` and `Clone`, but these are intentionally ignored during dead code analysis
[INFO] [stdout] 
[INFO] [stdout] 
[INFO] [stdout] warning: variant `DebugCommand` is never constructed
[INFO] [stdout]  --> src/debug/message.rs:8:5
[INFO] [stdout]   |
[INFO] [stdout] 6 | pub enum DebugMessage {
[INFO] [stdout]   |          ------------ variant in this enum
[INFO] [stdout] 7 |     LogUpdate(String),
[INFO] [stdout] 8 |     DebugCommand(DebugCommand),
[INFO] [stdout]   |     ^^^^^^^^^^^^
[INFO] [stdout]   |
[INFO] [stdout]   = note: `DebugMessage` has derived impls for the traits `Debug` and `Clone`, but these are intentionally ignored during dead code analysis
[INFO] [stdout] 
[INFO] [stdout] 
[INFO] [stdout] warning: function `update_tile_canvas` is never used
[INFO] [stdout]    --> src/display/debug_canvas.rs:161:8
[INFO] [stdout]     |
[INFO] [stdout] 161 | pub fn update_tile_canvas(
[INFO] [stdout]     |        ^^^^^^^^^^^^^^^^^^
[INFO] [stdout] 
[INFO] [stdout] 
[INFO] [stdout] warning: constant `PIXEL_COLOUR_STRIDE` is never used
[INFO] [stdout]    --> src/display/debug_canvas.rs:189:11
[INFO] [stdout]     |
[INFO] [stdout] 189 |     const PIXEL_COLOUR_STRIDE: usize = 4;
[INFO] [stdout]     |           ^^^^^^^^^^^^^^^^^^^
[INFO] [stdout] 
[INFO] [stdout] 
[INFO] [stdout] warning: field `last_serial` is never read
[INFO] [stdout]   --> src/memory/mmu.rs:21:5
[INFO] [stdout]    |
[INFO] [stdout] 14 | pub struct MMU {
[INFO] [stdout]    |            --- field in this struct
[INFO] [stdout] ...
[INFO] [stdout] 21 |     last_serial: u8,
[INFO] [stdout]    |     ^^^^^^^^^^^
[INFO] [stdout] 
[INFO] [stdout] 
[INFO] [stdout] warning: field `index` is never read
[INFO] [stdout]   --> src/ppu.rs:88:5
[INFO] [stdout]    |
[INFO] [stdout] 80 | pub struct Sprite {
[INFO] [stdout]    |            ------ field in this struct
[INFO] [stdout] ...
[INFO] [stdout] 88 |     index: usize,
[INFO] [stdout]    |     ^^^^^
[INFO] [stdout]    |
[INFO] [stdout]    = note: `Sprite` has derived impls for the traits `Debug` and `Clone`, but these are intentionally ignored during dead code analysis
[INFO] [stdout] 
[INFO] [stdout] 
[INFO] [stdout] warning: function `random_framebuffer` is never used
[INFO] [stdout]    --> src/ppu.rs:624:8
[INFO] [stdout]     |
[INFO] [stdout] 624 | pub fn random_framebuffer() -> PPUFramebuffer {
[INFO] [stdout]     |        ^^^^^^^^^^^^^^^^^^
[INFO] [stdout] 
[INFO] [stdout] 
[INFO] [stdout] warning: structure field `S` should have a snake case name
[INFO] [stdout]   --> src/cartridge/rtc.rs:22:5
[INFO] [stdout]    |
[INFO] [stdout] 22 |     S: u8,
[INFO] [stdout]    |     ^ help: convert the identifier to snake case (notice the capitalization): `s`
[INFO] [stdout]    |
[INFO] [stdout]    = note: `#[warn(non_snake_case)]` on by default
[INFO] [stdout] 
[INFO] [stdout] 
[INFO] [stdout] warning: structure field `M` should have a snake case name
[INFO] [stdout]   --> src/cartridge/rtc.rs:23:5
[INFO] [stdout]    |
[INFO] [stdout] 23 |     M: u8,
[INFO] [stdout]    |     ^ help: convert the identifier to snake case: `m`
[INFO] [stdout] 
[INFO] [stdout] 
[INFO] [stdout] warning: structure field `H` should have a snake case name
[INFO] [stdout]   --> src/cartridge/rtc.rs:24:5
[INFO] [stdout]    |
[INFO] [stdout] 24 |     H: u8,
[INFO] [stdout]    |     ^ help: convert the identifier to snake case: `h`
[INFO] [stdout] 
[INFO] [stdout] 
[INFO] [stdout] warning: structure field `DL` should have a snake case name
[INFO] [stdout]   --> src/cartridge/rtc.rs:25:5
[INFO] [stdout]    |
[INFO] [stdout] 25 |     DL: u8,
[INFO] [stdout]    |     ^^ help: convert the identifier to snake case: `dl`
[INFO] [stdout] 
[INFO] [stdout] 
[INFO] [stdout] warning: structure field `DH` should have a snake case name
[INFO] [stdout]   --> src/cartridge/rtc.rs:26:5
[INFO] [stdout]    |
[INFO] [stdout] 26 |     DH: u8,
[INFO] [stdout]    |     ^^ help: convert the identifier to snake case: `dh`
[INFO] [stdout] 
[INFO] [stdout] 
[INFO] [stdout] warning: 49 warnings emitted
[INFO] [stdout] 
[INFO] [stdout] 
[INFO] [stderr]    Compiling rgb v0.1.0 (/opt/rustwide/workdir)
[INFO] [stdout] warning: unused import: `rgb::emulator::Emulator`
[INFO] [stdout]  --> tests/cpu_test.rs:3:5
[INFO] [stdout]   |
[INFO] [stdout] 3 | use rgb::emulator::Emulator;
[INFO] [stdout]   |     ^^^^^^^^^^^^^^^^^^^^^^^
[INFO] [stdout]   |
[INFO] [stdout]   = note: `#[warn(unused_imports)]` on by default
[INFO] [stdout] 
[INFO] [stdout] 
[INFO] [stdout] warning: unused import: `Error`
[INFO] [stdout]  --> src/cartridge/mbc3.rs:6:15
[INFO] [stdout]   |
[INFO] [stdout] 6 | use std::io::{Error, Read, Write};
[INFO] [stdout]   |               ^^^^^
[INFO] [stdout]   |
[INFO] [stdout]   = note: `#[warn(unused_imports)]` on by default
[INFO] [stdout] 
[INFO] [stdout] 
[INFO] [stdout] warning: unused import: `Error`
[INFO] [stdout]  --> src/cartridge/rtc.rs:6:15
[INFO] [stdout]   |
[INFO] [stdout] 6 | use std::io::{Error, Write};
[INFO] [stdout]   |               ^^^^^
[INFO] [stdout] 
[INFO] [stdout] 
[INFO] [stdout] warning: unused import: `crate::debug::message::DebugMessage`
[INFO] [stdout]  --> src/debug.rs:7:5
[INFO] [stdout]   |
[INFO] [stdout] 7 | use crate::debug::message::DebugMessage;
[INFO] [stdout]   |     ^^^^^^^^^^^^^^^^^^^^^^^^^^^^^^^^^^^
[INFO] [stdout] 
[INFO] [stdout] 
[INFO] [stdout] warning: unused import: `crate::emulator::Emulator`
[INFO] [stdout]  --> src/debug.rs:8:5
[INFO] [stdout]   |
[INFO] [stdout] 8 | use crate::emulator::Emulator;
[INFO] [stdout]   |     ^^^^^^^^^^^^^^^^^^^^^^^^^
[INFO] [stdout] 
[INFO] [stdout] 
[INFO] [stdout] warning: unused imports: `Receiver`, `TryRecvError`
[INFO] [stdout]   --> src/debug.rs:19:13
[INFO] [stdout]    |
[INFO] [stdout] 19 | use flume::{Receiver, TryRecvError};
[INFO] [stdout]    |             ^^^^^^^^  ^^^^^^^^^^^^
[INFO] [stdout] 
[INFO] [stdout] 
[INFO] [stdout] warning: unused imports: `Builder`, `JoinHandle`
[INFO] [stdout]   --> src/debug.rs:20:19
[INFO] [stdout]    |
[INFO] [stdout] 20 | use std::thread::{Builder, JoinHandle};
[INFO] [stdout]    |                   ^^^^^^^  ^^^^^^^^^^
[INFO] [stdout] 
[INFO] [stdout] 
[INFO] [stdout] warning: unused import: `crate::cartridge::load_cartridge`
[INFO] [stdout]  --> src/emulator.rs:4:5
[INFO] [stdout]   |
[INFO] [stdout] 4 | use crate::cartridge::load_cartridge;
[INFO] [stdout]   |     ^^^^^^^^^^^^^^^^^^^^^^^^^^^^^^^^
[INFO] [stdout] 
[INFO] [stdout] 
[INFO] [stdout] warning: unused import: `crate::cpu::instruction::InstructionSet`
[INFO] [stdout]  --> src/emulator.rs:5:5
[INFO] [stdout]   |
[INFO] [stdout] 5 | use crate::cpu::instruction::InstructionSet;
[INFO] [stdout]   |     ^^^^^^^^^^^^^^^^^^^^^^^^^^^^^^^^^^^^^^^
[INFO] [stdout] 
[INFO] [stdout] 
[INFO] [stdout] warning: unused import: `random_framebuffer`
[INFO] [stdout]   --> src/emulator.rs:10:18
[INFO] [stdout]    |
[INFO] [stdout] 10 | use crate::ppu::{random_framebuffer, Mode, PPUFramebuffer};
[INFO] [stdout]    |                  ^^^^^^^^^^^^^^^^^^
[INFO] [stdout] 
[INFO] [stdout] 
[INFO] [stdout] warning: unused import: `std::io`
[INFO] [stdout]  --> src/memory/mmu.rs:9:5
[INFO] [stdout]   |
[INFO] [stdout] 9 | use std::io;
[INFO] [stdout]   |     ^^^^^^^
[INFO] [stdout] 
[INFO] [stdout] 
[INFO] [stdout] warning: unused import: `std::io::Write`
[INFO] [stdout]   --> src/memory/mmu.rs:10:5
[INFO] [stdout]    |
[INFO] [stdout] 10 | use std::io::Write;
[INFO] [stdout]    |     ^^^^^^^^^^^^^^
[INFO] [stdout] 
[INFO] [stdout] 
[INFO] [stdout] warning: `...` range patterns are deprecated
[INFO] [stdout]    --> src/memory/mmu.rs:122:19
[INFO] [stdout]     |
[INFO] [stdout] 122 |             0x0000...0x7fff => {
[INFO] [stdout]     |                   ^^^ help: use `..=` for an inclusive range
[INFO] [stdout]     |
[INFO] [stdout]     = warning: this is accepted in the current edition (Rust 2018) but is a hard error in Rust 2021!
[INFO] [stdout]     = note: for more information, see <https://doc.rust-lang.org/nightly/edition-guide/rust-2021/warnings-promoted-to-error.html>
[INFO] [stdout]     = note: `#[warn(ellipsis_inclusive_range_patterns)]` on by default
[INFO] [stdout] 
[INFO] [stdout] 
[INFO] [stdout] warning: `...` range patterns are deprecated
[INFO] [stdout]    --> src/memory/mmu.rs:155:18
[INFO] [stdout]     |
[INFO] [stdout] 155 |             0xf40...0xff4b => self.ppu.borrow().get(address),
[INFO] [stdout]     |                  ^^^ help: use `..=` for an inclusive range
[INFO] [stdout]     |
[INFO] [stdout]     = warning: this is accepted in the current edition (Rust 2018) but is a hard error in Rust 2021!
[INFO] [stdout]     = note: for more information, see <https://doc.rust-lang.org/nightly/edition-guide/rust-2021/warnings-promoted-to-error.html>
[INFO] [stdout] 
[INFO] [stdout] 
[INFO] [stdout] warning: `...` range patterns are deprecated
[INFO] [stdout]    --> src/memory/mmu.rs:208:19
[INFO] [stdout]     |
[INFO] [stdout] 208 |             0xff80...0xfffe => self.high_ram[address as usize - 0xff80] = value,
[INFO] [stdout]     |                   ^^^ help: use `..=` for an inclusive range
[INFO] [stdout]     |
[INFO] [stdout]     = warning: this is accepted in the current edition (Rust 2018) but is a hard error in Rust 2021!
[INFO] [stdout]     = note: for more information, see <https://doc.rust-lang.org/nightly/edition-guide/rust-2021/warnings-promoted-to-error.html>
[INFO] [stdout] 
[INFO] [stdout] 
[INFO] [stdout] warning: `...` range patterns are deprecated
[INFO] [stdout]    --> src/ppu.rs:492:19
[INFO] [stdout]     |
[INFO] [stdout] 492 |             0xfe00...0xfe9f => self.oam[address as usize - 0xfe00],
[INFO] [stdout]     |                   ^^^ help: use `..=` for an inclusive range
[INFO] [stdout]     |
[INFO] [stdout]     = warning: this is accepted in the current edition (Rust 2018) but is a hard error in Rust 2021!
[INFO] [stdout]     = note: for more information, see <https://doc.rust-lang.org/nightly/edition-guide/rust-2021/warnings-promoted-to-error.html>
[INFO] [stdout] 
[INFO] [stdout] 
[INFO] [stdout] warning: unused import: `Path`
[INFO] [stdout]  --> src/save.rs:1:17
[INFO] [stdout]   |
[INFO] [stdout] 1 | use std::path::{Path, PathBuf};
[INFO] [stdout]   |                 ^^^^
[INFO] [stdout] 
[INFO] [stdout] 
[INFO] [stdout] warning: unused import: `Error`
[INFO] [stdout]  --> src/cartridge/mbc3.rs:6:15
[INFO] [stdout]   |
[INFO] [stdout] 6 | use std::io::{Error, Read, Write};
[INFO] [stdout]   |               ^^^^^
[INFO] [stdout]   |
[INFO] [stdout]   = note: `#[warn(unused_imports)]` on by default
[INFO] [stdout] 
[INFO] [stdout] 
[INFO] [stdout] warning: unused import: `Error`
[INFO] [stdout]  --> src/cartridge/rtc.rs:6:15
[INFO] [stdout]   |
[INFO] [stdout] 6 | use std::io::{Error, Write};
[INFO] [stdout]   |               ^^^^^
[INFO] [stdout] 
[INFO] [stdout] 
[INFO] [stdout] warning: unused import: `crate::debug::message::DebugMessage`
[INFO] [stdout]  --> src/debug.rs:7:5
[INFO] [stdout]   |
[INFO] [stdout] 7 | use crate::debug::message::DebugMessage;
[INFO] [stdout]   |     ^^^^^^^^^^^^^^^^^^^^^^^^^^^^^^^^^^^
[INFO] [stdout] 
[INFO] [stdout] 
[INFO] [stdout] warning: unused import: `crate::emulator::Emulator`
[INFO] [stdout]  --> src/debug.rs:8:5
[INFO] [stdout]   |
[INFO] [stdout] 8 | use crate::emulator::Emulator;
[INFO] [stdout]   |     ^^^^^^^^^^^^^^^^^^^^^^^^^
[INFO] [stdout] 
[INFO] [stdout] 
[INFO] [stdout] warning: unused imports: `Receiver`, `TryRecvError`
[INFO] [stdout]   --> src/debug.rs:19:13
[INFO] [stdout]    |
[INFO] [stdout] 19 | use flume::{Receiver, TryRecvError};
[INFO] [stdout]    |             ^^^^^^^^  ^^^^^^^^^^^^
[INFO] [stdout] 
[INFO] [stdout] 
[INFO] [stdout] warning: unused imports: `Builder`, `JoinHandle`
[INFO] [stdout]   --> src/debug.rs:20:19
[INFO] [stdout]    |
[INFO] [stdout] 20 | use std::thread::{Builder, JoinHandle};
[INFO] [stdout]    |                   ^^^^^^^  ^^^^^^^^^^
[INFO] [stdout] 
[INFO] [stdout] 
[INFO] [stdout] warning: unused import: `crate::cpu::interrupt::Flag::Joypad`
[INFO] [stdout]  --> src/display.rs:1:5
[INFO] [stdout]   |
[INFO] [stdout] 1 | use crate::cpu::interrupt::Flag::Joypad;
[INFO] [stdout]   |     ^^^^^^^^^^^^^^^^^^^^^^^^^^^^^^^^^^^
[INFO] [stdout] 
[INFO] [stdout] 
[INFO] [stdout] warning: unused import: `crate::cpu::registers::Flag`
[INFO] [stdout]  --> src/display/debug_canvas.rs:1:5
[INFO] [stdout]   |
[INFO] [stdout] 1 | use crate::cpu::registers::Flag;
[INFO] [stdout]   |     ^^^^^^^^^^^^^^^^^^^^^^^^^^^
[INFO] [stdout] 
[INFO] [stdout] 
[INFO] [stdout] warning: unused imports: `FB_H`, `FB_W`
[INFO] [stdout]  --> src/display/game_canvas.rs:1:34
[INFO] [stdout]   |
[INFO] [stdout] 1 | use crate::ppu::{PPUFramebuffer, FB_H, FB_W};
[INFO] [stdout]   |                                  ^^^^  ^^^^
[INFO] [stdout] 
[INFO] [stdout] 
[INFO] [stdout] warning: unused import: `piston_window::*`
[INFO] [stdout]  --> src/display/game_canvas.rs:2:5
[INFO] [stdout]   |
[INFO] [stdout] 2 | use piston_window::*;
[INFO] [stdout]   |     ^^^^^^^^^^^^^^^^
[INFO] [stdout] 
[INFO] [stdout] 
[INFO] [stdout] warning: unused import: `crate::cartridge::load_cartridge`
[INFO] [stdout]  --> src/emulator.rs:4:5
[INFO] [stdout]   |
[INFO] [stdout] 4 | use crate::cartridge::load_cartridge;
[INFO] [stdout]   |     ^^^^^^^^^^^^^^^^^^^^^^^^^^^^^^^^
[INFO] [stdout] 
[INFO] [stdout] 
[INFO] [stdout] warning: unused import: `crate::cpu::instruction::InstructionSet`
[INFO] [stdout]  --> src/emulator.rs:5:5
[INFO] [stdout]   |
[INFO] [stdout] 5 | use crate::cpu::instruction::InstructionSet;
[INFO] [stdout]   |     ^^^^^^^^^^^^^^^^^^^^^^^^^^^^^^^^^^^^^^^
[INFO] [stdout] 
[INFO] [stdout] 
[INFO] [stdout] warning: unused import: `random_framebuffer`
[INFO] [stdout]   --> src/emulator.rs:10:18
[INFO] [stdout]    |
[INFO] [stdout] 10 | use crate::ppu::{random_framebuffer, Mode, PPUFramebuffer};
[INFO] [stdout]    |                  ^^^^^^^^^^^^^^^^^^
[INFO] [stdout] 
[INFO] [stdout] 
[INFO] [stdout] warning: unused import: `std::io`
[INFO] [stdout]  --> src/memory/mmu.rs:9:5
[INFO] [stdout]   |
[INFO] [stdout] 9 | use std::io;
[INFO] [stdout]   |     ^^^^^^^
[INFO] [stdout] 
[INFO] [stdout] 
[INFO] [stdout] warning: unused import: `std::io::Write`
[INFO] [stdout]   --> src/memory/mmu.rs:10:5
[INFO] [stdout]    |
[INFO] [stdout] 10 | use std::io::Write;
[INFO] [stdout]    |     ^^^^^^^^^^^^^^
[INFO] [stdout] 
[INFO] [stdout] 
[INFO] [stdout] warning: `...` range patterns are deprecated
[INFO] [stdout]    --> src/memory/mmu.rs:122:19
[INFO] [stdout]     |
[INFO] [stdout] 122 |             0x0000...0x7fff => {
[INFO] [stdout]     |                   ^^^ help: use `..=` for an inclusive range
[INFO] [stdout]     |
[INFO] [stdout]     = warning: this is accepted in the current edition (Rust 2018) but is a hard error in Rust 2021!
[INFO] [stdout]     = note: for more information, see <https://doc.rust-lang.org/nightly/edition-guide/rust-2021/warnings-promoted-to-error.html>
[INFO] [stdout]     = note: `#[warn(ellipsis_inclusive_range_patterns)]` on by default
[INFO] [stdout] 
[INFO] [stdout] 
[INFO] [stdout] warning: `...` range patterns are deprecated
[INFO] [stdout]    --> src/memory/mmu.rs:155:18
[INFO] [stdout]     |
[INFO] [stdout] 155 |             0xf40...0xff4b => self.ppu.borrow().get(address),
[INFO] [stdout]     |                  ^^^ help: use `..=` for an inclusive range
[INFO] [stdout]     |
[INFO] [stdout]     = warning: this is accepted in the current edition (Rust 2018) but is a hard error in Rust 2021!
[INFO] [stdout]     = note: for more information, see <https://doc.rust-lang.org/nightly/edition-guide/rust-2021/warnings-promoted-to-error.html>
[INFO] [stdout] 
[INFO] [stdout] 
[INFO] [stdout] warning: `...` range patterns are deprecated
[INFO] [stdout]    --> src/memory/mmu.rs:208:19
[INFO] [stdout]     |
[INFO] [stdout] 208 |             0xff80...0xfffe => self.high_ram[address as usize - 0xff80] = value,
[INFO] [stdout]     |                   ^^^ help: use `..=` for an inclusive range
[INFO] [stdout]     |
[INFO] [stdout]     = warning: this is accepted in the current edition (Rust 2018) but is a hard error in Rust 2021!
[INFO] [stdout]     = note: for more information, see <https://doc.rust-lang.org/nightly/edition-guide/rust-2021/warnings-promoted-to-error.html>
[INFO] [stdout] 
[INFO] [stdout] 
[INFO] [stdout] warning: `...` range patterns are deprecated
[INFO] [stdout]    --> src/ppu.rs:492:19
[INFO] [stdout]     |
[INFO] [stdout] 492 |             0xfe00...0xfe9f => self.oam[address as usize - 0xfe00],
[INFO] [stdout]     |                   ^^^ help: use `..=` for an inclusive range
[INFO] [stdout]     |
[INFO] [stdout]     = warning: this is accepted in the current edition (Rust 2018) but is a hard error in Rust 2021!
[INFO] [stdout]     = note: for more information, see <https://doc.rust-lang.org/nightly/edition-guide/rust-2021/warnings-promoted-to-error.html>
[INFO] [stdout] 
[INFO] [stdout] 
[INFO] [stdout] warning: unused import: `Path`
[INFO] [stdout]  --> src/save.rs:1:17
[INFO] [stdout]   |
[INFO] [stdout] 1 | use std::path::{Path, PathBuf};
[INFO] [stdout]   |                 ^^^^
[INFO] [stdout] 
[INFO] [stdout] 
[INFO] [stdout] warning: unused variable: `address`
[INFO] [stdout]   --> src/cartridge/rom.rs:21:23
[INFO] [stdout]    |
[INFO] [stdout] 21 |     fn set(&mut self, address: u16, value: u8) {
[INFO] [stdout]    |                       ^^^^^^^ help: if this is intentional, prefix it with an underscore: `_address`
[INFO] [stdout]    |
[INFO] [stdout]    = note: `#[warn(unused_variables)]` on by default
[INFO] [stdout] 
[INFO] [stdout] 
[INFO] [stdout] warning: unused variable: `value`
[INFO] [stdout]   --> src/cartridge/rom.rs:21:37
[INFO] [stdout]    |
[INFO] [stdout] 21 |     fn set(&mut self, address: u16, value: u8) {
[INFO] [stdout]    |                                     ^^^^^ help: if this is intentional, prefix it with an underscore: `_value`
[INFO] [stdout] 
[INFO] [stdout] 
[INFO] [stdout] warning: unused variable: `config`
[INFO] [stdout]   --> src/debug/debug_logger.rs:34:31
[INFO] [stdout]    |
[INFO] [stdout] 34 |     pub fn should_skip(&self, config: &Config, record: &Record<'_>) -> bool {
[INFO] [stdout]    |                               ^^^^^^ help: if this is intentional, prefix it with an underscore: `_config`
[INFO] [stdout] 
[INFO] [stdout] 
[INFO] [stdout] warning: unused variable: `format`
[INFO] [stdout]   --> src/apu.rs:11:17
[INFO] [stdout]    |
[INFO] [stdout] 11 |             let format = cpal::Format {
[INFO] [stdout]    |                 ^^^^^^ help: if this is intentional, prefix it with an underscore: `_format`
[INFO] [stdout]    |
[INFO] [stdout]    = note: `#[warn(unused_variables)]` on by default
[INFO] [stdout] 
[INFO] [stdout] 
[INFO] [stdout] warning: unused variable: `address`
[INFO] [stdout]   --> src/cartridge/rom.rs:21:23
[INFO] [stdout]    |
[INFO] [stdout] 21 |     fn set(&mut self, address: u16, value: u8) {
[INFO] [stdout]    |                       ^^^^^^^ help: if this is intentional, prefix it with an underscore: `_address`
[INFO] [stdout] 
[INFO] [stdout] 
[INFO] [stdout] warning: unused variable: `value`
[INFO] [stdout]   --> src/cartridge/rom.rs:21:37
[INFO] [stdout]    |
[INFO] [stdout] 21 |     fn set(&mut self, address: u16, value: u8) {
[INFO] [stdout]    |                                     ^^^^^ help: if this is intentional, prefix it with an underscore: `_value`
[INFO] [stdout] 
[INFO] [stdout] 
[INFO] [stdout] warning: unused variable: `config`
[INFO] [stdout]   --> src/debug/debug_logger.rs:34:31
[INFO] [stdout]    |
[INFO] [stdout] 34 |     pub fn should_skip(&self, config: &Config, record: &Record<'_>) -> bool {
[INFO] [stdout]    |                               ^^^^^^ help: if this is intentional, prefix it with an underscore: `_config`
[INFO] [stdout] 
[INFO] [stdout] 
[INFO] [stdout] warning: 1 warning emitted
[INFO] [stdout] 
[INFO] [stdout] 
[INFO] [stdout] warning: constant `INTERRUPT_ENABLE_REG` is never used
[INFO] [stdout]   --> src/cpu.rs:22:7
[INFO] [stdout]    |
[INFO] [stdout] 22 | const INTERRUPT_ENABLE_REG: u16 = 0xFFFF;
[INFO] [stdout]    |       ^^^^^^^^^^^^^^^^^^^^
[INFO] [stdout]    |
[INFO] [stdout]    = note: `#[warn(dead_code)]` on by default
[INFO] [stdout] 
[INFO] [stdout] 
[INFO] [stdout] warning: constant `INTERRUPT_FLAG_REG` is never used
[INFO] [stdout]   --> src/cpu.rs:23:7
[INFO] [stdout]    |
[INFO] [stdout] 23 | const INTERRUPT_FLAG_REG: u16 = 0xFF0F;
[INFO] [stdout]    |       ^^^^^^^^^^^^^^^^^^
[INFO] [stdout] 
[INFO] [stdout] 
[INFO] [stdout] warning: constant `V_BLANK` is never used
[INFO] [stdout]   --> src/cpu.rs:25:7
[INFO] [stdout]    |
[INFO] [stdout] 25 | const V_BLANK: u8 = 0x01;
[INFO] [stdout]    |       ^^^^^^^
[INFO] [stdout] 
[INFO] [stdout] 
[INFO] [stdout] warning: constant `LCD_STAT` is never used
[INFO] [stdout]   --> src/cpu.rs:26:7
[INFO] [stdout]    |
[INFO] [stdout] 26 | const LCD_STAT: u8 = 0x02;
[INFO] [stdout]    |       ^^^^^^^^
[INFO] [stdout] 
[INFO] [stdout] 
[INFO] [stdout] warning: constant `TIMER` is never used
[INFO] [stdout]   --> src/cpu.rs:27:7
[INFO] [stdout]    |
[INFO] [stdout] 27 | const TIMER: u8 = 0x04;
[INFO] [stdout]    |       ^^^^^
[INFO] [stdout] 
[INFO] [stdout] 
[INFO] [stdout] warning: constant `SERIAL` is never used
[INFO] [stdout]   --> src/cpu.rs:28:7
[INFO] [stdout]    |
[INFO] [stdout] 28 | const SERIAL: u8 = 0x08;
[INFO] [stdout]    |       ^^^^^^
[INFO] [stdout] 
[INFO] [stdout] 
[INFO] [stdout] warning: constant `D_PAD` is never used
[INFO] [stdout]   --> src/cpu.rs:29:7
[INFO] [stdout]    |
[INFO] [stdout] 29 | const D_PAD: u8 = 0x10;
[INFO] [stdout]    |       ^^^^^
[INFO] [stdout] 
[INFO] [stdout] 
[INFO] [stdout] warning: field `last_serial` is never read
[INFO] [stdout]   --> src/memory/mmu.rs:21:5
[INFO] [stdout]    |
[INFO] [stdout] 14 | pub struct MMU {
[INFO] [stdout]    |            --- field in this struct
[INFO] [stdout] ...
[INFO] [stdout] 21 |     last_serial: u8,
[INFO] [stdout]    |     ^^^^^^^^^^^
[INFO] [stdout] 
[INFO] [stdout] 
[INFO] [stdout] warning: field `index` is never read
[INFO] [stdout]   --> src/ppu.rs:88:5
[INFO] [stdout]    |
[INFO] [stdout] 80 | pub struct Sprite {
[INFO] [stdout]    |            ------ field in this struct
[INFO] [stdout] ...
[INFO] [stdout] 88 |     index: usize,
[INFO] [stdout]    |     ^^^^^
[INFO] [stdout]    |
[INFO] [stdout]    = note: `Sprite` has derived impls for the traits `Debug` and `Clone`, but these are intentionally ignored during dead code analysis
[INFO] [stdout] 
[INFO] [stdout] 
[INFO] [stdout] warning: structure field `S` should have a snake case name
[INFO] [stdout]   --> src/cartridge/rtc.rs:22:5
[INFO] [stdout]    |
[INFO] [stdout] 22 |     S: u8,
[INFO] [stdout]    |     ^ help: convert the identifier to snake case (notice the capitalization): `s`
[INFO] [stdout]    |
[INFO] [stdout]    = note: `#[warn(non_snake_case)]` on by default
[INFO] [stdout] 
[INFO] [stdout] 
[INFO] [stdout] warning: structure field `M` should have a snake case name
[INFO] [stdout]   --> src/cartridge/rtc.rs:23:5
[INFO] [stdout]    |
[INFO] [stdout] 23 |     M: u8,
[INFO] [stdout]    |     ^ help: convert the identifier to snake case: `m`
[INFO] [stdout] 
[INFO] [stdout] 
[INFO] [stdout] warning: structure field `H` should have a snake case name
[INFO] [stdout]   --> src/cartridge/rtc.rs:24:5
[INFO] [stdout]    |
[INFO] [stdout] 24 |     H: u8,
[INFO] [stdout]    |     ^ help: convert the identifier to snake case: `h`
[INFO] [stdout] 
[INFO] [stdout] 
[INFO] [stdout] warning: structure field `DL` should have a snake case name
[INFO] [stdout]   --> src/cartridge/rtc.rs:25:5
[INFO] [stdout]    |
[INFO] [stdout] 25 |     DL: u8,
[INFO] [stdout]    |     ^^ help: convert the identifier to snake case: `dl`
[INFO] [stdout] 
[INFO] [stdout] 
[INFO] [stdout] warning: structure field `DH` should have a snake case name
[INFO] [stdout]   --> src/cartridge/rtc.rs:26:5
[INFO] [stdout]    |
[INFO] [stdout] 26 |     DH: u8,
[INFO] [stdout]    |     ^^ help: convert the identifier to snake case: `dh`
[INFO] [stdout] 
[INFO] [stdout] 
[INFO] [stdout] warning: variable does not need to be mutable
[INFO] [stdout]   --> src/display.rs:90:25
[INFO] [stdout]    |
[INFO] [stdout] 90 |                     let mut key_pressed = match key {
[INFO] [stdout]    |                         ----^^^^^^^^^^^
[INFO] [stdout]    |                         |
[INFO] [stdout]    |                         help: remove this `mut`
[INFO] [stdout]    |
[INFO] [stdout]    = note: `#[warn(unused_mut)]` on by default
[INFO] [stdout] 
[INFO] [stdout] 
[INFO] [stdout] warning: variable does not need to be mutable
[INFO] [stdout]    --> src/display.rs:130:33
[INFO] [stdout]     |
[INFO] [stdout] 130 | ...                   let mut key_pressed = match key {
[INFO] [stdout]     |                           ----^^^^^^^^^^^
[INFO] [stdout]     |                           |
[INFO] [stdout]     |                           help: remove this `mut`
[INFO] [stdout] 
[INFO] [stdout] 
[INFO] [stdout] warning: constant `INTERRUPT_ENABLE_REG` is never used
[INFO] [stdout]   --> src/cpu.rs:22:7
[INFO] [stdout]    |
[INFO] [stdout] 22 | const INTERRUPT_ENABLE_REG: u16 = 0xFFFF;
[INFO] [stdout]    |       ^^^^^^^^^^^^^^^^^^^^
[INFO] [stdout]    |
[INFO] [stdout]    = note: `#[warn(dead_code)]` on by default
[INFO] [stdout] 
[INFO] [stdout] 
[INFO] [stdout] warning: constant `INTERRUPT_FLAG_REG` is never used
[INFO] [stdout]   --> src/cpu.rs:23:7
[INFO] [stdout]    |
[INFO] [stdout] 23 | const INTERRUPT_FLAG_REG: u16 = 0xFF0F;
[INFO] [stdout]    |       ^^^^^^^^^^^^^^^^^^
[INFO] [stdout] 
[INFO] [stdout] 
[INFO] [stdout] warning: constant `V_BLANK` is never used
[INFO] [stdout]   --> src/cpu.rs:25:7
[INFO] [stdout]    |
[INFO] [stdout] 25 | const V_BLANK: u8 = 0x01;
[INFO] [stdout]    |       ^^^^^^^
[INFO] [stdout] 
[INFO] [stdout] 
[INFO] [stdout] warning: constant `LCD_STAT` is never used
[INFO] [stdout]   --> src/cpu.rs:26:7
[INFO] [stdout]    |
[INFO] [stdout] 26 | const LCD_STAT: u8 = 0x02;
[INFO] [stdout]    |       ^^^^^^^^
[INFO] [stdout] 
[INFO] [stdout] 
[INFO] [stdout] warning: constant `TIMER` is never used
[INFO] [stdout]   --> src/cpu.rs:27:7
[INFO] [stdout]    |
[INFO] [stdout] 27 | const TIMER: u8 = 0x04;
[INFO] [stdout]    |       ^^^^^
[INFO] [stdout] 
[INFO] [stdout] 
[INFO] [stdout] warning: constant `SERIAL` is never used
[INFO] [stdout]   --> src/cpu.rs:28:7
[INFO] [stdout]    |
[INFO] [stdout] 28 | const SERIAL: u8 = 0x08;
[INFO] [stdout]    |       ^^^^^^
[INFO] [stdout] 
[INFO] [stdout] 
[INFO] [stdout] warning: constant `D_PAD` is never used
[INFO] [stdout]   --> src/cpu.rs:29:7
[INFO] [stdout]    |
[INFO] [stdout] 29 | const D_PAD: u8 = 0x10;
[INFO] [stdout]    |       ^^^^^
[INFO] [stdout] 
[INFO] [stdout] 
[INFO] [stdout] warning: method `flip` is never used
[INFO] [stdout]    --> src/cpu.rs:249:12
[INFO] [stdout]     |
[INFO] [stdout] 249 |     pub fn flip(&mut self) -> bool {
[INFO] [stdout]     |            ^^^^
[INFO] [stdout] 
[INFO] [stdout] 
[INFO] [stdout] warning: variant `Serial` is never constructed
[INFO] [stdout]  --> src/cpu/interrupt.rs:7:5
[INFO] [stdout]   |
[INFO] [stdout] 3 | pub enum Flag {
[INFO] [stdout]   |          ---- variant in this enum
[INFO] [stdout] ...
[INFO] [stdout] 7 |     Serial = 3,
[INFO] [stdout]   |     ^^^^^^
[INFO] [stdout]   |
[INFO] [stdout]   = note: `Flag` has a derived impl for the trait `Clone`, but this is intentionally ignored during dead code analysis
[INFO] [stdout] 
[INFO] [stdout] 
[INFO] [stdout] warning: constant `FB_W` is never used
[INFO] [stdout]   --> src/debug.rs:22:11
[INFO] [stdout]    |
[INFO] [stdout] 22 | pub const FB_W: usize = 160;
[INFO] [stdout]    |           ^^^^
[INFO] [stdout] 
[INFO] [stdout] 
[INFO] [stdout] warning: constant `FB_H` is never used
[INFO] [stdout]   --> src/debug.rs:23:11
[INFO] [stdout]    |
[INFO] [stdout] 23 | pub const FB_H: usize = 144;
[INFO] [stdout]    |           ^^^^
[INFO] [stdout] 
[INFO] [stdout] 
[INFO] [stdout] warning: variant `PeekValue` is never constructed
[INFO] [stdout]  --> src/debug/command.rs:3:5
[INFO] [stdout]   |
[INFO] [stdout] 2 | pub enum DebugCommand {
[INFO] [stdout]   |          ------------ variant in this enum
[INFO] [stdout] 3 |     PeekValue(u16),
[INFO] [stdout]   |     ^^^^^^^^^
[INFO] [stdout]   |
[INFO] [stdout]   = note: `DebugCommand` has derived impls for the traits `Debug` and `Clone`, but these are intentionally ignored during dead code analysis
[INFO] [stdout] 
[INFO] [stdout] 
[INFO] [stdout] warning: variant `DebugCommand` is never constructed
[INFO] [stdout]  --> src/debug/message.rs:8:5
[INFO] [stdout]   |
[INFO] [stdout] 6 | pub enum DebugMessage {
[INFO] [stdout]   |          ------------ variant in this enum
[INFO] [stdout] 7 |     LogUpdate(String),
[INFO] [stdout] 8 |     DebugCommand(DebugCommand),
[INFO] [stdout]   |     ^^^^^^^^^^^^
[INFO] [stdout]   |
[INFO] [stdout]   = note: `DebugMessage` has derived impls for the traits `Debug` and `Clone`, but these are intentionally ignored during dead code analysis
[INFO] [stdout] 
[INFO] [stdout] 
[INFO] [stdout] warning: function `update_tile_canvas` is never used
[INFO] [stdout]    --> src/display/debug_canvas.rs:161:8
[INFO] [stdout]     |
[INFO] [stdout] 161 | pub fn update_tile_canvas(
[INFO] [stdout]     |        ^^^^^^^^^^^^^^^^^^
[INFO] [stdout] 
[INFO] [stdout] 
[INFO] [stdout] warning: constant `PIXEL_COLOUR_STRIDE` is never used
[INFO] [stdout]    --> src/display/debug_canvas.rs:189:11
[INFO] [stdout]     |
[INFO] [stdout] 189 |     const PIXEL_COLOUR_STRIDE: usize = 4;
[INFO] [stdout]     |           ^^^^^^^^^^^^^^^^^^^
[INFO] [stdout] 
[INFO] [stdout] 
[INFO] [stdout] warning: field `last_serial` is never read
[INFO] [stdout]   --> src/memory/mmu.rs:21:5
[INFO] [stdout]    |
[INFO] [stdout] 14 | pub struct MMU {
[INFO] [stdout]    |            --- field in this struct
[INFO] [stdout] ...
[INFO] [stdout] 21 |     last_serial: u8,
[INFO] [stdout]    |     ^^^^^^^^^^^
[INFO] [stdout] 
[INFO] [stdout] 
[INFO] [stdout] warning: field `index` is never read
[INFO] [stdout]   --> src/ppu.rs:88:5
[INFO] [stdout]    |
[INFO] [stdout] 80 | pub struct Sprite {
[INFO] [stdout]    |            ------ field in this struct
[INFO] [stdout] ...
[INFO] [stdout] 88 |     index: usize,
[INFO] [stdout]    |     ^^^^^
[INFO] [stdout]    |
[INFO] [stdout]    = note: `Sprite` has derived impls for the traits `Debug` and `Clone`, but these are intentionally ignored during dead code analysis
[INFO] [stdout] 
[INFO] [stdout] 
[INFO] [stdout] warning: function `random_framebuffer` is never used
[INFO] [stdout]    --> src/ppu.rs:624:8
[INFO] [stdout]     |
[INFO] [stdout] 624 | pub fn random_framebuffer() -> PPUFramebuffer {
[INFO] [stdout]     |        ^^^^^^^^^^^^^^^^^^
[INFO] [stdout] 
[INFO] [stdout] 
[INFO] [stdout] warning: structure field `S` should have a snake case name
[INFO] [stdout]   --> src/cartridge/rtc.rs:22:5
[INFO] [stdout]    |
[INFO] [stdout] 22 |     S: u8,
[INFO] [stdout]    |     ^ help: convert the identifier to snake case (notice the capitalization): `s`
[INFO] [stdout]    |
[INFO] [stdout]    = note: `#[warn(non_snake_case)]` on by default
[INFO] [stdout] 
[INFO] [stdout] 
[INFO] [stdout] warning: structure field `M` should have a snake case name
[INFO] [stdout]   --> src/cartridge/rtc.rs:23:5
[INFO] [stdout]    |
[INFO] [stdout] 23 |     M: u8,
[INFO] [stdout]    |     ^ help: convert the identifier to snake case: `m`
[INFO] [stdout] 
[INFO] [stdout] 
[INFO] [stdout] warning: structure field `H` should have a snake case name
[INFO] [stdout]   --> src/cartridge/rtc.rs:24:5
[INFO] [stdout]    |
[INFO] [stdout] 24 |     H: u8,
[INFO] [stdout]    |     ^ help: convert the identifier to snake case: `h`
[INFO] [stdout] 
[INFO] [stdout] 
[INFO] [stdout] warning: structure field `DL` should have a snake case name
[INFO] [stdout]   --> src/cartridge/rtc.rs:25:5
[INFO] [stdout]    |
[INFO] [stdout] 25 |     DL: u8,
[INFO] [stdout]    |     ^^ help: convert the identifier to snake case: `dl`
[INFO] [stdout] 
[INFO] [stdout] 
[INFO] [stdout] warning: structure field `DH` should have a snake case name
[INFO] [stdout]   --> src/cartridge/rtc.rs:26:5
[INFO] [stdout]    |
[INFO] [stdout] 26 |     DH: u8,
[INFO] [stdout]    |     ^^ help: convert the identifier to snake case: `dh`
[INFO] [stdout] 
[INFO] [stdout] 
[INFO] [stdout] warning: 33 warnings emitted
[INFO] [stdout] 
[INFO] [stdout] 
[INFO] [stdout] warning: 49 warnings emitted
[INFO] [stdout] 
[INFO] [stdout] 
[INFO] [stderr]     Finished test [unoptimized + debuginfo] target(s) in 3.54s
[INFO] running `Command { std: "docker" "inspect" "23a36014bdf84af2f600d83f359132a188b800a2d675b8bd2136a2ce80e0c368", kill_on_drop: false }`
[INFO] running `Command { std: "docker" "rm" "-f" "23a36014bdf84af2f600d83f359132a188b800a2d675b8bd2136a2ce80e0c368", kill_on_drop: false }`
[INFO] [stdout] 23a36014bdf84af2f600d83f359132a188b800a2d675b8bd2136a2ce80e0c368
[INFO] running `Command { std: "docker" "create" "-v" "/var/lib/crater-agent-workspace/builds/worker-1-tc1/target:/opt/rustwide/target:rw,Z" "-v" "/var/lib/crater-agent-workspace/builds/worker-1-tc1/source:/opt/rustwide/workdir:ro,Z" "-v" "/var/lib/crater-agent-workspace/cargo-home:/opt/rustwide/cargo-home:ro,Z" "-v" "/var/lib/crater-agent-workspace/rustup-home:/opt/rustwide/rustup-home:ro,Z" "-e" "SOURCE_DIR=/opt/rustwide/workdir" "-e" "CARGO_TARGET_DIR=/opt/rustwide/target" "-e" "CARGO_INCREMENTAL=0" "-e" "RUST_BACKTRACE=full" "-e" "RUSTFLAGS=--cap-lints=warn" "-e" "RUSTDOCFLAGS=--cap-lints=warn" "-e" "CARGO_HOME=/opt/rustwide/cargo-home" "-e" "RUSTUP_HOME=/opt/rustwide/rustup-home" "-w" "/opt/rustwide/workdir" "-m" "1610612736" "--user" "0:0" "--network" "none" "ghcr.io/rust-lang/crates-build-env/linux@sha256:5ff2268d62e97bff2cde7d5815dd6ed5b47097566f13b8d0ca110b04b60e07ed" "/opt/rustwide/cargo-home/bin/cargo" "+1.69.0" "test" "--frozen", kill_on_drop: false }`
[INFO] [stdout] efa219f23fafe745d8bb0ebf440bb569c7853723541e7df879a56c1e1db68370
[INFO] running `Command { std: "docker" "start" "-a" "efa219f23fafe745d8bb0ebf440bb569c7853723541e7df879a56c1e1db68370", kill_on_drop: false }`
[INFO] [stderr]     Blocking waiting for file lock on package cache
[INFO] [stderr] warning: unused import: `Error`
[INFO] [stderr]  --> src/cartridge/mbc3.rs:6:15
[INFO] [stderr]   |
[INFO] [stderr] 6 | use std::io::{Error, Read, Write};
[INFO] [stderr]   |               ^^^^^
[INFO] [stderr]   |
[INFO] [stderr]   = note: `#[warn(unused_imports)]` on by default
[INFO] [stderr] 
[INFO] [stderr] warning: unused import: `Error`
[INFO] [stderr]  --> src/cartridge/rtc.rs:6:15
[INFO] [stderr]   |
[INFO] [stderr] 6 | use std::io::{Error, Write};
[INFO] [stderr]   |               ^^^^^
[INFO] [stderr] 
[INFO] [stderr] warning: unused import: `crate::debug::message::DebugMessage`
[INFO] [stderr]  --> src/debug.rs:7:5
[INFO] [stderr]   |
[INFO] [stderr] 7 | use crate::debug::message::DebugMessage;
[INFO] [stderr]   |     ^^^^^^^^^^^^^^^^^^^^^^^^^^^^^^^^^^^
[INFO] [stderr] 
[INFO] [stderr] warning: unused import: `crate::emulator::Emulator`
[INFO] [stderr]  --> src/debug.rs:8:5
[INFO] [stderr]   |
[INFO] [stderr] 8 | use crate::emulator::Emulator;
[INFO] [stderr]   |     ^^^^^^^^^^^^^^^^^^^^^^^^^
[INFO] [stderr] 
[INFO] [stderr] warning: unused imports: `Receiver`, `TryRecvError`
[INFO] [stderr]   --> src/debug.rs:19:13
[INFO] [stderr]    |
[INFO] [stderr] 19 | use flume::{Receiver, TryRecvError};
[INFO] [stderr]    |             ^^^^^^^^  ^^^^^^^^^^^^
[INFO] [stderr] 
[INFO] [stderr] warning: unused imports: `Builder`, `JoinHandle`
[INFO] [stderr]   --> src/debug.rs:20:19
[INFO] [stderr]    |
[INFO] [stderr] 20 | use std::thread::{Builder, JoinHandle};
[INFO] [stderr]    |                   ^^^^^^^  ^^^^^^^^^^
[INFO] [stderr] 
[INFO] [stderr] warning: unused import: `crate::cartridge::load_cartridge`
[INFO] [stderr]  --> src/emulator.rs:4:5
[INFO] [stderr]   |
[INFO] [stderr] 4 | use crate::cartridge::load_cartridge;
[INFO] [stderr]   |     ^^^^^^^^^^^^^^^^^^^^^^^^^^^^^^^^
[INFO] [stderr] 
[INFO] [stderr] warning: unused import: `crate::cpu::instruction::InstructionSet`
[INFO] [stderr]  --> src/emulator.rs:5:5
[INFO] [stderr]   |
[INFO] [stderr] 5 | use crate::cpu::instruction::InstructionSet;
[INFO] [stderr]   |     ^^^^^^^^^^^^^^^^^^^^^^^^^^^^^^^^^^^^^^^
[INFO] [stderr] 
[INFO] [stderr] warning: unused import: `random_framebuffer`
[INFO] [stderr]   --> src/emulator.rs:10:18
[INFO] [stderr]    |
[INFO] [stderr] 10 | use crate::ppu::{random_framebuffer, Mode, PPUFramebuffer};
[INFO] [stderr]    |                  ^^^^^^^^^^^^^^^^^^
[INFO] [stderr] 
[INFO] [stderr] warning: unused import: `std::io`
[INFO] [stderr]  --> src/memory/mmu.rs:9:5
[INFO] [stderr]   |
[INFO] [stderr] 9 | use std::io;
[INFO] [stderr]   |     ^^^^^^^
[INFO] [stderr] 
[INFO] [stderr] warning: unused import: `std::io::Write`
[INFO] [stderr]   --> src/memory/mmu.rs:10:5
[INFO] [stderr]    |
[INFO] [stderr] 10 | use std::io::Write;
[INFO] [stderr]    |     ^^^^^^^^^^^^^^
[INFO] [stderr] 
[INFO] [stderr] warning: `...` range patterns are deprecated
[INFO] [stderr]    --> src/memory/mmu.rs:122:19
[INFO] [stderr]     |
[INFO] [stderr] 122 |             0x0000...0x7fff => {
[INFO] [stderr]     |                   ^^^ help: use `..=` for an inclusive range
[INFO] [stderr]     |
[INFO] [stderr]     = warning: this is accepted in the current edition (Rust 2018) but is a hard error in Rust 2021!
[INFO] [stderr]     = note: for more information, see <https://doc.rust-lang.org/nightly/edition-guide/rust-2021/warnings-promoted-to-error.html>
[INFO] [stderr]     = note: `#[warn(ellipsis_inclusive_range_patterns)]` on by default
[INFO] [stderr] 
[INFO] [stderr] warning: `...` range patterns are deprecated
[INFO] [stderr]    --> src/memory/mmu.rs:155:18
[INFO] [stderr]     |
[INFO] [stderr] 155 |             0xf40...0xff4b => self.ppu.borrow().get(address),
[INFO] [stderr]     |                  ^^^ help: use `..=` for an inclusive range
[INFO] [stderr]     |
[INFO] [stderr]     = warning: this is accepted in the current edition (Rust 2018) but is a hard error in Rust 2021!
[INFO] [stderr]     = note: for more information, see <https://doc.rust-lang.org/nightly/edition-guide/rust-2021/warnings-promoted-to-error.html>
[INFO] [stderr] 
[INFO] [stderr] warning: `...` range patterns are deprecated
[INFO] [stderr]    --> src/memory/mmu.rs:208:19
[INFO] [stderr]     |
[INFO] [stderr] 208 |             0xff80...0xfffe => self.high_ram[address as usize - 0xff80] = value,
[INFO] [stderr]     |                   ^^^ help: use `..=` for an inclusive range
[INFO] [stderr]     |
[INFO] [stderr]     = warning: this is accepted in the current edition (Rust 2018) but is a hard error in Rust 2021!
[INFO] [stderr]     = note: for more information, see <https://doc.rust-lang.org/nightly/edition-guide/rust-2021/warnings-promoted-to-error.html>
[INFO] [stderr] 
[INFO] [stderr] warning: `...` range patterns are deprecated
[INFO] [stderr]    --> src/ppu.rs:492:19
[INFO] [stderr]     |
[INFO] [stderr] 492 |             0xfe00...0xfe9f => self.oam[address as usize - 0xfe00],
[INFO] [stderr]     |                   ^^^ help: use `..=` for an inclusive range
[INFO] [stderr]     |
[INFO] [stderr]     = warning: this is accepted in the current edition (Rust 2018) but is a hard error in Rust 2021!
[INFO] [stderr]     = note: for more information, see <https://doc.rust-lang.org/nightly/edition-guide/rust-2021/warnings-promoted-to-error.html>
[INFO] [stderr] 
[INFO] [stderr] warning: unused import: `Path`
[INFO] [stderr]  --> src/save.rs:1:17
[INFO] [stderr]   |
[INFO] [stderr] 1 | use std::path::{Path, PathBuf};
[INFO] [stderr]   |                 ^^^^
[INFO] [stderr] 
[INFO] [stderr] warning: unused variable: `address`
[INFO] [stderr]   --> src/cartridge/rom.rs:21:23
[INFO] [stderr]    |
[INFO] [stderr] 21 |     fn set(&mut self, address: u16, value: u8) {
[INFO] [stderr]    |                       ^^^^^^^ help: if this is intentional, prefix it with an underscore: `_address`
[INFO] [stderr]    |
[INFO] [stderr]    = note: `#[warn(unused_variables)]` on by default
[INFO] [stderr] 
[INFO] [stderr] warning: unused variable: `value`
[INFO] [stderr]   --> src/cartridge/rom.rs:21:37
[INFO] [stderr]    |
[INFO] [stderr] 21 |     fn set(&mut self, address: u16, value: u8) {
[INFO] [stderr]    |                                     ^^^^^ help: if this is intentional, prefix it with an underscore: `_value`
[INFO] [stderr] 
[INFO] [stderr] warning: unused variable: `config`
[INFO] [stderr]   --> src/debug/debug_logger.rs:34:31
[INFO] [stderr]    |
[INFO] [stderr] 34 |     pub fn should_skip(&self, config: &Config, record: &Record<'_>) -> bool {
[INFO] [stderr]    |                               ^^^^^^ help: if this is intentional, prefix it with an underscore: `_config`
[INFO] [stderr] 
[INFO] [stderr] warning: constant `INTERRUPT_ENABLE_REG` is never used
[INFO] [stderr]   --> src/cpu.rs:22:7
[INFO] [stderr]    |
[INFO] [stderr] 22 | const INTERRUPT_ENABLE_REG: u16 = 0xFFFF;
[INFO] [stderr]    |       ^^^^^^^^^^^^^^^^^^^^
[INFO] [stderr]    |
[INFO] [stderr]    = note: `#[warn(dead_code)]` on by default
[INFO] [stderr] 
[INFO] [stderr] warning: constant `INTERRUPT_FLAG_REG` is never used
[INFO] [stderr]   --> src/cpu.rs:23:7
[INFO] [stderr]    |
[INFO] [stderr] 23 | const INTERRUPT_FLAG_REG: u16 = 0xFF0F;
[INFO] [stderr]    |       ^^^^^^^^^^^^^^^^^^
[INFO] [stderr] 
[INFO] [stderr] warning: constant `V_BLANK` is never used
[INFO] [stderr]   --> src/cpu.rs:25:7
[INFO] [stderr]    |
[INFO] [stderr] 25 | const V_BLANK: u8 = 0x01;
[INFO] [stderr]    |       ^^^^^^^
[INFO] [stderr] 
[INFO] [stderr] warning: constant `LCD_STAT` is never used
[INFO] [stderr]   --> src/cpu.rs:26:7
[INFO] [stderr]    |
[INFO] [stderr] 26 | const LCD_STAT: u8 = 0x02;
[INFO] [stderr]    |       ^^^^^^^^
[INFO] [stderr] 
[INFO] [stderr] warning: constant `TIMER` is never used
[INFO] [stderr]   --> src/cpu.rs:27:7
[INFO] [stderr]    |
[INFO] [stderr] 27 | const TIMER: u8 = 0x04;
[INFO] [stderr]    |       ^^^^^
[INFO] [stderr] 
[INFO] [stderr] warning: constant `SERIAL` is never used
[INFO] [stderr]   --> src/cpu.rs:28:7
[INFO] [stderr]    |
[INFO] [stderr] 28 | const SERIAL: u8 = 0x08;
[INFO] [stderr]    |       ^^^^^^
[INFO] [stderr] 
[INFO] [stderr] warning: constant `D_PAD` is never used
[INFO] [stderr]   --> src/cpu.rs:29:7
[INFO] [stderr]    |
[INFO] [stderr] 29 | const D_PAD: u8 = 0x10;
[INFO] [stderr]    |       ^^^^^
[INFO] [stderr] 
[INFO] [stderr] warning: field `last_serial` is never read
[INFO] [stderr]   --> src/memory/mmu.rs:21:5
[INFO] [stderr]    |
[INFO] [stderr] 14 | pub struct MMU {
[INFO] [stderr]    |            --- field in this struct
[INFO] [stderr] ...
[INFO] [stderr] 21 |     last_serial: u8,
[INFO] [stderr]    |     ^^^^^^^^^^^
[INFO] [stderr] 
[INFO] [stderr] warning: field `index` is never read
[INFO] [stderr]   --> src/ppu.rs:88:5
[INFO] [stderr]    |
[INFO] [stderr] 80 | pub struct Sprite {
[INFO] [stderr]    |            ------ field in this struct
[INFO] [stderr] ...
[INFO] [stderr] 88 |     index: usize,
[INFO] [stderr]    |     ^^^^^
[INFO] [stderr]    |
[INFO] [stderr]    = note: `Sprite` has derived impls for the traits `Debug` and `Clone`, but these are intentionally ignored during dead code analysis
[INFO] [stderr] 
[INFO] [stderr] warning: structure field `S` should have a snake case name
[INFO] [stderr]   --> src/cartridge/rtc.rs:22:5
[INFO] [stderr]    |
[INFO] [stderr] 22 |     S: u8,
[INFO] [stderr]    |     ^ help: convert the identifier to snake case (notice the capitalization): `s`
[INFO] [stderr]    |
[INFO] [stderr]    = note: `#[warn(non_snake_case)]` on by default
[INFO] [stderr] 
[INFO] [stderr] warning: structure field `M` should have a snake case name
[INFO] [stderr]   --> src/cartridge/rtc.rs:23:5
[INFO] [stderr]    |
[INFO] [stderr] 23 |     M: u8,
[INFO] [stderr]    |     ^ help: convert the identifier to snake case: `m`
[INFO] [stderr] 
[INFO] [stderr] warning: structure field `H` should have a snake case name
[INFO] [stderr]   --> src/cartridge/rtc.rs:24:5
[INFO] [stderr]    |
[INFO] [stderr] 24 |     H: u8,
[INFO] [stderr]    |     ^ help: convert the identifier to snake case: `h`
[INFO] [stderr] 
[INFO] [stderr] warning: structure field `DL` should have a snake case name
[INFO] [stderr]   --> src/cartridge/rtc.rs:25:5
[INFO] [stderr]    |
[INFO] [stderr] 25 |     DL: u8,
[INFO] [stderr]    |     ^^ help: convert the identifier to snake case: `dl`
[INFO] [stderr] 
[INFO] [stderr] warning: structure field `DH` should have a snake case name
[INFO] [stderr]   --> src/cartridge/rtc.rs:26:5
[INFO] [stderr]    |
[INFO] [stderr] 26 |     DH: u8,
[INFO] [stderr]    |     ^^ help: convert the identifier to snake case: `dh`
[INFO] [stderr] 
[INFO] [stderr] warning: `rgb` (lib) generated 33 warnings (run `cargo fix --lib -p rgb` to apply 19 suggestions)
[INFO] [stderr] warning: unused import: `crate::cpu::interrupt::Flag::Joypad`
[INFO] [stderr]  --> src/display.rs:1:5
[INFO] [stderr]   |
[INFO] [stderr] 1 | use crate::cpu::interrupt::Flag::Joypad;
[INFO] [stderr]   |     ^^^^^^^^^^^^^^^^^^^^^^^^^^^^^^^^^^^
[INFO] [stderr] 
[INFO] [stderr] warning: unused import: `crate::cpu::registers::Flag`
[INFO] [stderr]  --> src/display/debug_canvas.rs:1:5
[INFO] [stderr]   |
[INFO] [stderr] 1 | use crate::cpu::registers::Flag;
[INFO] [stderr]   |     ^^^^^^^^^^^^^^^^^^^^^^^^^^^
[INFO] [stderr] 
[INFO] [stderr] warning: unused imports: `FB_H`, `FB_W`
[INFO] [stderr]  --> src/display/game_canvas.rs:1:34
[INFO] [stderr]   |
[INFO] [stderr] 1 | use crate::ppu::{PPUFramebuffer, FB_H, FB_W};
[INFO] [stderr]   |                                  ^^^^  ^^^^
[INFO] [stderr] 
[INFO] [stderr] warning: unused import: `piston_window::*`
[INFO] [stderr]  --> src/display/game_canvas.rs:2:5
[INFO] [stderr]   |
[INFO] [stderr] 2 | use piston_window::*;
[INFO] [stderr]   |     ^^^^^^^^^^^^^^^^
[INFO] [stderr] 
[INFO] [stderr] warning: unused variable: `format`
[INFO] [stderr]   --> src/apu.rs:11:17
[INFO] [stderr]    |
[INFO] [stderr] 11 |             let format = cpal::Format {
[INFO] [stderr]    |                 ^^^^^^ help: if this is intentional, prefix it with an underscore: `_format`
[INFO] [stderr]    |
[INFO] [stderr]    = note: `#[warn(unused_variables)]` on by default
[INFO] [stderr] 
[INFO] [stderr] warning: unused variable: `address`
[INFO] [stderr]   --> src/cartridge/rom.rs:21:23
[INFO] [stderr]    |
[INFO] [stderr] 21 |     fn set(&mut self, address: u16, value: u8) {
[INFO] [stderr]    |                       ^^^^^^^ help: if this is intentional, prefix it with an underscore: `_address`
[INFO] [stderr] 
[INFO] [stderr] warning: variable does not need to be mutable
[INFO] [stderr]   --> src/display.rs:90:25
[INFO] [stderr]    |
[INFO] [stderr] 90 |                     let mut key_pressed = match key {
[INFO] [stderr]    |                         ----^^^^^^^^^^^
[INFO] [stderr]    |                         |
[INFO] [stderr]    |                         help: remove this `mut`
[INFO] [stderr]    |
[INFO] [stderr]    = note: `#[warn(unused_mut)]` on by default
[INFO] [stderr] 
[INFO] [stderr] warning: variable does not need to be mutable
[INFO] [stderr]    --> src/display.rs:130:33
[INFO] [stderr]     |
[INFO] [stderr] 130 | ...                   let mut key_pressed = match key {
[INFO] [stderr]     |                           ----^^^^^^^^^^^
[INFO] [stderr]     |                           |
[INFO] [stderr]     |                           help: remove this `mut`
[INFO] [stderr] 
[INFO] [stderr] warning: method `flip` is never used
[INFO] [stderr]    --> src/cpu.rs:249:12
[INFO] [stderr]     |
[INFO] [stderr] 249 |     pub fn flip(&mut self) -> bool {
[INFO] [stderr]     |            ^^^^
[INFO] [stderr] 
[INFO] [stderr] warning: variant `Serial` is never constructed
[INFO] [stderr]  --> src/cpu/interrupt.rs:7:5
[INFO] [stderr]   |
[INFO] [stderr] 3 | pub enum Flag {
[INFO] [stderr]   |          ---- variant in this enum
[INFO] [stderr] ...
[INFO] [stderr] 7 |     Serial = 3,
[INFO] [stderr]   |     ^^^^^^
[INFO] [stderr]   |
[INFO] [stderr]   = note: `Flag` has a derived impl for the trait `Clone`, but this is intentionally ignored during dead code analysis
[INFO] [stderr] 
[INFO] [stderr] warning: constant `FB_W` is never used
[INFO] [stderr]   --> src/debug.rs:22:11
[INFO] [stderr]    |
[INFO] [stderr] 22 | pub const FB_W: usize = 160;
[INFO] [stderr]    |           ^^^^
[INFO] [stderr] 
[INFO] [stderr] warning: constant `FB_H` is never used
[INFO] [stderr]   --> src/debug.rs:23:11
[INFO] [stderr]    |
[INFO] [stderr] 23 | pub const FB_H: usize = 144;
[INFO] [stderr]    |           ^^^^
[INFO] [stderr] 
[INFO] [stderr] warning: variant `PeekValue` is never constructed
[INFO] [stderr]  --> src/debug/command.rs:3:5
[INFO] [stderr]   |
[INFO] [stderr] 2 | pub enum DebugCommand {
[INFO] [stderr]   |          ------------ variant in this enum
[INFO] [stderr] 3 |     PeekValue(u16),
[INFO] [stderr]   |     ^^^^^^^^^
[INFO] [stderr]   |
[INFO] [stderr]   = note: `DebugCommand` has derived impls for the traits `Debug` and `Clone`, but these are intentionally ignored during dead code analysis
[INFO] [stderr] 
[INFO] [stderr] warning: variant `DebugCommand` is never constructed
[INFO] [stderr]  --> src/debug/message.rs:8:5
[INFO] [stderr]   |
[INFO] [stderr] 6 | pub enum DebugMessage {
[INFO] [stderr]   |          ------------ variant in this enum
[INFO] [stderr] 7 |     LogUpdate(String),
[INFO] [stderr] 8 |     DebugCommand(DebugCommand),
[INFO] [stderr]   |     ^^^^^^^^^^^^
[INFO] [stderr]   |
[INFO] [stderr]   = note: `DebugMessage` has derived impls for the traits `Debug` and `Clone`, but these are intentionally ignored during dead code analysis
[INFO] [stderr] 
[INFO] [stderr] warning: function `update_tile_canvas` is never used
[INFO] [stderr]    --> src/display/debug_canvas.rs:161:8
[INFO] [stderr]     |
[INFO] [stderr] 161 | pub fn update_tile_canvas(
[INFO] [stderr]     |        ^^^^^^^^^^^^^^^^^^
[INFO] [stderr] 
[INFO] [stderr] warning: constant `PIXEL_COLOUR_STRIDE` is never used
[INFO] [stderr]    --> src/display/debug_canvas.rs:189:11
[INFO] [stderr]     |
[INFO] [stderr] 189 |     const PIXEL_COLOUR_STRIDE: usize = 4;
[INFO] [stderr]     |           ^^^^^^^^^^^^^^^^^^^
[INFO] [stderr] 
[INFO] [stderr] warning: function `random_framebuffer` is never used
[INFO] [stderr]    --> src/ppu.rs:624:8
[INFO] [stderr]     |
[INFO] [stderr] 624 | pub fn random_framebuffer() -> PPUFramebuffer {
[INFO] [stderr]     |        ^^^^^^^^^^^^^^^^^^
[INFO] [stderr] 
[INFO] [stderr] warning: `rgb` (bin "rgb") generated 49 warnings (32 duplicates) (run `cargo fix --bin "rgb"` to apply 8 suggestions)
[INFO] [stderr] warning: unused import: `rgb::emulator::Emulator`
[INFO] [stderr]  --> tests/cpu_test.rs:3:5
[INFO] [stderr]   |
[INFO] [stderr] 3 | use rgb::emulator::Emulator;
[INFO] [stderr]   |     ^^^^^^^^^^^^^^^^^^^^^^^
[INFO] [stderr]   |
[INFO] [stderr]   = note: `#[warn(unused_imports)]` on by default
[INFO] [stderr] 
[INFO] [stderr] warning: `rgb` (bin "rgb" test) generated 49 warnings (49 duplicates)
[INFO] [stderr] warning: `rgb` (test "cpu_test") generated 1 warning (run `cargo fix --test "cpu_test"` to apply 1 suggestion)
[INFO] [stderr] warning: `rgb` (lib test) generated 33 warnings (33 duplicates)
[INFO] [stderr]     Finished test [unoptimized + debuginfo] target(s) in 0.19s
[INFO] [stderr]      Running unittests src/lib.rs (/opt/rustwide/target/debug/deps/rgb-2e86be3a5180cbf1)
[INFO] [stdout] 
[INFO] [stdout] running 0 tests
[INFO] [stdout] 
[INFO] [stdout] test result: ok. 0 passed; 0 failed; 0 ignored; 0 measured; 0 filtered out; finished in 0.00s
[INFO] [stdout] 
[INFO] [stderr]      Running unittests src/main.rs (/opt/rustwide/target/debug/deps/rgb-423912e01290c430)
[INFO] [stdout] 
[INFO] [stderr]      Running tests/cpu_test.rs (/opt/rustwide/target/debug/deps/cpu_test-d43109b4d33dbce6)
[INFO] [stdout] running 0 tests
[INFO] [stdout] 
[INFO] [stdout] test result: ok. 0 passed; 0 failed; 0 ignored; 0 measured; 0 filtered out; finished in 0.00s
[INFO] [stdout] 
[INFO] [stdout] 
[INFO] [stdout] running 1 test
[INFO] [stdout] test run_cpu_tests ... FAILED
[INFO] [stderr] error: test failed, to rerun pass `--test cpu_test`
[INFO] [stdout] 
[INFO] [stdout] failures:
[INFO] [stdout] 
[INFO] [stdout] ---- run_cpu_tests stdout ----
[INFO] [stdout] thread 'run_cpu_tests' panicked at 'File not there: Os { code: 2, kind: NotFound, message: "No such file or directory" }', src/util/file.rs:4:46
[INFO] [stdout] stack backtrace:
[INFO] [stdout]    0:     0x561c1e2c7c5a - std::backtrace_rs::backtrace::libunwind::trace::ha9053a9a07ca49cb
[INFO] [stdout]                                at /rustc/84c898d65adf2f39a5a98507f1fe0ce10a2b8dbc/library/std/src/../../backtrace/src/backtrace/libunwind.rs:93:5
[INFO] [stdout]    1:     0x561c1e2c7c5a - std::backtrace_rs::backtrace::trace_unsynchronized::h9c2852a457ad564e
[INFO] [stdout]                                at /rustc/84c898d65adf2f39a5a98507f1fe0ce10a2b8dbc/library/std/src/../../backtrace/src/backtrace/mod.rs:66:5
[INFO] [stdout]    2:     0x561c1e2c7c5a - std::sys_common::backtrace::_print_fmt::h457936fbfaa0070f
[INFO] [stdout]                                at /rustc/84c898d65adf2f39a5a98507f1fe0ce10a2b8dbc/library/std/src/sys_common/backtrace.rs:65:5
[INFO] [stdout]    3:     0x561c1e2c7c5a - <std::sys_common::backtrace::_print::DisplayBacktrace as core::fmt::Display>::fmt::h5779d7bf7f70cb0c
[INFO] [stdout]                                at /rustc/84c898d65adf2f39a5a98507f1fe0ce10a2b8dbc/library/std/src/sys_common/backtrace.rs:44:22
[INFO] [stdout]    4:     0x561c1e2eb30e - core::fmt::write::h5a4baaff1bcd3eb5
[INFO] [stdout]                                at /rustc/84c898d65adf2f39a5a98507f1fe0ce10a2b8dbc/library/core/src/fmt/mod.rs:1232:17
[INFO] [stdout]    5:     0x561c1e2c5045 - std::io::Write::write_fmt::h478f79c628ef31d1
[INFO] [stdout]                                at /rustc/84c898d65adf2f39a5a98507f1fe0ce10a2b8dbc/library/std/src/io/mod.rs:1684:15
[INFO] [stdout]    6:     0x561c1e2c7a25 - std::sys_common::backtrace::_print::h5fcdc36060f177e8
[INFO] [stdout]                                at /rustc/84c898d65adf2f39a5a98507f1fe0ce10a2b8dbc/library/std/src/sys_common/backtrace.rs:47:5
[INFO] [stdout]    7:     0x561c1e2c7a25 - std::sys_common::backtrace::print::h54ca9458b876c8bf
[INFO] [stdout]                                at /rustc/84c898d65adf2f39a5a98507f1fe0ce10a2b8dbc/library/std/src/sys_common/backtrace.rs:34:9
[INFO] [stdout]    8:     0x561c1e2c97ef - std::panicking::default_hook::{{closure}}::hbe471161c7664ed6
[INFO] [stdout]                                at /rustc/84c898d65adf2f39a5a98507f1fe0ce10a2b8dbc/library/std/src/panicking.rs:271:22
[INFO] [stdout]    9:     0x561c1e2c94af - std::panicking::default_hook::ha3500da57aa4ac4f
[INFO] [stdout]                                at /rustc/84c898d65adf2f39a5a98507f1fe0ce10a2b8dbc/library/std/src/panicking.rs:287:9
[INFO] [stdout]   10:     0x561c1e22b297 - <alloc::boxed::Box<F,A> as core::ops::function::Fn<Args>>::call::hdf1b89dd137ece34
[INFO] [stdout]                                at /rustc/84c898d65adf2f39a5a98507f1fe0ce10a2b8dbc/library/alloc/src/boxed.rs:2001:9
[INFO] [stdout]   11:     0x561c1e22b297 - test::test_main::{{closure}}::h9081a79f20e75698
[INFO] [stdout]                                at /rustc/84c898d65adf2f39a5a98507f1fe0ce10a2b8dbc/library/test/src/lib.rs:135:21
[INFO] [stdout]   12:     0x561c1e2c9f1d - <alloc::boxed::Box<F,A> as core::ops::function::Fn<Args>>::call::h6507bddc3eebb4a5
[INFO] [stdout]                                at /rustc/84c898d65adf2f39a5a98507f1fe0ce10a2b8dbc/library/alloc/src/boxed.rs:2001:9
[INFO] [stdout]   13:     0x561c1e2c9f1d - std::panicking::rust_panic_with_hook::h50c09d000dc561d2
[INFO] [stdout]                                at /rustc/84c898d65adf2f39a5a98507f1fe0ce10a2b8dbc/library/std/src/panicking.rs:696:13
[INFO] [stdout]   14:     0x561c1e2c9c99 - std::panicking::begin_panic_handler::{{closure}}::h9e2b2176e00e0d9c
[INFO] [stdout]                                at /rustc/84c898d65adf2f39a5a98507f1fe0ce10a2b8dbc/library/std/src/panicking.rs:583:13
[INFO] [stdout]   15:     0x561c1e2c80c6 - std::sys_common::backtrace::__rust_end_short_backtrace::h5739b8e512c09d02
[INFO] [stdout]                                at /rustc/84c898d65adf2f39a5a98507f1fe0ce10a2b8dbc/library/std/src/sys_common/backtrace.rs:150:18
[INFO] [stdout]   16:     0x561c1e2c99a2 - rust_begin_unwind
[INFO] [stdout]                                at /rustc/84c898d65adf2f39a5a98507f1fe0ce10a2b8dbc/library/std/src/panicking.rs:579:5
[INFO] [stdout]   17:     0x561c1e1f9b83 - core::panicking::panic_fmt::hf33a1475b4dc5c3e
[INFO] [stdout]                                at /rustc/84c898d65adf2f39a5a98507f1fe0ce10a2b8dbc/library/core/src/panicking.rs:64:14
[INFO] [stdout]   18:     0x561c1e1f9fd3 - core::result::unwrap_failed::hdff5465d74574b44
[INFO] [stdout]                                at /rustc/84c898d65adf2f39a5a98507f1fe0ce10a2b8dbc/library/core/src/result.rs:1750:5
[INFO] [stdout]   19:     0x561c1e2961dd - core::result::Result<T,E>::expect::h0b02747deb73a97d
[INFO] [stdout]                                at /rustc/84c898d65adf2f39a5a98507f1fe0ce10a2b8dbc/library/core/src/result.rs:1047:23
[INFO] [stdout]   20:     0x561c1e295c6c - rgb::util::file::buffer_from_file::he4f543b830efa572
[INFO] [stdout]                                at /opt/rustwide/workdir/src/util/file.rs:4:20
[INFO] [stdout]   21:     0x561c1e26602d - rgb::util::get_rom::h77386f4b5769916b
[INFO] [stdout]                                at /opt/rustwide/workdir/src/util.rs:16:22
[INFO] [stdout]   22:     0x561c1e1fad77 - cpu_test::run_cpu_tests::h0f0c9d3693a80429
[INFO] [stdout]                                at /opt/rustwide/workdir/tests/cpu_test.rs:78:15
[INFO] [stdout]   23:     0x561c1e1fad37 - cpu_test::run_cpu_tests::{{closure}}::h9c3989e77519005e
[INFO] [stdout]                                at /opt/rustwide/workdir/tests/cpu_test.rs:77:20
[INFO] [stdout]   24:     0x561c1e1fa415 - core::ops::function::FnOnce::call_once::h1f51f62f8a2f562c
[INFO] [stdout]                                at /rustc/84c898d65adf2f39a5a98507f1fe0ce10a2b8dbc/library/core/src/ops/function.rs:250:5
[INFO] [stdout]   25:     0x561c1e23067f - core::ops::function::FnOnce::call_once::h7d969581be7d0075
[INFO] [stdout]                                at /rustc/84c898d65adf2f39a5a98507f1fe0ce10a2b8dbc/library/core/src/ops/function.rs:250:5
[INFO] [stdout]   26:     0x561c1e23067f - test::__rust_begin_short_backtrace::hca25a52684e56655
[INFO] [stdout]                                at /rustc/84c898d65adf2f39a5a98507f1fe0ce10a2b8dbc/library/test/src/lib.rs:656:18
[INFO] [stdout]   27:     0x561c1e201c9c - test::run_test::{{closure}}::ha8ac744c4af1a4bb
[INFO] [stdout]                                at /rustc/84c898d65adf2f39a5a98507f1fe0ce10a2b8dbc/library/test/src/lib.rs:647:30
[INFO] [stdout]   28:     0x561c1e201c9c - core::ops::function::FnOnce::call_once{{vtable.shim}}::h7b411a9ed45bdecf
[INFO] [stdout]                                at /rustc/84c898d65adf2f39a5a98507f1fe0ce10a2b8dbc/library/core/src/ops/function.rs:250:5
[INFO] [stdout]   29:     0x561c1e22f646 - <alloc::boxed::Box<F,A> as core::ops::function::FnOnce<Args>>::call_once::hd05328869a8ed200
[INFO] [stdout]                                at /rustc/84c898d65adf2f39a5a98507f1fe0ce10a2b8dbc/library/alloc/src/boxed.rs:1987:9
[INFO] [stdout]   30:     0x561c1e22f646 - <core::panic::unwind_safe::AssertUnwindSafe<F> as core::ops::function::FnOnce<()>>::call_once::h0c601ce20bd5b2be
[INFO] [stdout]                                at /rustc/84c898d65adf2f39a5a98507f1fe0ce10a2b8dbc/library/core/src/panic/unwind_safe.rs:271:9
[INFO] [stdout]   31:     0x561c1e22f646 - std::panicking::try::do_call::ha4be5c164fe30854
[INFO] [stdout]                                at /rustc/84c898d65adf2f39a5a98507f1fe0ce10a2b8dbc/library/std/src/panicking.rs:487:40
[INFO] [stdout]   32:     0x561c1e22f646 - std::panicking::try::h604546f3609af05f
[INFO] [stdout]                                at /rustc/84c898d65adf2f39a5a98507f1fe0ce10a2b8dbc/library/std/src/panicking.rs:451:19
[INFO] [stdout]   33:     0x561c1e22f646 - std::panic::catch_unwind::h5bfa8afe44c9c2f9
[INFO] [stdout]                                at /rustc/84c898d65adf2f39a5a98507f1fe0ce10a2b8dbc/library/std/src/panic.rs:140:14
[INFO] [stdout]   34:     0x561c1e22f646 - test::run_test_in_process::hd50dee55dd63e6aa
[INFO] [stdout]                                at /rustc/84c898d65adf2f39a5a98507f1fe0ce10a2b8dbc/library/test/src/lib.rs:679:27
[INFO] [stdout]   35:     0x561c1e22f646 - test::run_test::run_test_inner::{{closure}}::h4aa0f433aa85cea8
[INFO] [stdout]                                at /rustc/84c898d65adf2f39a5a98507f1fe0ce10a2b8dbc/library/test/src/lib.rs:573:39
[INFO] [stdout]   36:     0x561c1e1fc311 - test::run_test::run_test_inner::{{closure}}::had56431adf24b4d6
[INFO] [stdout]                                at /rustc/84c898d65adf2f39a5a98507f1fe0ce10a2b8dbc/library/test/src/lib.rs:600:37
[INFO] [stdout]   37:     0x561c1e1fc311 - std::sys_common::backtrace::__rust_begin_short_backtrace::ha8d9890e0c73bf13
[INFO] [stdout]                                at /rustc/84c898d65adf2f39a5a98507f1fe0ce10a2b8dbc/library/std/src/sys_common/backtrace.rs:134:18
[INFO] [stdout]   38:     0x561c1e201d2b - std::thread::Builder::spawn_unchecked_::{{closure}}::{{closure}}::h251832bcb4a95327
[INFO] [stdout]                                at /rustc/84c898d65adf2f39a5a98507f1fe0ce10a2b8dbc/library/std/src/thread/mod.rs:560:17
[INFO] [stdout]   39:     0x561c1e201d2b - <core::panic::unwind_safe::AssertUnwindSafe<F> as core::ops::function::FnOnce<()>>::call_once::h8fdff598fa414831
[INFO] [stdout]                                at /rustc/84c898d65adf2f39a5a98507f1fe0ce10a2b8dbc/library/core/src/panic/unwind_safe.rs:271:9
[INFO] [stdout]   40:     0x561c1e201d2b - std::panicking::try::do_call::h455dd2f7764a950f
[INFO] [stdout]                                at /rustc/84c898d65adf2f39a5a98507f1fe0ce10a2b8dbc/library/std/src/panicking.rs:487:40
[INFO] [stdout]   41:     0x561c1e201d2b - std::panicking::try::had6f23b7b73ae72a
[INFO] [stdout]                                at /rustc/84c898d65adf2f39a5a98507f1fe0ce10a2b8dbc/library/std/src/panicking.rs:451:19
[INFO] [stdout]   42:     0x561c1e201d2b - std::panic::catch_unwind::ha6a5ca3915b4dad0
[INFO] [stdout]                                at /rustc/84c898d65adf2f39a5a98507f1fe0ce10a2b8dbc/library/std/src/panic.rs:140:14
[INFO] [stdout]   43:     0x561c1e201d2b - std::thread::Builder::spawn_unchecked_::{{closure}}::h883b72ef75da6231
[INFO] [stdout]                                at /rustc/84c898d65adf2f39a5a98507f1fe0ce10a2b8dbc/library/std/src/thread/mod.rs:559:30
[INFO] [stdout]   44:     0x561c1e201d2b - core::ops::function::FnOnce::call_once{{vtable.shim}}::hb7dff73dc8bd2ccb
[INFO] [stdout]                                at /rustc/84c898d65adf2f39a5a98507f1fe0ce10a2b8dbc/library/core/src/ops/function.rs:250:5
[INFO] [stdout]   45:     0x561c1e2ce283 - <alloc::boxed::Box<F,A> as core::ops::function::FnOnce<Args>>::call_once::h39990b24eedef2ab
[INFO] [stdout]                                at /rustc/84c898d65adf2f39a5a98507f1fe0ce10a2b8dbc/library/alloc/src/boxed.rs:1987:9
[INFO] [stdout]   46:     0x561c1e2ce283 - <alloc::boxed::Box<F,A> as core::ops::function::FnOnce<Args>>::call_once::h01a027258444143b
[INFO] [stdout]                                at /rustc/84c898d65adf2f39a5a98507f1fe0ce10a2b8dbc/library/alloc/src/boxed.rs:1987:9
[INFO] [stdout]   47:     0x561c1e2ce283 - std::sys::unix::thread::Thread::new::thread_start::ha4f1cdd9c25884ba
[INFO] [stdout]                                at /rustc/84c898d65adf2f39a5a98507f1fe0ce10a2b8dbc/library/std/src/sys/unix/thread.rs:108:17
[INFO] [stdout]   48:     0x7f2aeec94b43 - <unknown>
[INFO] [stdout]   49:     0x7f2aeed25bb4 - __clone
[INFO] [stdout]   50:                0x0 - <unknown>
[INFO] [stdout] 
[INFO] [stdout] 
[INFO] [stdout] failures:
[INFO] [stdout]     run_cpu_tests
[INFO] [stdout] 
[INFO] [stdout] test result: FAILED. 0 passed; 1 failed; 0 ignored; 0 measured; 0 filtered out; finished in 0.02s
[INFO] [stdout] 
[INFO] running `Command { std: "docker" "inspect" "efa219f23fafe745d8bb0ebf440bb569c7853723541e7df879a56c1e1db68370", kill_on_drop: false }`
[INFO] running `Command { std: "docker" "rm" "-f" "efa219f23fafe745d8bb0ebf440bb569c7853723541e7df879a56c1e1db68370", kill_on_drop: false }`
[INFO] [stdout] efa219f23fafe745d8bb0ebf440bb569c7853723541e7df879a56c1e1db68370
