[INFO] cloning repository https://github.com/qyl2021/rust-peg
[INFO] running `Command { std: "git" "-c" "credential.helper=" "-c" "credential.helper=/workspace/cargo-home/bin/git-credential-null" "clone" "--bare" "https://github.com/qyl2021/rust-peg" "/workspace/cache/git-repos/https%3A%2F%2Fgithub.com%2Fqyl2021%2Frust-peg", kill_on_drop: false }`
[INFO] [stderr] Cloning into bare repository '/workspace/cache/git-repos/https%3A%2F%2Fgithub.com%2Fqyl2021%2Frust-peg'...
[INFO] running `Command { std: "git" "rev-parse" "HEAD", kill_on_drop: false }`
[INFO] [stdout] cdeb247928b2a9490e2de8c1eed0988b732a25a5
[INFO] testing qyl2021/rust-peg against 1.69.0 for beta-1.70-1
[INFO] running `Command { std: "git" "clone" "/workspace/cache/git-repos/https%3A%2F%2Fgithub.com%2Fqyl2021%2Frust-peg" "/workspace/builds/worker-5-tc1/source", kill_on_drop: false }`
[INFO] [stderr] Cloning into '/workspace/builds/worker-5-tc1/source'...
[INFO] [stderr] done.
[INFO] validating manifest of git repo https://github.com/qyl2021/rust-peg on toolchain 1.69.0
[INFO] running `Command { std: CARGO_HOME="/workspace/cargo-home" RUSTUP_HOME="/workspace/rustup-home" "/workspace/cargo-home/bin/cargo" "+1.69.0" "metadata" "--manifest-path" "Cargo.toml" "--no-deps", kill_on_drop: false }`
[INFO] started tweaking git repo https://github.com/qyl2021/rust-peg
[INFO] removed 0 missing tests
[INFO] finished tweaking git repo https://github.com/qyl2021/rust-peg
[INFO] tweaked toml for git repo https://github.com/qyl2021/rust-peg written to /workspace/builds/worker-5-tc1/source/Cargo.toml
[INFO] crate git repo https://github.com/qyl2021/rust-peg already has a lockfile, it will not be regenerated
[INFO] running `Command { std: CARGO_HOME="/workspace/cargo-home" RUSTUP_HOME="/workspace/rustup-home" "/workspace/cargo-home/bin/cargo" "+1.69.0" "fetch" "--manifest-path" "Cargo.toml", kill_on_drop: false }`
[INFO] [stderr]     Blocking waiting for file lock on package cache
[INFO] [stderr]  Downloading crates ...
[INFO] [stderr]   Downloaded trybuild v1.0.33
[INFO] running `Command { std: "docker" "create" "-v" "/var/lib/crater-agent-workspace/builds/worker-5-tc1/target:/opt/rustwide/target:rw,Z" "-v" "/var/lib/crater-agent-workspace/builds/worker-5-tc1/source:/opt/rustwide/workdir:ro,Z" "-v" "/var/lib/crater-agent-workspace/cargo-home:/opt/rustwide/cargo-home:ro,Z" "-v" "/var/lib/crater-agent-workspace/rustup-home:/opt/rustwide/rustup-home:ro,Z" "-e" "SOURCE_DIR=/opt/rustwide/workdir" "-e" "CARGO_TARGET_DIR=/opt/rustwide/target" "-e" "CARGO_HOME=/opt/rustwide/cargo-home" "-e" "RUSTUP_HOME=/opt/rustwide/rustup-home" "-w" "/opt/rustwide/workdir" "-m" "1610612736" "--user" "0:0" "--network" "none" "ghcr.io/rust-lang/crates-build-env/linux@sha256:5ff2268d62e97bff2cde7d5815dd6ed5b47097566f13b8d0ca110b04b60e07ed" "/opt/rustwide/cargo-home/bin/cargo" "+1.69.0" "metadata" "--no-deps" "--format-version=1", kill_on_drop: false }`
[INFO] [stdout] de7b519e05fa4f5b8f9d57648cad3c4ad2972f3963e3229522864277d92d6255
[INFO] running `Command { std: "docker" "start" "-a" "de7b519e05fa4f5b8f9d57648cad3c4ad2972f3963e3229522864277d92d6255", kill_on_drop: false }`
[INFO] running `Command { std: "docker" "inspect" "de7b519e05fa4f5b8f9d57648cad3c4ad2972f3963e3229522864277d92d6255", kill_on_drop: false }`
[INFO] running `Command { std: "docker" "rm" "-f" "de7b519e05fa4f5b8f9d57648cad3c4ad2972f3963e3229522864277d92d6255", kill_on_drop: false }`
[INFO] [stdout] de7b519e05fa4f5b8f9d57648cad3c4ad2972f3963e3229522864277d92d6255
[INFO] running `Command { std: "docker" "create" "-v" "/var/lib/crater-agent-workspace/builds/worker-5-tc1/target:/opt/rustwide/target:rw,Z" "-v" "/var/lib/crater-agent-workspace/builds/worker-5-tc1/source:/opt/rustwide/workdir:ro,Z" "-v" "/var/lib/crater-agent-workspace/cargo-home:/opt/rustwide/cargo-home:ro,Z" "-v" "/var/lib/crater-agent-workspace/rustup-home:/opt/rustwide/rustup-home:ro,Z" "-e" "SOURCE_DIR=/opt/rustwide/workdir" "-e" "CARGO_TARGET_DIR=/opt/rustwide/target" "-e" "CARGO_INCREMENTAL=0" "-e" "RUST_BACKTRACE=full" "-e" "RUSTFLAGS=--cap-lints=warn" "-e" "RUSTDOCFLAGS=--cap-lints=warn" "-e" "CARGO_HOME=/opt/rustwide/cargo-home" "-e" "RUSTUP_HOME=/opt/rustwide/rustup-home" "-w" "/opt/rustwide/workdir" "-m" "1610612736" "--user" "0:0" "--network" "none" "ghcr.io/rust-lang/crates-build-env/linux@sha256:5ff2268d62e97bff2cde7d5815dd6ed5b47097566f13b8d0ca110b04b60e07ed" "/opt/rustwide/cargo-home/bin/cargo" "+1.69.0" "build" "--frozen" "--message-format=json", kill_on_drop: false }`
[INFO] [stdout] eb75e720e05d0dc1da49c86df47d2dedeff3ad667d666182b80d7ad3dd519183
[INFO] running `Command { std: "docker" "start" "-a" "eb75e720e05d0dc1da49c86df47d2dedeff3ad667d666182b80d7ad3dd519183", kill_on_drop: false }`
[INFO] [stderr]    Compiling proc-macro2 v1.0.24
[INFO] [stderr]    Compiling unicode-xid v0.2.1
[INFO] [stderr]    Compiling peg-runtime v0.7.0 (/opt/rustwide/workdir/peg-runtime)
[INFO] [stderr]    Compiling quote v1.0.7
[INFO] [stderr]    Compiling peg-macros v0.7.0 (/opt/rustwide/workdir/peg-macros)
[INFO] [stderr]    Compiling peg v0.7.0 (/opt/rustwide/workdir)
[INFO] [stderr]     Finished dev [unoptimized + debuginfo] target(s) in 2.14s
[INFO] running `Command { std: "docker" "inspect" "eb75e720e05d0dc1da49c86df47d2dedeff3ad667d666182b80d7ad3dd519183", kill_on_drop: false }`
[INFO] running `Command { std: "docker" "rm" "-f" "eb75e720e05d0dc1da49c86df47d2dedeff3ad667d666182b80d7ad3dd519183", kill_on_drop: false }`
[INFO] [stdout] eb75e720e05d0dc1da49c86df47d2dedeff3ad667d666182b80d7ad3dd519183
[INFO] running `Command { std: "docker" "create" "-v" "/var/lib/crater-agent-workspace/builds/worker-5-tc1/target:/opt/rustwide/target:rw,Z" "-v" "/var/lib/crater-agent-workspace/builds/worker-5-tc1/source:/opt/rustwide/workdir:ro,Z" "-v" "/var/lib/crater-agent-workspace/cargo-home:/opt/rustwide/cargo-home:ro,Z" "-v" "/var/lib/crater-agent-workspace/rustup-home:/opt/rustwide/rustup-home:ro,Z" "-e" "SOURCE_DIR=/opt/rustwide/workdir" "-e" "CARGO_TARGET_DIR=/opt/rustwide/target" "-e" "CARGO_INCREMENTAL=0" "-e" "RUST_BACKTRACE=full" "-e" "RUSTFLAGS=--cap-lints=warn" "-e" "RUSTDOCFLAGS=--cap-lints=warn" "-e" "CARGO_HOME=/opt/rustwide/cargo-home" "-e" "RUSTUP_HOME=/opt/rustwide/rustup-home" "-w" "/opt/rustwide/workdir" "-m" "1610612736" "--user" "0:0" "--network" "none" "ghcr.io/rust-lang/crates-build-env/linux@sha256:5ff2268d62e97bff2cde7d5815dd6ed5b47097566f13b8d0ca110b04b60e07ed" "/opt/rustwide/cargo-home/bin/cargo" "+1.69.0" "test" "--frozen" "--no-run" "--message-format=json", kill_on_drop: false }`
[INFO] [stdout] 57f841157dc6f985eb041092fb17e205145d8dbf8d266622525f2f997720d23d
[INFO] running `Command { std: "docker" "start" "-a" "57f841157dc6f985eb041092fb17e205145d8dbf8d266622525f2f997720d23d", kill_on_drop: false }`
[INFO] [stderr]    Compiling syn v1.0.39
[INFO] [stderr]    Compiling serde_derive v1.0.115
[INFO] [stderr]    Compiling serde v1.0.115
[INFO] [stderr]    Compiling ryu v1.0.5
[INFO] [stderr]    Compiling serde_json v1.0.57
[INFO] [stderr]    Compiling itoa v0.4.6
[INFO] [stderr]    Compiling glob v0.3.0
[INFO] [stderr]    Compiling termcolor v1.1.0
[INFO] [stderr]    Compiling lazy_static v1.4.0
[INFO] [stderr]    Compiling toml v0.5.6
[INFO] [stderr]    Compiling trybuild v1.0.33
[INFO] [stderr]    Compiling peg v0.7.0 (/opt/rustwide/workdir)
[INFO] [stderr]     Finished test [unoptimized + debuginfo] target(s) in 10.45s
[INFO] running `Command { std: "docker" "inspect" "57f841157dc6f985eb041092fb17e205145d8dbf8d266622525f2f997720d23d", kill_on_drop: false }`
[INFO] running `Command { std: "docker" "rm" "-f" "57f841157dc6f985eb041092fb17e205145d8dbf8d266622525f2f997720d23d", kill_on_drop: false }`
[INFO] [stdout] 57f841157dc6f985eb041092fb17e205145d8dbf8d266622525f2f997720d23d
[INFO] running `Command { std: "docker" "create" "-v" "/var/lib/crater-agent-workspace/builds/worker-5-tc1/target:/opt/rustwide/target:rw,Z" "-v" "/var/lib/crater-agent-workspace/builds/worker-5-tc1/source:/opt/rustwide/workdir:ro,Z" "-v" "/var/lib/crater-agent-workspace/cargo-home:/opt/rustwide/cargo-home:ro,Z" "-v" "/var/lib/crater-agent-workspace/rustup-home:/opt/rustwide/rustup-home:ro,Z" "-e" "SOURCE_DIR=/opt/rustwide/workdir" "-e" "CARGO_TARGET_DIR=/opt/rustwide/target" "-e" "CARGO_INCREMENTAL=0" "-e" "RUST_BACKTRACE=full" "-e" "RUSTFLAGS=--cap-lints=warn" "-e" "RUSTDOCFLAGS=--cap-lints=warn" "-e" "CARGO_HOME=/opt/rustwide/cargo-home" "-e" "RUSTUP_HOME=/opt/rustwide/rustup-home" "-w" "/opt/rustwide/workdir" "-m" "1610612736" "--user" "0:0" "--network" "none" "ghcr.io/rust-lang/crates-build-env/linux@sha256:5ff2268d62e97bff2cde7d5815dd6ed5b47097566f13b8d0ca110b04b60e07ed" "/opt/rustwide/cargo-home/bin/cargo" "+1.69.0" "test" "--frozen", kill_on_drop: false }`
[INFO] [stdout] e12a37ac2d69d2c48973aa8ef752ee56016da034fdd85a60306a6046ce41e3cb
[INFO] running `Command { std: "docker" "start" "-a" "e12a37ac2d69d2c48973aa8ef752ee56016da034fdd85a60306a6046ce41e3cb", kill_on_drop: false }`
[INFO] [stderr]     Finished test [unoptimized + debuginfo] target(s) in 0.01s
[INFO] [stderr]      Running unittests src/lib.rs (/opt/rustwide/target/debug/deps/peg-7d2f7c8429cde4c2)
[INFO] [stdout] 
[INFO] [stdout] running 0 tests
[INFO] [stdout] 
[INFO] [stdout] test result: ok. 0 passed; 0 failed; 0 ignored; 0 measured; 0 filtered out; finished in 0.00s
[INFO] [stdout] 
[INFO] [stderr]      Running tests/trybuild.rs (/opt/rustwide/target/debug/deps/trybuild-8b8284034f1d4128)
[INFO] [stdout] Note: compile-fail tests are normally only tested on the stable rust compiler in CI.
[INFO] [stderr]    Compiling proc-macro2 v1.0.56
[INFO] [stderr]    Compiling unicode-ident v1.0.8
[INFO] [stderr]    Compiling quote v1.0.26
[INFO] [stderr]    Compiling peg-runtime v0.7.0 (/opt/rustwide/workdir/peg-runtime)
[INFO] [stderr]    Compiling peg-macros v0.7.0 (/opt/rustwide/workdir/peg-macros)
[INFO] [stderr]    Compiling peg v0.7.0 (/opt/rustwide/workdir)
[INFO] [stderr]    Compiling peg-tests v0.0.0 (/opt/rustwide/target/tests/peg)
[INFO] [stderr]     Finished dev [unoptimized + debuginfo] target(s) in 2.51s
[INFO] [stderr] 
[INFO] [stderr] 
[INFO] [stderr] test cache_with_args.rs [should fail to compile] ... ok
[INFO] [stderr] test duplicate_rule.rs [should fail to compile] ... ok
[INFO] [stderr] test left_recursion_without_cache.rs [should fail to compile] ... ok
[INFO] [stderr] test nullable_loop.rs [should fail to compile] ... ok
[INFO] [stderr] test rule_args_errors.rs [should fail to compile] ... ok
[INFO] [stderr] test rust_action_syntax_error.rs [should fail to compile] ... ok
[INFO] [stderr] test rust_action_type_error.rs [should fail to compile] ... mismatch
[INFO] [stderr] 
[INFO] [stderr] EXPECTED:
[INFO] [stderr] ┈┈┈┈┈┈┈┈┈┈┈┈┈┈┈┈┈┈┈┈┈┈┈┈┈┈┈┈┈┈┈┈┈┈┈┈┈┈┈┈┈┈┈┈┈┈┈┈┈┈┈┈┈┈┈┈┈┈┈┈
[INFO] [stderr] error[E0308]: mismatched types
[INFO] [stderr]  --> $DIR/rust_action_type_error.rs:7:27
[INFO] [stderr]   |
[INFO] [stderr] 7 |     rule foo() -> X = "a" { Y } //~ ERROR
[INFO] [stderr]   |                           ^^^^^ expected struct `X`, found struct `Y`
[INFO] [stderr]   |
[INFO] [stderr]   = note: this error originates in the macro `peg::parser` (in Nightly builds, run with -Z macro-backtrace for more info)
[INFO] [stderr] ┈┈┈┈┈┈┈┈┈┈┈┈┈┈┈┈┈┈┈┈┈┈┈┈┈┈┈┈┈┈┈┈┈┈┈┈┈┈┈┈┈┈┈┈┈┈┈┈┈┈┈┈┈┈┈┈┈┈┈┈
[INFO] [stderr] 
[INFO] [stderr] ACTUAL OUTPUT:
[INFO] [stderr] ┈┈┈┈┈┈┈┈┈┈┈┈┈┈┈┈┈┈┈┈┈┈┈┈┈┈┈┈┈┈┈┈┈┈┈┈┈┈┈┈┈┈┈┈┈┈┈┈┈┈┈┈┈┈┈┈┈┈┈┈
[INFO] [stderr] error[E0308]: mismatched types
[INFO] [stderr]   --> $DIR/rust_action_type_error.rs:7:27
[INFO] [stderr]    |
[INFO] [stderr] 7  |     rule foo() -> X = "a" { Y } //~ ERROR
[INFO] [stderr]    |                           ^^^^^
[INFO] [stderr]    |                           |
[INFO] [stderr]    |                           expected `X`, found `Y`
[INFO] [stderr]    |                           arguments to this enum variant are incorrect
[INFO] [stderr]    |
[INFO] [stderr] help: the type constructed contains `Y` due to the type of the argument passed
[INFO] [stderr]   --> $DIR/rust_action_type_error.rs:7:27
[INFO] [stderr]    |
[INFO] [stderr] 7  |     rule foo() -> X = "a" { Y } //~ ERROR
[INFO] [stderr]    |                           ^^^^^ this argument influences the type of `{{root}}`
[INFO] [stderr] note: tuple variant defined here
[INFO] [stderr]   --> $DIR/lib.rs:13:5
[INFO] [stderr]    |
[INFO] [stderr] 13 |     Matched(usize, T),
[INFO] [stderr]    |     ^^^^^^^
[INFO] [stderr]    = note: this error originates in the macro `peg::parser` (in Nightly builds, run with -Z macro-backtrace for more info)
[INFO] [stderr] ┈┈┈┈┈┈┈┈┈┈┈┈┈┈┈┈┈┈┈┈┈┈┈┈┈┈┈┈┈┈┈┈┈┈┈┈┈┈┈┈┈┈┈┈┈┈┈┈┈┈┈┈┈┈┈┈┈┈┈┈
[INFO] [stderr] note: If the actual output is the correct output you can bless it by rerunning
[INFO] [stderr]       your test with the environment variable TRYBUILD=overwrite
[INFO] [stderr] 
[INFO] [stderr] test syntax_error.rs [should fail to compile] ... ok
[INFO] [stderr] test use_undefined_result.rs [should fail to compile] ... ok
[INFO] [stderr] test use_undefined_rule.rs [should fail to compile] ... ok
[INFO] [stderr] test arithmetic.rs [should pass] ... ok
[INFO] [stderr] test arithmetic_ast.rs [should pass] ... ok
[INFO] [stderr] test arithmetic_infix.rs [should pass] ... ok
[INFO] [stderr] test arithmetic_infix_ast.rs [should pass] ... ok
[INFO] [stderr] test arithmetic_infix_ast_span.rs [should pass] ... ok
[INFO] [stderr] test arithmetic_with_left_recursion.rs [should pass] ... ok
[INFO] [stderr] test borrow_from_input.rs [should pass] ... ok
[INFO] [stderr] test bytes.rs [should pass] ... ok
[INFO] [stderr] test conditional_block.rs [should pass] ... ok
[INFO] [stderr] test crate_import.rs [should pass] ... ok
[INFO] [stderr] test errors.rs [should pass] ... ok
[INFO] [stderr] test grammar_with_args_and_cache.rs [should pass] ... ok
[INFO] [stderr] test keyval.rs [should pass] ... ok
[INFO] [stderr] test lifetimes.rs [should pass] ... ok
[INFO] [stderr] test memoization.rs [should pass] ... ok
[INFO] [stderr] test no_eof.rs [should pass] ... ok
[INFO] [stderr] test optional.rs [should pass] ... ok
[INFO] [stderr] test pattern.rs [should pass] ... ok
[INFO] [stderr] test pos_neg_assert.rs [should pass] ... ok
[INFO] [stderr] test position.rs [should pass] ... ok
[INFO] [stderr] test renamed_imports.rs [should pass] ... ok
[INFO] [stderr] test repeats.rs [should pass] ... ok
[INFO] [stderr] test rule_args.rs [should pass] ... ok
[INFO] [stderr] test test-hygiene.rs [should pass] ... ok
[INFO] [stderr] test tokens.rs [should pass] ... ok
[INFO] [stderr] test utf8.rs [should pass] ... ok
[INFO] [stderr] 
[INFO] [stderr] 
[INFO] [stderr] thread 'main' panicked at '1 of 36 tests failed', /opt/rustwide/cargo-home/registry/src/github.com-1ecc6299db9ec823/trybuild-1.0.33/src/run.rs:60:13
[INFO] [stderr] stack backtrace:
[INFO] [stderr]    0:     0x56251697018a - std::backtrace_rs::backtrace::libunwind::trace::ha9053a9a07ca49cb
[INFO] [stderr]                                at /rustc/84c898d65adf2f39a5a98507f1fe0ce10a2b8dbc/library/std/src/../../backtrace/src/backtrace/libunwind.rs:93:5
[INFO] [stderr]    1:     0x56251697018a - std::backtrace_rs::backtrace::trace_unsynchronized::h9c2852a457ad564e
[INFO] [stderr]                                at /rustc/84c898d65adf2f39a5a98507f1fe0ce10a2b8dbc/library/std/src/../../backtrace/src/backtrace/mod.rs:66:5
[INFO] [stderr]    2:     0x56251697018a - std::sys_common::backtrace::_print_fmt::h457936fbfaa0070f
[INFO] [stderr]                                at /rustc/84c898d65adf2f39a5a98507f1fe0ce10a2b8dbc/library/std/src/sys_common/backtrace.rs:65:5
[INFO] [stderr]    3:     0x56251697018a - <std::sys_common::backtrace::_print::DisplayBacktrace as core::fmt::Display>::fmt::h5779d7bf7f70cb0c
[INFO] [stderr]                                at /rustc/84c898d65adf2f39a5a98507f1fe0ce10a2b8dbc/library/std/src/sys_common/backtrace.rs:44:22
[INFO] [stderr]    4:     0x56251699359e - core::fmt::write::h5a4baaff1bcd3eb5
[INFO] [stderr]                                at /rustc/84c898d65adf2f39a5a98507f1fe0ce10a2b8dbc/library/core/src/fmt/mod.rs:1232:17
[INFO] [stderr]    5:     0x56251696d035 - std::io::Write::write_fmt::h4bc1f301cb9e9cce
[INFO] [stderr]                                at /rustc/84c898d65adf2f39a5a98507f1fe0ce10a2b8dbc/library/std/src/io/mod.rs:1684:15
[INFO] [stderr]    6:     0x56251696ff55 - std::sys_common::backtrace::_print::h5fcdc36060f177e8
[INFO] [stderr]                                at /rustc/84c898d65adf2f39a5a98507f1fe0ce10a2b8dbc/library/std/src/sys_common/backtrace.rs:47:5
[INFO] [stderr]    7:     0x56251696ff55 - std::sys_common::backtrace::print::h54ca9458b876c8bf
[INFO] [stderr]                                at /rustc/84c898d65adf2f39a5a98507f1fe0ce10a2b8dbc/library/std/src/sys_common/backtrace.rs:34:9
[INFO] [stderr]    8:     0x56251697174f - std::panicking::default_hook::{{closure}}::hbe471161c7664ed6
[INFO] [stderr]                                at /rustc/84c898d65adf2f39a5a98507f1fe0ce10a2b8dbc/library/std/src/panicking.rs:271:22
[INFO] [stderr]    9:     0x56251697148b - std::panicking::default_hook::ha3500da57aa4ac4f
[INFO] [stderr]                                at /rustc/84c898d65adf2f39a5a98507f1fe0ce10a2b8dbc/library/std/src/panicking.rs:290:9
[INFO] [stderr]   10:     0x562516971cf8 - std::panicking::rust_panic_with_hook::h50c09d000dc561d2
[INFO] [stderr]                                at /rustc/84c898d65adf2f39a5a98507f1fe0ce10a2b8dbc/library/std/src/panicking.rs:692:13
[INFO] [stderr]   11:     0x562516971bf9 - std::panicking::begin_panic_handler::{{closure}}::h9e2b2176e00e0d9c
[INFO] [stderr]                                at /rustc/84c898d65adf2f39a5a98507f1fe0ce10a2b8dbc/library/std/src/panicking.rs:583:13
[INFO] [stderr]   12:     0x5625169705f6 - std::sys_common::backtrace::__rust_end_short_backtrace::h5739b8e512c09d02
[INFO] [stderr]                                at /rustc/84c898d65adf2f39a5a98507f1fe0ce10a2b8dbc/library/std/src/sys_common/backtrace.rs:150:18
[INFO] [stderr]   13:     0x562516971902 - rust_begin_unwind
[INFO] [stderr]                                at /rustc/84c898d65adf2f39a5a98507f1fe0ce10a2b8dbc/library/std/src/panicking.rs:579:5
[INFO] [stderr]   14:     0x5625167ad733 - core::panicking::panic_fmt::hf33a1475b4dc5c3e
[INFO] [stderr]                                at /rustc/84c898d65adf2f39a5a98507f1fe0ce10a2b8dbc/library/core/src/panicking.rs:64:14
[INFO] [stderr]   15:     0x5625167b6d38 - trybuild::run::<impl trybuild::Runner>::run::h10c9a5fb50414c35
[INFO] [stderr]                                at /opt/rustwide/cargo-home/registry/src/github.com-1ecc6299db9ec823/trybuild-1.0.33/src/run.rs:60:13
[INFO] [stderr]   16:     0x5625167badba - <trybuild::TestCases as core::ops::drop::Drop>::drop::h801957dc41cc06c2
[INFO] [stderr]                                at /opt/rustwide/cargo-home/registry/src/github.com-1ecc6299db9ec823/trybuild-1.0.33/src/lib.rs:282:13
[INFO] [stderr]   17:     0x5625167aeca7 - core::ptr::drop_in_place<trybuild::TestCases>::h6338d671aa3da34d
[INFO] [stderr]                                at /rustc/84c898d65adf2f39a5a98507f1fe0ce10a2b8dbc/library/core/src/ptr/mod.rs:490:1
[INFO] [stderr]   18:     0x5625167af0b0 - trybuild::main::hb8ece736c6090b9f
[INFO] [stderr]                                at /opt/rustwide/workdir/tests/trybuild.rs:20:1
[INFO] [stderr]   19:     0x5625167aec3b - core::ops::function::FnOnce::call_once::h9d568283ba335338
[INFO] [stderr]                                at /rustc/84c898d65adf2f39a5a98507f1fe0ce10a2b8dbc/library/core/src/ops/function.rs:250:5
[INFO] [stderr]   20:     0x5625167ae11e - std::sys_common::backtrace::__rust_begin_short_backtrace::h076022b2b70b33c7
[INFO] [stderr]                                at /rustc/84c898d65adf2f39a5a98507f1fe0ce10a2b8dbc/library/std/src/sys_common/backtrace.rs:134:18
[INFO] [stderr]   21:     0x5625167ae0f1 - std::rt::lang_start::{{closure}}::h06c99bf7900ba047
[INFO] [stderr]                                at /rustc/84c898d65adf2f39a5a98507f1fe0ce10a2b8dbc/library/std/src/rt.rs:166:18
[INFO] [stderr]   22:     0x5625169689ac - core::ops::function::impls::<impl core::ops::function::FnOnce<A> for &F>::call_once::hd6efcd3bec896f2c
[INFO] [stderr]                                at /rustc/84c898d65adf2f39a5a98507f1fe0ce10a2b8dbc/library/core/src/ops/function.rs:287:13
[INFO] [stderr]   23:     0x5625169689ac - std::panicking::try::do_call::hce04e543bb1f4cbb
[INFO] [stderr]                                at /rustc/84c898d65adf2f39a5a98507f1fe0ce10a2b8dbc/library/std/src/panicking.rs:487:40
[INFO] [stderr]   24:     0x5625169689ac - std::panicking::try::h3342dd4e1f680968
[INFO] [stderr]                                at /rustc/84c898d65adf2f39a5a98507f1fe0ce10a2b8dbc/library/std/src/panicking.rs:451:19
[INFO] [stderr]   25:     0x5625169689ac - std::panic::catch_unwind::h148ce1e59ac0cee7
[INFO] [stderr]                                at /rustc/84c898d65adf2f39a5a98507f1fe0ce10a2b8dbc/library/std/src/panic.rs:140:14
[INFO] [stderr]   26:     0x5625169689ac - std::rt::lang_start_internal::{{closure}}::h25f9dda2057a67fe
[INFO] [stderr]                                at /rustc/84c898d65adf2f39a5a98507f1fe0ce10a2b8dbc/library/std/src/rt.rs:148:48
[INFO] [stderr]   27:     0x5625169689ac - std::panicking::try::do_call::h7caaaeaf9401650b
[INFO] [stderr]                                at /rustc/84c898d65adf2f39a5a98507f1fe0ce10a2b8dbc/library/std/src/panicking.rs:487:40
[INFO] [stderr]   28:     0x5625169689ac - std::panicking::try::he7d15285746cbbc2
[INFO] [stderr]                                at /rustc/84c898d65adf2f39a5a98507f1fe0ce10a2b8dbc/library/std/src/panicking.rs:451:19
[INFO] [stderr]   29:     0x5625169689ac - std::panic::catch_unwind::h89fb4f50c0301fe0
[INFO] [stderr]                                at /rustc/84c898d65adf2f39a5a98507f1fe0ce10a2b8dbc/library/std/src/panic.rs:140:14
[INFO] [stderr]   30:     0x5625169689ac - std::rt::lang_start_internal::h078acd489417d3c1
[INFO] [stderr]                                at /rustc/84c898d65adf2f39a5a98507f1fe0ce10a2b8dbc/library/std/src/rt.rs:148:20
[INFO] [stderr]   31:     0x5625167ae0ca - std::rt::lang_start::hb21d0f43dcc595e4
[INFO] [stderr]                                at /rustc/84c898d65adf2f39a5a98507f1fe0ce10a2b8dbc/library/std/src/rt.rs:165:17
[INFO] [stderr]   32:     0x5625167af0fe - main
[INFO] [stderr]   33:     0x7f9ba0c70d90 - <unknown>
[INFO] [stderr]   34:     0x7f9ba0c70e40 - __libc_start_main
[INFO] [stderr]   35:     0x5625167add65 - _start
[INFO] [stderr]   36:                0x0 - <unknown>
[INFO] [stderr] error: test failed, to rerun pass `--test trybuild`
[INFO] running `Command { std: "docker" "inspect" "e12a37ac2d69d2c48973aa8ef752ee56016da034fdd85a60306a6046ce41e3cb", kill_on_drop: false }`
[INFO] running `Command { std: "docker" "rm" "-f" "e12a37ac2d69d2c48973aa8ef752ee56016da034fdd85a60306a6046ce41e3cb", kill_on_drop: false }`
[INFO] [stdout] e12a37ac2d69d2c48973aa8ef752ee56016da034fdd85a60306a6046ce41e3cb
