[INFO] cloning repository https://github.com/qw4990/kvs
[INFO] running `Command { std: "git" "-c" "credential.helper=" "-c" "credential.helper=/workspace/cargo-home/bin/git-credential-null" "clone" "--bare" "https://github.com/qw4990/kvs" "/workspace/cache/git-repos/https%3A%2F%2Fgithub.com%2Fqw4990%2Fkvs", kill_on_drop: false }`
[INFO] [stderr] Cloning into bare repository '/workspace/cache/git-repos/https%3A%2F%2Fgithub.com%2Fqw4990%2Fkvs'...
[INFO] running `Command { std: "git" "rev-parse" "HEAD", kill_on_drop: false }`
[INFO] [stdout] c976d535c960094d41ab588ed0217fe4b4efeb2d
[INFO] testing qw4990/kvs against beta-2023-04-20 for beta-1.70-1
[INFO] running `Command { std: "git" "clone" "/workspace/cache/git-repos/https%3A%2F%2Fgithub.com%2Fqw4990%2Fkvs" "/workspace/builds/worker-6-tc2/source", kill_on_drop: false }`
[INFO] [stderr] Cloning into '/workspace/builds/worker-6-tc2/source'...
[INFO] [stderr] done.
[INFO] validating manifest of git repo https://github.com/qw4990/kvs on toolchain beta-2023-04-20
[INFO] running `Command { std: CARGO_HOME="/workspace/cargo-home" RUSTUP_HOME="/workspace/rustup-home" "/workspace/cargo-home/bin/cargo" "+beta-2023-04-20" "metadata" "--manifest-path" "Cargo.toml" "--no-deps", kill_on_drop: false }`
[INFO] started tweaking git repo https://github.com/qw4990/kvs
[INFO] finished tweaking git repo https://github.com/qw4990/kvs
[INFO] tweaked toml for git repo https://github.com/qw4990/kvs written to /workspace/builds/worker-6-tc2/source/Cargo.toml
[INFO] crate git repo https://github.com/qw4990/kvs already has a lockfile, it will not be regenerated
[INFO] running `Command { std: CARGO_HOME="/workspace/cargo-home" RUSTUP_HOME="/workspace/rustup-home" "/workspace/cargo-home/bin/cargo" "+beta-2023-04-20" "fetch" "--manifest-path" "Cargo.toml", kill_on_drop: false }`
[INFO] running `Command { std: "docker" "create" "-v" "/var/lib/crater-agent-workspace/builds/worker-6-tc2/target:/opt/rustwide/target:rw,Z" "-v" "/var/lib/crater-agent-workspace/builds/worker-6-tc2/source:/opt/rustwide/workdir:ro,Z" "-v" "/var/lib/crater-agent-workspace/cargo-home:/opt/rustwide/cargo-home:ro,Z" "-v" "/var/lib/crater-agent-workspace/rustup-home:/opt/rustwide/rustup-home:ro,Z" "-e" "SOURCE_DIR=/opt/rustwide/workdir" "-e" "CARGO_TARGET_DIR=/opt/rustwide/target" "-e" "CARGO_HOME=/opt/rustwide/cargo-home" "-e" "RUSTUP_HOME=/opt/rustwide/rustup-home" "-w" "/opt/rustwide/workdir" "-m" "1610612736" "--user" "0:0" "--network" "none" "ghcr.io/rust-lang/crates-build-env/linux@sha256:5ff2268d62e97bff2cde7d5815dd6ed5b47097566f13b8d0ca110b04b60e07ed" "/opt/rustwide/cargo-home/bin/cargo" "+beta-2023-04-20" "metadata" "--no-deps" "--format-version=1", kill_on_drop: false }`
[INFO] [stdout] 2a748841f8c586f5b60938cb6a266107eff3e3782312e28831bb481c465c62bd
[INFO] running `Command { std: "docker" "start" "-a" "2a748841f8c586f5b60938cb6a266107eff3e3782312e28831bb481c465c62bd", kill_on_drop: false }`
[INFO] running `Command { std: "docker" "inspect" "2a748841f8c586f5b60938cb6a266107eff3e3782312e28831bb481c465c62bd", kill_on_drop: false }`
[INFO] running `Command { std: "docker" "rm" "-f" "2a748841f8c586f5b60938cb6a266107eff3e3782312e28831bb481c465c62bd", kill_on_drop: false }`
[INFO] [stdout] 2a748841f8c586f5b60938cb6a266107eff3e3782312e28831bb481c465c62bd
[INFO] running `Command { std: "docker" "create" "-v" "/var/lib/crater-agent-workspace/builds/worker-6-tc2/target:/opt/rustwide/target:rw,Z" "-v" "/var/lib/crater-agent-workspace/builds/worker-6-tc2/source:/opt/rustwide/workdir:ro,Z" "-v" "/var/lib/crater-agent-workspace/cargo-home:/opt/rustwide/cargo-home:ro,Z" "-v" "/var/lib/crater-agent-workspace/rustup-home:/opt/rustwide/rustup-home:ro,Z" "-e" "SOURCE_DIR=/opt/rustwide/workdir" "-e" "CARGO_TARGET_DIR=/opt/rustwide/target" "-e" "CARGO_INCREMENTAL=0" "-e" "RUST_BACKTRACE=full" "-e" "RUSTFLAGS=--cap-lints=warn" "-e" "RUSTDOCFLAGS=--cap-lints=warn" "-e" "CARGO_HOME=/opt/rustwide/cargo-home" "-e" "RUSTUP_HOME=/opt/rustwide/rustup-home" "-w" "/opt/rustwide/workdir" "-m" "1610612736" "--user" "0:0" "--network" "none" "ghcr.io/rust-lang/crates-build-env/linux@sha256:5ff2268d62e97bff2cde7d5815dd6ed5b47097566f13b8d0ca110b04b60e07ed" "/opt/rustwide/cargo-home/bin/cargo" "+beta-2023-04-20" "build" "--frozen" "--message-format=json", kill_on_drop: false }`
[INFO] [stdout] 1da6694e4741649e97616ac4dcda4789d2e609a40146b408693533c1616a3a1f
[INFO] running `Command { std: "docker" "start" "-a" "1da6694e4741649e97616ac4dcda4789d2e609a40146b408693533c1616a3a1f", kill_on_drop: false }`
[INFO] [stderr]    Compiling libc v0.2.58
[INFO] [stderr]    Compiling proc-macro2 v0.4.30
[INFO] [stderr]    Compiling unicode-xid v0.1.0
[INFO] [stderr]    Compiling syn v0.15.34
[INFO] [stderr]    Compiling memchr v2.2.0
[INFO] [stderr]    Compiling cc v1.0.37
[INFO] [stderr]    Compiling cfg-if v0.1.9
[INFO] [stderr]    Compiling autocfg v0.1.4
[INFO] [stderr]    Compiling failure_derive v0.1.5
[INFO] [stderr]    Compiling serde v1.0.92
[INFO] [stderr]    Compiling backtrace v0.3.30
[INFO] [stderr]    Compiling lazy_static v1.3.0
[INFO] [stderr]    Compiling ucd-util v0.1.3
[INFO] [stderr]    Compiling regex v1.1.6
[INFO] [stderr]    Compiling bitflags v1.1.0
[INFO] [stderr]    Compiling ryu v0.2.8
[INFO] [stderr]    Compiling regex-syntax v0.6.6
[INFO] [stderr]    Compiling thread_local v0.3.6
[INFO] [stderr]    Compiling quote v0.6.12
[INFO] [stderr]    Compiling atty v0.2.11
[INFO] [stderr]    Compiling backtrace-sys v0.1.28
[INFO] [stderr]    Compiling quick-error v1.2.2
[INFO] [stderr]    Compiling utf8-ranges v1.0.2
[INFO] [stderr]    Compiling rustc-demangle v0.1.15
[INFO] [stderr]    Compiling unicode-width v0.1.5
[INFO] [stderr]    Compiling humantime v1.2.0
[INFO] [stderr]    Compiling aho-corasick v0.7.3
[INFO] [stderr]    Compiling textwrap v0.11.0
[INFO] [stderr]    Compiling log v0.4.6
[INFO] [stderr]    Compiling itoa v0.4.4
[INFO] [stderr]    Compiling vec_map v0.8.1
[INFO] [stderr]    Compiling termcolor v1.0.5
[INFO] [stderr]    Compiling strsim v0.8.0
[INFO] [stderr]    Compiling ansi_term v0.11.0
[INFO] [stderr]    Compiling clap v2.33.0
[INFO] [stderr]    Compiling synstructure v0.10.2
[INFO] [stderr]    Compiling env_logger v0.6.1
[INFO] [stderr]    Compiling serde_derive v1.0.92
[INFO] [stderr]    Compiling failure v0.1.5
[INFO] [stderr]    Compiling serde_json v1.0.39
[INFO] [stderr]    Compiling kvs v0.1.0 (/opt/rustwide/workdir)
[INFO] [stdout] warning: unused import: `std::result`
[INFO] [stdout]  --> src/lib.rs:9:5
[INFO] [stdout]   |
[INFO] [stdout] 9 | use std::result;
[INFO] [stdout]   |     ^^^^^^^^^^^
[INFO] [stdout]   |
[INFO] [stdout]   = note: `#[warn(unused_imports)]` on by default
[INFO] [stdout] 
[INFO] [stdout] 
[INFO] [stdout] warning: unused import: `clap::ErrorKind`
[INFO] [stdout]   --> src/lib.rs:11:5
[INFO] [stdout]    |
[INFO] [stdout] 11 | use clap::ErrorKind;
[INFO] [stdout]    |     ^^^^^^^^^^^^^^^
[INFO] [stdout] 
[INFO] [stdout] 
[INFO] [stdout] warning: 2 warnings emitted
[INFO] [stdout] 
[INFO] [stdout] 
[INFO] [stdout] warning: unused import: `log::Level`
[INFO] [stdout]   --> src/bin/kvs-server.rs:13:5
[INFO] [stdout]    |
[INFO] [stdout] 13 | use log::Level;
[INFO] [stdout]    |     ^^^^^^^^^^
[INFO] [stdout]    |
[INFO] [stdout]    = note: `#[warn(unused_imports)]` on by default
[INFO] [stdout] 
[INFO] [stdout] 
[INFO] [stdout] warning: unused imports: `Deserialize`, `Serialize`
[INFO] [stdout]   --> src/bin/kvs-server.rs:14:13
[INFO] [stdout]    |
[INFO] [stdout] 14 | use serde::{Deserialize, Serialize};
[INFO] [stdout]    |             ^^^^^^^^^^^  ^^^^^^^^^
[INFO] [stdout] 
[INFO] [stdout] 
[INFO] [stdout] warning: unused import: `KvsError`
[INFO] [stdout]   --> src/bin/kvs-server.rs:17:30
[INFO] [stdout]    |
[INFO] [stdout] 17 | use kvs::{KvsCmd, KvsEngine, KvsError, KvStore, Result};
[INFO] [stdout]    |                              ^^^^^^^^
[INFO] [stdout] 
[INFO] [stdout] 
[INFO] [stdout] warning: unused import: `std::path`
[INFO] [stdout]  --> src/bin/kvs-client.rs:6:5
[INFO] [stdout]   |
[INFO] [stdout] 6 | use std::path;
[INFO] [stdout]   |     ^^^^^^^^^
[INFO] [stdout]   |
[INFO] [stdout]   = note: `#[warn(unused_imports)]` on by default
[INFO] [stdout] 
[INFO] [stdout] 
[INFO] [stdout] warning: unused imports: `KvStore`, `KvsEngine`, `KvsError`
[INFO] [stdout]   --> src/bin/kvs-client.rs:12:19
[INFO] [stdout]    |
[INFO] [stdout] 12 | use kvs::{KvsCmd, KvsEngine, KvsError, KvsResp, KvStore, Result};
[INFO] [stdout]    |                   ^^^^^^^^^  ^^^^^^^^           ^^^^^^^
[INFO] [stdout] 
[INFO] [stdout] 
[INFO] [stdout] warning: unreachable pattern
[INFO] [stdout]   --> src/bin/kvs-server.rs:97:17
[INFO] [stdout]    |
[INFO] [stdout] 97 |                 _ => {
[INFO] [stdout]    |                 ^
[INFO] [stdout]    |
[INFO] [stdout]    = note: `#[warn(unreachable_patterns)]` on by default
[INFO] [stdout] 
[INFO] [stdout] 
[INFO] [stdout] warning: unused variable: `resp`
[INFO] [stdout]   --> src/bin/kvs-client.rs:85:9
[INFO] [stdout]    |
[INFO] [stdout] 85 |     let resp = request(db_stream, &KvsCmd::Set { key, val })?;
[INFO] [stdout]    |         ^^^^ help: if this is intentional, prefix it with an underscore: `_resp`
[INFO] [stdout]    |
[INFO] [stdout]    = note: `#[warn(unused_variables)]` on by default
[INFO] [stdout] 
[INFO] [stdout] 
[INFO] [stdout] warning: unused variable: `resp`
[INFO] [stdout]   --> src/bin/kvs-client.rs:90:9
[INFO] [stdout]    |
[INFO] [stdout] 90 |     let resp = request(db_stream, &KvsCmd::Rm { key })?;
[INFO] [stdout]    |         ^^^^ help: if this is intentional, prefix it with an underscore: `_resp`
[INFO] [stdout] 
[INFO] [stdout] 
[INFO] [stdout] warning: 4 warnings emitted
[INFO] [stdout] 
[INFO] [stdout] 
[INFO] [stdout] warning: 4 warnings emitted
[INFO] [stdout] 
[INFO] [stdout] 
[INFO] [stderr]     Finished dev [unoptimized + debuginfo] target(s) in 25.58s
[INFO] running `Command { std: "docker" "inspect" "1da6694e4741649e97616ac4dcda4789d2e609a40146b408693533c1616a3a1f", kill_on_drop: false }`
[INFO] running `Command { std: "docker" "rm" "-f" "1da6694e4741649e97616ac4dcda4789d2e609a40146b408693533c1616a3a1f", kill_on_drop: false }`
[INFO] [stdout] 1da6694e4741649e97616ac4dcda4789d2e609a40146b408693533c1616a3a1f
[INFO] running `Command { std: "docker" "create" "-v" "/var/lib/crater-agent-workspace/builds/worker-6-tc2/target:/opt/rustwide/target:rw,Z" "-v" "/var/lib/crater-agent-workspace/builds/worker-6-tc2/source:/opt/rustwide/workdir:ro,Z" "-v" "/var/lib/crater-agent-workspace/cargo-home:/opt/rustwide/cargo-home:ro,Z" "-v" "/var/lib/crater-agent-workspace/rustup-home:/opt/rustwide/rustup-home:ro,Z" "-e" "SOURCE_DIR=/opt/rustwide/workdir" "-e" "CARGO_TARGET_DIR=/opt/rustwide/target" "-e" "CARGO_INCREMENTAL=0" "-e" "RUST_BACKTRACE=full" "-e" "RUSTFLAGS=--cap-lints=warn" "-e" "RUSTDOCFLAGS=--cap-lints=warn" "-e" "CARGO_HOME=/opt/rustwide/cargo-home" "-e" "RUSTUP_HOME=/opt/rustwide/rustup-home" "-w" "/opt/rustwide/workdir" "-m" "1610612736" "--user" "0:0" "--network" "none" "ghcr.io/rust-lang/crates-build-env/linux@sha256:5ff2268d62e97bff2cde7d5815dd6ed5b47097566f13b8d0ca110b04b60e07ed" "/opt/rustwide/cargo-home/bin/cargo" "+beta-2023-04-20" "test" "--frozen" "--no-run" "--message-format=json", kill_on_drop: false }`
[INFO] [stdout] e319cbe75b352014be566f533b14e1763b7366b0be61eb442fd547668c69a857
[INFO] running `Command { std: "docker" "start" "-a" "e319cbe75b352014be566f533b14e1763b7366b0be61eb442fd547668c69a857", kill_on_drop: false }`
[INFO] [stderr]     Blocking waiting for file lock on package cache
[INFO] [stderr]    Compiling rand_core v0.4.0
[INFO] [stderr]    Compiling arrayvec v0.4.10
[INFO] [stderr]    Compiling num-traits v0.2.8
[INFO] [stderr]    Compiling nodrop v0.1.13
[INFO] [stderr]    Compiling crossbeam-utils v0.2.2
[INFO] [stderr]    Compiling rayon-core v1.4.1
[INFO] [stderr]    Compiling memoffset v0.2.1
[INFO] [stderr]    Compiling byteorder v1.3.2
[INFO] [stderr]    Compiling scopeguard v0.3.3
[INFO] [stderr]    Compiling rand_chacha v0.1.1
[INFO] [stderr]    Compiling rand_core v0.3.1
[INFO] [stderr]    Compiling rand_pcg v0.1.2
[INFO] [stderr]    Compiling either v1.5.2
[INFO] [stderr]    Compiling rand_os v0.1.3
[INFO] [stderr]    Compiling num_cpus v1.10.0
[INFO] [stderr]    Compiling rand v0.6.5
[INFO] [stderr]    Compiling escargot v0.4.0
[INFO] [stderr]    Compiling rayon v1.0.3
[INFO] [stderr]    Compiling predicates-core v1.0.0
[INFO] [stderr]    Compiling crossbeam-epoch v0.3.1
[INFO] [stderr]    Compiling itertools v0.8.0
[INFO] [stderr]    Compiling rand_isaac v0.1.1
[INFO] [stderr]    Compiling rand_hc v0.1.0
[INFO] [stderr]    Compiling rand_xorshift v0.1.1
[INFO] [stderr]    Compiling crossbeam-deque v0.2.0
[INFO] [stderr]    Compiling rand_jitter v0.1.4
[INFO] [stderr]    Compiling csv-core v0.1.5
[INFO] [stderr]    Compiling same-file v1.0.4
[INFO] [stderr]    Compiling difference v2.0.0
[INFO] [stderr]    Compiling normalize-line-endings v0.2.2
[INFO] [stderr]    Compiling treeline v0.1.0
[INFO] [stderr]    Compiling cast v0.2.2
[INFO] [stderr]    Compiling predicates-tree v1.0.0
[INFO] [stderr]    Compiling csv v1.0.7
[INFO] [stderr]    Compiling float-cmp v0.4.0
[INFO] [stderr]    Compiling walkdir v2.2.7
[INFO] [stderr]    Compiling predicates v1.0.1
[INFO] [stderr]    Compiling criterion-plot v0.3.1
[INFO] [stderr]    Compiling rand_xoshiro v0.1.0
[INFO] [stdout] warning: unused import: `std::result`
[INFO] [stdout]  --> src/lib.rs:9:5
[INFO] [stdout]   |
[INFO] [stdout] 9 | use std::result;
[INFO] [stdout]   |     ^^^^^^^^^^^
[INFO] [stdout]   |
[INFO] [stdout]   = note: `#[warn(unused_imports)]` on by default
[INFO] [stdout] 
[INFO] [stdout] 
[INFO] [stdout] warning: unused import: `clap::ErrorKind`
[INFO] [stdout]   --> src/lib.rs:11:5
[INFO] [stdout]    |
[INFO] [stdout] 11 | use clap::ErrorKind;
[INFO] [stdout]    |     ^^^^^^^^^^^^^^^
[INFO] [stdout] 
[INFO] [stdout] 
[INFO] [stdout] warning: 2 warnings emitted
[INFO] [stdout] 
[INFO] [stdout] 
[INFO] [stderr]    Compiling tinytemplate v1.0.2
[INFO] [stderr]    Compiling remove_dir_all v0.5.1
[INFO] [stderr]    Compiling assert_cmd v0.11.1
[INFO] [stdout] warning: unused import: `std::path`
[INFO] [stdout]  --> src/bin/kvs-client.rs:6:5
[INFO] [stdout]   |
[INFO] [stdout] 6 | use std::path;
[INFO] [stdout]   |     ^^^^^^^^^
[INFO] [stdout]   |
[INFO] [stdout]   = note: `#[warn(unused_imports)]` on by default
[INFO] [stdout] 
[INFO] [stdout] 
[INFO] [stdout] warning: unused imports: `KvStore`, `KvsEngine`, `KvsError`
[INFO] [stdout]   --> src/bin/kvs-client.rs:12:19
[INFO] [stdout]    |
[INFO] [stdout] 12 | use kvs::{KvsCmd, KvsEngine, KvsError, KvsResp, KvStore, Result};
[INFO] [stdout]    |                   ^^^^^^^^^  ^^^^^^^^           ^^^^^^^
[INFO] [stdout] 
[INFO] [stdout] 
[INFO] [stdout] warning: unused variable: `resp`
[INFO] [stdout]   --> src/bin/kvs-client.rs:85:9
[INFO] [stdout]    |
[INFO] [stdout] 85 |     let resp = request(db_stream, &KvsCmd::Set { key, val })?;
[INFO] [stdout]    |         ^^^^ help: if this is intentional, prefix it with an underscore: `_resp`
[INFO] [stdout]    |
[INFO] [stdout]    = note: `#[warn(unused_variables)]` on by default
[INFO] [stdout] 
[INFO] [stdout] 
[INFO] [stdout] warning: unused variable: `resp`
[INFO] [stdout]   --> src/bin/kvs-client.rs:90:9
[INFO] [stdout]    |
[INFO] [stdout] 90 |     let resp = request(db_stream, &KvsCmd::Rm { key })?;
[INFO] [stdout]    |         ^^^^ help: if this is intentional, prefix it with an underscore: `_resp`
[INFO] [stdout] 
[INFO] [stdout] 
[INFO] [stdout] warning: 4 warnings emitted
[INFO] [stdout] 
[INFO] [stdout] 
[INFO] [stdout] warning: unused import: `log::Level`
[INFO] [stdout]   --> src/bin/kvs-server.rs:13:5
[INFO] [stdout]    |
[INFO] [stdout] 13 | use log::Level;
[INFO] [stdout]    |     ^^^^^^^^^^
[INFO] [stdout]    |
[INFO] [stdout]    = note: `#[warn(unused_imports)]` on by default
[INFO] [stdout] 
[INFO] [stdout] 
[INFO] [stdout] warning: unused imports: `Deserialize`, `Serialize`
[INFO] [stdout]   --> src/bin/kvs-server.rs:14:13
[INFO] [stdout]    |
[INFO] [stdout] 14 | use serde::{Deserialize, Serialize};
[INFO] [stdout]    |             ^^^^^^^^^^^  ^^^^^^^^^
[INFO] [stdout] 
[INFO] [stdout] 
[INFO] [stdout] warning: unused import: `KvsError`
[INFO] [stdout]   --> src/bin/kvs-server.rs:17:30
[INFO] [stdout]    |
[INFO] [stdout] 17 | use kvs::{KvsCmd, KvsEngine, KvsError, KvStore, Result};
[INFO] [stdout]    |                              ^^^^^^^^
[INFO] [stdout] 
[INFO] [stdout] 
[INFO] [stdout] warning: unreachable pattern
[INFO] [stdout]   --> src/bin/kvs-server.rs:97:17
[INFO] [stdout]    |
[INFO] [stdout] 97 |                 _ => {
[INFO] [stdout]    |                 ^
[INFO] [stdout]    |
[INFO] [stdout]    = note: `#[warn(unreachable_patterns)]` on by default
[INFO] [stdout] 
[INFO] [stdout] 
[INFO] [stdout] warning: 4 warnings emitted
[INFO] [stdout] 
[INFO] [stdout] 
[INFO] [stderr]    Compiling tempfile v3.0.8
[INFO] [stderr]    Compiling criterion v0.2.11
[INFO] [stderr]    Compiling kvs v0.1.0 (/opt/rustwide/workdir)
[INFO] [stdout] warning: unused import: `std::path`
[INFO] [stdout]  --> src/bin/kvs-client.rs:6:5
[INFO] [stdout]   |
[INFO] [stdout] 6 | use std::path;
[INFO] [stdout]   |     ^^^^^^^^^
[INFO] [stdout]   |
[INFO] [stdout]   = note: `#[warn(unused_imports)]` on by default
[INFO] [stdout] 
[INFO] [stdout] 
[INFO] [stdout] warning: unused imports: `KvStore`, `KvsEngine`, `KvsError`
[INFO] [stdout]   --> src/bin/kvs-client.rs:12:19
[INFO] [stdout]    |
[INFO] [stdout] 12 | use kvs::{KvsCmd, KvsEngine, KvsError, KvsResp, KvStore, Result};
[INFO] [stdout]    |                   ^^^^^^^^^  ^^^^^^^^           ^^^^^^^
[INFO] [stdout] 
[INFO] [stdout] 
[INFO] [stdout] warning: unused variable: `resp`
[INFO] [stdout]   --> src/bin/kvs-client.rs:85:9
[INFO] [stdout]    |
[INFO] [stdout] 85 |     let resp = request(db_stream, &KvsCmd::Set { key, val })?;
[INFO] [stdout]    |         ^^^^ help: if this is intentional, prefix it with an underscore: `_resp`
[INFO] [stdout]    |
[INFO] [stdout]    = note: `#[warn(unused_variables)]` on by default
[INFO] [stdout] 
[INFO] [stdout] 
[INFO] [stdout] warning: unused variable: `resp`
[INFO] [stdout]   --> src/bin/kvs-client.rs:90:9
[INFO] [stdout]    |
[INFO] [stdout] 90 |     let resp = request(db_stream, &KvsCmd::Rm { key })?;
[INFO] [stdout]    |         ^^^^ help: if this is intentional, prefix it with an underscore: `_resp`
[INFO] [stdout] 
[INFO] [stdout] 
[INFO] [stdout] warning: unused import: `log::Level`
[INFO] [stdout]   --> src/bin/kvs-server.rs:13:5
[INFO] [stdout]    |
[INFO] [stdout] 13 | use log::Level;
[INFO] [stdout]    |     ^^^^^^^^^^
[INFO] [stdout]    |
[INFO] [stdout]    = note: `#[warn(unused_imports)]` on by default
[INFO] [stdout] 
[INFO] [stdout] 
[INFO] [stdout] warning: unused imports: `Deserialize`, `Serialize`
[INFO] [stdout]   --> src/bin/kvs-server.rs:14:13
[INFO] [stdout]    |
[INFO] [stdout] 14 | use serde::{Deserialize, Serialize};
[INFO] [stdout]    |             ^^^^^^^^^^^  ^^^^^^^^^
[INFO] [stdout] 
[INFO] [stdout] 
[INFO] [stdout] warning: unused import: `KvsError`
[INFO] [stdout]   --> src/bin/kvs-server.rs:17:30
[INFO] [stdout]    |
[INFO] [stdout] 17 | use kvs::{KvsCmd, KvsEngine, KvsError, KvStore, Result};
[INFO] [stdout]    |                              ^^^^^^^^
[INFO] [stdout] 
[INFO] [stdout] 
[INFO] [stdout] warning: unreachable pattern
[INFO] [stdout]   --> src/bin/kvs-server.rs:97:17
[INFO] [stdout]    |
[INFO] [stdout] 97 |                 _ => {
[INFO] [stdout]    |                 ^
[INFO] [stdout]    |
[INFO] [stdout]    = note: `#[warn(unreachable_patterns)]` on by default
[INFO] [stdout] 
[INFO] [stdout] 
[INFO] [stdout] warning: unused import: `std::result`
[INFO] [stdout]  --> src/lib.rs:9:5
[INFO] [stdout]   |
[INFO] [stdout] 9 | use std::result;
[INFO] [stdout]   |     ^^^^^^^^^^^
[INFO] [stdout]   |
[INFO] [stdout]   = note: `#[warn(unused_imports)]` on by default
[INFO] [stdout] 
[INFO] [stdout] 
[INFO] [stdout] warning: unused import: `clap::ErrorKind`
[INFO] [stdout]   --> src/lib.rs:11:5
[INFO] [stdout]    |
[INFO] [stdout] 11 | use clap::ErrorKind;
[INFO] [stdout]    |     ^^^^^^^^^^^^^^^
[INFO] [stdout] 
[INFO] [stdout] 
[INFO] [stdout] warning: 4 warnings emitted
[INFO] [stdout] 
[INFO] [stdout] 
[INFO] [stdout] warning: 4 warnings emitted
[INFO] [stdout] 
[INFO] [stdout] 
[INFO] [stdout] warning: 2 warnings emitted
[INFO] [stdout] 
[INFO] [stdout] 
[INFO] [stderr]     Finished test [unoptimized + debuginfo] target(s) in 12.61s
[INFO] [stderr] warning: the following packages contain code that will be rejected by a future version of Rust: criterion v0.2.11
[INFO] [stderr] note: to see what the problems were, use the option `--future-incompat-report`, or run `cargo report future-incompatibilities --id 1`
[INFO] running `Command { std: "docker" "inspect" "e319cbe75b352014be566f533b14e1763b7366b0be61eb442fd547668c69a857", kill_on_drop: false }`
[INFO] running `Command { std: "docker" "rm" "-f" "e319cbe75b352014be566f533b14e1763b7366b0be61eb442fd547668c69a857", kill_on_drop: false }`
[INFO] [stdout] e319cbe75b352014be566f533b14e1763b7366b0be61eb442fd547668c69a857
[INFO] running `Command { std: "docker" "create" "-v" "/var/lib/crater-agent-workspace/builds/worker-6-tc2/target:/opt/rustwide/target:rw,Z" "-v" "/var/lib/crater-agent-workspace/builds/worker-6-tc2/source:/opt/rustwide/workdir:ro,Z" "-v" "/var/lib/crater-agent-workspace/cargo-home:/opt/rustwide/cargo-home:ro,Z" "-v" "/var/lib/crater-agent-workspace/rustup-home:/opt/rustwide/rustup-home:ro,Z" "-e" "SOURCE_DIR=/opt/rustwide/workdir" "-e" "CARGO_TARGET_DIR=/opt/rustwide/target" "-e" "CARGO_INCREMENTAL=0" "-e" "RUST_BACKTRACE=full" "-e" "RUSTFLAGS=--cap-lints=warn" "-e" "RUSTDOCFLAGS=--cap-lints=warn" "-e" "CARGO_HOME=/opt/rustwide/cargo-home" "-e" "RUSTUP_HOME=/opt/rustwide/rustup-home" "-w" "/opt/rustwide/workdir" "-m" "1610612736" "--user" "0:0" "--network" "none" "ghcr.io/rust-lang/crates-build-env/linux@sha256:5ff2268d62e97bff2cde7d5815dd6ed5b47097566f13b8d0ca110b04b60e07ed" "/opt/rustwide/cargo-home/bin/cargo" "+beta-2023-04-20" "test" "--frozen", kill_on_drop: false }`
[INFO] [stdout] 030b0ec6c1fe0fa385903a856ba4da82981f9b1a00069a87fa2b2962aa38b711
[INFO] running `Command { std: "docker" "start" "-a" "030b0ec6c1fe0fa385903a856ba4da82981f9b1a00069a87fa2b2962aa38b711", kill_on_drop: false }`
[INFO] [stderr] warning: unused import: `std::result`
[INFO] [stderr]  --> src/lib.rs:9:5
[INFO] [stderr]   |
[INFO] [stderr] 9 | use std::result;
[INFO] [stderr]   |     ^^^^^^^^^^^
[INFO] [stderr]   |
[INFO] [stderr]   = note: `#[warn(unused_imports)]` on by default
[INFO] [stderr] 
[INFO] [stderr] warning: unused import: `clap::ErrorKind`
[INFO] [stderr]   --> src/lib.rs:11:5
[INFO] [stderr]    |
[INFO] [stderr] 11 | use clap::ErrorKind;
[INFO] [stderr]    |     ^^^^^^^^^^^^^^^
[INFO] [stderr] 
[INFO] [stderr] warning: `kvs` (lib) generated 2 warnings (run `cargo fix --lib -p kvs` to apply 2 suggestions)
[INFO] [stderr] warning: unused import: `std::path`
[INFO] [stderr]  --> src/bin/kvs-client.rs:6:5
[INFO] [stderr]   |
[INFO] [stderr] 6 | use std::path;
[INFO] [stderr]   |     ^^^^^^^^^
[INFO] [stderr]   |
[INFO] [stderr]   = note: `#[warn(unused_imports)]` on by default
[INFO] [stderr] 
[INFO] [stderr] warning: unused imports: `KvStore`, `KvsEngine`, `KvsError`
[INFO] [stderr]   --> src/bin/kvs-client.rs:12:19
[INFO] [stderr]    |
[INFO] [stderr] 12 | use kvs::{KvsCmd, KvsEngine, KvsError, KvsResp, KvStore, Result};
[INFO] [stderr]    |                   ^^^^^^^^^  ^^^^^^^^           ^^^^^^^
[INFO] [stderr] 
[INFO] [stderr] warning: unused variable: `resp`
[INFO] [stderr]   --> src/bin/kvs-client.rs:85:9
[INFO] [stderr]    |
[INFO] [stderr] 85 |     let resp = request(db_stream, &KvsCmd::Set { key, val })?;
[INFO] [stderr]    |         ^^^^ help: if this is intentional, prefix it with an underscore: `_resp`
[INFO] [stderr]    |
[INFO] [stderr]    = note: `#[warn(unused_variables)]` on by default
[INFO] [stderr] 
[INFO] [stderr] warning: unused variable: `resp`
[INFO] [stderr]   --> src/bin/kvs-client.rs:90:9
[INFO] [stderr]    |
[INFO] [stderr] 90 |     let resp = request(db_stream, &KvsCmd::Rm { key })?;
[INFO] [stderr]    |         ^^^^ help: if this is intentional, prefix it with an underscore: `_resp`
[INFO] [stderr] 
[INFO] [stderr] warning: unused import: `log::Level`
[INFO] [stderr]   --> src/bin/kvs-server.rs:13:5
[INFO] [stderr]    |
[INFO] [stderr] 13 | use log::Level;
[INFO] [stderr]    |     ^^^^^^^^^^
[INFO] [stderr]    |
[INFO] [stderr]    = note: `#[warn(unused_imports)]` on by default
[INFO] [stderr] 
[INFO] [stderr] warning: unused imports: `Deserialize`, `Serialize`
[INFO] [stderr]   --> src/bin/kvs-server.rs:14:13
[INFO] [stderr]    |
[INFO] [stderr] 14 | use serde::{Deserialize, Serialize};
[INFO] [stderr]    |             ^^^^^^^^^^^  ^^^^^^^^^
[INFO] [stderr] 
[INFO] [stderr] warning: unused import: `KvsError`
[INFO] [stderr]   --> src/bin/kvs-server.rs:17:30
[INFO] [stderr]    |
[INFO] [stderr] 17 | use kvs::{KvsCmd, KvsEngine, KvsError, KvStore, Result};
[INFO] [stderr]    |                              ^^^^^^^^
[INFO] [stderr] 
[INFO] [stderr] warning: unreachable pattern
[INFO] [stderr]   --> src/bin/kvs-server.rs:97:17
[INFO] [stderr]    |
[INFO] [stderr] 97 |                 _ => {
[INFO] [stderr]    |                 ^
[INFO] [stderr]    |
[INFO] [stderr]    = note: `#[warn(unreachable_patterns)]` on by default
[INFO] [stderr] 
[INFO] [stderr] warning: `kvs` (bin "kvs-client") generated 4 warnings (run `cargo fix --bin "kvs-client"` to apply 4 suggestions)
[INFO] [stderr] warning: `kvs` (bin "kvs-server") generated 4 warnings (run `cargo fix --bin "kvs-server"` to apply 3 suggestions)
[INFO] [stderr] warning: `kvs` (bin "kvs-server" test) generated 4 warnings (4 duplicates)
[INFO] [stderr] warning: `kvs` (bin "kvs-client" test) generated 4 warnings (4 duplicates)
[INFO] [stderr] warning: `kvs` (lib test) generated 2 warnings (2 duplicates)
[INFO] [stderr]     Finished test [unoptimized + debuginfo] target(s) in 0.08s
[INFO] [stderr] warning: the following packages contain code that will be rejected by a future version of Rust: criterion v0.2.11
[INFO] [stderr] note: to see what the problems were, use the option `--future-incompat-report`, or run `cargo report future-incompatibilities --id 1`
[INFO] [stderr]      Running unittests src/lib.rs (/opt/rustwide/target/debug/deps/kvs-25b2028112b6ceb7)
[INFO] [stdout] 
[INFO] [stdout] running 0 tests
[INFO] [stdout] 
[INFO] [stdout] test result: ok. 0 passed; 0 failed; 0 ignored; 0 measured; 0 filtered out; finished in 0.00s
[INFO] [stdout] 
[INFO] [stderr]      Running unittests src/bin/kvs-client.rs (/opt/rustwide/target/debug/deps/kvs_client-1babe99a9d94d4c0)
[INFO] [stdout] 
[INFO] [stdout] running 0 tests
[INFO] [stdout] 
[INFO] [stdout] test result: ok. 0 passed; 0 failed; 0 ignored; 0 measured; 0 filtered out; finished in 0.00s
[INFO] [stdout] 
[INFO] [stderr]      Running unittests src/bin/kvs-server.rs (/opt/rustwide/target/debug/deps/kvs_server-8442b92532c4fb02)
[INFO] [stdout] 
[INFO] [stdout] running 0 tests
[INFO] [stdout] 
[INFO] [stdout] test result: ok. 0 passed; 0 failed; 0 ignored; 0 measured; 0 filtered out; finished in 0.00s
[INFO] [stdout] 
[INFO] [stderr]      Running tests/cli.rs (/opt/rustwide/target/debug/deps/cli-35c08607684ae907)
[INFO] [stdout] 
[INFO] [stdout] running 11 tests
[INFO] [stderr] [2023-04-30T15:25:51Z ERROR kvs_server] servr starting...
[INFO] [stderr] [2023-04-30T15:25:51Z ERROR kvs_server] Version: "0.1.0", Addr: "127.0.0.1:4005", Engine: "sled"
[INFO] [stderr] [2023-04-30T15:25:51Z ERROR kvs_server] servr starting...
[INFO] [stderr] [2023-04-30T15:25:51Z ERROR kvs_server] Version: "0.1.0", Addr: "127.0.0.1:4004", Engine: "kvs"
[INFO] [stdout] test client_cli_invalid_subcommand ... ok
[INFO] [stderr] [2023-04-30T15:25:51Z ERROR kvs_server] servr starting...
[INFO] [stderr] [2023-04-30T15:25:51Z ERROR kvs_server] Version: "0.1.0", Addr: "127.0.0.1:4002", Engine: "sled"
[INFO] [stdout] test client_cli_no_args ... ok
[INFO] [stdout] test client_cli_version ... ok
[INFO] [stdout] test client_cli_invalid_rm ... ok
[INFO] [stdout] test client_cli_invalid_set ... ok
[INFO] [stdout] test server_cli_version ... ok
[INFO] [stdout] test client_cli_invalid_get ... ok
[INFO] [stdout] test cli_log_configuration ... ok
[INFO] [stdout] test cli_access_server_kvs_engine ... FAILED
[INFO] [stdout] test cli_access_server_sled_engine ... FAILED
[INFO] [stdout] test cli_wrong_engine has been running for over 60 seconds
[ERROR] error running command: no output for 300 seconds
[INFO] running `Command { std: "docker" "inspect" "030b0ec6c1fe0fa385903a856ba4da82981f9b1a00069a87fa2b2962aa38b711", kill_on_drop: false }`
[INFO] running `Command { std: "docker" "rm" "-f" "030b0ec6c1fe0fa385903a856ba4da82981f9b1a00069a87fa2b2962aa38b711", kill_on_drop: false }`
[INFO] [stdout] 030b0ec6c1fe0fa385903a856ba4da82981f9b1a00069a87fa2b2962aa38b711
