[INFO] cloning repository https://github.com/psastras/sins
[INFO] running `Command { std: "git" "-c" "credential.helper=" "-c" "credential.helper=/workspace/cargo-home/bin/git-credential-null" "clone" "--bare" "https://github.com/psastras/sins" "/workspace/cache/git-repos/https%3A%2F%2Fgithub.com%2Fpsastras%2Fsins", kill_on_drop: false }`
[INFO] [stderr] Cloning into bare repository '/workspace/cache/git-repos/https%3A%2F%2Fgithub.com%2Fpsastras%2Fsins'...
[INFO] running `Command { std: "git" "rev-parse" "HEAD", kill_on_drop: false }`
[INFO] [stdout] 553b090f0e706695850a6f23ba8c0370bd088ee6
[INFO] testing psastras/sins against beta-2023-04-20 for beta-1.70-1
[INFO] running `Command { std: "git" "clone" "/workspace/cache/git-repos/https%3A%2F%2Fgithub.com%2Fpsastras%2Fsins" "/workspace/builds/worker-1-tc2/source", kill_on_drop: false }`
[INFO] [stderr] Cloning into '/workspace/builds/worker-1-tc2/source'...
[INFO] [stderr] done.
[INFO] validating manifest of git repo https://github.com/psastras/sins on toolchain beta-2023-04-20
[INFO] running `Command { std: CARGO_HOME="/workspace/cargo-home" RUSTUP_HOME="/workspace/rustup-home" "/workspace/cargo-home/bin/cargo" "+beta-2023-04-20" "metadata" "--manifest-path" "Cargo.toml" "--no-deps", kill_on_drop: false }`
[INFO] removed /workspace/builds/worker-1-tc2/source/rust-toolchain.toml
[INFO] started tweaking git repo https://github.com/psastras/sins
[INFO] finished tweaking git repo https://github.com/psastras/sins
[INFO] tweaked toml for git repo https://github.com/psastras/sins written to /workspace/builds/worker-1-tc2/source/Cargo.toml
[INFO] crate git repo https://github.com/psastras/sins already has a lockfile, it will not be regenerated
[INFO] running `Command { std: CARGO_HOME="/workspace/cargo-home" RUSTUP_HOME="/workspace/rustup-home" "/workspace/cargo-home/bin/cargo" "+beta-2023-04-20" "fetch" "--manifest-path" "Cargo.toml", kill_on_drop: false }`
[INFO] running `Command { std: "docker" "create" "-v" "/var/lib/crater-agent-workspace/builds/worker-1-tc2/target:/opt/rustwide/target:rw,Z" "-v" "/var/lib/crater-agent-workspace/builds/worker-1-tc2/source:/opt/rustwide/workdir:ro,Z" "-v" "/var/lib/crater-agent-workspace/cargo-home:/opt/rustwide/cargo-home:ro,Z" "-v" "/var/lib/crater-agent-workspace/rustup-home:/opt/rustwide/rustup-home:ro,Z" "-e" "SOURCE_DIR=/opt/rustwide/workdir" "-e" "CARGO_TARGET_DIR=/opt/rustwide/target" "-e" "CARGO_HOME=/opt/rustwide/cargo-home" "-e" "RUSTUP_HOME=/opt/rustwide/rustup-home" "-w" "/opt/rustwide/workdir" "-m" "1610612736" "--user" "0:0" "--network" "none" "ghcr.io/rust-lang/crates-build-env/linux@sha256:5ff2268d62e97bff2cde7d5815dd6ed5b47097566f13b8d0ca110b04b60e07ed" "/opt/rustwide/cargo-home/bin/cargo" "+beta-2023-04-20" "metadata" "--no-deps" "--format-version=1", kill_on_drop: false }`
[INFO] [stdout] 8960a8d781d87e2eddf7aeabfe6f2599d06f21726e050d0745aaad105ba762b2
[INFO] running `Command { std: "docker" "start" "-a" "8960a8d781d87e2eddf7aeabfe6f2599d06f21726e050d0745aaad105ba762b2", kill_on_drop: false }`
[INFO] running `Command { std: "docker" "inspect" "8960a8d781d87e2eddf7aeabfe6f2599d06f21726e050d0745aaad105ba762b2", kill_on_drop: false }`
[INFO] running `Command { std: "docker" "rm" "-f" "8960a8d781d87e2eddf7aeabfe6f2599d06f21726e050d0745aaad105ba762b2", kill_on_drop: false }`
[INFO] [stdout] 8960a8d781d87e2eddf7aeabfe6f2599d06f21726e050d0745aaad105ba762b2
[INFO] running `Command { std: "docker" "create" "-v" "/var/lib/crater-agent-workspace/builds/worker-1-tc2/target:/opt/rustwide/target:rw,Z" "-v" "/var/lib/crater-agent-workspace/builds/worker-1-tc2/source:/opt/rustwide/workdir:ro,Z" "-v" "/var/lib/crater-agent-workspace/cargo-home:/opt/rustwide/cargo-home:ro,Z" "-v" "/var/lib/crater-agent-workspace/rustup-home:/opt/rustwide/rustup-home:ro,Z" "-e" "SOURCE_DIR=/opt/rustwide/workdir" "-e" "CARGO_TARGET_DIR=/opt/rustwide/target" "-e" "CARGO_INCREMENTAL=0" "-e" "RUST_BACKTRACE=full" "-e" "RUSTFLAGS=--cap-lints=warn" "-e" "RUSTDOCFLAGS=--cap-lints=warn" "-e" "CARGO_HOME=/opt/rustwide/cargo-home" "-e" "RUSTUP_HOME=/opt/rustwide/rustup-home" "-w" "/opt/rustwide/workdir" "-m" "1610612736" "--user" "0:0" "--network" "none" "ghcr.io/rust-lang/crates-build-env/linux@sha256:5ff2268d62e97bff2cde7d5815dd6ed5b47097566f13b8d0ca110b04b60e07ed" "/opt/rustwide/cargo-home/bin/cargo" "+beta-2023-04-20" "build" "--frozen" "--message-format=json", kill_on_drop: false }`
[INFO] [stdout] d0cb224cf2e66831dcea8d4cadfea88f9b239eb276740af76579fd1dca9d7f58
[INFO] running `Command { std: "docker" "start" "-a" "d0cb224cf2e66831dcea8d4cadfea88f9b239eb276740af76579fd1dca9d7f58", kill_on_drop: false }`
[INFO] [stderr]    Compiling proc-macro2 v1.0.36
[INFO] [stderr]    Compiling unicode-xid v0.2.2
[INFO] [stderr]    Compiling syn v1.0.86
[INFO] [stderr]    Compiling quote v1.0.14
[INFO] [stderr]    Compiling sins-lib v0.1.0 (/opt/rustwide/workdir/sins-lib)
[INFO] [stdout] warning: unused variable: `context`
[INFO] [stdout]  --> sins-lib/src/clippy/mod.rs:7:5
[INFO] [stdout]   |
[INFO] [stdout] 7 |     context: &crate::RuleContext,
[INFO] [stdout]   |     ^^^^^^^ help: if this is intentional, prefix it with an underscore: `_context`
[INFO] [stdout]   |
[INFO] [stdout]   = note: `#[warn(unused_variables)]` on by default
[INFO] [stdout] 
[INFO] [stdout] 
[INFO] [stdout] warning: unused variable: `node`
[INFO] [stdout]  --> sins-lib/src/clippy/mod.rs:8:5
[INFO] [stdout]   |
[INFO] [stdout] 8 |     node: &'ast syn::ExprBinary,
[INFO] [stdout]   |     ^^^^ help: if this is intentional, prefix it with an underscore: `_node`
[INFO] [stdout] 
[INFO] [stdout] 
[INFO] [stdout] warning: associated items `new`, `add_rule`, and `apply_rules` are never used
[INFO] [stdout]    --> sins-lib/src/lib.rs:824:10
[INFO] [stdout]     |
[INFO] [stdout] 823 | impl<'ast> RuleEngine<'ast> {
[INFO] [stdout]     | --------------------------- associated items in this implementation
[INFO] [stdout] 824 |   pub fn new() -> Self {
[INFO] [stdout]     |          ^^^
[INFO] [stdout] ...
[INFO] [stdout] 831 |   pub fn add_rule(&mut self, rule: Box<dyn Rule<'ast>>) {
[INFO] [stdout]     |          ^^^^^^^^
[INFO] [stdout] ...
[INFO] [stdout] 835 |   pub fn apply_rules(&mut self, syntax_tree: &'ast syn::File) {
[INFO] [stdout]     |          ^^^^^^^^^^^
[INFO] [stdout]     |
[INFO] [stdout]     = note: `#[warn(dead_code)]` on by default
[INFO] [stdout] 
[INFO] [stdout] 
[INFO] [stdout] warning: 3 warnings emitted
[INFO] [stdout] 
[INFO] [stdout] 
[INFO] [stderr]    Compiling sins-cli v0.1.0 (/opt/rustwide/workdir/sins-cli)
[INFO] [stderr]     Finished dev [unoptimized + debuginfo] target(s) in 4.91s
[INFO] running `Command { std: "docker" "inspect" "d0cb224cf2e66831dcea8d4cadfea88f9b239eb276740af76579fd1dca9d7f58", kill_on_drop: false }`
[INFO] running `Command { std: "docker" "rm" "-f" "d0cb224cf2e66831dcea8d4cadfea88f9b239eb276740af76579fd1dca9d7f58", kill_on_drop: false }`
[INFO] [stdout] d0cb224cf2e66831dcea8d4cadfea88f9b239eb276740af76579fd1dca9d7f58
[INFO] running `Command { std: "docker" "create" "-v" "/var/lib/crater-agent-workspace/builds/worker-1-tc2/target:/opt/rustwide/target:rw,Z" "-v" "/var/lib/crater-agent-workspace/builds/worker-1-tc2/source:/opt/rustwide/workdir:ro,Z" "-v" "/var/lib/crater-agent-workspace/cargo-home:/opt/rustwide/cargo-home:ro,Z" "-v" "/var/lib/crater-agent-workspace/rustup-home:/opt/rustwide/rustup-home:ro,Z" "-e" "SOURCE_DIR=/opt/rustwide/workdir" "-e" "CARGO_TARGET_DIR=/opt/rustwide/target" "-e" "CARGO_INCREMENTAL=0" "-e" "RUST_BACKTRACE=full" "-e" "RUSTFLAGS=--cap-lints=warn" "-e" "RUSTDOCFLAGS=--cap-lints=warn" "-e" "CARGO_HOME=/opt/rustwide/cargo-home" "-e" "RUSTUP_HOME=/opt/rustwide/rustup-home" "-w" "/opt/rustwide/workdir" "-m" "1610612736" "--user" "0:0" "--network" "none" "ghcr.io/rust-lang/crates-build-env/linux@sha256:5ff2268d62e97bff2cde7d5815dd6ed5b47097566f13b8d0ca110b04b60e07ed" "/opt/rustwide/cargo-home/bin/cargo" "+beta-2023-04-20" "test" "--frozen" "--no-run" "--message-format=json", kill_on_drop: false }`
[INFO] [stdout] a47aab610d52010b197e71fbc28b3d91d49622e61d2c17a6122daadfc6623757
[INFO] running `Command { std: "docker" "start" "-a" "a47aab610d52010b197e71fbc28b3d91d49622e61d2c17a6122daadfc6623757", kill_on_drop: false }`
[INFO] [stdout] warning: unused variable: `context`
[INFO] [stdout]  --> sins-lib/src/clippy/mod.rs:7:5
[INFO] [stdout]   |
[INFO] [stdout] 7 |     context: &crate::RuleContext,
[INFO] [stdout]   |     ^^^^^^^ help: if this is intentional, prefix it with an underscore: `_context`
[INFO] [stdout]   |
[INFO] [stdout]   = note: `#[warn(unused_variables)]` on by default
[INFO] [stdout] 
[INFO] [stdout] 
[INFO] [stdout] warning: unused variable: `node`
[INFO] [stdout]  --> sins-lib/src/clippy/mod.rs:8:5
[INFO] [stdout]   |
[INFO] [stdout] 8 |     node: &'ast syn::ExprBinary,
[INFO] [stdout]   |     ^^^^ help: if this is intentional, prefix it with an underscore: `_node`
[INFO] [stdout] 
[INFO] [stdout] 
[INFO] [stdout] warning: associated items `new`, `add_rule`, and `apply_rules` are never used
[INFO] [stdout]    --> sins-lib/src/lib.rs:824:10
[INFO] [stdout]     |
[INFO] [stdout] 823 | impl<'ast> RuleEngine<'ast> {
[INFO] [stdout]     | --------------------------- associated items in this implementation
[INFO] [stdout] 824 |   pub fn new() -> Self {
[INFO] [stdout]     |          ^^^
[INFO] [stdout] ...
[INFO] [stdout] 831 |   pub fn add_rule(&mut self, rule: Box<dyn Rule<'ast>>) {
[INFO] [stdout]     |          ^^^^^^^^
[INFO] [stdout] ...
[INFO] [stdout] 835 |   pub fn apply_rules(&mut self, syntax_tree: &'ast syn::File) {
[INFO] [stdout]     |          ^^^^^^^^^^^
[INFO] [stdout]     |
[INFO] [stdout]     = note: `#[warn(dead_code)]` on by default
[INFO] [stdout] 
[INFO] [stdout] 
[INFO] [stderr]    Compiling sins-lib v0.1.0 (/opt/rustwide/workdir/sins-lib)
[INFO] [stdout] warning: 3 warnings emitted
[INFO] [stdout] 
[INFO] [stdout] 
[INFO] [stderr]    Compiling sins-cli v0.1.0 (/opt/rustwide/workdir/sins-cli)
[INFO] [stdout] warning: unused import: `syn::visit::Visit`
[INFO] [stdout]    --> sins-lib/src/lib.rs:871:7
[INFO] [stdout]     |
[INFO] [stdout] 871 |   use syn::visit::Visit;
[INFO] [stdout]     |       ^^^^^^^^^^^^^^^^^
[INFO] [stdout]     |
[INFO] [stdout]     = note: `#[warn(unused_imports)]` on by default
[INFO] [stdout] 
[INFO] [stdout] 
[INFO] [stdout] warning: unused variable: `context`
[INFO] [stdout]  --> sins-lib/src/clippy/mod.rs:7:5
[INFO] [stdout]   |
[INFO] [stdout] 7 |     context: &crate::RuleContext,
[INFO] [stdout]   |     ^^^^^^^ help: if this is intentional, prefix it with an underscore: `_context`
[INFO] [stdout]   |
[INFO] [stdout]   = note: `#[warn(unused_variables)]` on by default
[INFO] [stdout] 
[INFO] [stdout] 
[INFO] [stdout] warning: unused variable: `node`
[INFO] [stdout]  --> sins-lib/src/clippy/mod.rs:8:5
[INFO] [stdout]   |
[INFO] [stdout] 8 |     node: &'ast syn::ExprBinary,
[INFO] [stdout]   |     ^^^^ help: if this is intentional, prefix it with an underscore: `_node`
[INFO] [stdout] 
[INFO] [stdout] 
[INFO] [stdout] warning: variable does not need to be mutable
[INFO] [stdout]   --> sins-lib/src/clippy/mod.rs:27:9
[INFO] [stdout]    |
[INFO] [stdout] 27 |     let mut content = "
[INFO] [stdout]    |         ----^^^^^^^
[INFO] [stdout]    |         |
[INFO] [stdout]    |         help: remove this `mut`
[INFO] [stdout]    |
[INFO] [stdout]    = note: `#[warn(unused_mut)]` on by default
[INFO] [stdout] 
[INFO] [stdout] 
[INFO] [stdout] warning: 4 warnings emitted
[INFO] [stdout] 
[INFO] [stdout] 
[INFO] [stderr]     Finished test [unoptimized + debuginfo] target(s) in 0.69s
[INFO] running `Command { std: "docker" "inspect" "a47aab610d52010b197e71fbc28b3d91d49622e61d2c17a6122daadfc6623757", kill_on_drop: false }`
[INFO] running `Command { std: "docker" "rm" "-f" "a47aab610d52010b197e71fbc28b3d91d49622e61d2c17a6122daadfc6623757", kill_on_drop: false }`
[INFO] [stdout] a47aab610d52010b197e71fbc28b3d91d49622e61d2c17a6122daadfc6623757
[INFO] running `Command { std: "docker" "create" "-v" "/var/lib/crater-agent-workspace/builds/worker-1-tc2/target:/opt/rustwide/target:rw,Z" "-v" "/var/lib/crater-agent-workspace/builds/worker-1-tc2/source:/opt/rustwide/workdir:ro,Z" "-v" "/var/lib/crater-agent-workspace/cargo-home:/opt/rustwide/cargo-home:ro,Z" "-v" "/var/lib/crater-agent-workspace/rustup-home:/opt/rustwide/rustup-home:ro,Z" "-e" "SOURCE_DIR=/opt/rustwide/workdir" "-e" "CARGO_TARGET_DIR=/opt/rustwide/target" "-e" "CARGO_INCREMENTAL=0" "-e" "RUST_BACKTRACE=full" "-e" "RUSTFLAGS=--cap-lints=warn" "-e" "RUSTDOCFLAGS=--cap-lints=warn" "-e" "CARGO_HOME=/opt/rustwide/cargo-home" "-e" "RUSTUP_HOME=/opt/rustwide/rustup-home" "-w" "/opt/rustwide/workdir" "-m" "1610612736" "--user" "0:0" "--network" "none" "ghcr.io/rust-lang/crates-build-env/linux@sha256:5ff2268d62e97bff2cde7d5815dd6ed5b47097566f13b8d0ca110b04b60e07ed" "/opt/rustwide/cargo-home/bin/cargo" "+beta-2023-04-20" "test" "--frozen", kill_on_drop: false }`
[INFO] [stdout] 5ddde2f7ed33e2cb63c9593060f9e32537ae34cad7902226ed11946409105ee4
[INFO] running `Command { std: "docker" "start" "-a" "5ddde2f7ed33e2cb63c9593060f9e32537ae34cad7902226ed11946409105ee4", kill_on_drop: false }`
[INFO] [stderr] warning: unused variable: `context`
[INFO] [stderr]  --> sins-lib/src/clippy/mod.rs:7:5
[INFO] [stderr]   |
[INFO] [stderr] 7 |     context: &crate::RuleContext,
[INFO] [stderr]   |     ^^^^^^^ help: if this is intentional, prefix it with an underscore: `_context`
[INFO] [stderr]   |
[INFO] [stderr]   = note: `#[warn(unused_variables)]` on by default
[INFO] [stderr] 
[INFO] [stderr] warning: unused variable: `node`
[INFO] [stderr]  --> sins-lib/src/clippy/mod.rs:8:5
[INFO] [stderr]   |
[INFO] [stderr] 8 |     node: &'ast syn::ExprBinary,
[INFO] [stderr]   |     ^^^^ help: if this is intentional, prefix it with an underscore: `_node`
[INFO] [stderr] 
[INFO] [stderr] warning: associated items `new`, `add_rule`, and `apply_rules` are never used
[INFO] [stderr]    --> sins-lib/src/lib.rs:824:10
[INFO] [stderr]     |
[INFO] [stderr] 823 | impl<'ast> RuleEngine<'ast> {
[INFO] [stderr]     | --------------------------- associated items in this implementation
[INFO] [stderr] 824 |   pub fn new() -> Self {
[INFO] [stderr]     |          ^^^
[INFO] [stderr] ...
[INFO] [stderr] 831 |   pub fn add_rule(&mut self, rule: Box<dyn Rule<'ast>>) {
[INFO] [stderr]     |          ^^^^^^^^
[INFO] [stderr] ...
[INFO] [stderr] 835 |   pub fn apply_rules(&mut self, syntax_tree: &'ast syn::File) {
[INFO] [stderr]     |          ^^^^^^^^^^^
[INFO] [stderr]     |
[INFO] [stderr]     = note: `#[warn(dead_code)]` on by default
[INFO] [stderr] 
[INFO] [stderr] warning: unused import: `syn::visit::Visit`
[INFO] [stderr]    --> sins-lib/src/lib.rs:871:7
[INFO] [stderr]     |
[INFO] [stderr] 871 |   use syn::visit::Visit;
[INFO] [stderr]     |       ^^^^^^^^^^^^^^^^^
[INFO] [stderr]     |
[INFO] [stderr]     = note: `#[warn(unused_imports)]` on by default
[INFO] [stderr] 
[INFO] [stderr] warning: variable does not need to be mutable
[INFO] [stderr]   --> sins-lib/src/clippy/mod.rs:27:9
[INFO] [stderr]    |
[INFO] [stderr] 27 |     let mut content = "
[INFO] [stderr]    |         ----^^^^^^^
[INFO] [stderr]    |         |
[INFO] [stderr]    |         help: remove this `mut`
[INFO] [stderr]    |
[INFO] [stderr]    = note: `#[warn(unused_mut)]` on by default
[INFO] [stderr] 
[INFO] [stderr] warning: `sins-lib` (lib) generated 3 warnings (run `cargo fix --lib -p sins-lib` to apply 2 suggestions)
[INFO] [stderr] warning: `sins-lib` (lib test) generated 4 warnings (2 duplicates) (run `cargo fix --lib -p sins-lib --tests` to apply 2 suggestions)
[INFO] [stderr]     Finished test [unoptimized + debuginfo] target(s) in 0.01s
[INFO] [stderr]      Running unittests src/main.rs (/opt/rustwide/target/debug/deps/sins_cli-f9df40f657f5fef5)
[INFO] [stdout] 
[INFO] [stdout] running 0 tests
[INFO] [stdout] 
[INFO] [stdout] test result: ok. 0 passed; 0 failed; 0 ignored; 0 measured; 0 filtered out; finished in 0.00s
[INFO] [stdout] 
[INFO] [stderr]      Running unittests src/lib.rs (/opt/rustwide/target/debug/deps/sins_lib-f69d2bd83324dbe6)
[INFO] [stdout] 
[INFO] [stdout] running 2 tests
[INFO] [stdout] test clippy::tests::test_absurd_extreme_comparisons ... ok
[INFO] [stdout] test tests::ok ... FAILED
[INFO] [stdout] 
[INFO] [stdout] failures:
[INFO] [stdout] 
[INFO] [stdout] ---- tests::ok stdout ----
[INFO] [stdout] thread 'tests::ok' panicked at 'called `Result::unwrap()` on an `Err` value: Os { code: 2, kind: NotFound, message: "No such file or directory" }', sins-lib/src/lib.rs:880:6
[INFO] [stdout] stack backtrace:
[INFO] [stdout]    0:     0x55582cce954a - std::backtrace_rs::backtrace::libunwind::trace::h2f05d0192276a8f6
[INFO] [stdout]                                at /rustc/1b7dd2252b99671ce5d1cb9664c5f8636329436d/library/std/src/../../backtrace/src/backtrace/libunwind.rs:93:5
[INFO] [stdout]    1:     0x55582cce954a - std::backtrace_rs::backtrace::trace_unsynchronized::hedc23dff7a1af150
[INFO] [stdout]                                at /rustc/1b7dd2252b99671ce5d1cb9664c5f8636329436d/library/std/src/../../backtrace/src/backtrace/mod.rs:66:5
[INFO] [stdout]    2:     0x55582cce954a - std::sys_common::backtrace::_print_fmt::h17541ef7592f3ce2
[INFO] [stdout]                                at /rustc/1b7dd2252b99671ce5d1cb9664c5f8636329436d/library/std/src/sys_common/backtrace.rs:65:5
[INFO] [stdout]    3:     0x55582cce954a - <std::sys_common::backtrace::_print::DisplayBacktrace as core::fmt::Display>::fmt::h20f75df5ab0c0792
[INFO] [stdout]                                at /rustc/1b7dd2252b99671ce5d1cb9664c5f8636329436d/library/std/src/sys_common/backtrace.rs:44:22
[INFO] [stdout]    4:     0x55582cd0d4cf - core::fmt::write::h78109e6f466b3af6
[INFO] [stdout]                                at /rustc/1b7dd2252b99671ce5d1cb9664c5f8636329436d/library/core/src/fmt/mod.rs:1254:17
[INFO] [stdout]    5:     0x55582cce6885 - std::io::Write::write_fmt::hd24bfb68a1b35a25
[INFO] [stdout]                                at /rustc/1b7dd2252b99671ce5d1cb9664c5f8636329436d/library/std/src/io/mod.rs:1698:15
[INFO] [stdout]    6:     0x55582cce9315 - std::sys_common::backtrace::_print::h8dac57a9f8fbf9a5
[INFO] [stdout]                                at /rustc/1b7dd2252b99671ce5d1cb9664c5f8636329436d/library/std/src/sys_common/backtrace.rs:47:5
[INFO] [stdout]    7:     0x55582cce9315 - std::sys_common::backtrace::print::hf9ecbf41d1aa712f
[INFO] [stdout]                                at /rustc/1b7dd2252b99671ce5d1cb9664c5f8636329436d/library/std/src/sys_common/backtrace.rs:34:9
[INFO] [stdout]    8:     0x55582cceafce - std::panicking::default_hook::{{closure}}::h04c07acfc84ca028
[INFO] [stdout]                                at /rustc/1b7dd2252b99671ce5d1cb9664c5f8636329436d/library/std/src/panicking.rs:269:22
[INFO] [stdout]    9:     0x55582ccead01 - std::panicking::default_hook::h01f6bb23e1eceb2c
[INFO] [stdout]                                at /rustc/1b7dd2252b99671ce5d1cb9664c5f8636329436d/library/std/src/panicking.rs:285:9
[INFO] [stdout]   10:     0x55582cb39c8b - <alloc::boxed::Box<F,A> as core::ops::function::Fn<Args>>::call::h87fe9f7b2fd49e4c
[INFO] [stdout]                                at /rustc/1b7dd2252b99671ce5d1cb9664c5f8636329436d/library/alloc/src/boxed.rs:1987:9
[INFO] [stdout]   11:     0x55582cb39c8b - test::test_main::{{closure}}::he94d679243a7531b
[INFO] [stdout]                                at /rustc/1b7dd2252b99671ce5d1cb9664c5f8636329436d/library/test/src/lib.rs:134:21
[INFO] [stdout]   12:     0x55582cceb6b4 - <alloc::boxed::Box<F,A> as core::ops::function::Fn<Args>>::call::h3f2d6d8b14c4769f
[INFO] [stdout]                                at /rustc/1b7dd2252b99671ce5d1cb9664c5f8636329436d/library/alloc/src/boxed.rs:1987:9
[INFO] [stdout]   13:     0x55582cceb6b4 - std::panicking::rust_panic_with_hook::h2bb3722bbaf2f6df
[INFO] [stdout]                                at /rustc/1b7dd2252b99671ce5d1cb9664c5f8636329436d/library/std/src/panicking.rs:695:13
[INFO] [stdout]   14:     0x55582cceb429 - std::panicking::begin_panic_handler::{{closure}}::h91bc7f36a4be011b
[INFO] [stdout]                                at /rustc/1b7dd2252b99671ce5d1cb9664c5f8636329436d/library/std/src/panicking.rs:582:13
[INFO] [stdout]   15:     0x55582cce99b6 - std::sys_common::backtrace::__rust_end_short_backtrace::h8b3d3717114f9e59
[INFO] [stdout]                                at /rustc/1b7dd2252b99671ce5d1cb9664c5f8636329436d/library/std/src/sys_common/backtrace.rs:150:18
[INFO] [stdout]   16:     0x55582cceb182 - rust_begin_unwind
[INFO] [stdout]                                at /rustc/1b7dd2252b99671ce5d1cb9664c5f8636329436d/library/std/src/panicking.rs:578:5
[INFO] [stdout]   17:     0x55582caf4693 - core::panicking::panic_fmt::hfd368e3fbdabea26
[INFO] [stdout]                                at /rustc/1b7dd2252b99671ce5d1cb9664c5f8636329436d/library/core/src/panicking.rs:67:14
[INFO] [stdout]   18:     0x55582caf4bd3 - core::result::unwrap_failed::he54eb4b2f125b26f
[INFO] [stdout]                                at /rustc/1b7dd2252b99671ce5d1cb9664c5f8636329436d/library/core/src/result.rs:1687:5
[INFO] [stdout]   19:     0x55582cb0661b - core::result::Result<T,E>::unwrap::haf865052285df842
[INFO] [stdout]                                at /rustc/1b7dd2252b99671ce5d1cb9664c5f8636329436d/library/core/src/result.rs:1089:23
[INFO] [stdout]   20:     0x55582cb01f63 - sins_lib::tests::ok::h467d4f2222a54257
[INFO] [stdout]                                at /opt/rustwide/workdir/sins-lib/src/lib.rs:877:20
[INFO] [stdout]   21:     0x55582cb01f17 - sins_lib::tests::ok::{{closure}}::hdf08b2c06dc7f305
[INFO] [stdout]                                at /opt/rustwide/workdir/sins-lib/src/lib.rs:876:11
[INFO] [stdout]   22:     0x55582cb05ed5 - core::ops::function::FnOnce::call_once::h0ddcf0a72e24a7ef
[INFO] [stdout]                                at /rustc/1b7dd2252b99671ce5d1cb9664c5f8636329436d/library/core/src/ops/function.rs:250:5
[INFO] [stdout]   23:     0x55582cb3eb5f - core::ops::function::FnOnce::call_once::ha6a70e79f7481a7e
[INFO] [stdout]                                at /rustc/1b7dd2252b99671ce5d1cb9664c5f8636329436d/library/core/src/ops/function.rs:250:5
[INFO] [stdout]   24:     0x55582cb3eb5f - test::__rust_begin_short_backtrace::hce33033019b61e69
[INFO] [stdout]                                at /rustc/1b7dd2252b99671ce5d1cb9664c5f8636329436d/library/test/src/lib.rs:655:18
[INFO] [stdout]   25:     0x55582cb0c34c - test::run_test::{{closure}}::h858d3528838ae3e5
[INFO] [stdout]                                at /rustc/1b7dd2252b99671ce5d1cb9664c5f8636329436d/library/test/src/lib.rs:646:30
[INFO] [stdout]   26:     0x55582cb0c34c - core::ops::function::FnOnce::call_once{{vtable.shim}}::he8ac2b00f01ae79e
[INFO] [stdout]                                at /rustc/1b7dd2252b99671ce5d1cb9664c5f8636329436d/library/core/src/ops/function.rs:250:5
[INFO] [stdout]   27:     0x55582cb3dc36 - <alloc::boxed::Box<F,A> as core::ops::function::FnOnce<Args>>::call_once::h8093d25b522725ef
[INFO] [stdout]                                at /rustc/1b7dd2252b99671ce5d1cb9664c5f8636329436d/library/alloc/src/boxed.rs:1973:9
[INFO] [stdout]   28:     0x55582cb3dc36 - <core::panic::unwind_safe::AssertUnwindSafe<F> as core::ops::function::FnOnce<()>>::call_once::h5c334c204e4a3913
[INFO] [stdout]                                at /rustc/1b7dd2252b99671ce5d1cb9664c5f8636329436d/library/core/src/panic/unwind_safe.rs:271:9
[INFO] [stdout]   29:     0x55582cb3dc36 - std::panicking::try::do_call::ha8b740c7b9478074
[INFO] [stdout]                                at /rustc/1b7dd2252b99671ce5d1cb9664c5f8636329436d/library/std/src/panicking.rs:485:40
[INFO] [stdout]   30:     0x55582cb3dc36 - std::panicking::try::h5d34f63d0e41b64e
[INFO] [stdout]                                at /rustc/1b7dd2252b99671ce5d1cb9664c5f8636329436d/library/std/src/panicking.rs:449:19
[INFO] [stdout]   31:     0x55582cb3dc36 - std::panic::catch_unwind::hcfbb511e1aa7fc67
[INFO] [stdout]                                at /rustc/1b7dd2252b99671ce5d1cb9664c5f8636329436d/library/std/src/panic.rs:140:14
[INFO] [stdout]   32:     0x55582cb3dc36 - test::run_test_in_process::h9abda90f802eaf21
[INFO] [stdout]                                at /rustc/1b7dd2252b99671ce5d1cb9664c5f8636329436d/library/test/src/lib.rs:678:27
[INFO] [stdout]   33:     0x55582cb3dc36 - test::run_test::run_test_inner::{{closure}}::h0f058de91f6c6edf
[INFO] [stdout]                                at /rustc/1b7dd2252b99671ce5d1cb9664c5f8636329436d/library/test/src/lib.rs:572:39
[INFO] [stdout]   34:     0x55582cb06b55 - test::run_test::run_test_inner::{{closure}}::h5ca48a4c59c6c1fb
[INFO] [stdout]                                at /rustc/1b7dd2252b99671ce5d1cb9664c5f8636329436d/library/test/src/lib.rs:599:37
[INFO] [stdout]   35:     0x55582cb06b55 - std::sys_common::backtrace::__rust_begin_short_backtrace::h32bd51e1495d4a33
[INFO] [stdout]                                at /rustc/1b7dd2252b99671ce5d1cb9664c5f8636329436d/library/std/src/sys_common/backtrace.rs:134:18
[INFO] [stdout]   36:     0x55582cb0c091 - std::thread::Builder::spawn_unchecked_::{{closure}}::{{closure}}::hc086fae9b128b2db
[INFO] [stdout]                                at /rustc/1b7dd2252b99671ce5d1cb9664c5f8636329436d/library/std/src/thread/mod.rs:526:17
[INFO] [stdout]   37:     0x55582cb0c091 - <core::panic::unwind_safe::AssertUnwindSafe<F> as core::ops::function::FnOnce<()>>::call_once::hb66571888d270d43
[INFO] [stdout]                                at /rustc/1b7dd2252b99671ce5d1cb9664c5f8636329436d/library/core/src/panic/unwind_safe.rs:271:9
[INFO] [stdout]   38:     0x55582cb0c091 - std::panicking::try::do_call::h4fa2ef4f6e51fecf
[INFO] [stdout]                                at /rustc/1b7dd2252b99671ce5d1cb9664c5f8636329436d/library/std/src/panicking.rs:485:40
[INFO] [stdout]   39:     0x55582cb0c091 - std::panicking::try::h1e9e22b8584489b5
[INFO] [stdout]                                at /rustc/1b7dd2252b99671ce5d1cb9664c5f8636329436d/library/std/src/panicking.rs:449:19
[INFO] [stdout]   40:     0x55582cb0c091 - std::panic::catch_unwind::h44698a3de0e0769e
[INFO] [stdout]                                at /rustc/1b7dd2252b99671ce5d1cb9664c5f8636329436d/library/std/src/panic.rs:140:14
[INFO] [stdout]   41:     0x55582cb0c091 - std::thread::Builder::spawn_unchecked_::{{closure}}::h50153abde3fe239e
[INFO] [stdout]                                at /rustc/1b7dd2252b99671ce5d1cb9664c5f8636329436d/library/std/src/thread/mod.rs:525:30
[INFO] [stdout]   42:     0x55582cb0c091 - core::ops::function::FnOnce::call_once{{vtable.shim}}::hbe5bbf6f38394364
[INFO] [stdout]                                at /rustc/1b7dd2252b99671ce5d1cb9664c5f8636329436d/library/core/src/ops/function.rs:250:5
[INFO] [stdout]   43:     0x55582ccefc15 - <alloc::boxed::Box<F,A> as core::ops::function::FnOnce<Args>>::call_once::h0d83cb2920a49046
[INFO] [stdout]                                at /rustc/1b7dd2252b99671ce5d1cb9664c5f8636329436d/library/alloc/src/boxed.rs:1973:9
[INFO] [stdout]   44:     0x55582ccefc15 - <alloc::boxed::Box<F,A> as core::ops::function::FnOnce<Args>>::call_once::hbe0a008aa7d9ef59
[INFO] [stdout]                                at /rustc/1b7dd2252b99671ce5d1cb9664c5f8636329436d/library/alloc/src/boxed.rs:1973:9
[INFO] [stdout]   45:     0x55582ccefc15 - std::sys::unix::thread::Thread::new::thread_start::h3a466996bdf6b1f9
[INFO] [stdout]                                at /rustc/1b7dd2252b99671ce5d1cb9664c5f8636329436d/library/std/src/sys/unix/thread.rs:108:17
[INFO] [stdout]   46:     0x7fee4fc26b43 - <unknown>
[INFO] [stdout]   47:     0x7fee4fcb7bb4 - __clone
[INFO] [stdout]   48:                0x0 - <unknown>
[INFO] [stdout] 
[INFO] [stdout] 
[INFO] [stdout] failures:
[INFO] [stdout]     tests::ok
[INFO] [stdout] 
[INFO] [stdout] test result: FAILED. 1 passed; 1 failed; 0 ignored; 0 measured; 0 filtered out; finished in 0.01s
[INFO] [stdout] 
[INFO] [stderr] error: test failed, to rerun pass `-p sins-lib --lib`
[INFO] running `Command { std: "docker" "inspect" "5ddde2f7ed33e2cb63c9593060f9e32537ae34cad7902226ed11946409105ee4", kill_on_drop: false }`
[INFO] running `Command { std: "docker" "rm" "-f" "5ddde2f7ed33e2cb63c9593060f9e32537ae34cad7902226ed11946409105ee4", kill_on_drop: false }`
[INFO] [stdout] 5ddde2f7ed33e2cb63c9593060f9e32537ae34cad7902226ed11946409105ee4
