[INFO] cloning repository https://github.com/pleshevskiy/ood_persistence
[INFO] running `Command { std: "git" "-c" "credential.helper=" "-c" "credential.helper=/workspace/cargo-home/bin/git-credential-null" "clone" "--bare" "https://github.com/pleshevskiy/ood_persistence" "/workspace/cache/git-repos/https%3A%2F%2Fgithub.com%2Fpleshevskiy%2Food_persistence", kill_on_drop: false }`
[INFO] [stderr] Cloning into bare repository '/workspace/cache/git-repos/https%3A%2F%2Fgithub.com%2Fpleshevskiy%2Food_persistence'...
[INFO] running `Command { std: "git" "rev-parse" "HEAD", kill_on_drop: false }`
[INFO] [stdout] b88cea1a82975331c06c28c8dc847ad5295b5b0f
[INFO] testing pleshevskiy/ood_persistence against beta-2023-04-20 for beta-1.70-1
[INFO] running `Command { std: "git" "clone" "/workspace/cache/git-repos/https%3A%2F%2Fgithub.com%2Fpleshevskiy%2Food_persistence" "/workspace/builds/worker-3-tc2/source", kill_on_drop: false }`
[INFO] [stderr] Cloning into '/workspace/builds/worker-3-tc2/source'...
[INFO] [stderr] done.
[INFO] validating manifest of git repo https://github.com/pleshevskiy/ood_persistence on toolchain beta-2023-04-20
[INFO] running `Command { std: CARGO_HOME="/workspace/cargo-home" RUSTUP_HOME="/workspace/rustup-home" "/workspace/cargo-home/bin/cargo" "+beta-2023-04-20" "metadata" "--manifest-path" "Cargo.toml" "--no-deps", kill_on_drop: false }`
[INFO] removed /workspace/builds/worker-3-tc2/source/rust-toolchain.toml
[INFO] started tweaking git repo https://github.com/pleshevskiy/ood_persistence
[INFO] removed 0 missing examples
[INFO] finished tweaking git repo https://github.com/pleshevskiy/ood_persistence
[INFO] tweaked toml for git repo https://github.com/pleshevskiy/ood_persistence written to /workspace/builds/worker-3-tc2/source/Cargo.toml
[INFO] crate git repo https://github.com/pleshevskiy/ood_persistence already has a lockfile, it will not be regenerated
[INFO] running `Command { std: CARGO_HOME="/workspace/cargo-home" RUSTUP_HOME="/workspace/rustup-home" "/workspace/cargo-home/bin/cargo" "+beta-2023-04-20" "fetch" "--manifest-path" "Cargo.toml", kill_on_drop: false }`
[INFO] [stderr]     Updating crates.io index
[INFO] [stderr]  Downloading crates ...
[INFO] [stderr]   Downloaded itconfig v1.1.1
[INFO] [stderr]   Downloaded io-enum v0.2.6
[INFO] [stderr]   Downloaded itconfig-macro v1.1.1
[INFO] [stderr]   Downloaded bb8-postgres v0.7.0
[INFO] [stderr]   Downloaded bb8 v0.7.1
[INFO] [stderr]   Downloaded r2d2_sqlite v0.19.0
[INFO] [stderr]   Downloaded r2d2_mysql v18.0.0
[INFO] [stderr]   Downloaded postgres-derive v0.4.0
[INFO] [stderr]   Downloaded mysql v18.2.0
[INFO] [stderr]   Downloaded mysql_common v0.20.2
[INFO] [stderr]   Downloaded lexical v4.2.1
[INFO] [stderr]   Downloaded rusqlite v0.26.1
[INFO] [stderr]   Downloaded object v0.27.0
[INFO] [stderr]   Downloaded lexical-core v0.6.8
[INFO] [stderr]   Downloaded libsqlite3-sys v0.23.1
[INFO] running `Command { std: "docker" "create" "-v" "/var/lib/crater-agent-workspace/builds/worker-3-tc2/target:/opt/rustwide/target:rw,Z" "-v" "/var/lib/crater-agent-workspace/builds/worker-3-tc2/source:/opt/rustwide/workdir:ro,Z" "-v" "/var/lib/crater-agent-workspace/cargo-home:/opt/rustwide/cargo-home:ro,Z" "-v" "/var/lib/crater-agent-workspace/rustup-home:/opt/rustwide/rustup-home:ro,Z" "-e" "SOURCE_DIR=/opt/rustwide/workdir" "-e" "CARGO_TARGET_DIR=/opt/rustwide/target" "-e" "CARGO_HOME=/opt/rustwide/cargo-home" "-e" "RUSTUP_HOME=/opt/rustwide/rustup-home" "-w" "/opt/rustwide/workdir" "-m" "1610612736" "--user" "0:0" "--network" "none" "ghcr.io/rust-lang/crates-build-env/linux@sha256:5ff2268d62e97bff2cde7d5815dd6ed5b47097566f13b8d0ca110b04b60e07ed" "/opt/rustwide/cargo-home/bin/cargo" "+beta-2023-04-20" "metadata" "--no-deps" "--format-version=1", kill_on_drop: false }`
[INFO] [stdout] 4448439d4e78a9aef215e8fccad62147c57a6634bb8d50c8e39bce27b701bc49
[INFO] running `Command { std: "docker" "start" "-a" "4448439d4e78a9aef215e8fccad62147c57a6634bb8d50c8e39bce27b701bc49", kill_on_drop: false }`
[INFO] running `Command { std: "docker" "inspect" "4448439d4e78a9aef215e8fccad62147c57a6634bb8d50c8e39bce27b701bc49", kill_on_drop: false }`
[INFO] running `Command { std: "docker" "rm" "-f" "4448439d4e78a9aef215e8fccad62147c57a6634bb8d50c8e39bce27b701bc49", kill_on_drop: false }`
[INFO] [stdout] 4448439d4e78a9aef215e8fccad62147c57a6634bb8d50c8e39bce27b701bc49
[INFO] running `Command { std: "docker" "create" "-v" "/var/lib/crater-agent-workspace/builds/worker-3-tc2/target:/opt/rustwide/target:rw,Z" "-v" "/var/lib/crater-agent-workspace/builds/worker-3-tc2/source:/opt/rustwide/workdir:ro,Z" "-v" "/var/lib/crater-agent-workspace/cargo-home:/opt/rustwide/cargo-home:ro,Z" "-v" "/var/lib/crater-agent-workspace/rustup-home:/opt/rustwide/rustup-home:ro,Z" "-e" "SOURCE_DIR=/opt/rustwide/workdir" "-e" "CARGO_TARGET_DIR=/opt/rustwide/target" "-e" "CARGO_INCREMENTAL=0" "-e" "RUST_BACKTRACE=full" "-e" "RUSTFLAGS=--cap-lints=warn" "-e" "RUSTDOCFLAGS=--cap-lints=warn" "-e" "CARGO_HOME=/opt/rustwide/cargo-home" "-e" "RUSTUP_HOME=/opt/rustwide/rustup-home" "-w" "/opt/rustwide/workdir" "-m" "1610612736" "--user" "0:0" "--network" "none" "ghcr.io/rust-lang/crates-build-env/linux@sha256:5ff2268d62e97bff2cde7d5815dd6ed5b47097566f13b8d0ca110b04b60e07ed" "/opt/rustwide/cargo-home/bin/cargo" "+beta-2023-04-20" "build" "--frozen" "--message-format=json", kill_on_drop: false }`
[INFO] [stdout] 8b7490cd3736b7bc0736b3d06e3b062698bfe30f7218057b1c5b1c15bc6c30be
[INFO] running `Command { std: "docker" "start" "-a" "8b7490cd3736b7bc0736b3d06e3b062698bfe30f7218057b1c5b1c15bc6c30be", kill_on_drop: false }`
[INFO] [stderr]    Compiling ood_persistence v0.3.1 (/opt/rustwide/workdir)
[INFO] [stderr]     Finished dev [unoptimized + debuginfo] target(s) in 0.46s
[INFO] running `Command { std: "docker" "inspect" "8b7490cd3736b7bc0736b3d06e3b062698bfe30f7218057b1c5b1c15bc6c30be", kill_on_drop: false }`
[INFO] running `Command { std: "docker" "rm" "-f" "8b7490cd3736b7bc0736b3d06e3b062698bfe30f7218057b1c5b1c15bc6c30be", kill_on_drop: false }`
[INFO] [stdout] 8b7490cd3736b7bc0736b3d06e3b062698bfe30f7218057b1c5b1c15bc6c30be
[INFO] running `Command { std: "docker" "create" "-v" "/var/lib/crater-agent-workspace/builds/worker-3-tc2/target:/opt/rustwide/target:rw,Z" "-v" "/var/lib/crater-agent-workspace/builds/worker-3-tc2/source:/opt/rustwide/workdir:ro,Z" "-v" "/var/lib/crater-agent-workspace/cargo-home:/opt/rustwide/cargo-home:ro,Z" "-v" "/var/lib/crater-agent-workspace/rustup-home:/opt/rustwide/rustup-home:ro,Z" "-e" "SOURCE_DIR=/opt/rustwide/workdir" "-e" "CARGO_TARGET_DIR=/opt/rustwide/target" "-e" "CARGO_INCREMENTAL=0" "-e" "RUST_BACKTRACE=full" "-e" "RUSTFLAGS=--cap-lints=warn" "-e" "RUSTDOCFLAGS=--cap-lints=warn" "-e" "CARGO_HOME=/opt/rustwide/cargo-home" "-e" "RUSTUP_HOME=/opt/rustwide/rustup-home" "-w" "/opt/rustwide/workdir" "-m" "1610612736" "--user" "0:0" "--network" "none" "ghcr.io/rust-lang/crates-build-env/linux@sha256:5ff2268d62e97bff2cde7d5815dd6ed5b47097566f13b8d0ca110b04b60e07ed" "/opt/rustwide/cargo-home/bin/cargo" "+beta-2023-04-20" "test" "--frozen" "--no-run" "--message-format=json", kill_on_drop: false }`
[INFO] [stdout] fa4a0a62c95d91377f20fc78cf489778204781b6617f7eed6a4ff51d1cac9e32
[INFO] running `Command { std: "docker" "start" "-a" "fa4a0a62c95d91377f20fc78cf489778204781b6617f7eed6a4ff51d1cac9e32", kill_on_drop: false }`
[INFO] [stderr]    Compiling ood_persistence v0.3.1 (/opt/rustwide/workdir)
[INFO] [stderr]     Finished test [unoptimized + debuginfo] target(s) in 0.45s
[INFO] running `Command { std: "docker" "inspect" "fa4a0a62c95d91377f20fc78cf489778204781b6617f7eed6a4ff51d1cac9e32", kill_on_drop: false }`
[INFO] running `Command { std: "docker" "rm" "-f" "fa4a0a62c95d91377f20fc78cf489778204781b6617f7eed6a4ff51d1cac9e32", kill_on_drop: false }`
[INFO] [stdout] fa4a0a62c95d91377f20fc78cf489778204781b6617f7eed6a4ff51d1cac9e32
[INFO] running `Command { std: "docker" "create" "-v" "/var/lib/crater-agent-workspace/builds/worker-3-tc2/target:/opt/rustwide/target:rw,Z" "-v" "/var/lib/crater-agent-workspace/builds/worker-3-tc2/source:/opt/rustwide/workdir:ro,Z" "-v" "/var/lib/crater-agent-workspace/cargo-home:/opt/rustwide/cargo-home:ro,Z" "-v" "/var/lib/crater-agent-workspace/rustup-home:/opt/rustwide/rustup-home:ro,Z" "-e" "SOURCE_DIR=/opt/rustwide/workdir" "-e" "CARGO_TARGET_DIR=/opt/rustwide/target" "-e" "CARGO_INCREMENTAL=0" "-e" "RUST_BACKTRACE=full" "-e" "RUSTFLAGS=--cap-lints=warn" "-e" "RUSTDOCFLAGS=--cap-lints=warn" "-e" "CARGO_HOME=/opt/rustwide/cargo-home" "-e" "RUSTUP_HOME=/opt/rustwide/rustup-home" "-w" "/opt/rustwide/workdir" "-m" "1610612736" "--user" "0:0" "--network" "none" "ghcr.io/rust-lang/crates-build-env/linux@sha256:5ff2268d62e97bff2cde7d5815dd6ed5b47097566f13b8d0ca110b04b60e07ed" "/opt/rustwide/cargo-home/bin/cargo" "+beta-2023-04-20" "test" "--frozen", kill_on_drop: false }`
[INFO] [stdout] bff31d561c72a7260f66d7595b778588a852f9b86204dbf7db21b31d65664c37
[INFO] running `Command { std: "docker" "start" "-a" "bff31d561c72a7260f66d7595b778588a852f9b86204dbf7db21b31d65664c37", kill_on_drop: false }`
[INFO] [stderr]     Finished test [unoptimized + debuginfo] target(s) in 0.06s
[INFO] [stdout] 
[INFO] [stderr]      Running unittests src/lib.rs (/opt/rustwide/target/debug/deps/ood_persistence-477b212fad582c61)
[INFO] [stdout] running 0 tests
[INFO] [stdout] 
[INFO] [stdout] test result: ok. 0 passed; 0 failed; 0 ignored; 0 measured; 0 filtered out; finished in 0.00s
[INFO] [stdout] 
[INFO] [stderr]    Doc-tests ood_persistence
[INFO] [stdout] 
[INFO] [stdout] running 1 test
[INFO] [stdout] test src/lib.rs - (line 28) ... FAILED
[INFO] [stdout] 
[INFO] [stdout] failures:
[INFO] [stdout] 
[INFO] [stdout] ---- src/lib.rs - (line 28) stdout ----
[INFO] [stdout] error[E0433]: failed to resolve: could not find `r2d2_postgres` in `ood_persistence`
[INFO] [stdout]  --> src/lib.rs:33:40
[INFO] [stdout]   |
[INFO] [stdout] 7 |     let persistence = ood_persistence::r2d2_postgres::new(&pool);
[INFO] [stdout]   |                                        ^^^^^^^^^^^^^ could not find `r2d2_postgres` in `ood_persistence`
[INFO] [stdout] 
[INFO] [stdout] error[E0425]: cannot find function `create_postgres_pool` in this scope
[INFO] [stdout]  --> src/lib.rs:31:16
[INFO] [stdout]   |
[INFO] [stdout] 5 |     let pool = create_postgres_pool();
[INFO] [stdout]   |                ^^^^^^^^^^^^^^^^^^^^ not found in this scope
[INFO] [stdout] 
[INFO] [stdout] error: aborting due to 2 previous errors
[INFO] [stdout] 
[INFO] [stdout] Some errors have detailed explanations: E0425, E0433.
[INFO] [stdout] For more information about an error, try `rustc --explain E0425`.
[INFO] [stdout] Couldn't compile the test.
[INFO] [stdout] 
[INFO] [stdout] failures:
[INFO] [stdout]     src/lib.rs - (line 28)
[INFO] [stdout] 
[INFO] [stdout] test result: FAILED. 0 passed; 1 failed; 0 ignored; 0 measured; 0 filtered out; finished in 0.07s
[INFO] [stdout] 
[INFO] [stderr] error: doctest failed, to rerun pass `--doc`
[INFO] running `Command { std: "docker" "inspect" "bff31d561c72a7260f66d7595b778588a852f9b86204dbf7db21b31d65664c37", kill_on_drop: false }`
[INFO] running `Command { std: "docker" "rm" "-f" "bff31d561c72a7260f66d7595b778588a852f9b86204dbf7db21b31d65664c37", kill_on_drop: false }`
[INFO] [stdout] bff31d561c72a7260f66d7595b778588a852f9b86204dbf7db21b31d65664c37
