[INFO] cloning repository https://github.com/pawanspace/rlox
[INFO] running `Command { std: "git" "-c" "credential.helper=" "-c" "credential.helper=/workspace/cargo-home/bin/git-credential-null" "clone" "--bare" "https://github.com/pawanspace/rlox" "/workspace/cache/git-repos/https%3A%2F%2Fgithub.com%2Fpawanspace%2Frlox", kill_on_drop: false }`
[INFO] [stderr] Cloning into bare repository '/workspace/cache/git-repos/https%3A%2F%2Fgithub.com%2Fpawanspace%2Frlox'...
[INFO] running `Command { std: "git" "rev-parse" "HEAD", kill_on_drop: false }`
[INFO] [stdout] 6ce0ccc7b564ae3165e510eb3ae3fe143ff6fce6
[INFO] testing pawanspace/rlox against 1.69.0 for beta-1.70-1
[INFO] running `Command { std: "git" "clone" "/workspace/cache/git-repos/https%3A%2F%2Fgithub.com%2Fpawanspace%2Frlox" "/workspace/builds/worker-6-tc1/source", kill_on_drop: false }`
[INFO] [stderr] Cloning into '/workspace/builds/worker-6-tc1/source'...
[INFO] [stderr] done.
[INFO] validating manifest of git repo https://github.com/pawanspace/rlox on toolchain 1.69.0
[INFO] running `Command { std: CARGO_HOME="/workspace/cargo-home" RUSTUP_HOME="/workspace/rustup-home" "/workspace/cargo-home/bin/cargo" "+1.69.0" "metadata" "--manifest-path" "Cargo.toml" "--no-deps", kill_on_drop: false }`
[INFO] started tweaking git repo https://github.com/pawanspace/rlox
[INFO] finished tweaking git repo https://github.com/pawanspace/rlox
[INFO] tweaked toml for git repo https://github.com/pawanspace/rlox written to /workspace/builds/worker-6-tc1/source/Cargo.toml
[INFO] crate git repo https://github.com/pawanspace/rlox already has a lockfile, it will not be regenerated
[INFO] running `Command { std: CARGO_HOME="/workspace/cargo-home" RUSTUP_HOME="/workspace/rustup-home" "/workspace/cargo-home/bin/cargo" "+1.69.0" "fetch" "--manifest-path" "Cargo.toml", kill_on_drop: false }`
[INFO] [stderr]     Blocking waiting for file lock on package cache
[INFO] [stderr]     Blocking waiting for file lock on package cache
[INFO] running `Command { std: "docker" "create" "-v" "/var/lib/crater-agent-workspace/builds/worker-6-tc1/target:/opt/rustwide/target:rw,Z" "-v" "/var/lib/crater-agent-workspace/builds/worker-6-tc1/source:/opt/rustwide/workdir:ro,Z" "-v" "/var/lib/crater-agent-workspace/cargo-home:/opt/rustwide/cargo-home:ro,Z" "-v" "/var/lib/crater-agent-workspace/rustup-home:/opt/rustwide/rustup-home:ro,Z" "-e" "SOURCE_DIR=/opt/rustwide/workdir" "-e" "CARGO_TARGET_DIR=/opt/rustwide/target" "-e" "CARGO_HOME=/opt/rustwide/cargo-home" "-e" "RUSTUP_HOME=/opt/rustwide/rustup-home" "-w" "/opt/rustwide/workdir" "-m" "1610612736" "--user" "0:0" "--network" "none" "ghcr.io/rust-lang/crates-build-env/linux@sha256:5ff2268d62e97bff2cde7d5815dd6ed5b47097566f13b8d0ca110b04b60e07ed" "/opt/rustwide/cargo-home/bin/cargo" "+1.69.0" "metadata" "--no-deps" "--format-version=1", kill_on_drop: false }`
[INFO] [stdout] 01805e13aa7e491fac1007d65c17435b73847f25b7dc8301c09b01c946fd2361
[INFO] running `Command { std: "docker" "start" "-a" "01805e13aa7e491fac1007d65c17435b73847f25b7dc8301c09b01c946fd2361", kill_on_drop: false }`
[INFO] running `Command { std: "docker" "inspect" "01805e13aa7e491fac1007d65c17435b73847f25b7dc8301c09b01c946fd2361", kill_on_drop: false }`
[INFO] running `Command { std: "docker" "rm" "-f" "01805e13aa7e491fac1007d65c17435b73847f25b7dc8301c09b01c946fd2361", kill_on_drop: false }`
[INFO] [stdout] 01805e13aa7e491fac1007d65c17435b73847f25b7dc8301c09b01c946fd2361
[INFO] running `Command { std: "docker" "create" "-v" "/var/lib/crater-agent-workspace/builds/worker-6-tc1/target:/opt/rustwide/target:rw,Z" "-v" "/var/lib/crater-agent-workspace/builds/worker-6-tc1/source:/opt/rustwide/workdir:ro,Z" "-v" "/var/lib/crater-agent-workspace/cargo-home:/opt/rustwide/cargo-home:ro,Z" "-v" "/var/lib/crater-agent-workspace/rustup-home:/opt/rustwide/rustup-home:ro,Z" "-e" "SOURCE_DIR=/opt/rustwide/workdir" "-e" "CARGO_TARGET_DIR=/opt/rustwide/target" "-e" "CARGO_INCREMENTAL=0" "-e" "RUST_BACKTRACE=full" "-e" "RUSTFLAGS=--cap-lints=warn" "-e" "RUSTDOCFLAGS=--cap-lints=warn" "-e" "CARGO_HOME=/opt/rustwide/cargo-home" "-e" "RUSTUP_HOME=/opt/rustwide/rustup-home" "-w" "/opt/rustwide/workdir" "-m" "1610612736" "--user" "0:0" "--network" "none" "ghcr.io/rust-lang/crates-build-env/linux@sha256:5ff2268d62e97bff2cde7d5815dd6ed5b47097566f13b8d0ca110b04b60e07ed" "/opt/rustwide/cargo-home/bin/cargo" "+1.69.0" "build" "--frozen" "--message-format=json", kill_on_drop: false }`
[INFO] [stdout] df6e0e84ad9a39123f6e0860a5ba98ded825c12a31c43f48982a9dc0ab008fba
[INFO] running `Command { std: "docker" "start" "-a" "df6e0e84ad9a39123f6e0860a5ba98ded825c12a31c43f48982a9dc0ab008fba", kill_on_drop: false }`
[INFO] [stderr]    Compiling autocfg v1.1.0
[INFO] [stderr]    Compiling proc-macro2 v1.0.36
[INFO] [stderr]    Compiling unicode-xid v0.2.2
[INFO] [stderr]    Compiling syn v1.0.89
[INFO] [stderr]    Compiling libc v0.2.132
[INFO] [stderr]    Compiling version_check v0.9.4
[INFO] [stderr]    Compiling serde_derive v1.0.136
[INFO] [stderr]    Compiling serde v1.0.136
[INFO] [stderr]    Compiling serde_json v1.0.89
[INFO] [stderr]    Compiling log v0.4.17
[INFO] [stderr]    Compiling proc-macro-error-attr v1.0.4
[INFO] [stderr]    Compiling proc-macro-error v1.0.4
[INFO] [stderr]    Compiling num-traits v0.2.14
[INFO] [stderr]    Compiling num-integer v0.1.44
[INFO] [stderr]    Compiling num-bigint v0.4.3
[INFO] [stderr]    Compiling num-iter v0.1.42
[INFO] [stderr]    Compiling num-rational v0.4.0
[INFO] [stderr]    Compiling indexmap v1.9.1
[INFO] [stderr]    Compiling anyhow v1.0.66
[INFO] [stderr]    Compiling quote v1.0.16
[INFO] [stderr]    Compiling getrandom v0.2.8
[INFO] [stderr]    Compiling atty v0.2.14
[INFO] [stderr]    Compiling rand_core v0.6.4
[INFO] [stderr]    Compiling ryu v1.0.11
[INFO] [stderr]    Compiling os_str_bytes v6.3.0
[INFO] [stderr]    Compiling heck v0.4.0
[INFO] [stderr]    Compiling hashbrown v0.12.3
[INFO] [stderr]    Compiling ppv-lite86 v0.2.17
[INFO] [stderr]    Compiling itoa v1.0.4
[INFO] [stderr]    Compiling clap_lex v0.2.4
[INFO] [stderr]    Compiling num-complex v0.4.0
[INFO] [stderr]    Compiling rand_chacha v0.3.1
[INFO] [stderr]    Compiling strsim v0.10.0
[INFO] [stderr]    Compiling lazy_static v1.4.0
[INFO] [stderr]    Compiling textwrap v0.15.0
[INFO] [stderr]    Compiling once_cell v1.13.1
[INFO] [stderr]    Compiling termcolor v1.1.3
[INFO] [stderr]    Compiling bitflags v1.3.2
[INFO] [stderr]    Compiling colored v2.0.0
[INFO] [stderr]    Compiling rand v0.8.5
[INFO] [stderr]    Compiling num v0.4.0
[INFO] [stderr]    Compiling clap_derive v3.2.17
[INFO] [stderr]    Compiling num-derive v0.3.3
[INFO] [stderr]    Compiling clap v3.2.17
[INFO] [stderr]    Compiling rustfix v0.6.1
[INFO] [stderr]    Compiling rlox v0.1.0 (/opt/rustwide/workdir)
[INFO] [stdout] warning: unused import: `Path`
[INFO] [stdout]  --> src/main.rs:5:17
[INFO] [stdout]   |
[INFO] [stdout] 5 | use std::path::{Path, PathBuf};
[INFO] [stdout]   |                 ^^^^
[INFO] [stdout]   |
[INFO] [stdout]   = note: `#[warn(unused_imports)]` on by default
[INFO] [stdout] 
[INFO] [stdout] 
[INFO] [stdout] warning: unused import: `std::borrow::BorrowMut`
[INFO] [stdout]  --> src/hash_map.rs:3:5
[INFO] [stdout]   |
[INFO] [stdout] 3 | use std::borrow::BorrowMut;
[INFO] [stdout]   |     ^^^^^^^^^^^^^^^^^^^^^^
[INFO] [stdout] 
[INFO] [stdout] 
[INFO] [stdout] warning: unused import: `Entry`
[INFO] [stdout]  --> src/vm.rs:5:30
[INFO] [stdout]   |
[INFO] [stdout] 5 | use crate::hash_map::{Table, Entry};
[INFO] [stdout]   |                              ^^^^^
[INFO] [stdout] 
[INFO] [stdout] 
[INFO] [stdout] warning: unreachable pattern
[INFO] [stdout]    --> src/compiler.rs:126:11
[INFO] [stdout]     |
[INFO] [stdout] 126 |         | _ => ParseRule {
[INFO] [stdout]     |           ^
[INFO] [stdout]     |
[INFO] [stdout]     = note: `#[warn(unreachable_patterns)]` on by default
[INFO] [stdout] 
[INFO] [stdout] 
[INFO] [stdout] warning: value assigned to `set_op` is never read
[INFO] [stdout]    --> src/compiler.rs:495:17
[INFO] [stdout]     |
[INFO] [stdout] 495 |         let mut set_op = OpCode::Nil;
[INFO] [stdout]     |                 ^^^^^^
[INFO] [stdout]     |
[INFO] [stdout]     = help: maybe it is overwritten before being read?
[INFO] [stdout]     = note: `#[warn(unused_assignments)]` on by default
[INFO] [stdout] 
[INFO] [stdout] 
[INFO] [stdout] warning: value assigned to `get_op` is never read
[INFO] [stdout]    --> src/compiler.rs:496:17
[INFO] [stdout]     |
[INFO] [stdout] 496 |         let mut get_op = OpCode::Nil;
[INFO] [stdout]     |                 ^^^^^^
[INFO] [stdout]     |
[INFO] [stdout]     = help: maybe it is overwritten before being read?
[INFO] [stdout] 
[INFO] [stdout] 
[INFO] [stdout] warning: unused variable: `value`
[INFO] [stdout]   --> src/hash_map.rs:52:29
[INFO] [stdout]    |
[INFO] [stdout] 52 |             Entry::Occupied(value, data) => Some(data),
[INFO] [stdout]    |                             ^^^^^ help: if this is intentional, prefix it with an underscore: `_value`
[INFO] [stdout]    |
[INFO] [stdout]    = note: `#[warn(unused_variables)]` on by default
[INFO] [stdout] 
[INFO] [stdout] 
[INFO] [stdout] warning: unused variable: `value`
[INFO] [stdout]   --> src/hash_map.rs:60:29
[INFO] [stdout]    |
[INFO] [stdout] 60 |             Entry::Occupied(value, data) => Some(data),
[INFO] [stdout]    |                             ^^^^^ help: if this is intentional, prefix it with an underscore: `_value`
[INFO] [stdout] 
[INFO] [stdout] 
[INFO] [stdout] warning: unnecessary `unsafe` block
[INFO] [stdout]   --> src/common.rs:75:32
[INFO] [stdout]    |
[INFO] [stdout] 75 |             Value::Obj(obj) => unsafe { obj.is_string() },
[INFO] [stdout]    |                                ^^^^^^ unnecessary `unsafe` block
[INFO] [stdout]    |
[INFO] [stdout]    = note: `#[warn(unused_unsafe)]` on by default
[INFO] [stdout] 
[INFO] [stdout] 
[INFO] [stdout] warning: unnecessary `unsafe` block
[INFO] [stdout]   --> src/debug.rs:25:34
[INFO] [stdout]    |
[INFO] [stdout] 25 |             Obj::Str(fat_ptr) => unsafe {
[INFO] [stdout]    |                                  ^^^^^^ unnecessary `unsafe` block
[INFO] [stdout] 
[INFO] [stdout] 
[INFO] [stdout] warning: unnecessary `unsafe` block
[INFO] [stdout]   --> src/memory.rs:35:5
[INFO] [stdout]    |
[INFO] [stdout] 35 |     unsafe { mem::size_of_val(&ptr) }
[INFO] [stdout]    |     ^^^^^^ unnecessary `unsafe` block
[INFO] [stdout] 
[INFO] [stdout] 
[INFO] [stdout] warning: unnecessary `unsafe` block
[INFO] [stdout]   --> src/memory.rs:39:5
[INFO] [stdout]    |
[INFO] [stdout] 39 |     unsafe { std::ptr::eq(ptr, other_ptr) }
[INFO] [stdout]    |     ^^^^^^ unnecessary `unsafe` block
[INFO] [stdout] 
[INFO] [stdout] 
[INFO] [stdout] warning: struct `Repl` is never constructed
[INFO] [stdout]   --> src/main.rs:39:8
[INFO] [stdout]    |
[INFO] [stdout] 39 | struct Repl<'a> {
[INFO] [stdout]    |        ^^^^
[INFO] [stdout]    |
[INFO] [stdout]    = note: `#[warn(dead_code)]` on by default
[INFO] [stdout] 
[INFO] [stdout] 
[INFO] [stdout] warning: function `repl` is never used
[INFO] [stdout]   --> src/main.rs:59:4
[INFO] [stdout]    |
[INFO] [stdout] 59 | fn repl() {
[INFO] [stdout]    |    ^^^^
[INFO] [stdout] 
[INFO] [stdout] 
[INFO] [stdout] warning: associated function `init` is never used
[INFO] [stdout]   --> src/main.rs:44:8
[INFO] [stdout]    |
[INFO] [stdout] 44 |     fn init(vm: &'a mut vm::VM) -> Repl<'a> {
[INFO] [stdout]    |        ^^^^
[INFO] [stdout] 
[INFO] [stdout] 
[INFO] [stdout] warning: method `prompt` is never used
[INFO] [stdout]   --> src/main.rs:48:8
[INFO] [stdout]    |
[INFO] [stdout] 48 |     fn prompt(&mut self, name: &str) {
[INFO] [stdout]    |        ^^^^^^
[INFO] [stdout] 
[INFO] [stdout] 
[INFO] [stdout] warning: method `disassemble_chunk` is never used
[INFO] [stdout]   --> src/chunk.rs:55:19
[INFO] [stdout]    |
[INFO] [stdout] 55 |     pub(crate) fn disassemble_chunk(&self, name: &str) {
[INFO] [stdout]    |                   ^^^^^^^^^^^^^^^^^
[INFO] [stdout] 
[INFO] [stdout] 
[INFO] [stdout] warning: field `func_type` is never read
[INFO] [stdout]    --> src/common.rs:181:16
[INFO] [stdout]     |
[INFO] [stdout] 177 | pub(crate) struct Function {
[INFO] [stdout]     |                   -------- field in this struct
[INFO] [stdout] ...
[INFO] [stdout] 181 |     pub(crate) func_type: FunctionType,
[INFO] [stdout]     |                ^^^^^^^^^
[INFO] [stdout]     |
[INFO] [stdout]     = note: `Function` has derived impls for the traits `Clone` and `Debug`, but these are intentionally ignored during dead code analysis
[INFO] [stdout] 
[INFO] [stdout] 
[INFO] [stdout] warning: variant `Function` is never constructed
[INFO] [stdout]    --> src/common.rs:197:5
[INFO] [stdout]     |
[INFO] [stdout] 196 | pub(crate) enum FunctionType {
[INFO] [stdout]     |                 ------------ variant in this enum
[INFO] [stdout] 197 |     Function,
[INFO] [stdout]     |     ^^^^^^^^
[INFO] [stdout]     |
[INFO] [stdout]     = note: `FunctionType` has derived impls for the traits `Clone` and `Debug`, but these are intentionally ignored during dead code analysis
[INFO] [stdout] 
[INFO] [stdout] 
[INFO] [stdout] warning: variant `Nil` is never constructed
[INFO] [stdout]    --> src/common.rs:207:5
[INFO] [stdout]     |
[INFO] [stdout] 203 | pub(crate) enum Obj {
[INFO] [stdout]     |                 --- variant in this enum
[INFO] [stdout] ...
[INFO] [stdout] 207 |     Nil,
[INFO] [stdout]     |     ^^^
[INFO] [stdout]     |
[INFO] [stdout]     = note: `Obj` has derived impls for the traits `Clone` and `Debug`, but these are intentionally ignored during dead code analysis
[INFO] [stdout] 
[INFO] [stdout] 
[INFO] [stdout] warning: method `is_nil` is never used
[INFO] [stdout]    --> src/common.rs:217:12
[INFO] [stdout]     |
[INFO] [stdout] 217 |     pub fn is_nil(&self) -> bool {
[INFO] [stdout]     |            ^^^^^^
[INFO] [stdout] 
[INFO] [stdout] 
[INFO] [stdout] warning: method `emit_bytes` is never used
[INFO] [stdout]    --> src/compiler.rs:834:8
[INFO] [stdout]     |
[INFO] [stdout] 834 |     fn emit_bytes(&mut self, byte_1: u8, byte_2: u8) {
[INFO] [stdout]     |        ^^^^^^^^^^
[INFO] [stdout] 
[INFO] [stdout] 
[INFO] [stdout] warning: field `id` is never read
[INFO] [stdout]    --> src/hash_map.rs:202:5
[INFO] [stdout]     |
[INFO] [stdout] 201 | struct TestValue {
[INFO] [stdout]     |        --------- field in this struct
[INFO] [stdout] 202 |     id: u32,
[INFO] [stdout]     |     ^^
[INFO] [stdout]     |
[INFO] [stdout]     = note: `TestValue` has derived impls for the traits `Clone` and `Debug`, but these are intentionally ignored during dead code analysis
[INFO] [stdout] 
[INFO] [stdout] 
[INFO] [stdout] warning: method `get_mut` is never used
[INFO] [stdout]   --> src/hash_map.rs:57:19
[INFO] [stdout]    |
[INFO] [stdout] 57 |     pub(crate) fn get_mut(&mut self, key: FatPointer) -> Option<&mut T> {
[INFO] [stdout]    |                   ^^^^^^^
[INFO] [stdout] 
[INFO] [stdout] 
[INFO] [stdout] warning: method `dump` is never used
[INFO] [stdout]    --> src/hash_map.rs:117:19
[INFO] [stdout]     |
[INFO] [stdout] 117 |     pub(crate) fn dump(&self) {
[INFO] [stdout]     |                   ^^^^
[INFO] [stdout] 
[INFO] [stdout] 
[INFO] [stdout] warning: method `find_entry_mut` is never used
[INFO] [stdout]    --> src/hash_map.rs:152:8
[INFO] [stdout]     |
[INFO] [stdout] 152 |     fn find_entry_mut(&mut self, key: &FatPointer) -> Option<&mut Entry<T>> {
[INFO] [stdout]     |        ^^^^^^^^^^^^^^
[INFO] [stdout] 
[INFO] [stdout] 
[INFO] [stdout] warning: function `allocate_for_value` is never used
[INFO] [stdout]   --> src/memory.rs:16:8
[INFO] [stdout]    |
[INFO] [stdout] 16 | pub fn allocate_for_value<T>(value: T) -> *mut u8 {
[INFO] [stdout]    |        ^^^^^^^^^^^^^^^^^^
[INFO] [stdout] 
[INFO] [stdout] 
[INFO] [stdout] warning: function `add` is never used
[INFO] [stdout]   --> src/memory.rs:28:8
[INFO] [stdout]    |
[INFO] [stdout] 28 | pub fn add<T>(ptr: *mut u8, value: T) {
[INFO] [stdout]    |        ^^^
[INFO] [stdout] 
[INFO] [stdout] 
[INFO] [stdout] warning: function `size_of` is never used
[INFO] [stdout]   --> src/memory.rs:34:8
[INFO] [stdout]    |
[INFO] [stdout] 34 | pub fn size_of<T>(ptr: *mut u8) -> usize {
[INFO] [stdout]    |        ^^^^^^^
[INFO] [stdout] 
[INFO] [stdout] 
[INFO] [stdout] warning: function `print` is never used
[INFO] [stdout]   --> src/memory.rs:42:8
[INFO] [stdout]    |
[INFO] [stdout] 42 | pub fn print<T>(ptr: *mut u8)
[INFO] [stdout]    |        ^^^^^
[INFO] [stdout] 
[INFO] [stdout] 
[INFO] [stdout] warning: function `drop` is never used
[INFO] [stdout]   --> src/memory.rs:51:8
[INFO] [stdout]    |
[INFO] [stdout] 51 | pub fn drop<T>(ptr: *mut u8) {
[INFO] [stdout]    |        ^^^^
[INFO] [stdout] 
[INFO] [stdout] 
[INFO] [stdout] warning: function `get` is never used
[INFO] [stdout]   --> src/memory.rs:72:8
[INFO] [stdout]    |
[INFO] [stdout] 72 | pub fn get<T>(ptr: *mut T) -> T {
[INFO] [stdout]    |        ^^^
[INFO] [stdout] 
[INFO] [stdout] 
[INFO] [stdout] warning: function `display` is never used
[INFO] [stdout]   --> src/metrics.rs:26:15
[INFO] [stdout]    |
[INFO] [stdout] 26 | pub(crate) fn display() {
[INFO] [stdout]    |               ^^^^^^^
[INFO] [stdout] 
[INFO] [stdout] 
[INFO] [stdout] warning: method `reset_stack` is never used
[INFO] [stdout]    --> src/vm.rs:133:8
[INFO] [stdout]     |
[INFO] [stdout] 133 |     fn reset_stack(&mut self) {
[INFO] [stdout]     |        ^^^^^^^^^^^
[INFO] [stdout] 
[INFO] [stdout] 
[INFO] [stdout] warning: method `is_equal` is never used
[INFO] [stdout]    --> src/vm.rs:541:8
[INFO] [stdout]     |
[INFO] [stdout] 541 |     fn is_equal(&self, left: Value, right: Value) -> bool {
[INFO] [stdout]     |        ^^^^^^^^
[INFO] [stdout] 
[INFO] [stdout] 
[INFO] [stdout] warning: 35 warnings emitted
[INFO] [stdout] 
[INFO] [stdout] 
[INFO] [stderr]     Finished dev [unoptimized + debuginfo] target(s) in 15.02s
[INFO] running `Command { std: "docker" "inspect" "df6e0e84ad9a39123f6e0860a5ba98ded825c12a31c43f48982a9dc0ab008fba", kill_on_drop: false }`
[INFO] running `Command { std: "docker" "rm" "-f" "df6e0e84ad9a39123f6e0860a5ba98ded825c12a31c43f48982a9dc0ab008fba", kill_on_drop: false }`
[INFO] [stdout] df6e0e84ad9a39123f6e0860a5ba98ded825c12a31c43f48982a9dc0ab008fba
[INFO] running `Command { std: "docker" "create" "-v" "/var/lib/crater-agent-workspace/builds/worker-6-tc1/target:/opt/rustwide/target:rw,Z" "-v" "/var/lib/crater-agent-workspace/builds/worker-6-tc1/source:/opt/rustwide/workdir:ro,Z" "-v" "/var/lib/crater-agent-workspace/cargo-home:/opt/rustwide/cargo-home:ro,Z" "-v" "/var/lib/crater-agent-workspace/rustup-home:/opt/rustwide/rustup-home:ro,Z" "-e" "SOURCE_DIR=/opt/rustwide/workdir" "-e" "CARGO_TARGET_DIR=/opt/rustwide/target" "-e" "CARGO_INCREMENTAL=0" "-e" "RUST_BACKTRACE=full" "-e" "RUSTFLAGS=--cap-lints=warn" "-e" "RUSTDOCFLAGS=--cap-lints=warn" "-e" "CARGO_HOME=/opt/rustwide/cargo-home" "-e" "RUSTUP_HOME=/opt/rustwide/rustup-home" "-w" "/opt/rustwide/workdir" "-m" "1610612736" "--user" "0:0" "--network" "none" "ghcr.io/rust-lang/crates-build-env/linux@sha256:5ff2268d62e97bff2cde7d5815dd6ed5b47097566f13b8d0ca110b04b60e07ed" "/opt/rustwide/cargo-home/bin/cargo" "+1.69.0" "test" "--frozen" "--no-run" "--message-format=json", kill_on_drop: false }`
[INFO] [stdout] d87c2fdf36cfe1f8c12d70cfa87072be382cb34158f42d46963dd0d358d08744
[INFO] running `Command { std: "docker" "start" "-a" "d87c2fdf36cfe1f8c12d70cfa87072be382cb34158f42d46963dd0d358d08744", kill_on_drop: false }`
[INFO] [stderr]    Compiling rlox v0.1.0 (/opt/rustwide/workdir)
[INFO] [stdout] warning: unused import: `Path`
[INFO] [stdout]  --> src/main.rs:5:17
[INFO] [stdout]   |
[INFO] [stdout] 5 | use std::path::{Path, PathBuf};
[INFO] [stdout]   |                 ^^^^
[INFO] [stdout]   |
[INFO] [stdout]   = note: `#[warn(unused_imports)]` on by default
[INFO] [stdout] 
[INFO] [stdout] 
[INFO] [stdout] warning: unused import: `std::borrow::BorrowMut`
[INFO] [stdout]  --> src/hash_map.rs:3:5
[INFO] [stdout]   |
[INFO] [stdout] 3 | use std::borrow::BorrowMut;
[INFO] [stdout]   |     ^^^^^^^^^^^^^^^^^^^^^^
[INFO] [stdout] 
[INFO] [stdout] 
[INFO] [stdout] warning: unused import: `Entry`
[INFO] [stdout]  --> src/vm.rs:5:30
[INFO] [stdout]   |
[INFO] [stdout] 5 | use crate::hash_map::{Table, Entry};
[INFO] [stdout]   |                              ^^^^^
[INFO] [stdout] 
[INFO] [stdout] 
[INFO] [stdout] warning: unreachable pattern
[INFO] [stdout]    --> src/compiler.rs:126:11
[INFO] [stdout]     |
[INFO] [stdout] 126 |         | _ => ParseRule {
[INFO] [stdout]     |           ^
[INFO] [stdout]     |
[INFO] [stdout]     = note: `#[warn(unreachable_patterns)]` on by default
[INFO] [stdout] 
[INFO] [stdout] 
[INFO] [stdout] warning: value assigned to `set_op` is never read
[INFO] [stdout]    --> src/compiler.rs:495:17
[INFO] [stdout]     |
[INFO] [stdout] 495 |         let mut set_op = OpCode::Nil;
[INFO] [stdout]     |                 ^^^^^^
[INFO] [stdout]     |
[INFO] [stdout]     = help: maybe it is overwritten before being read?
[INFO] [stdout]     = note: `#[warn(unused_assignments)]` on by default
[INFO] [stdout] 
[INFO] [stdout] 
[INFO] [stdout] warning: value assigned to `get_op` is never read
[INFO] [stdout]    --> src/compiler.rs:496:17
[INFO] [stdout]     |
[INFO] [stdout] 496 |         let mut get_op = OpCode::Nil;
[INFO] [stdout]     |                 ^^^^^^
[INFO] [stdout]     |
[INFO] [stdout]     = help: maybe it is overwritten before being read?
[INFO] [stdout] 
[INFO] [stdout] 
[INFO] [stdout] warning: unused variable: `value`
[INFO] [stdout]   --> src/hash_map.rs:52:29
[INFO] [stdout]    |
[INFO] [stdout] 52 |             Entry::Occupied(value, data) => Some(data),
[INFO] [stdout]    |                             ^^^^^ help: if this is intentional, prefix it with an underscore: `_value`
[INFO] [stdout]    |
[INFO] [stdout]    = note: `#[warn(unused_variables)]` on by default
[INFO] [stdout] 
[INFO] [stdout] 
[INFO] [stdout] warning: unused variable: `value`
[INFO] [stdout]   --> src/hash_map.rs:60:29
[INFO] [stdout]    |
[INFO] [stdout] 60 |             Entry::Occupied(value, data) => Some(data),
[INFO] [stdout]    |                             ^^^^^ help: if this is intentional, prefix it with an underscore: `_value`
[INFO] [stdout] 
[INFO] [stdout] 
[INFO] [stdout] warning: unnecessary `unsafe` block
[INFO] [stdout]   --> src/common.rs:75:32
[INFO] [stdout]    |
[INFO] [stdout] 75 |             Value::Obj(obj) => unsafe { obj.is_string() },
[INFO] [stdout]    |                                ^^^^^^ unnecessary `unsafe` block
[INFO] [stdout]    |
[INFO] [stdout]    = note: `#[warn(unused_unsafe)]` on by default
[INFO] [stdout] 
[INFO] [stdout] 
[INFO] [stdout] warning: unnecessary `unsafe` block
[INFO] [stdout]   --> src/debug.rs:25:34
[INFO] [stdout]    |
[INFO] [stdout] 25 |             Obj::Str(fat_ptr) => unsafe {
[INFO] [stdout]    |                                  ^^^^^^ unnecessary `unsafe` block
[INFO] [stdout] 
[INFO] [stdout] 
[INFO] [stdout] warning: unnecessary `unsafe` block
[INFO] [stdout]   --> src/memory.rs:35:5
[INFO] [stdout]    |
[INFO] [stdout] 35 |     unsafe { mem::size_of_val(&ptr) }
[INFO] [stdout]    |     ^^^^^^ unnecessary `unsafe` block
[INFO] [stdout] 
[INFO] [stdout] 
[INFO] [stdout] warning: unnecessary `unsafe` block
[INFO] [stdout]   --> src/memory.rs:39:5
[INFO] [stdout]    |
[INFO] [stdout] 39 |     unsafe { std::ptr::eq(ptr, other_ptr) }
[INFO] [stdout]    |     ^^^^^^ unnecessary `unsafe` block
[INFO] [stdout] 
[INFO] [stdout] 
[INFO] [stdout] warning: struct `Repl` is never constructed
[INFO] [stdout]   --> src/main.rs:39:8
[INFO] [stdout]    |
[INFO] [stdout] 39 | struct Repl<'a> {
[INFO] [stdout]    |        ^^^^
[INFO] [stdout]    |
[INFO] [stdout]    = note: `#[warn(dead_code)]` on by default
[INFO] [stdout] 
[INFO] [stdout] 
[INFO] [stdout] warning: function `repl` is never used
[INFO] [stdout]   --> src/main.rs:59:4
[INFO] [stdout]    |
[INFO] [stdout] 59 | fn repl() {
[INFO] [stdout]    |    ^^^^
[INFO] [stdout] 
[INFO] [stdout] 
[INFO] [stdout] warning: associated function `init` is never used
[INFO] [stdout]   --> src/main.rs:44:8
[INFO] [stdout]    |
[INFO] [stdout] 44 |     fn init(vm: &'a mut vm::VM) -> Repl<'a> {
[INFO] [stdout]    |        ^^^^
[INFO] [stdout] 
[INFO] [stdout] 
[INFO] [stdout] warning: method `prompt` is never used
[INFO] [stdout]   --> src/main.rs:48:8
[INFO] [stdout]    |
[INFO] [stdout] 48 |     fn prompt(&mut self, name: &str) {
[INFO] [stdout]    |        ^^^^^^
[INFO] [stdout] 
[INFO] [stdout] 
[INFO] [stdout] warning: method `disassemble_chunk` is never used
[INFO] [stdout]   --> src/chunk.rs:55:19
[INFO] [stdout]    |
[INFO] [stdout] 55 |     pub(crate) fn disassemble_chunk(&self, name: &str) {
[INFO] [stdout]    |                   ^^^^^^^^^^^^^^^^^
[INFO] [stdout] 
[INFO] [stdout] 
[INFO] [stdout] warning: field `func_type` is never read
[INFO] [stdout]    --> src/common.rs:181:16
[INFO] [stdout]     |
[INFO] [stdout] 177 | pub(crate) struct Function {
[INFO] [stdout]     |                   -------- field in this struct
[INFO] [stdout] ...
[INFO] [stdout] 181 |     pub(crate) func_type: FunctionType,
[INFO] [stdout]     |                ^^^^^^^^^
[INFO] [stdout]     |
[INFO] [stdout]     = note: `Function` has derived impls for the traits `Clone` and `Debug`, but these are intentionally ignored during dead code analysis
[INFO] [stdout] 
[INFO] [stdout] 
[INFO] [stdout] warning: variant `Function` is never constructed
[INFO] [stdout]    --> src/common.rs:197:5
[INFO] [stdout]     |
[INFO] [stdout] 196 | pub(crate) enum FunctionType {
[INFO] [stdout]     |                 ------------ variant in this enum
[INFO] [stdout] 197 |     Function,
[INFO] [stdout]     |     ^^^^^^^^
[INFO] [stdout]     |
[INFO] [stdout]     = note: `FunctionType` has derived impls for the traits `Clone` and `Debug`, but these are intentionally ignored during dead code analysis
[INFO] [stdout] 
[INFO] [stdout] 
[INFO] [stdout] warning: variant `Nil` is never constructed
[INFO] [stdout]    --> src/common.rs:207:5
[INFO] [stdout]     |
[INFO] [stdout] 203 | pub(crate) enum Obj {
[INFO] [stdout]     |                 --- variant in this enum
[INFO] [stdout] ...
[INFO] [stdout] 207 |     Nil,
[INFO] [stdout]     |     ^^^
[INFO] [stdout]     |
[INFO] [stdout]     = note: `Obj` has derived impls for the traits `Clone` and `Debug`, but these are intentionally ignored during dead code analysis
[INFO] [stdout] 
[INFO] [stdout] 
[INFO] [stdout] warning: method `is_nil` is never used
[INFO] [stdout]    --> src/common.rs:217:12
[INFO] [stdout]     |
[INFO] [stdout] 217 |     pub fn is_nil(&self) -> bool {
[INFO] [stdout]     |            ^^^^^^
[INFO] [stdout] 
[INFO] [stdout] 
[INFO] [stdout] warning: method `emit_bytes` is never used
[INFO] [stdout]    --> src/compiler.rs:834:8
[INFO] [stdout]     |
[INFO] [stdout] 834 |     fn emit_bytes(&mut self, byte_1: u8, byte_2: u8) {
[INFO] [stdout]     |        ^^^^^^^^^^
[INFO] [stdout] 
[INFO] [stdout] 
[INFO] [stdout] warning: method `dump` is never used
[INFO] [stdout]    --> src/hash_map.rs:117:19
[INFO] [stdout]     |
[INFO] [stdout] 117 |     pub(crate) fn dump(&self) {
[INFO] [stdout]     |                   ^^^^
[INFO] [stdout] 
[INFO] [stdout] 
[INFO] [stdout] warning: function `allocate_for_value` is never used
[INFO] [stdout]   --> src/memory.rs:16:8
[INFO] [stdout]    |
[INFO] [stdout] 16 | pub fn allocate_for_value<T>(value: T) -> *mut u8 {
[INFO] [stdout]    |        ^^^^^^^^^^^^^^^^^^
[INFO] [stdout] 
[INFO] [stdout] 
[INFO] [stdout] warning: function `add` is never used
[INFO] [stdout]   --> src/memory.rs:28:8
[INFO] [stdout]    |
[INFO] [stdout] 28 | pub fn add<T>(ptr: *mut u8, value: T) {
[INFO] [stdout]    |        ^^^
[INFO] [stdout] 
[INFO] [stdout] 
[INFO] [stdout] warning: function `size_of` is never used
[INFO] [stdout]   --> src/memory.rs:34:8
[INFO] [stdout]    |
[INFO] [stdout] 34 | pub fn size_of<T>(ptr: *mut u8) -> usize {
[INFO] [stdout]    |        ^^^^^^^
[INFO] [stdout] 
[INFO] [stdout] 
[INFO] [stdout] warning: function `print` is never used
[INFO] [stdout]   --> src/memory.rs:42:8
[INFO] [stdout]    |
[INFO] [stdout] 42 | pub fn print<T>(ptr: *mut u8)
[INFO] [stdout]    |        ^^^^^
[INFO] [stdout] 
[INFO] [stdout] 
[INFO] [stdout] warning: function `drop` is never used
[INFO] [stdout]   --> src/memory.rs:51:8
[INFO] [stdout]    |
[INFO] [stdout] 51 | pub fn drop<T>(ptr: *mut u8) {
[INFO] [stdout]    |        ^^^^
[INFO] [stdout] 
[INFO] [stdout] 
[INFO] [stdout] warning: function `get` is never used
[INFO] [stdout]   --> src/memory.rs:72:8
[INFO] [stdout]    |
[INFO] [stdout] 72 | pub fn get<T>(ptr: *mut T) -> T {
[INFO] [stdout]    |        ^^^
[INFO] [stdout] 
[INFO] [stdout] 
[INFO] [stdout] warning: function `display` is never used
[INFO] [stdout]   --> src/metrics.rs:26:15
[INFO] [stdout]    |
[INFO] [stdout] 26 | pub(crate) fn display() {
[INFO] [stdout]    |               ^^^^^^^
[INFO] [stdout] 
[INFO] [stdout] 
[INFO] [stdout] warning: method `reset_stack` is never used
[INFO] [stdout]    --> src/vm.rs:133:8
[INFO] [stdout]     |
[INFO] [stdout] 133 |     fn reset_stack(&mut self) {
[INFO] [stdout]     |        ^^^^^^^^^^^
[INFO] [stdout] 
[INFO] [stdout] 
[INFO] [stdout] warning: method `is_equal` is never used
[INFO] [stdout]    --> src/vm.rs:541:8
[INFO] [stdout]     |
[INFO] [stdout] 541 |     fn is_equal(&self, left: Value, right: Value) -> bool {
[INFO] [stdout]     |        ^^^^^^^^
[INFO] [stdout] 
[INFO] [stdout] 
[INFO] [stdout] warning: 32 warnings emitted
[INFO] [stdout] 
[INFO] [stdout] 
[INFO] [stderr]     Finished test [unoptimized + debuginfo] target(s) in 1.31s
[INFO] running `Command { std: "docker" "inspect" "d87c2fdf36cfe1f8c12d70cfa87072be382cb34158f42d46963dd0d358d08744", kill_on_drop: false }`
[INFO] running `Command { std: "docker" "rm" "-f" "d87c2fdf36cfe1f8c12d70cfa87072be382cb34158f42d46963dd0d358d08744", kill_on_drop: false }`
[INFO] [stdout] d87c2fdf36cfe1f8c12d70cfa87072be382cb34158f42d46963dd0d358d08744
[INFO] running `Command { std: "docker" "create" "-v" "/var/lib/crater-agent-workspace/builds/worker-6-tc1/target:/opt/rustwide/target:rw,Z" "-v" "/var/lib/crater-agent-workspace/builds/worker-6-tc1/source:/opt/rustwide/workdir:ro,Z" "-v" "/var/lib/crater-agent-workspace/cargo-home:/opt/rustwide/cargo-home:ro,Z" "-v" "/var/lib/crater-agent-workspace/rustup-home:/opt/rustwide/rustup-home:ro,Z" "-e" "SOURCE_DIR=/opt/rustwide/workdir" "-e" "CARGO_TARGET_DIR=/opt/rustwide/target" "-e" "CARGO_INCREMENTAL=0" "-e" "RUST_BACKTRACE=full" "-e" "RUSTFLAGS=--cap-lints=warn" "-e" "RUSTDOCFLAGS=--cap-lints=warn" "-e" "CARGO_HOME=/opt/rustwide/cargo-home" "-e" "RUSTUP_HOME=/opt/rustwide/rustup-home" "-w" "/opt/rustwide/workdir" "-m" "1610612736" "--user" "0:0" "--network" "none" "ghcr.io/rust-lang/crates-build-env/linux@sha256:5ff2268d62e97bff2cde7d5815dd6ed5b47097566f13b8d0ca110b04b60e07ed" "/opt/rustwide/cargo-home/bin/cargo" "+1.69.0" "test" "--frozen", kill_on_drop: false }`
[INFO] [stdout] 93128f4c3e3aff7dba39f0e595598856143815db17b13eff3c60929468065e86
[INFO] running `Command { std: "docker" "start" "-a" "93128f4c3e3aff7dba39f0e595598856143815db17b13eff3c60929468065e86", kill_on_drop: false }`
[INFO] [stderr] warning: unused import: `Path`
[INFO] [stderr]  --> src/main.rs:5:17
[INFO] [stderr]   |
[INFO] [stderr] 5 | use std::path::{Path, PathBuf};
[INFO] [stderr]   |                 ^^^^
[INFO] [stderr]   |
[INFO] [stderr]   = note: `#[warn(unused_imports)]` on by default
[INFO] [stderr] 
[INFO] [stderr] warning: unused import: `std::borrow::BorrowMut`
[INFO] [stderr]  --> src/hash_map.rs:3:5
[INFO] [stderr]   |
[INFO] [stderr] 3 | use std::borrow::BorrowMut;
[INFO] [stderr]   |     ^^^^^^^^^^^^^^^^^^^^^^
[INFO] [stderr] 
[INFO] [stderr] warning: unused import: `Entry`
[INFO] [stderr]  --> src/vm.rs:5:30
[INFO] [stderr]   |
[INFO] [stderr] 5 | use crate::hash_map::{Table, Entry};
[INFO] [stderr]   |                              ^^^^^
[INFO] [stderr] 
[INFO] [stderr] warning: unreachable pattern
[INFO] [stderr]    --> src/compiler.rs:126:11
[INFO] [stderr]     |
[INFO] [stderr] 126 |         | _ => ParseRule {
[INFO] [stderr]     |           ^
[INFO] [stderr]     |
[INFO] [stderr]     = note: `#[warn(unreachable_patterns)]` on by default
[INFO] [stderr] 
[INFO] [stderr] warning: value assigned to `set_op` is never read
[INFO] [stderr]    --> src/compiler.rs:495:17
[INFO] [stderr]     |
[INFO] [stderr] 495 |         let mut set_op = OpCode::Nil;
[INFO] [stderr]     |                 ^^^^^^
[INFO] [stderr]     |
[INFO] [stderr]     = help: maybe it is overwritten before being read?
[INFO] [stderr]     = note: `#[warn(unused_assignments)]` on by default
[INFO] [stderr] 
[INFO] [stderr] warning: value assigned to `get_op` is never read
[INFO] [stderr]    --> src/compiler.rs:496:17
[INFO] [stderr]     |
[INFO] [stderr] 496 |         let mut get_op = OpCode::Nil;
[INFO] [stderr]     |                 ^^^^^^
[INFO] [stderr]     |
[INFO] [stderr]     = help: maybe it is overwritten before being read?
[INFO] [stderr] 
[INFO] [stderr] warning: unused variable: `value`
[INFO] [stderr]   --> src/hash_map.rs:52:29
[INFO] [stderr]    |
[INFO] [stderr] 52 |             Entry::Occupied(value, data) => Some(data),
[INFO] [stderr]    |                             ^^^^^ help: if this is intentional, prefix it with an underscore: `_value`
[INFO] [stderr]    |
[INFO] [stderr]    = note: `#[warn(unused_variables)]` on by default
[INFO] [stderr] 
[INFO] [stderr] warning: unused variable: `value`
[INFO] [stderr]   --> src/hash_map.rs:60:29
[INFO] [stderr]    |
[INFO] [stderr] 60 |             Entry::Occupied(value, data) => Some(data),
[INFO] [stderr]    |                             ^^^^^ help: if this is intentional, prefix it with an underscore: `_value`
[INFO] [stderr] 
[INFO] [stderr] warning: unnecessary `unsafe` block
[INFO] [stderr]   --> src/common.rs:75:32
[INFO] [stderr]    |
[INFO] [stderr] 75 |             Value::Obj(obj) => unsafe { obj.is_string() },
[INFO] [stderr]    |                                ^^^^^^ unnecessary `unsafe` block
[INFO] [stderr]    |
[INFO] [stderr]    = note: `#[warn(unused_unsafe)]` on by default
[INFO] [stderr] 
[INFO] [stderr] warning: unnecessary `unsafe` block
[INFO] [stderr]   --> src/debug.rs:25:34
[INFO] [stderr]    |
[INFO] [stderr] 25 |             Obj::Str(fat_ptr) => unsafe {
[INFO] [stderr]    |                                  ^^^^^^ unnecessary `unsafe` block
[INFO] [stderr] 
[INFO] [stderr] warning: unnecessary `unsafe` block
[INFO] [stderr]   --> src/memory.rs:35:5
[INFO] [stderr]    |
[INFO] [stderr] 35 |     unsafe { mem::size_of_val(&ptr) }
[INFO] [stderr]    |     ^^^^^^ unnecessary `unsafe` block
[INFO] [stderr] 
[INFO] [stderr] warning: unnecessary `unsafe` block
[INFO] [stderr]   --> src/memory.rs:39:5
[INFO] [stderr]    |
[INFO] [stderr] 39 |     unsafe { std::ptr::eq(ptr, other_ptr) }
[INFO] [stderr]    |     ^^^^^^ unnecessary `unsafe` block
[INFO] [stderr] 
[INFO] [stderr] warning: struct `Repl` is never constructed
[INFO] [stderr]   --> src/main.rs:39:8
[INFO] [stderr]    |
[INFO] [stderr] 39 | struct Repl<'a> {
[INFO] [stderr]    |        ^^^^
[INFO] [stderr]    |
[INFO] [stderr]    = note: `#[warn(dead_code)]` on by default
[INFO] [stderr] 
[INFO] [stderr] warning: function `repl` is never used
[INFO] [stderr]   --> src/main.rs:59:4
[INFO] [stderr]    |
[INFO] [stderr] 59 | fn repl() {
[INFO] [stderr]    |    ^^^^
[INFO] [stderr] 
[INFO] [stderr] warning: associated function `init` is never used
[INFO] [stderr]   --> src/main.rs:44:8
[INFO] [stderr]    |
[INFO] [stderr] 44 |     fn init(vm: &'a mut vm::VM) -> Repl<'a> {
[INFO] [stderr]    |        ^^^^
[INFO] [stderr] 
[INFO] [stderr] warning: method `prompt` is never used
[INFO] [stderr]   --> src/main.rs:48:8
[INFO] [stderr]    |
[INFO] [stderr] 48 |     fn prompt(&mut self, name: &str) {
[INFO] [stderr]    |        ^^^^^^
[INFO] [stderr] 
[INFO] [stderr] warning: method `disassemble_chunk` is never used
[INFO] [stderr]   --> src/chunk.rs:55:19
[INFO] [stderr]    |
[INFO] [stderr] 55 |     pub(crate) fn disassemble_chunk(&self, name: &str) {
[INFO] [stderr]    |                   ^^^^^^^^^^^^^^^^^
[INFO] [stderr] 
[INFO] [stderr] warning: field `func_type` is never read
[INFO] [stderr]    --> src/common.rs:181:16
[INFO] [stderr]     |
[INFO] [stderr] 177 | pub(crate) struct Function {
[INFO] [stderr]     |                   -------- field in this struct
[INFO] [stderr] ...
[INFO] [stderr] 181 |     pub(crate) func_type: FunctionType,
[INFO] [stderr]     |                ^^^^^^^^^
[INFO] [stderr]     |
[INFO] [stderr]     = note: `Function` has derived impls for the traits `Clone` and `Debug`, but these are intentionally ignored during dead code analysis
[INFO] [stderr] 
[INFO] [stderr] warning: variant `Function` is never constructed
[INFO] [stderr]    --> src/common.rs:197:5
[INFO] [stderr]     |
[INFO] [stderr] 196 | pub(crate) enum FunctionType {
[INFO] [stderr]     |                 ------------ variant in this enum
[INFO] [stderr] 197 |     Function,
[INFO] [stderr]     |     ^^^^^^^^
[INFO] [stderr]     |
[INFO] [stderr]     = note: `FunctionType` has derived impls for the traits `Clone` and `Debug`, but these are intentionally ignored during dead code analysis
[INFO] [stderr] 
[INFO] [stderr] warning: variant `Nil` is never constructed
[INFO] [stderr]    --> src/common.rs:207:5
[INFO] [stderr]     |
[INFO] [stderr] 203 | pub(crate) enum Obj {
[INFO] [stderr]     |                 --- variant in this enum
[INFO] [stderr] ...
[INFO] [stderr] 207 |     Nil,
[INFO] [stderr]     |     ^^^
[INFO] [stderr]     |
[INFO] [stderr]     = note: `Obj` has derived impls for the traits `Clone` and `Debug`, but these are intentionally ignored during dead code analysis
[INFO] [stderr] 
[INFO] [stderr] warning: method `is_nil` is never used
[INFO] [stderr]    --> src/common.rs:217:12
[INFO] [stderr]     |
[INFO] [stderr] 217 |     pub fn is_nil(&self) -> bool {
[INFO] [stderr]     |            ^^^^^^
[INFO] [stderr] 
[INFO] [stderr] warning: method `emit_bytes` is never used
[INFO] [stderr]    --> src/compiler.rs:834:8
[INFO] [stderr]     |
[INFO] [stderr] 834 |     fn emit_bytes(&mut self, byte_1: u8, byte_2: u8) {
[INFO] [stderr]     |        ^^^^^^^^^^
[INFO] [stderr] 
[INFO] [stderr] warning: method `dump` is never used
[INFO] [stderr]    --> src/hash_map.rs:117:19
[INFO] [stderr]     |
[INFO] [stderr] 117 |     pub(crate) fn dump(&self) {
[INFO] [stderr]     |                   ^^^^
[INFO] [stderr] 
[INFO] [stderr] warning: function `allocate_for_value` is never used
[INFO] [stderr]   --> src/memory.rs:16:8
[INFO] [stderr]    |
[INFO] [stderr] 16 | pub fn allocate_for_value<T>(value: T) -> *mut u8 {
[INFO] [stderr]    |        ^^^^^^^^^^^^^^^^^^
[INFO] [stderr] 
[INFO] [stderr] warning: function `add` is never used
[INFO] [stderr]   --> src/memory.rs:28:8
[INFO] [stderr]    |
[INFO] [stderr] 28 | pub fn add<T>(ptr: *mut u8, value: T) {
[INFO] [stderr]    |        ^^^
[INFO] [stderr] 
[INFO] [stderr] warning: function `size_of` is never used
[INFO] [stderr]   --> src/memory.rs:34:8
[INFO] [stderr]    |
[INFO] [stderr] 34 | pub fn size_of<T>(ptr: *mut u8) -> usize {
[INFO] [stderr]    |        ^^^^^^^
[INFO] [stderr] 
[INFO] [stderr] warning: function `print` is never used
[INFO] [stderr]   --> src/memory.rs:42:8
[INFO] [stderr]    |
[INFO] [stderr] 42 | pub fn print<T>(ptr: *mut u8)
[INFO] [stderr]    |        ^^^^^
[INFO] [stderr] 
[INFO] [stderr] warning: function `drop` is never used
[INFO] [stderr]   --> src/memory.rs:51:8
[INFO] [stderr]    |
[INFO] [stderr] 51 | pub fn drop<T>(ptr: *mut u8) {
[INFO] [stderr]    |        ^^^^
[INFO] [stderr] 
[INFO] [stderr] warning: function `get` is never used
[INFO] [stderr]   --> src/memory.rs:72:8
[INFO] [stderr]    |
[INFO] [stderr] 72 | pub fn get<T>(ptr: *mut T) -> T {
[INFO] [stderr]    |        ^^^
[INFO] [stderr] 
[INFO] [stderr] warning: function `display` is never used
[INFO] [stderr]   --> src/metrics.rs:26:15
[INFO] [stderr]    |
[INFO] [stderr] 26 | pub(crate) fn display() {
[INFO] [stderr]    |               ^^^^^^^
[INFO] [stderr] 
[INFO] [stderr] warning: method `reset_stack` is never used
[INFO] [stderr]    --> src/vm.rs:133:8
[INFO] [stderr]     |
[INFO] [stderr] 133 |     fn reset_stack(&mut self) {
[INFO] [stderr]     |        ^^^^^^^^^^^
[INFO] [stderr] 
[INFO] [stderr] warning: method `is_equal` is never used
[INFO] [stderr]    --> src/vm.rs:541:8
[INFO] [stderr]     |
[INFO] [stderr] 541 |     fn is_equal(&self, left: Value, right: Value) -> bool {
[INFO] [stderr]     |        ^^^^^^^^
[INFO] [stderr] 
[INFO] [stderr] warning: `rlox` (bin "rlox" test) generated 32 warnings (run `cargo fix --bin "rlox" --tests` to apply 5 suggestions)
[INFO] [stderr]     Finished test [unoptimized + debuginfo] target(s) in 0.05s
[INFO] [stderr]      Running unittests src/main.rs (/opt/rustwide/target/debug/deps/rlox-a428dcb2ce09c3b3)
[INFO] [stdout] 
[INFO] [stdout] running 7 tests
[INFO] [stdout] test hash_map::tests::can_expand_capacity_as_required ... ok
[INFO] [stdout] test hash_map::tests::can_hold_and_return_multiple_keys ... ok
[INFO] [stdout] test hash_map::tests::can_hold_multiple_keys ... ok
[INFO] [stdout] test hash_map::tests::can_hold_multiple_keys_multiple_tables ... ok
[INFO] [stdout] test hasher::tests::can_calculate_hash ... ok
[INFO] [stdout] test hash_map::tests::can_handle_reference ... ok
[INFO] [stdout] test hash_map::tests::can_hold_and_delete_multiple_keys ... FAILED
[INFO] [stdout] 
[INFO] [stdout] failures:
[INFO] [stdout] 
[INFO] [stdout] ---- hash_map::tests::can_hold_and_delete_multiple_keys stdout ----
[INFO] [stdout] Entry index: None
[INFO] [stdout] thread 'hash_map::tests::can_hold_and_delete_multiple_keys' panicked at 'called `Option::unwrap()` on a `None` value', src/hash_map.rs:50:43
[INFO] [stdout] stack backtrace:
[INFO] [stdout]    0:     0x56020bd27c7a - std::backtrace_rs::backtrace::libunwind::trace::ha9053a9a07ca49cb
[INFO] [stdout]                                at /rustc/84c898d65adf2f39a5a98507f1fe0ce10a2b8dbc/library/std/src/../../backtrace/src/backtrace/libunwind.rs:93:5
[INFO] [stdout]    1:     0x56020bd27c7a - std::backtrace_rs::backtrace::trace_unsynchronized::h9c2852a457ad564e
[INFO] [stdout]                                at /rustc/84c898d65adf2f39a5a98507f1fe0ce10a2b8dbc/library/std/src/../../backtrace/src/backtrace/mod.rs:66:5
[INFO] [stdout]    2:     0x56020bd27c7a - std::sys_common::backtrace::_print_fmt::h457936fbfaa0070f
[INFO] [stdout]                                at /rustc/84c898d65adf2f39a5a98507f1fe0ce10a2b8dbc/library/std/src/sys_common/backtrace.rs:65:5
[INFO] [stdout]    3:     0x56020bd27c7a - <std::sys_common::backtrace::_print::DisplayBacktrace as core::fmt::Display>::fmt::h5779d7bf7f70cb0c
[INFO] [stdout]                                at /rustc/84c898d65adf2f39a5a98507f1fe0ce10a2b8dbc/library/std/src/sys_common/backtrace.rs:44:22
[INFO] [stdout]    4:     0x56020bd4b30e - core::fmt::write::h5a4baaff1bcd3eb5
[INFO] [stdout]                                at /rustc/84c898d65adf2f39a5a98507f1fe0ce10a2b8dbc/library/core/src/fmt/mod.rs:1232:17
[INFO] [stdout]    5:     0x56020bd250f5 - std::io::Write::write_fmt::h478f79c628ef31d1
[INFO] [stdout]                                at /rustc/84c898d65adf2f39a5a98507f1fe0ce10a2b8dbc/library/std/src/io/mod.rs:1684:15
[INFO] [stdout]    6:     0x56020bd27a45 - std::sys_common::backtrace::_print::h5fcdc36060f177e8
[INFO] [stdout]                                at /rustc/84c898d65adf2f39a5a98507f1fe0ce10a2b8dbc/library/std/src/sys_common/backtrace.rs:47:5
[INFO] [stdout]    7:     0x56020bd27a45 - std::sys_common::backtrace::print::h54ca9458b876c8bf
[INFO] [stdout]                                at /rustc/84c898d65adf2f39a5a98507f1fe0ce10a2b8dbc/library/std/src/sys_common/backtrace.rs:34:9
[INFO] [stdout]    8:     0x56020bd2980f - std::panicking::default_hook::{{closure}}::hbe471161c7664ed6
[INFO] [stdout]                                at /rustc/84c898d65adf2f39a5a98507f1fe0ce10a2b8dbc/library/std/src/panicking.rs:271:22
[INFO] [stdout]    9:     0x56020bd294cf - std::panicking::default_hook::ha3500da57aa4ac4f
[INFO] [stdout]                                at /rustc/84c898d65adf2f39a5a98507f1fe0ce10a2b8dbc/library/std/src/panicking.rs:287:9
[INFO] [stdout]   10:     0x56020bcf3647 - <alloc::boxed::Box<F,A> as core::ops::function::Fn<Args>>::call::hdf1b89dd137ece34
[INFO] [stdout]                                at /rustc/84c898d65adf2f39a5a98507f1fe0ce10a2b8dbc/library/alloc/src/boxed.rs:2001:9
[INFO] [stdout]   11:     0x56020bcf3647 - test::test_main::{{closure}}::h9081a79f20e75698
[INFO] [stdout]                                at /rustc/84c898d65adf2f39a5a98507f1fe0ce10a2b8dbc/library/test/src/lib.rs:135:21
[INFO] [stdout]   12:     0x56020bd29f3d - <alloc::boxed::Box<F,A> as core::ops::function::Fn<Args>>::call::h6507bddc3eebb4a5
[INFO] [stdout]                                at /rustc/84c898d65adf2f39a5a98507f1fe0ce10a2b8dbc/library/alloc/src/boxed.rs:2001:9
[INFO] [stdout]   13:     0x56020bd29f3d - std::panicking::rust_panic_with_hook::h50c09d000dc561d2
[INFO] [stdout]                                at /rustc/84c898d65adf2f39a5a98507f1fe0ce10a2b8dbc/library/std/src/panicking.rs:696:13
[INFO] [stdout]   14:     0x56020bd29c72 - std::panicking::begin_panic_handler::{{closure}}::h9e2b2176e00e0d9c
[INFO] [stdout]                                at /rustc/84c898d65adf2f39a5a98507f1fe0ce10a2b8dbc/library/std/src/panicking.rs:581:13
[INFO] [stdout]   15:     0x56020bd280e6 - std::sys_common::backtrace::__rust_end_short_backtrace::h5739b8e512c09d02
[INFO] [stdout]                                at /rustc/84c898d65adf2f39a5a98507f1fe0ce10a2b8dbc/library/std/src/sys_common/backtrace.rs:150:18
[INFO] [stdout]   16:     0x56020bd299c2 - rust_begin_unwind
[INFO] [stdout]                                at /rustc/84c898d65adf2f39a5a98507f1fe0ce10a2b8dbc/library/std/src/panicking.rs:579:5
[INFO] [stdout]   17:     0x56020bcbcb83 - core::panicking::panic_fmt::hf33a1475b4dc5c3e
[INFO] [stdout]                                at /rustc/84c898d65adf2f39a5a98507f1fe0ce10a2b8dbc/library/core/src/panicking.rs:64:14
[INFO] [stdout]   18:     0x56020bcbcc1d - core::panicking::panic::h9533b2fee90b999e
[INFO] [stdout]                                at /rustc/84c898d65adf2f39a5a98507f1fe0ce10a2b8dbc/library/core/src/panicking.rs:114:5
[INFO] [stdout]   19:     0x56020bcc3e90 - core::option::Option<T>::unwrap::hb75047de2062dfeb
[INFO] [stdout]                                at /rustc/84c898d65adf2f39a5a98507f1fe0ce10a2b8dbc/library/core/src/option.rs:942:21
[INFO] [stdout]   20:     0x56020bcc225d - rlox::hash_map::Table<T>::get::h817054cf990d1bc8
[INFO] [stdout]                                at /opt/rustwide/workdir/src/hash_map.rs:50:21
[INFO] [stdout]   21:     0x56020bcc0cab - rlox::hash_map::tests::can_hold_and_delete_multiple_keys::hcac9135b89b202cb
[INFO] [stdout]                                at /opt/rustwide/workdir/src/hash_map.rs:273:20
[INFO] [stdout]   22:     0x56020bcc0b57 - rlox::hash_map::tests::can_hold_and_delete_multiple_keys::{{closure}}::h2234c2dd49819bf7
[INFO] [stdout]                                at /opt/rustwide/workdir/src/hash_map.rs:264:44
[INFO] [stdout]   23:     0x56020bcbfbb5 - core::ops::function::FnOnce::call_once::hf476dcb6d3462962
[INFO] [stdout]                                at /rustc/84c898d65adf2f39a5a98507f1fe0ce10a2b8dbc/library/core/src/ops/function.rs:250:5
[INFO] [stdout]   24:     0x56020bcf8a2f - core::ops::function::FnOnce::call_once::h7d969581be7d0075
[INFO] [stdout]                                at /rustc/84c898d65adf2f39a5a98507f1fe0ce10a2b8dbc/library/core/src/ops/function.rs:250:5
[INFO] [stdout]   25:     0x56020bcf8a2f - test::__rust_begin_short_backtrace::hca25a52684e56655
[INFO] [stdout]                                at /rustc/84c898d65adf2f39a5a98507f1fe0ce10a2b8dbc/library/test/src/lib.rs:656:18
[INFO] [stdout]   26:     0x56020bcca04c - test::run_test::{{closure}}::ha8ac744c4af1a4bb
[INFO] [stdout]                                at /rustc/84c898d65adf2f39a5a98507f1fe0ce10a2b8dbc/library/test/src/lib.rs:647:30
[INFO] [stdout]   27:     0x56020bcca04c - core::ops::function::FnOnce::call_once{{vtable.shim}}::h7b411a9ed45bdecf
[INFO] [stdout]                                at /rustc/84c898d65adf2f39a5a98507f1fe0ce10a2b8dbc/library/core/src/ops/function.rs:250:5
[INFO] [stdout]   28:     0x56020bcf79f6 - <alloc::boxed::Box<F,A> as core::ops::function::FnOnce<Args>>::call_once::hd05328869a8ed200
[INFO] [stdout]                                at /rustc/84c898d65adf2f39a5a98507f1fe0ce10a2b8dbc/library/alloc/src/boxed.rs:1987:9
[INFO] [stdout]   29:     0x56020bcf79f6 - <core::panic::unwind_safe::AssertUnwindSafe<F> as core::ops::function::FnOnce<()>>::call_once::h0c601ce20bd5b2be
[INFO] [stdout]                                at /rustc/84c898d65adf2f39a5a98507f1fe0ce10a2b8dbc/library/core/src/panic/unwind_safe.rs:271:9
[INFO] [stdout]   30:     0x56020bcf79f6 - std::panicking::try::do_call::ha4be5c164fe30854
[INFO] [stdout]                                at /rustc/84c898d65adf2f39a5a98507f1fe0ce10a2b8dbc/library/std/src/panicking.rs:487:40
[INFO] [stdout]   31:     0x56020bcf79f6 - std::panicking::try::h604546f3609af05f
[INFO] [stdout]                                at /rustc/84c898d65adf2f39a5a98507f1fe0ce10a2b8dbc/library/std/src/panicking.rs:451:19
[INFO] [stdout]   32:     0x56020bcf79f6 - std::panic::catch_unwind::h5bfa8afe44c9c2f9
[INFO] [stdout]                                at /rustc/84c898d65adf2f39a5a98507f1fe0ce10a2b8dbc/library/std/src/panic.rs:140:14
[INFO] [stdout]   33:     0x56020bcf79f6 - test::run_test_in_process::hd50dee55dd63e6aa
[INFO] [stdout]                                at /rustc/84c898d65adf2f39a5a98507f1fe0ce10a2b8dbc/library/test/src/lib.rs:679:27
[INFO] [stdout]   34:     0x56020bcf79f6 - test::run_test::run_test_inner::{{closure}}::h4aa0f433aa85cea8
[INFO] [stdout]                                at /rustc/84c898d65adf2f39a5a98507f1fe0ce10a2b8dbc/library/test/src/lib.rs:573:39
[INFO] [stdout]   35:     0x56020bcc46c1 - test::run_test::run_test_inner::{{closure}}::had56431adf24b4d6
[INFO] [stdout]                                at /rustc/84c898d65adf2f39a5a98507f1fe0ce10a2b8dbc/library/test/src/lib.rs:600:37
[INFO] [stdout]   36:     0x56020bcc46c1 - std::sys_common::backtrace::__rust_begin_short_backtrace::ha8d9890e0c73bf13
[INFO] [stdout]                                at /rustc/84c898d65adf2f39a5a98507f1fe0ce10a2b8dbc/library/std/src/sys_common/backtrace.rs:134:18
[INFO] [stdout]   37:     0x56020bcca0db - std::thread::Builder::spawn_unchecked_::{{closure}}::{{closure}}::h251832bcb4a95327
[INFO] [stdout]                                at /rustc/84c898d65adf2f39a5a98507f1fe0ce10a2b8dbc/library/std/src/thread/mod.rs:560:17
[INFO] [stdout]   38:     0x56020bcca0db - <core::panic::unwind_safe::AssertUnwindSafe<F> as core::ops::function::FnOnce<()>>::call_once::h8fdff598fa414831
[INFO] [stdout]                                at /rustc/84c898d65adf2f39a5a98507f1fe0ce10a2b8dbc/library/core/src/panic/unwind_safe.rs:271:9
[INFO] [stdout]   39:     0x56020bcca0db - std::panicking::try::do_call::h455dd2f7764a950f
[INFO] [stdout]                                at /rustc/84c898d65adf2f39a5a98507f1fe0ce10a2b8dbc/library/std/src/panicking.rs:487:40
[INFO] [stdout]   40:     0x56020bcca0db - std::panicking::try::had6f23b7b73ae72a
[INFO] [stdout]                                at /rustc/84c898d65adf2f39a5a98507f1fe0ce10a2b8dbc/library/std/src/panicking.rs:451:19
[INFO] [stdout]   41:     0x56020bcca0db - std::panic::catch_unwind::ha6a5ca3915b4dad0
[INFO] [stdout]                                at /rustc/84c898d65adf2f39a5a98507f1fe0ce10a2b8dbc/library/std/src/panic.rs:140:14
[INFO] [stdout]   42:     0x56020bcca0db - std::thread::Builder::spawn_unchecked_::{{closure}}::h883b72ef75da6231
[INFO] [stdout]                                at /rustc/84c898d65adf2f39a5a98507f1fe0ce10a2b8dbc/library/std/src/thread/mod.rs:559:30
[INFO] [stdout]   43:     0x56020bcca0db - core::ops::function::FnOnce::call_once{{vtable.shim}}::hb7dff73dc8bd2ccb
[INFO] [stdout]                                at /rustc/84c898d65adf2f39a5a98507f1fe0ce10a2b8dbc/library/core/src/ops/function.rs:250:5
[INFO] [stdout]   44:     0x56020bd2e2a3 - <alloc::boxed::Box<F,A> as core::ops::function::FnOnce<Args>>::call_once::h39990b24eedef2ab
[INFO] [stdout]                                at /rustc/84c898d65adf2f39a5a98507f1fe0ce10a2b8dbc/library/alloc/src/boxed.rs:1987:9
[INFO] [stdout]   45:     0x56020bd2e2a3 - <alloc::boxed::Box<F,A> as core::ops::function::FnOnce<Args>>::call_once::h01a027258444143b
[INFO] [stdout]                                at /rustc/84c898d65adf2f39a5a98507f1fe0ce10a2b8dbc/library/alloc/src/boxed.rs:1987:9
[INFO] [stdout]   46:     0x56020bd2e2a3 - std::sys::unix::thread::Thread::new::thread_start::ha4f1cdd9c25884ba
[INFO] [stdout]                                at /rustc/84c898d65adf2f39a5a98507f1fe0ce10a2b8dbc/library/std/src/sys/unix/thread.rs:108:17
[INFO] [stdout]   47:     0x7efd0e1dbb43 - <unknown>
[INFO] [stdout]   48:     0x7efd0e26cbb4 - __clone
[INFO] [stdout]   49:                0x0 - <unknown>
[INFO] [stdout] 
[INFO] [stdout] 
[INFO] [stdout] failures:
[INFO] [stdout]     hash_map::tests::can_hold_and_delete_multiple_keys
[INFO] [stdout] 
[INFO] [stdout] test result: FAILED. 6 passed; 1 failed; 0 ignored; 0 measured; 0 filtered out; finished in 0.02s
[INFO] [stdout] 
[INFO] [stderr] error: test failed, to rerun pass `--bin rlox`
[INFO] running `Command { std: "docker" "inspect" "93128f4c3e3aff7dba39f0e595598856143815db17b13eff3c60929468065e86", kill_on_drop: false }`
[INFO] running `Command { std: "docker" "rm" "-f" "93128f4c3e3aff7dba39f0e595598856143815db17b13eff3c60929468065e86", kill_on_drop: false }`
[INFO] [stdout] 93128f4c3e3aff7dba39f0e595598856143815db17b13eff3c60929468065e86
