[INFO] cloning repository https://github.com/paulcacheux/rlox
[INFO] running `Command { std: "git" "-c" "credential.helper=" "-c" "credential.helper=/workspace/cargo-home/bin/git-credential-null" "clone" "--bare" "https://github.com/paulcacheux/rlox" "/workspace/cache/git-repos/https%3A%2F%2Fgithub.com%2Fpaulcacheux%2Frlox", kill_on_drop: false }`
[INFO] [stderr] Cloning into bare repository '/workspace/cache/git-repos/https%3A%2F%2Fgithub.com%2Fpaulcacheux%2Frlox'...
[INFO] running `Command { std: "git" "rev-parse" "HEAD", kill_on_drop: false }`
[INFO] [stdout] 2a039b40cc148d131256d7b17d402bcb4440dc33
[INFO] testing paulcacheux/rlox against beta-2023-04-20 for beta-1.70-1
[INFO] running `Command { std: "git" "clone" "/workspace/cache/git-repos/https%3A%2F%2Fgithub.com%2Fpaulcacheux%2Frlox" "/workspace/builds/worker-0-tc2/source", kill_on_drop: false }`
[INFO] [stderr] Cloning into '/workspace/builds/worker-0-tc2/source'...
[INFO] [stderr] done.
[INFO] validating manifest of git repo https://github.com/paulcacheux/rlox on toolchain beta-2023-04-20
[INFO] running `Command { std: CARGO_HOME="/workspace/cargo-home" RUSTUP_HOME="/workspace/rustup-home" "/workspace/cargo-home/bin/cargo" "+beta-2023-04-20" "metadata" "--manifest-path" "Cargo.toml" "--no-deps", kill_on_drop: false }`
[INFO] started tweaking git repo https://github.com/paulcacheux/rlox
[INFO] finished tweaking git repo https://github.com/paulcacheux/rlox
[INFO] tweaked toml for git repo https://github.com/paulcacheux/rlox written to /workspace/builds/worker-0-tc2/source/Cargo.toml
[INFO] crate git repo https://github.com/paulcacheux/rlox already has a lockfile, it will not be regenerated
[INFO] running `Command { std: CARGO_HOME="/workspace/cargo-home" RUSTUP_HOME="/workspace/rustup-home" "/workspace/cargo-home/bin/cargo" "+beta-2023-04-20" "fetch" "--manifest-path" "Cargo.toml", kill_on_drop: false }`
[INFO] running `Command { std: "docker" "create" "-v" "/var/lib/crater-agent-workspace/builds/worker-0-tc2/target:/opt/rustwide/target:rw,Z" "-v" "/var/lib/crater-agent-workspace/builds/worker-0-tc2/source:/opt/rustwide/workdir:ro,Z" "-v" "/var/lib/crater-agent-workspace/cargo-home:/opt/rustwide/cargo-home:ro,Z" "-v" "/var/lib/crater-agent-workspace/rustup-home:/opt/rustwide/rustup-home:ro,Z" "-e" "SOURCE_DIR=/opt/rustwide/workdir" "-e" "CARGO_TARGET_DIR=/opt/rustwide/target" "-e" "CARGO_HOME=/opt/rustwide/cargo-home" "-e" "RUSTUP_HOME=/opt/rustwide/rustup-home" "-w" "/opt/rustwide/workdir" "-m" "1610612736" "--user" "0:0" "--network" "none" "ghcr.io/rust-lang/crates-build-env/linux@sha256:5ff2268d62e97bff2cde7d5815dd6ed5b47097566f13b8d0ca110b04b60e07ed" "/opt/rustwide/cargo-home/bin/cargo" "+beta-2023-04-20" "metadata" "--no-deps" "--format-version=1", kill_on_drop: false }`
[INFO] [stdout] 499e333c133d45ce3aa64b9d7a6f1601ae33ccccf6fea1bf230da67f1713b4ba
[INFO] running `Command { std: "docker" "start" "-a" "499e333c133d45ce3aa64b9d7a6f1601ae33ccccf6fea1bf230da67f1713b4ba", kill_on_drop: false }`
[INFO] running `Command { std: "docker" "inspect" "499e333c133d45ce3aa64b9d7a6f1601ae33ccccf6fea1bf230da67f1713b4ba", kill_on_drop: false }`
[INFO] running `Command { std: "docker" "rm" "-f" "499e333c133d45ce3aa64b9d7a6f1601ae33ccccf6fea1bf230da67f1713b4ba", kill_on_drop: false }`
[INFO] [stdout] 499e333c133d45ce3aa64b9d7a6f1601ae33ccccf6fea1bf230da67f1713b4ba
[INFO] running `Command { std: "docker" "create" "-v" "/var/lib/crater-agent-workspace/builds/worker-0-tc2/target:/opt/rustwide/target:rw,Z" "-v" "/var/lib/crater-agent-workspace/builds/worker-0-tc2/source:/opt/rustwide/workdir:ro,Z" "-v" "/var/lib/crater-agent-workspace/cargo-home:/opt/rustwide/cargo-home:ro,Z" "-v" "/var/lib/crater-agent-workspace/rustup-home:/opt/rustwide/rustup-home:ro,Z" "-e" "SOURCE_DIR=/opt/rustwide/workdir" "-e" "CARGO_TARGET_DIR=/opt/rustwide/target" "-e" "CARGO_INCREMENTAL=0" "-e" "RUST_BACKTRACE=full" "-e" "RUSTFLAGS=--cap-lints=warn" "-e" "RUSTDOCFLAGS=--cap-lints=warn" "-e" "CARGO_HOME=/opt/rustwide/cargo-home" "-e" "RUSTUP_HOME=/opt/rustwide/rustup-home" "-w" "/opt/rustwide/workdir" "-m" "1610612736" "--user" "0:0" "--network" "none" "ghcr.io/rust-lang/crates-build-env/linux@sha256:5ff2268d62e97bff2cde7d5815dd6ed5b47097566f13b8d0ca110b04b60e07ed" "/opt/rustwide/cargo-home/bin/cargo" "+beta-2023-04-20" "build" "--frozen" "--message-format=json", kill_on_drop: false }`
[INFO] [stdout] 46447fb3dc824509067a045c9fd9e9e4864fd3f999e62382ac38a6cdd459de73
[INFO] running `Command { std: "docker" "start" "-a" "46447fb3dc824509067a045c9fd9e9e4864fd3f999e62382ac38a6cdd459de73", kill_on_drop: false }`
[INFO] [stderr]    Compiling version_check v0.9.3
[INFO] [stderr]    Compiling proc-macro2 v1.0.28
[INFO] [stderr]    Compiling unicode-xid v0.2.2
[INFO] [stderr]    Compiling syn v1.0.74
[INFO] [stderr]    Compiling serde v1.0.127
[INFO] [stderr]    Compiling libc v0.2.98
[INFO] [stderr]    Compiling autocfg v1.0.1
[INFO] [stderr]    Compiling ahash v0.4.7
[INFO] [stderr]    Compiling unicode-segmentation v1.8.0
[INFO] [stderr]    Compiling bitflags v1.2.1
[INFO] [stderr]    Compiling proc-macro-error-attr v1.0.4
[INFO] [stderr]    Compiling proc-macro-error v1.0.4
[INFO] [stderr]    Compiling indexmap v1.7.0
[INFO] [stderr]    Compiling heck v0.3.3
[INFO] [stderr]    Compiling hashbrown v0.9.1
[INFO] [stderr]    Compiling hashbrown v0.11.2
[INFO] [stderr]    Compiling unicode-width v0.1.8
[INFO] [stderr]    Compiling quote v1.0.9
[INFO] [stderr]    Compiling textwrap v0.12.1
[INFO] [stderr]    Compiling lazy_static v1.4.0
[INFO] [stderr]    Compiling atty v0.2.14
[INFO] [stderr]    Compiling termcolor v1.1.2
[INFO] [stderr]    Compiling vec_map v0.8.2
[INFO] [stderr]    Compiling strsim v0.10.0
[INFO] [stderr]    Compiling os_str_bytes v2.4.0
[INFO] [stderr]    Compiling string-interner v0.12.2
[INFO] [stderr]    Compiling compiler v0.1.0 (/opt/rustwide/workdir/compiler)
[INFO] [stderr]    Compiling clap_derive v3.0.0-beta.2
[INFO] [stderr]    Compiling clap v3.0.0-beta.2
[INFO] [stderr]    Compiling driver v0.1.0 (/opt/rustwide/workdir/driver)
[INFO] [stderr]     Finished dev [unoptimized + debuginfo] target(s) in 9.19s
[INFO] running `Command { std: "docker" "inspect" "46447fb3dc824509067a045c9fd9e9e4864fd3f999e62382ac38a6cdd459de73", kill_on_drop: false }`
[INFO] running `Command { std: "docker" "rm" "-f" "46447fb3dc824509067a045c9fd9e9e4864fd3f999e62382ac38a6cdd459de73", kill_on_drop: false }`
[INFO] [stdout] 46447fb3dc824509067a045c9fd9e9e4864fd3f999e62382ac38a6cdd459de73
[INFO] running `Command { std: "docker" "create" "-v" "/var/lib/crater-agent-workspace/builds/worker-0-tc2/target:/opt/rustwide/target:rw,Z" "-v" "/var/lib/crater-agent-workspace/builds/worker-0-tc2/source:/opt/rustwide/workdir:ro,Z" "-v" "/var/lib/crater-agent-workspace/cargo-home:/opt/rustwide/cargo-home:ro,Z" "-v" "/var/lib/crater-agent-workspace/rustup-home:/opt/rustwide/rustup-home:ro,Z" "-e" "SOURCE_DIR=/opt/rustwide/workdir" "-e" "CARGO_TARGET_DIR=/opt/rustwide/target" "-e" "CARGO_INCREMENTAL=0" "-e" "RUST_BACKTRACE=full" "-e" "RUSTFLAGS=--cap-lints=warn" "-e" "RUSTDOCFLAGS=--cap-lints=warn" "-e" "CARGO_HOME=/opt/rustwide/cargo-home" "-e" "RUSTUP_HOME=/opt/rustwide/rustup-home" "-w" "/opt/rustwide/workdir" "-m" "1610612736" "--user" "0:0" "--network" "none" "ghcr.io/rust-lang/crates-build-env/linux@sha256:5ff2268d62e97bff2cde7d5815dd6ed5b47097566f13b8d0ca110b04b60e07ed" "/opt/rustwide/cargo-home/bin/cargo" "+beta-2023-04-20" "test" "--frozen" "--no-run" "--message-format=json", kill_on_drop: false }`
[INFO] [stdout] 0dee639b660409c93359f8e54c6ce5883d9e1d73618cb51eec1263258ea7b198
[INFO] running `Command { std: "docker" "start" "-a" "0dee639b660409c93359f8e54c6ce5883d9e1d73618cb51eec1263258ea7b198", kill_on_drop: false }`
[INFO] [stderr]    Compiling proc-macro2 v0.4.30
[INFO] [stderr]    Compiling unicode-xid v0.1.0
[INFO] [stderr]    Compiling memchr v2.4.0
[INFO] [stderr]    Compiling syn v0.15.44
[INFO] [stderr]    Compiling regex-syntax v0.6.25
[INFO] [stderr]    Compiling glob v0.3.0
[INFO] [stderr]    Compiling once_cell v1.8.0
[INFO] [stderr]    Compiling driver v0.1.0 (/opt/rustwide/workdir/driver)
[INFO] [stderr]    Compiling aho-corasick v0.7.18
[INFO] [stderr]    Compiling quote v0.6.13
[INFO] [stderr]    Compiling regex v1.5.4
[INFO] [stderr]    Compiling test-generator v0.3.0
[INFO] [stderr]    Compiling compiler v0.1.0 (/opt/rustwide/workdir/compiler)
[INFO] [stderr]     Finished test [unoptimized + debuginfo] target(s) in 6.33s
[INFO] running `Command { std: "docker" "inspect" "0dee639b660409c93359f8e54c6ce5883d9e1d73618cb51eec1263258ea7b198", kill_on_drop: false }`
[INFO] running `Command { std: "docker" "rm" "-f" "0dee639b660409c93359f8e54c6ce5883d9e1d73618cb51eec1263258ea7b198", kill_on_drop: false }`
[INFO] [stdout] 0dee639b660409c93359f8e54c6ce5883d9e1d73618cb51eec1263258ea7b198
[INFO] running `Command { std: "docker" "create" "-v" "/var/lib/crater-agent-workspace/builds/worker-0-tc2/target:/opt/rustwide/target:rw,Z" "-v" "/var/lib/crater-agent-workspace/builds/worker-0-tc2/source:/opt/rustwide/workdir:ro,Z" "-v" "/var/lib/crater-agent-workspace/cargo-home:/opt/rustwide/cargo-home:ro,Z" "-v" "/var/lib/crater-agent-workspace/rustup-home:/opt/rustwide/rustup-home:ro,Z" "-e" "SOURCE_DIR=/opt/rustwide/workdir" "-e" "CARGO_TARGET_DIR=/opt/rustwide/target" "-e" "CARGO_INCREMENTAL=0" "-e" "RUST_BACKTRACE=full" "-e" "RUSTFLAGS=--cap-lints=warn" "-e" "RUSTDOCFLAGS=--cap-lints=warn" "-e" "CARGO_HOME=/opt/rustwide/cargo-home" "-e" "RUSTUP_HOME=/opt/rustwide/rustup-home" "-w" "/opt/rustwide/workdir" "-m" "1610612736" "--user" "0:0" "--network" "none" "ghcr.io/rust-lang/crates-build-env/linux@sha256:5ff2268d62e97bff2cde7d5815dd6ed5b47097566f13b8d0ca110b04b60e07ed" "/opt/rustwide/cargo-home/bin/cargo" "+beta-2023-04-20" "test" "--frozen", kill_on_drop: false }`
[INFO] [stdout] fa4810bf905e7f8098c3595e43871ad9b0e4344fdf619506ff5505f4802df190
[INFO] running `Command { std: "docker" "start" "-a" "fa4810bf905e7f8098c3595e43871ad9b0e4344fdf619506ff5505f4802df190", kill_on_drop: false }`
[INFO] [stderr]     Finished test [unoptimized + debuginfo] target(s) in 0.02s
[INFO] [stderr]      Running unittests src/lib.rs (/opt/rustwide/target/debug/deps/compiler-ab1e93565d2bacd6)
[INFO] [stdout] 
[INFO] [stdout] running 0 tests
[INFO] [stdout] 
[INFO] [stdout] test result: ok. 0 passed; 0 failed; 0 ignored; 0 measured; 0 filtered out; finished in 0.00s
[INFO] [stdout] 
[INFO] [stderr]      Running tests/full_eval_test.rs (/opt/rustwide/target/debug/deps/full_eval_test-66d72cff06348a82)
[INFO] [stdout] 
[INFO] [stdout] running 149 tests
[INFO] [stdout] test test_expression_full_eval_assignment_testsuite_assignment_grouping_lox ... ok
[INFO] [stdout] test test_expression_full_eval_assignment_testsuite_assignment_to_this_lox ... ok
[INFO] [stdout] test test_expression_full_eval_assignment_testsuite_assignment_undefined_lox ... ok
[INFO] [stdout] test test_expression_full_eval_block_testsuite_block_scope_lox ... ok
[INFO] [stdout] test test_expression_full_eval_assignment_testsuite_assignment_prefix_operator_lox ... ok
[INFO] [stdout] test test_expression_full_eval_assignment_testsuite_assignment_infix_operator_lox ... ok
[INFO] [stdout] test test_expression_full_eval_assignment_testsuite_assignment_syntax_lox ... ok
[INFO] [stdout] test test_expression_full_eval_block_testsuite_block_empty_lox ... ok
[INFO] [stdout] test test_expression_full_eval_assignment_testsuite_assignment_global_lox ... ok
[INFO] [stdout] test test_expression_full_eval_assignment_testsuite_assignment_associativity_lox ... ok
[INFO] [stdout] test test_expression_full_eval_assignment_testsuite_assignment_local_lox ... ok
[INFO] [stdout] test test_expression_full_eval_call_testsuite_call_bool_lox ... ok
[INFO] [stdout] test test_expression_full_eval_call_testsuite_call_object_lox ... ok
[INFO] [stdout] test test_expression_full_eval_call_testsuite_call_num_lox ... ok
[INFO] [stdout] test test_expression_full_eval_call_testsuite_call_nil_lox ... ok
[INFO] [stdout] test test_expression_full_eval_bool_testsuite_bool_not_lox ... ok
[INFO] [stdout] test test_expression_full_eval_call_testsuite_call_string_lox ... ok
[INFO] [stdout] test test_expression_full_eval_bool_testsuite_bool_equality_lox ... ok
[INFO] [stdout] test test_expression_full_eval_closure_testsuite_closure_close_over_method_parameter_lox ... ok
[INFO] [stdout] test test_expression_full_eval_closure_testsuite_closure_assign_to_shadowed_later_lox ... ok
[INFO] [stdout] test test_expression_full_eval_closure_testsuite_closure_closed_closure_in_function_lox ... ok
[INFO] [stdout] test test_expression_full_eval_closure_testsuite_closure_reuse_closure_slot_lox ... ok
[INFO] [stdout] test test_expression_full_eval_closure_testsuite_closure_close_over_later_variable_lox ... ok
[INFO] [stdout] test test_expression_full_eval_closure_testsuite_closure_open_closure_in_function_lox ... ok
[INFO] [stdout] test test_expression_full_eval_closure_testsuite_closure_close_over_function_parameter_lox ... ok
[INFO] [stdout] test test_expression_full_eval_closure_testsuite_closure_reference_closure_multiple_times_lox ... ok
[INFO] [stdout] test test_expression_full_eval_closure_testsuite_closure_shadow_closure_with_local_lox ... ok
[INFO] [stdout] test test_expression_full_eval_comments_testsuite_comments_only_line_comment_and_line_lox ... ok
[INFO] [stdout] test test_expression_full_eval_closure_testsuite_closure_nested_closure_lox ... ok
[INFO] [stdout] test test_expression_full_eval_comments_testsuite_comments_only_line_comment_lox ... ok
[INFO] [stdout] test test_expression_full_eval_for_testsuite_for_class_in_body_lox ... ok
[INFO] [stdout] test test_expression_full_eval_for_testsuite_for_closure_in_body_lox ... ok
[INFO] [stdout] test test_expression_full_eval_for_testsuite_for_return_inside_lox ... ok
[INFO] [stdout] test test_expression_full_eval_closure_testsuite_closure_unused_later_closure_lox ... ok
[INFO] [stdout] test test_expression_full_eval_for_testsuite_for_scope_lox ... ok
[INFO] [stdout] test test_expression_full_eval_comments_testsuite_comments_line_at_eof_lox ... ok
[INFO] [stdout] test test_expression_full_eval_for_testsuite_for_return_closure_lox ... ok
[INFO] [stdout] test test_expression_full_eval_for_testsuite_for_fun_in_body_lox ... ok
[INFO] [stdout] test test_expression_full_eval_comments_testsuite_comments_unicode_lox ... ok
[INFO] [stdout] test test_expression_full_eval_closure_testsuite_closure_unused_closure_lox ... ok
[INFO] [stdout] test test_expression_full_eval_function_testsuite_function_empty_body_lox ... ok
[INFO] [stdout] test test_expression_full_eval_for_testsuite_for_syntax_lox ... ok
[INFO] [stdout] test test_expression_full_eval_for_testsuite_for_statement_condition_lox ... ok
[INFO] [stdout] test test_expression_full_eval_for_testsuite_for_statement_increment_lox ... ok
[INFO] [stdout] test test_expression_full_eval_for_testsuite_for_var_in_body_lox ... ok
[INFO] [stdout] test test_expression_full_eval_for_testsuite_for_statement_initializer_lox ... ok
[INFO] [stdout] test test_expression_full_eval_function_testsuite_function_body_must_be_block_lox ... ok
[INFO] [stdout] test test_expression_full_eval_function_testsuite_function_missing_arguments_lox ... ok
[INFO] [stdout] test test_expression_full_eval_function_testsuite_function_local_mutual_recursion_lox ... ok
[INFO] [stdout] test test_expression_full_eval_function_testsuite_function_missing_comma_in_parameters_lox ... ok
[INFO] [stdout] test test_expression_full_eval_function_testsuite_function_extra_arguments_lox ... ok
[INFO] [stdout] test test_expression_full_eval_function_testsuite_function_mutual_recursion_lox ... ok
[INFO] [stdout] test test_expression_full_eval_if_testsuite_if_class_in_then_lox ... ok
[INFO] [stdout] test test_expression_full_eval_if_testsuite_if_class_in_else_lox ... ok
[INFO] [stdout] test test_expression_full_eval_function_testsuite_function_nested_call_with_arguments_lox ... ok
[INFO] [stdout] test test_expression_full_eval_function_testsuite_function_print_lox ... ok
[INFO] [stdout] test test_expression_full_eval_if_testsuite_if_fun_in_else_lox ... ok
[INFO] [stdout] test test_expression_full_eval_function_testsuite_function_local_recursion_lox ... ok
[INFO] [stdout] test test_expression_full_eval_if_testsuite_if_dangling_else_lox ... ok
[INFO] [stdout] test test_expression_full_eval_if_testsuite_if_else_lox ... ok
[INFO] [stdout] test test_expression_full_eval_if_testsuite_if_fun_in_then_lox ... ok
[INFO] [stdout] test test_expression_full_eval_function_testsuite_function_parameters_lox ... ok
[INFO] [stdout] test test_expression_full_eval_function_testsuite_function_recursion_lox ... ok
[INFO] [stdout] test test_expression_full_eval_if_testsuite_if_if_lox ... ok
[INFO] [stdout] test test_expression_full_eval_if_testsuite_if_var_in_else_lox ... ok
[INFO] [stdout] test test_expression_full_eval_if_testsuite_if_truth_lox ... ok
[INFO] [stdout] test test_expression_full_eval_logical_operator_testsuite_logical_operator_and_lox ... ok
[INFO] [stdout] test test_expression_full_eval_if_testsuite_if_var_in_then_lox ... ok
[INFO] [stdout] test test_expression_full_eval_logical_operator_testsuite_logical_operator_or_lox ... ok
[INFO] [stdout] test test_expression_full_eval_logical_operator_testsuite_logical_operator_or_truth_lox ... ok
[INFO] [stdout] test test_expression_full_eval_logical_operator_testsuite_logical_operator_and_truth_lox ... ok
[INFO] [stdout] test test_expression_full_eval_number_testsuite_number_trailing_dot_lox ... ok
[INFO] [stdout] test test_expression_full_eval_number_testsuite_number_leading_dot_lox ... ok
[INFO] [stdout] test test_expression_full_eval_operator_testsuite_operator_add_bool_num_lox ... ok
[INFO] [stdout] test test_expression_full_eval_nil_testsuite_nil_literal_lox ... ok
[INFO] [stdout] test test_expression_full_eval_number_testsuite_number_decimal_point_at_eof_lox ... ok
[INFO] [stdout] test test_expression_full_eval_number_testsuite_number_nan_equality_lox ... ok
[INFO] [stdout] test test_expression_full_eval_operator_testsuite_operator_add_bool_nil_lox ... ok
[INFO] [stdout] test test_expression_full_eval_number_testsuite_number_literals_lox ... ok
[INFO] [stdout] test test_expression_full_eval_operator_testsuite_operator_add_lox ... ok
[INFO] [stdout] test test_expression_full_eval_operator_testsuite_operator_add_bool_string_lox ... ok
[INFO] [stdout] test test_expression_full_eval_operator_testsuite_operator_add_num_nil_lox ... ok
[INFO] [stdout] test test_expression_full_eval_operator_testsuite_operator_add_nil_nil_lox ... ok
[INFO] [stdout] test test_expression_full_eval_operator_testsuite_operator_add_string_nil_lox ... ok
[INFO] [stdout] test test_expression_full_eval_operator_testsuite_operator_divide_nonnum_num_lox ... ok
[INFO] [stdout] test test_expression_full_eval_operator_testsuite_operator_divide_lox ... ok
[INFO] [stdout] test test_expression_full_eval_operator_testsuite_operator_divide_num_nonnum_lox ... ok
[INFO] [stdout] test test_expression_full_eval_operator_testsuite_operator_equals_method_lox ... ok
[INFO] [stdout] test test_expression_full_eval_operator_testsuite_operator_equals_lox ... ok
[INFO] [stdout] test test_expression_full_eval_operator_testsuite_operator_greater_or_equal_nonnum_num_lox ... ok
[INFO] [stdout] test test_expression_full_eval_operator_testsuite_operator_comparison_lox ... ok
[INFO] [stdout] test test_expression_full_eval_operator_testsuite_operator_greater_or_equal_num_nonnum_lox ... ok
[INFO] [stdout] test test_expression_full_eval_operator_testsuite_operator_greater_nonnum_num_lox ... ok
[INFO] [stdout] test test_expression_full_eval_operator_testsuite_operator_less_nonnum_num_lox ... ok
[INFO] [stdout] test test_expression_full_eval_operator_testsuite_operator_greater_num_nonnum_lox ... ok
[INFO] [stdout] test test_expression_full_eval_operator_testsuite_operator_less_or_equal_nonnum_num_lox ... ok
[INFO] [stdout] test test_expression_full_eval_operator_testsuite_operator_less_num_nonnum_lox ... ok
[INFO] [stdout] test test_expression_full_eval_operator_testsuite_operator_equals_class_lox ... ok
[INFO] [stdout] test test_expression_full_eval_operator_testsuite_operator_multiply_lox ... ok
[INFO] [stdout] test test_expression_full_eval_operator_testsuite_operator_multiply_num_nonnum_lox ... ok
[INFO] [stdout] test test_expression_full_eval_operator_testsuite_operator_negate_nonnum_lox ... ok
[INFO] [stdout] test test_expression_full_eval_operator_testsuite_operator_not_class_lox ... ok
[INFO] [stdout] test test_expression_full_eval_operator_testsuite_operator_multiply_nonnum_num_lox ... ok
[INFO] [stdout] test test_expression_full_eval_operator_testsuite_operator_less_or_equal_num_nonnum_lox ... ok
[INFO] [stdout] test test_expression_full_eval_operator_testsuite_operator_negate_lox ... ok
[INFO] [stdout] test test_expression_full_eval_operator_testsuite_operator_not_lox ... ok
[INFO] [stdout] test test_expression_full_eval_operator_testsuite_operator_not_equals_lox ... ok
[INFO] [stdout] test test_expression_full_eval_operator_testsuite_operator_subtract_lox ... ok
[INFO] [stdout] test test_expression_full_eval_operator_testsuite_operator_subtract_num_nonnum_lox ... ok
[INFO] [stdout] test test_expression_full_eval_print_testsuite_print_missing_argument_lox ... ok
[INFO] [stdout] test test_expression_full_eval_operator_testsuite_operator_subtract_nonnum_num_lox ... ok
[INFO] [stdout] test test_expression_full_eval_return_testsuite_return_at_top_level_lox ... ok
[INFO] [stdout] test test_expression_full_eval_return_testsuite_return_after_else_lox ... ok
[INFO] [stdout] test test_expression_full_eval_return_testsuite_return_after_if_lox ... ok
[INFO] [stdout] test test_expression_full_eval_return_testsuite_return_after_while_lox ... ok
[INFO] [stdout] test test_expression_full_eval_return_testsuite_return_in_method_lox ... ok
[INFO] [stdout] test test_expression_full_eval_return_testsuite_return_in_function_lox ... ok
[INFO] [stdout] test test_expression_full_eval_return_testsuite_return_return_nil_if_no_value_lox ... ok
[INFO] [stdout] test test_expression_full_eval_string_testsuite_string_literals_lox ... ok
[INFO] [stdout] test test_expression_full_eval_string_testsuite_string_error_after_multiline_lox ... ok
[INFO] [stdout] test test_expression_full_eval_string_testsuite_string_multiline_lox ... ok
[INFO] [stdout] test test_expression_full_eval_top_level_testsuite_unexpected_character_lox ... ok
[INFO] [stdout] test test_expression_full_eval_top_level_testsuite_empty_file_lox ... ok
[INFO] [stdout] test test_expression_full_eval_variable_testsuite_variable_collide_with_parameter_lox ... ok
[INFO] [stdout] test test_expression_full_eval_string_testsuite_string_unterminated_lox ... ok
[INFO] [stdout] test test_expression_full_eval_top_level_testsuite_precedence_lox ... ok
[INFO] [stdout] test test_expression_full_eval_variable_testsuite_variable_duplicate_parameter_lox ... ok
[INFO] [stdout] test test_expression_full_eval_variable_testsuite_variable_in_nested_block_lox ... ok
[INFO] [stdout] test test_expression_full_eval_variable_testsuite_variable_early_bound_lox ... ok
[INFO] [stdout] test test_expression_full_eval_variable_testsuite_variable_in_middle_of_block_lox ... ok
[INFO] [stdout] test test_expression_full_eval_variable_testsuite_variable_local_from_method_lox ... ok
[INFO] [stdout] test test_expression_full_eval_variable_testsuite_variable_duplicate_local_lox ... ok
[INFO] [stdout] test test_expression_full_eval_variable_testsuite_variable_redefine_global_lox ... ok
[INFO] [stdout] test test_expression_full_eval_variable_testsuite_variable_redeclare_global_lox ... ok
[INFO] [stdout] test test_expression_full_eval_variable_testsuite_variable_scope_reuse_in_different_blocks_lox ... ok
[INFO] [stdout] test test_expression_full_eval_variable_testsuite_variable_shadow_global_lox ... ok
[INFO] [stdout] test test_expression_full_eval_variable_testsuite_variable_undefined_global_lox ... ok
[INFO] [stdout] test test_expression_full_eval_variable_testsuite_variable_uninitialized_lox ... ok
[INFO] [stdout] test test_expression_full_eval_variable_testsuite_variable_shadow_local_lox ... ok
[INFO] [stdout] test test_expression_full_eval_variable_testsuite_variable_unreached_undefined_lox ... ok
[INFO] [stdout] test test_expression_full_eval_variable_testsuite_variable_shadow_and_local_lox ... ok
[INFO] [stdout] test test_expression_full_eval_variable_testsuite_variable_use_global_in_initializer_lox ... ok
[INFO] [stdout] test test_expression_full_eval_variable_testsuite_variable_undefined_local_lox ... ok
[INFO] [stdout] test test_expression_full_eval_variable_testsuite_variable_use_false_as_var_lox ... ok
[INFO] [stdout] test test_expression_full_eval_variable_testsuite_variable_use_nil_as_var_lox ... ok
[INFO] [stdout] test test_expression_full_eval_variable_testsuite_variable_use_this_as_var_lox ... ok
[INFO] [stdout] test test_expression_full_eval_variable_testsuite_variable_use_local_in_initializer_lox ... ok
[INFO] [stdout] test test_expression_full_eval_while_testsuite_while_syntax_lox ... ok
[INFO] [stdout] test test_expression_full_eval_closure_testsuite_closure_assign_to_closure_lox ... FAILED
[INFO] [stdout] 
[INFO] [stdout] failures:
[INFO] [stdout] 
[INFO] [stdout] ---- test_expression_full_eval_closure_testsuite_closure_assign_to_closure_lox stdout ----
[INFO] [stdout] thread 'test_expression_full_eval_closure_testsuite_closure_assign_to_closure_lox' panicked at 'assertion failed: `(left == right)`
[INFO] [stdout]   left: `Output("local\nafter f\nafter f\nafter g\n")`,
[INFO] [stdout]  right: `Output("local\nafter f\nlocal\nafter g\n")`', compiler/tests/full_eval_test.rs:25:17
[INFO] [stdout] stack backtrace:
[INFO] [stdout]    0:     0x55ec4c26a6ca - std::backtrace_rs::backtrace::libunwind::trace::h2f05d0192276a8f6
[INFO] [stdout]                                at /rustc/1b7dd2252b99671ce5d1cb9664c5f8636329436d/library/std/src/../../backtrace/src/backtrace/libunwind.rs:93:5
[INFO] [stdout]    1:     0x55ec4c26a6ca - std::backtrace_rs::backtrace::trace_unsynchronized::hedc23dff7a1af150
[INFO] [stdout]                                at /rustc/1b7dd2252b99671ce5d1cb9664c5f8636329436d/library/std/src/../../backtrace/src/backtrace/mod.rs:66:5
[INFO] [stdout]    2:     0x55ec4c26a6ca - std::sys_common::backtrace::_print_fmt::h17541ef7592f3ce2
[INFO] [stdout]                                at /rustc/1b7dd2252b99671ce5d1cb9664c5f8636329436d/library/std/src/sys_common/backtrace.rs:65:5
[INFO] [stdout]    3:     0x55ec4c26a6ca - <std::sys_common::backtrace::_print::DisplayBacktrace as core::fmt::Display>::fmt::h20f75df5ab0c0792
[INFO] [stdout]                                at /rustc/1b7dd2252b99671ce5d1cb9664c5f8636329436d/library/std/src/sys_common/backtrace.rs:44:22
[INFO] [stdout]    4:     0x55ec4c28f73f - core::fmt::write::h78109e6f466b3af6
[INFO] [stdout]                                at /rustc/1b7dd2252b99671ce5d1cb9664c5f8636329436d/library/core/src/fmt/mod.rs:1254:17
[INFO] [stdout]    5:     0x55ec4c2678d5 - std::io::Write::write_fmt::hd24bfb68a1b35a25
[INFO] [stdout]                                at /rustc/1b7dd2252b99671ce5d1cb9664c5f8636329436d/library/std/src/io/mod.rs:1698:15
[INFO] [stdout]    6:     0x55ec4c26a495 - std::sys_common::backtrace::_print::h8dac57a9f8fbf9a5
[INFO] [stdout]                                at /rustc/1b7dd2252b99671ce5d1cb9664c5f8636329436d/library/std/src/sys_common/backtrace.rs:47:5
[INFO] [stdout]    7:     0x55ec4c26a495 - std::sys_common::backtrace::print::hf9ecbf41d1aa712f
[INFO] [stdout]                                at /rustc/1b7dd2252b99671ce5d1cb9664c5f8636329436d/library/std/src/sys_common/backtrace.rs:34:9
[INFO] [stdout]    8:     0x55ec4c26c14e - std::panicking::default_hook::{{closure}}::h04c07acfc84ca028
[INFO] [stdout]                                at /rustc/1b7dd2252b99671ce5d1cb9664c5f8636329436d/library/std/src/panicking.rs:269:22
[INFO] [stdout]    9:     0x55ec4c26be81 - std::panicking::default_hook::h01f6bb23e1eceb2c
[INFO] [stdout]                                at /rustc/1b7dd2252b99671ce5d1cb9664c5f8636329436d/library/std/src/panicking.rs:285:9
[INFO] [stdout]   10:     0x55ec4c07a8eb - <alloc::boxed::Box<F,A> as core::ops::function::Fn<Args>>::call::h87fe9f7b2fd49e4c
[INFO] [stdout]                                at /rustc/1b7dd2252b99671ce5d1cb9664c5f8636329436d/library/alloc/src/boxed.rs:1987:9
[INFO] [stdout]   11:     0x55ec4c07a8eb - test::test_main::{{closure}}::he94d679243a7531b
[INFO] [stdout]                                at /rustc/1b7dd2252b99671ce5d1cb9664c5f8636329436d/library/test/src/lib.rs:134:21
[INFO] [stdout]   12:     0x55ec4c26c834 - <alloc::boxed::Box<F,A> as core::ops::function::Fn<Args>>::call::h3f2d6d8b14c4769f
[INFO] [stdout]                                at /rustc/1b7dd2252b99671ce5d1cb9664c5f8636329436d/library/alloc/src/boxed.rs:1987:9
[INFO] [stdout]   13:     0x55ec4c26c834 - std::panicking::rust_panic_with_hook::h2bb3722bbaf2f6df
[INFO] [stdout]                                at /rustc/1b7dd2252b99671ce5d1cb9664c5f8636329436d/library/std/src/panicking.rs:695:13
[INFO] [stdout]   14:     0x55ec4c26c5a9 - std::panicking::begin_panic_handler::{{closure}}::h91bc7f36a4be011b
[INFO] [stdout]                                at /rustc/1b7dd2252b99671ce5d1cb9664c5f8636329436d/library/std/src/panicking.rs:582:13
[INFO] [stdout]   15:     0x55ec4c26ab36 - std::sys_common::backtrace::__rust_end_short_backtrace::h8b3d3717114f9e59
[INFO] [stdout]                                at /rustc/1b7dd2252b99671ce5d1cb9664c5f8636329436d/library/std/src/sys_common/backtrace.rs:150:18
[INFO] [stdout]   16:     0x55ec4c26c302 - rust_begin_unwind
[INFO] [stdout]                                at /rustc/1b7dd2252b99671ce5d1cb9664c5f8636329436d/library/std/src/panicking.rs:578:5
[INFO] [stdout]   17:     0x55ec4c02d063 - core::panicking::panic_fmt::hfd368e3fbdabea26
[INFO] [stdout]                                at /rustc/1b7dd2252b99671ce5d1cb9664c5f8636329436d/library/core/src/panicking.rs:67:14
[INFO] [stdout]   18:     0x55ec4c02d48f - core::panicking::assert_failed_inner::haef49168e1798a91
[INFO] [stdout]   19:     0x55ec4c0395ea - core::panicking::assert_failed::h460699c962b1a3e2
[INFO] [stdout]                                at /rustc/1b7dd2252b99671ce5d1cb9664c5f8636329436d/library/core/src/panicking.rs:228:5
[INFO] [stdout]   20:     0x55ec4c02fce3 - full_eval_test::inner_eval_test::h513ca4682669761d
[INFO] [stdout]                                at /opt/rustwide/workdir/compiler/tests/full_eval_test.rs:25:17
[INFO] [stdout]   21:     0x55ec4c0305bc - full_eval_test::test_expression_full_eval_closure::hc6a7a9e413df7d66
[INFO] [stdout]                                at /opt/rustwide/workdir/compiler/tests/full_eval_test.rs:77:5
[INFO] [stdout]   22:     0x55ec4c03061d - full_eval_test::test_expression_full_eval_closure_testsuite_closure_assign_to_closure_lox::ha7dc33d22481fdde
[INFO] [stdout]                                at /opt/rustwide/workdir/compiler/tests/full_eval_test.rs:72:1
[INFO] [stdout]   23:     0x55ec4c0305e7 - full_eval_test::test_expression_full_eval_closure_testsuite_closure_assign_to_closure_lox::{{closure}}::h203bf79b304abcc0
[INFO] [stdout]                                at /opt/rustwide/workdir/compiler/tests/full_eval_test.rs:72:1
[INFO] [stdout]   24:     0x55ec4c043ec5 - core::ops::function::FnOnce::call_once::h023824a1bd063406
[INFO] [stdout]                                at /rustc/1b7dd2252b99671ce5d1cb9664c5f8636329436d/library/core/src/ops/function.rs:250:5
[INFO] [stdout]   25:     0x55ec4c07f7bf - core::ops::function::FnOnce::call_once::ha6a70e79f7481a7e
[INFO] [stdout]                                at /rustc/1b7dd2252b99671ce5d1cb9664c5f8636329436d/library/core/src/ops/function.rs:250:5
[INFO] [stdout]   26:     0x55ec4c07f7bf - test::__rust_begin_short_backtrace::hce33033019b61e69
[INFO] [stdout]                                at /rustc/1b7dd2252b99671ce5d1cb9664c5f8636329436d/library/test/src/lib.rs:655:18
[INFO] [stdout]   27:     0x55ec4c04cfac - test::run_test::{{closure}}::h858d3528838ae3e5
[INFO] [stdout]                                at /rustc/1b7dd2252b99671ce5d1cb9664c5f8636329436d/library/test/src/lib.rs:646:30
[INFO] [stdout]   28:     0x55ec4c04cfac - core::ops::function::FnOnce::call_once{{vtable.shim}}::he8ac2b00f01ae79e
[INFO] [stdout]                                at /rustc/1b7dd2252b99671ce5d1cb9664c5f8636329436d/library/core/src/ops/function.rs:250:5
[INFO] [stdout]   29:     0x55ec4c07e896 - <alloc::boxed::Box<F,A> as core::ops::function::FnOnce<Args>>::call_once::h8093d25b522725ef
[INFO] [stdout]                                at /rustc/1b7dd2252b99671ce5d1cb9664c5f8636329436d/library/alloc/src/boxed.rs:1973:9
[INFO] [stdout]   30:     0x55ec4c07e896 - <core::panic::unwind_safe::AssertUnwindSafe<F> as core::ops::function::FnOnce<()>>::call_once::h5c334c204e4a3913
[INFO] [stdout]                                at /rustc/1b7dd2252b99671ce5d1cb9664c5f8636329436d/library/core/src/panic/unwind_safe.rs:271:9
[INFO] [stdout]   31:     0x55ec4c07e896 - std::panicking::try::do_call::ha8b740c7b9478074
[INFO] [stdout]                                at /rustc/1b7dd2252b99671ce5d1cb9664c5f8636329436d/library/std/src/panicking.rs:485:40
[INFO] [stdout]   32:     0x55ec4c07e896 - std::panicking::try::h5d34f63d0e41b64e
[INFO] [stdout]                                at /rustc/1b7dd2252b99671ce5d1cb9664c5f8636329436d/library/std/src/panicking.rs:449:19
[INFO] [stdout]   33:     0x55ec4c07e896 - std::panic::catch_unwind::hcfbb511e1aa7fc67
[INFO] [stdout]                                at /rustc/1b7dd2252b99671ce5d1cb9664c5f8636329436d/library/std/src/panic.rs:140:14
[INFO] [stdout]   34:     0x55ec4c07e896 - test::run_test_in_process::h9abda90f802eaf21
[INFO] [stdout]                                at /rustc/1b7dd2252b99671ce5d1cb9664c5f8636329436d/library/test/src/lib.rs:678:27
[INFO] [stdout]   35:     0x55ec4c07e896 - test::run_test::run_test_inner::{{closure}}::h0f058de91f6c6edf
[INFO] [stdout]                                at /rustc/1b7dd2252b99671ce5d1cb9664c5f8636329436d/library/test/src/lib.rs:572:39
[INFO] [stdout]   36:     0x55ec4c0477b5 - test::run_test::run_test_inner::{{closure}}::h5ca48a4c59c6c1fb
[INFO] [stdout]                                at /rustc/1b7dd2252b99671ce5d1cb9664c5f8636329436d/library/test/src/lib.rs:599:37
[INFO] [stdout]   37:     0x55ec4c0477b5 - std::sys_common::backtrace::__rust_begin_short_backtrace::h32bd51e1495d4a33
[INFO] [stdout]                                at /rustc/1b7dd2252b99671ce5d1cb9664c5f8636329436d/library/std/src/sys_common/backtrace.rs:134:18
[INFO] [stdout]   38:     0x55ec4c04ccf1 - std::thread::Builder::spawn_unchecked_::{{closure}}::{{closure}}::hc086fae9b128b2db
[INFO] [stdout]                                at /rustc/1b7dd2252b99671ce5d1cb9664c5f8636329436d/library/std/src/thread/mod.rs:526:17
[INFO] [stdout]   39:     0x55ec4c04ccf1 - <core::panic::unwind_safe::AssertUnwindSafe<F> as core::ops::function::FnOnce<()>>::call_once::hb66571888d270d43
[INFO] [stdout]                                at /rustc/1b7dd2252b99671ce5d1cb9664c5f8636329436d/library/core/src/panic/unwind_safe.rs:271:9
[INFO] [stdout]   40:     0x55ec4c04ccf1 - std::panicking::try::do_call::h4fa2ef4f6e51fecf
[INFO] [stdout]                                at /rustc/1b7dd2252b99671ce5d1cb9664c5f8636329436d/library/std/src/panicking.rs:485:40
[INFO] [stdout]   41:     0x55ec4c04ccf1 - std::panicking::try::h1e9e22b8584489b5
[INFO] [stdout]                                at /rustc/1b7dd2252b99671ce5d1cb9664c5f8636329436d/library/std/src/panicking.rs:449:19
[INFO] [stdout]   42:     0x55ec4c04ccf1 - std::panic::catch_unwind::h44698a3de0e0769e
[INFO] [stdout]                                at /rustc/1b7dd2252b99671ce5d1cb9664c5f8636329436d/library/std/src/panic.rs:140:14
[INFO] [stdout]   43:     0x55ec4c04ccf1 - std::thread::Builder::spawn_unchecked_::{{closure}}::h50153abde3fe239e
[INFO] [stdout]                                at /rustc/1b7dd2252b99671ce5d1cb9664c5f8636329436d/library/std/src/thread/mod.rs:525:30
[INFO] [stdout]   44:     0x55ec4c04ccf1 - core::ops::function::FnOnce::call_once{{vtable.shim}}::hbe5bbf6f38394364
[INFO] [stdout]                                at /rustc/1b7dd2252b99671ce5d1cb9664c5f8636329436d/library/core/src/ops/function.rs:250:5
[INFO] [stdout]   45:     0x55ec4c270d05 - <alloc::boxed::Box<F,A> as core::ops::function::FnOnce<Args>>::call_once::h0d83cb2920a49046
[INFO] [stdout]                                at /rustc/1b7dd2252b99671ce5d1cb9664c5f8636329436d/library/alloc/src/boxed.rs:1973:9
[INFO] [stdout]   46:     0x55ec4c270d05 - <alloc::boxed::Box<F,A> as core::ops::function::FnOnce<Args>>::call_once::hbe0a008aa7d9ef59
[INFO] [stdout]                                at /rustc/1b7dd2252b99671ce5d1cb9664c5f8636329436d/library/alloc/src/boxed.rs:1973:9
[INFO] [stdout]   47:     0x55ec4c270d05 - std::sys::unix::thread::Thread::new::thread_start::h3a466996bdf6b1f9
[INFO] [stdout]                                at /rustc/1b7dd2252b99671ce5d1cb9664c5f8636329436d/library/std/src/sys/unix/thread.rs:108:17
[INFO] [stdout]   48:     0x7f9f0307cb43 - <unknown>
[INFO] [stdout]   49:     0x7f9f0310dbb4 - __clone
[INFO] [stdout]   50:                0x0 - <unknown>
[INFO] [stdout] 
[INFO] [stdout] 
[INFO] [stdout] failures:
[INFO] [stdout]     test_expression_full_eval_closure_testsuite_closure_assign_to_closure_lox
[INFO] [stdout] 
[INFO] [stdout] test result: FAILED. 148 passed; 1 failed; 0 ignored; 0 measured; 0 filtered out; finished in 0.04s
[INFO] [stdout] 
[INFO] [stderr] error: test failed, to rerun pass `-p compiler --test full_eval_test`
[INFO] running `Command { std: "docker" "inspect" "fa4810bf905e7f8098c3595e43871ad9b0e4344fdf619506ff5505f4802df190", kill_on_drop: false }`
[INFO] running `Command { std: "docker" "rm" "-f" "fa4810bf905e7f8098c3595e43871ad9b0e4344fdf619506ff5505f4802df190", kill_on_drop: false }`
[INFO] [stdout] fa4810bf905e7f8098c3595e43871ad9b0e4344fdf619506ff5505f4802df190
