[INFO] cloning repository https://github.com/outamaa/vekotin
[INFO] running `Command { std: "git" "-c" "credential.helper=" "-c" "credential.helper=/workspace/cargo-home/bin/git-credential-null" "clone" "--bare" "https://github.com/outamaa/vekotin" "/workspace/cache/git-repos/https%3A%2F%2Fgithub.com%2Foutamaa%2Fvekotin", kill_on_drop: false }`
[INFO] [stderr] Cloning into bare repository '/workspace/cache/git-repos/https%3A%2F%2Fgithub.com%2Foutamaa%2Fvekotin'...
[INFO] running `Command { std: "git" "rev-parse" "HEAD", kill_on_drop: false }`
[INFO] [stdout] d919edf4e7571fcc677a93c388245c3ec8d7a6b0
[INFO] testing outamaa/vekotin against beta-2023-04-20 for beta-1.70-1
[INFO] running `Command { std: "git" "clone" "/workspace/cache/git-repos/https%3A%2F%2Fgithub.com%2Foutamaa%2Fvekotin" "/workspace/builds/worker-5-tc2/source", kill_on_drop: false }`
[INFO] [stderr] Cloning into '/workspace/builds/worker-5-tc2/source'...
[INFO] [stderr] done.
[INFO] validating manifest of git repo https://github.com/outamaa/vekotin on toolchain beta-2023-04-20
[INFO] running `Command { std: CARGO_HOME="/workspace/cargo-home" RUSTUP_HOME="/workspace/rustup-home" "/workspace/cargo-home/bin/cargo" "+beta-2023-04-20" "metadata" "--manifest-path" "Cargo.toml" "--no-deps", kill_on_drop: false }`
[INFO] started tweaking git repo https://github.com/outamaa/vekotin
[INFO] finished tweaking git repo https://github.com/outamaa/vekotin
[INFO] tweaked toml for git repo https://github.com/outamaa/vekotin written to /workspace/builds/worker-5-tc2/source/Cargo.toml
[INFO] crate git repo https://github.com/outamaa/vekotin already has a lockfile, it will not be regenerated
[INFO] running `Command { std: CARGO_HOME="/workspace/cargo-home" RUSTUP_HOME="/workspace/rustup-home" "/workspace/cargo-home/bin/cargo" "+beta-2023-04-20" "fetch" "--manifest-path" "Cargo.toml", kill_on_drop: false }`
[INFO] [stderr]     Updating crates.io index
[INFO] [stderr]  Downloading crates ...
[INFO] [stderr]   Downloaded emscripten_main_loop v0.1.1
[INFO] running `Command { std: "docker" "create" "-v" "/var/lib/crater-agent-workspace/builds/worker-5-tc2/target:/opt/rustwide/target:rw,Z" "-v" "/var/lib/crater-agent-workspace/builds/worker-5-tc2/source:/opt/rustwide/workdir:ro,Z" "-v" "/var/lib/crater-agent-workspace/cargo-home:/opt/rustwide/cargo-home:ro,Z" "-v" "/var/lib/crater-agent-workspace/rustup-home:/opt/rustwide/rustup-home:ro,Z" "-e" "SOURCE_DIR=/opt/rustwide/workdir" "-e" "CARGO_TARGET_DIR=/opt/rustwide/target" "-e" "CARGO_HOME=/opt/rustwide/cargo-home" "-e" "RUSTUP_HOME=/opt/rustwide/rustup-home" "-w" "/opt/rustwide/workdir" "-m" "1610612736" "--user" "0:0" "--network" "none" "ghcr.io/rust-lang/crates-build-env/linux@sha256:5ff2268d62e97bff2cde7d5815dd6ed5b47097566f13b8d0ca110b04b60e07ed" "/opt/rustwide/cargo-home/bin/cargo" "+beta-2023-04-20" "metadata" "--no-deps" "--format-version=1", kill_on_drop: false }`
[INFO] [stdout] afc0c43c2338c7496b2f2bbbbbcff225389828f43ebb9f9c70ddbb80838b63ed
[INFO] running `Command { std: "docker" "start" "-a" "afc0c43c2338c7496b2f2bbbbbcff225389828f43ebb9f9c70ddbb80838b63ed", kill_on_drop: false }`
[INFO] running `Command { std: "docker" "inspect" "afc0c43c2338c7496b2f2bbbbbcff225389828f43ebb9f9c70ddbb80838b63ed", kill_on_drop: false }`
[INFO] running `Command { std: "docker" "rm" "-f" "afc0c43c2338c7496b2f2bbbbbcff225389828f43ebb9f9c70ddbb80838b63ed", kill_on_drop: false }`
[INFO] [stdout] afc0c43c2338c7496b2f2bbbbbcff225389828f43ebb9f9c70ddbb80838b63ed
[INFO] running `Command { std: "docker" "create" "-v" "/var/lib/crater-agent-workspace/builds/worker-5-tc2/target:/opt/rustwide/target:rw,Z" "-v" "/var/lib/crater-agent-workspace/builds/worker-5-tc2/source:/opt/rustwide/workdir:ro,Z" "-v" "/var/lib/crater-agent-workspace/cargo-home:/opt/rustwide/cargo-home:ro,Z" "-v" "/var/lib/crater-agent-workspace/rustup-home:/opt/rustwide/rustup-home:ro,Z" "-e" "SOURCE_DIR=/opt/rustwide/workdir" "-e" "CARGO_TARGET_DIR=/opt/rustwide/target" "-e" "CARGO_INCREMENTAL=0" "-e" "RUST_BACKTRACE=full" "-e" "RUSTFLAGS=--cap-lints=warn" "-e" "RUSTDOCFLAGS=--cap-lints=warn" "-e" "CARGO_HOME=/opt/rustwide/cargo-home" "-e" "RUSTUP_HOME=/opt/rustwide/rustup-home" "-w" "/opt/rustwide/workdir" "-m" "1610612736" "--user" "0:0" "--network" "none" "ghcr.io/rust-lang/crates-build-env/linux@sha256:5ff2268d62e97bff2cde7d5815dd6ed5b47097566f13b8d0ca110b04b60e07ed" "/opt/rustwide/cargo-home/bin/cargo" "+beta-2023-04-20" "build" "--frozen" "--message-format=json", kill_on_drop: false }`
[INFO] [stdout] 2ec7ea07f5ab15906b7825a0398235a14934e89bde2a28f4c25ec3163829e7e5
[INFO] running `Command { std: "docker" "start" "-a" "2ec7ea07f5ab15906b7825a0398235a14934e89bde2a28f4c25ec3163829e7e5", kill_on_drop: false }`
[INFO] [stderr]     Blocking waiting for file lock on package cache
[INFO] [stderr]    Compiling autocfg v1.0.1
[INFO] [stderr]    Compiling anyhow v1.0.38
[INFO] [stderr]    Compiling cfg-if v1.0.0
[INFO] [stderr]    Compiling lazy_static v1.4.0
[INFO] [stderr]    Compiling version-compare v0.1.0
[INFO] [stderr]    Compiling fiddling v0.1.0 (/opt/rustwide/workdir/fiddling)
[INFO] [stderr]    Compiling libc v0.2.132
[INFO] [stderr]    Compiling bitflags v1.2.1
[INFO] [stderr]    Compiling sdl2 v0.35.2
[INFO] [stderr]    Compiling emscripten_main_loop v0.1.1
[INFO] [stderr]    Compiling sdl2-sys v0.35.2
[INFO] [stderr]    Compiling num-traits v0.2.14
[INFO] [stderr]    Compiling num-integer v0.1.44
[INFO] [stderr]    Compiling num-bigint v0.4.0
[INFO] [stderr]    Compiling num-rational v0.4.0
[INFO] [stderr]    Compiling num-iter v0.1.42
[INFO] [stderr]    Compiling compression v0.1.0 (/opt/rustwide/workdir/compression)
[INFO] [stderr]    Compiling digest v0.1.0 (/opt/rustwide/workdir/digest)
[INFO] [stderr]    Compiling num-complex v0.4.0
[INFO] [stderr]    Compiling num v0.4.0
[INFO] [stderr]    Compiling math v0.1.0 (/opt/rustwide/workdir/math)
[INFO] [stderr]    Compiling loader v0.1.0 (/opt/rustwide/workdir/loader)
[INFO] [stderr]    Compiling geometry v0.1.0 (/opt/rustwide/workdir/geometry)
[INFO] [stderr]    Compiling gfx v0.1.0 (/opt/rustwide/workdir/gfx)
[INFO] [stderr]    Compiling png v0.1.0 (/opt/rustwide/workdir/bin/png)
[INFO] [stderr]    Compiling obj v0.1.0 (/opt/rustwide/workdir/bin/obj)
[INFO] [stdout] warning: unused import: `Color`
[INFO] [stdout]   --> bin/obj/src/main.rs:10:20
[INFO] [stdout]    |
[INFO] [stdout] 10 | use sdl2::pixels::{Color, PixelFormatEnum};
[INFO] [stdout]    |                    ^^^^^
[INFO] [stdout]    |
[INFO] [stdout]    = note: `#[warn(unused_imports)]` on by default
[INFO] [stdout] 
[INFO] [stdout] 
[INFO] [stdout] warning: 1 warning emitted
[INFO] [stdout] 
[INFO] [stdout] 
[INFO] [stderr]     Finished dev [unoptimized + debuginfo] target(s) in 6.19s
[INFO] running `Command { std: "docker" "inspect" "2ec7ea07f5ab15906b7825a0398235a14934e89bde2a28f4c25ec3163829e7e5", kill_on_drop: false }`
[INFO] running `Command { std: "docker" "rm" "-f" "2ec7ea07f5ab15906b7825a0398235a14934e89bde2a28f4c25ec3163829e7e5", kill_on_drop: false }`
[INFO] [stdout] 2ec7ea07f5ab15906b7825a0398235a14934e89bde2a28f4c25ec3163829e7e5
[INFO] running `Command { std: "docker" "create" "-v" "/var/lib/crater-agent-workspace/builds/worker-5-tc2/target:/opt/rustwide/target:rw,Z" "-v" "/var/lib/crater-agent-workspace/builds/worker-5-tc2/source:/opt/rustwide/workdir:ro,Z" "-v" "/var/lib/crater-agent-workspace/cargo-home:/opt/rustwide/cargo-home:ro,Z" "-v" "/var/lib/crater-agent-workspace/rustup-home:/opt/rustwide/rustup-home:ro,Z" "-e" "SOURCE_DIR=/opt/rustwide/workdir" "-e" "CARGO_TARGET_DIR=/opt/rustwide/target" "-e" "CARGO_INCREMENTAL=0" "-e" "RUST_BACKTRACE=full" "-e" "RUSTFLAGS=--cap-lints=warn" "-e" "RUSTDOCFLAGS=--cap-lints=warn" "-e" "CARGO_HOME=/opt/rustwide/cargo-home" "-e" "RUSTUP_HOME=/opt/rustwide/rustup-home" "-w" "/opt/rustwide/workdir" "-m" "1610612736" "--user" "0:0" "--network" "none" "ghcr.io/rust-lang/crates-build-env/linux@sha256:5ff2268d62e97bff2cde7d5815dd6ed5b47097566f13b8d0ca110b04b60e07ed" "/opt/rustwide/cargo-home/bin/cargo" "+beta-2023-04-20" "test" "--frozen" "--no-run" "--message-format=json", kill_on_drop: false }`
[INFO] [stdout] 8e0ad352ab185ae1622de9e9e0b9192a2fea3b92f55afde0a88b8501d7182cf8
[INFO] running `Command { std: "docker" "start" "-a" "8e0ad352ab185ae1622de9e9e0b9192a2fea3b92f55afde0a88b8501d7182cf8", kill_on_drop: false }`
[INFO] [stderr]    Compiling compression v0.1.0 (/opt/rustwide/workdir/compression)
[INFO] [stderr]    Compiling digest v0.1.0 (/opt/rustwide/workdir/digest)
[INFO] [stderr]    Compiling fiddling v0.1.0 (/opt/rustwide/workdir/fiddling)
[INFO] [stderr]    Compiling math v0.1.0 (/opt/rustwide/workdir/math)
[INFO] [stderr]    Compiling loader v0.1.0 (/opt/rustwide/workdir/loader)
[INFO] [stderr]    Compiling png v0.1.0 (/opt/rustwide/workdir/bin/png)
[INFO] [stderr]    Compiling gfx v0.1.0 (/opt/rustwide/workdir/gfx)
[INFO] [stderr]    Compiling obj v0.1.0 (/opt/rustwide/workdir/bin/obj)
[INFO] [stdout] warning: unused import: `Color`
[INFO] [stdout]   --> bin/obj/src/main.rs:10:20
[INFO] [stdout]    |
[INFO] [stdout] 10 | use sdl2::pixels::{Color, PixelFormatEnum};
[INFO] [stdout]    |                    ^^^^^
[INFO] [stdout]    |
[INFO] [stdout]    = note: `#[warn(unused_imports)]` on by default
[INFO] [stdout] 
[INFO] [stdout] 
[INFO] [stderr]    Compiling geometry v0.1.0 (/opt/rustwide/workdir/geometry)
[INFO] [stdout] warning: 1 warning emitted
[INFO] [stdout] 
[INFO] [stdout] 
[INFO] [stderr]     Finished test [unoptimized + debuginfo] target(s) in 0.75s
[INFO] running `Command { std: "docker" "inspect" "8e0ad352ab185ae1622de9e9e0b9192a2fea3b92f55afde0a88b8501d7182cf8", kill_on_drop: false }`
[INFO] running `Command { std: "docker" "rm" "-f" "8e0ad352ab185ae1622de9e9e0b9192a2fea3b92f55afde0a88b8501d7182cf8", kill_on_drop: false }`
[INFO] [stdout] 8e0ad352ab185ae1622de9e9e0b9192a2fea3b92f55afde0a88b8501d7182cf8
[INFO] running `Command { std: "docker" "create" "-v" "/var/lib/crater-agent-workspace/builds/worker-5-tc2/target:/opt/rustwide/target:rw,Z" "-v" "/var/lib/crater-agent-workspace/builds/worker-5-tc2/source:/opt/rustwide/workdir:ro,Z" "-v" "/var/lib/crater-agent-workspace/cargo-home:/opt/rustwide/cargo-home:ro,Z" "-v" "/var/lib/crater-agent-workspace/rustup-home:/opt/rustwide/rustup-home:ro,Z" "-e" "SOURCE_DIR=/opt/rustwide/workdir" "-e" "CARGO_TARGET_DIR=/opt/rustwide/target" "-e" "CARGO_INCREMENTAL=0" "-e" "RUST_BACKTRACE=full" "-e" "RUSTFLAGS=--cap-lints=warn" "-e" "RUSTDOCFLAGS=--cap-lints=warn" "-e" "CARGO_HOME=/opt/rustwide/cargo-home" "-e" "RUSTUP_HOME=/opt/rustwide/rustup-home" "-w" "/opt/rustwide/workdir" "-m" "1610612736" "--user" "0:0" "--network" "none" "ghcr.io/rust-lang/crates-build-env/linux@sha256:5ff2268d62e97bff2cde7d5815dd6ed5b47097566f13b8d0ca110b04b60e07ed" "/opt/rustwide/cargo-home/bin/cargo" "+beta-2023-04-20" "test" "--frozen", kill_on_drop: false }`
[INFO] [stdout] e3caa7cde9440d49270cd2c23ab082a0df5bdb0689c9466f7d8e8a3e876027b8
[INFO] running `Command { std: "docker" "start" "-a" "e3caa7cde9440d49270cd2c23ab082a0df5bdb0689c9466f7d8e8a3e876027b8", kill_on_drop: false }`
[INFO] [stderr] warning: unused import: `Color`
[INFO] [stderr]   --> bin/obj/src/main.rs:10:20
[INFO] [stderr]    |
[INFO] [stderr] 10 | use sdl2::pixels::{Color, PixelFormatEnum};
[INFO] [stderr]    |                    ^^^^^
[INFO] [stderr]    |
[INFO] [stderr]    = note: `#[warn(unused_imports)]` on by default
[INFO] [stderr] 
[INFO] [stderr] warning: `obj` (bin "obj" test) generated 1 warning (run `cargo fix --bin "obj" --tests` to apply 1 suggestion)
[INFO] [stderr]     Finished test [unoptimized + debuginfo] target(s) in 0.02s
[INFO] [stderr]      Running unittests src/lib.rs (/opt/rustwide/target/debug/deps/compression-c139905b8ab0c1ac)
[INFO] [stdout] 
[INFO] [stdout] running 4 tests
[INFO] [stdout] test deflate::huffman::tests::test_read_length ... ok
[INFO] [stderr]      Running unittests src/lib.rs (/opt/rustwide/target/debug/deps/digest-1d9570f031d14e15)
[INFO] [stdout] test deflate::huffman::tests::test_read_deflate_symbol ... ok
[INFO] [stdout] test deflate::huffman::tests::test_read_distance ... ok
[INFO] [stdout] test deflate::huffman::tests::test_read_deflate_symbol_static_alphabet ... ok
[INFO] [stdout] 
[INFO] [stdout] test result: ok. 4 passed; 0 failed; 0 ignored; 0 measured; 0 filtered out; finished in 0.01s
[INFO] [stdout] 
[INFO] [stdout] 
[INFO] [stdout] running 0 tests
[INFO] [stdout] 
[INFO] [stdout] test result: ok. 0 passed; 0 failed; 0 ignored; 0 measured; 0 filtered out; finished in 0.00s
[INFO] [stdout] 
[INFO] [stderr]      Running unittests src/lib.rs (/opt/rustwide/target/debug/deps/fiddling-a7fd25db77e8ce39)
[INFO] [stdout] 
[INFO] [stdout] running 1 test
[INFO] [stdout] test tests::test_multiple_reads ... ok
[INFO] [stdout] 
[INFO] [stdout] test result: ok. 1 passed; 0 failed; 0 ignored; 0 measured; 0 filtered out; finished in 0.01s
[INFO] [stdout] 
[INFO] [stderr]      Running unittests src/lib.rs (/opt/rustwide/target/debug/deps/geometry-c250950e6ba1c8e5)
[INFO] [stdout] 
[INFO] [stdout] running 0 tests
[INFO] [stdout] 
[INFO] [stdout] test result: ok. 0 passed; 0 failed; 0 ignored; 0 measured; 0 filtered out; finished in 0.00s
[INFO] [stdout] 
[INFO] [stderr]      Running unittests src/lib.rs (/opt/rustwide/target/debug/deps/gfx-0c52c3d7198f4adf)
[INFO] [stdout] 
[INFO] [stdout] running 0 tests
[INFO] [stdout] 
[INFO] [stdout] test result: ok. 0 passed; 0 failed; 0 ignored; 0 measured; 0 filtered out; finished in 0.00s
[INFO] [stdout] 
[INFO] [stderr]      Running unittests src/lib.rs (/opt/rustwide/target/debug/deps/loader-9c7cce5b1a83f22e)
[INFO] [stdout] 
[INFO] [stdout] running 0 tests
[INFO] [stdout] 
[INFO] [stdout] test result: ok. 0 passed; 0 failed; 0 ignored; 0 measured; 0 filtered out; finished in 0.00s
[INFO] [stdout] 
[INFO] [stderr]      Running unittests src/lib.rs (/opt/rustwide/target/debug/deps/math-ede75822b6d9ea81)
[INFO] [stdout] 
[INFO] [stdout] running 0 tests
[INFO] [stdout] 
[INFO] [stdout] test result: ok. 0 passed; 0 failed; 0 ignored; 0 measured; 0 filtered out; finished in 0.00s
[INFO] [stdout] 
[INFO] [stderr]      Running unittests src/main.rs (/opt/rustwide/target/debug/deps/obj-1f71475675f65ee5)
[INFO] [stdout] 
[INFO] [stdout] running 0 tests
[INFO] [stdout] 
[INFO] [stdout] test result: ok. 0 passed; 0 failed; 0 ignored; 0 measured; 0 filtered out; finished in 0.00s
[INFO] [stdout] 
[INFO] [stderr]      Running unittests src/main.rs (/opt/rustwide/target/debug/deps/png-0e55bc85be2dc7d5)
[INFO] [stdout] 
[INFO] [stdout] running 0 tests
[INFO] [stderr]    Doc-tests compression
[INFO] [stdout] 
[INFO] [stdout] test result: ok. 0 passed; 0 failed; 0 ignored; 0 measured; 0 filtered out; finished in 0.00s
[INFO] [stdout] 
[INFO] [stdout] 
[INFO] [stdout] running 2 tests
[INFO] [stdout] test src/deflate/huffman.rs - deflate::huffman::HuffmanAlphabet<S>::read_next (line 114) ... ok
[INFO] [stderr]    Doc-tests digest
[INFO] [stdout] test src/deflate/huffman.rs - deflate::huffman::HuffmanAlphabet<S>::lookup (line 81) ... ok
[INFO] [stdout] 
[INFO] [stdout] test result: ok. 2 passed; 0 failed; 0 ignored; 0 measured; 0 filtered out; finished in 0.38s
[INFO] [stdout] 
[INFO] [stdout] 
[INFO] [stdout] running 3 tests
[INFO] [stdout] test src/lib.rs - Adler32 (line 150) ... ok
[INFO] [stdout] test src/lib.rs - DigestReader (line 81) ... ok
[INFO] [stdout] test src/lib.rs - Crc32 (line 46) ... ok
[INFO] [stdout] 
[INFO] [stdout] test result: ok. 3 passed; 0 failed; 0 ignored; 0 measured; 0 filtered out; finished in 0.16s
[INFO] [stdout] 
[INFO] [stderr]    Doc-tests fiddling
[INFO] [stdout] 
[INFO] [stdout] running 5 tests
[INFO] [stdout] test src/lib.rs - reverse_bits (line 6) ... ok
[INFO] [stdout] test src/lib.rs - last_n_bits (line 39) ... ok
[INFO] [stdout] test src/lib.rs - n_bits_by_index (line 67) ... ok
[INFO] [stdout] test src/lib.rs - first_n_bits (line 23) ... ok
[INFO] [stdout] test src/lib.rs - BitStream (line 148) ... ok
[INFO] [stdout] 
[INFO] [stdout] test result: ok. 5 passed; 0 failed; 0 ignored; 0 measured; 0 filtered out; finished in 0.23s
[INFO] [stdout] 
[INFO] [stderr]    Doc-tests geometry
[INFO] [stdout] 
[INFO] [stdout] running 6 tests
[INFO] [stdout] test src/triangle.rs - triangle::Triangle4f<'a>::barycentric_coordinates (line 212) ... FAILED
[INFO] [stdout] test src/triangle.rs - triangle::Triangle<'a,T,2>::signed_area_doubled (line 46) ... ok
[INFO] [stdout] test src/triangle.rs - triangle::Triangle<'a,T,2>::contains (line 113) ... ok
[INFO] [stdout] test src/triangle.rs - triangle::Triangle<'a,T,3>::normal (line 26) ... ok
[INFO] [stdout] test src/triangle.rs - triangle::Triangle<'a,T,3>::barycentric_coordinates (line 153) ... ok
[INFO] [stdout] test src/triangle.rs - triangle::Triangle<'a,T,2>::barycentric_coordinates (line 74) ... ok
[INFO] [stdout] 
[INFO] [stdout] failures:
[INFO] [stdout] 
[INFO] [stdout] ---- src/triangle.rs - triangle::Triangle4f<'a>::barycentric_coordinates (line 212) stdout ----
[INFO] [stdout] error[E0308]: mismatched types
[INFO] [stdout]    --> src/triangle.rs:223:45
[INFO] [stdout]     |
[INFO] [stdout] 14  | assert_eq!(triangle.barycentric_coordinates(&p0), Some(Point3f::new(1.0, 0.0, 0.0)));
[INFO] [stdout]     |                     ----------------------- ^^^ expected `3`, found `4`
[INFO] [stdout]     |                     |
[INFO] [stdout]     |                     arguments to this method are incorrect
[INFO] [stdout]     |
[INFO] [stdout]     = note: expected reference `&Point<f32, 3>`
[INFO] [stdout]                found reference `&Point<f32, 4>`
[INFO] [stdout] note: method defined here
[INFO] [stdout]    --> /opt/rustwide/workdir/geometry/src/triangle.rs:227:12
[INFO] [stdout]     |
[INFO] [stdout] 227 |     pub fn barycentric_coordinates(&self, p: &Point3f) -> Option<Point3f> {
[INFO] [stdout]     |            ^^^^^^^^^^^^^^^^^^^^^^^
[INFO] [stdout] 
[INFO] [stdout] error[E0308]: mismatched types
[INFO] [stdout]    --> src/triangle.rs:224:45
[INFO] [stdout]     |
[INFO] [stdout] 15  | assert_eq!(triangle.barycentric_coordinates(&p1), Some(Point3f::new(0.0, 1.0, 0.0)));
[INFO] [stdout]     |                     ----------------------- ^^^ expected `3`, found `4`
[INFO] [stdout]     |                     |
[INFO] [stdout]     |                     arguments to this method are incorrect
[INFO] [stdout]     |
[INFO] [stdout]     = note: expected reference `&Point<f32, 3>`
[INFO] [stdout]                found reference `&Point<f32, 4>`
[INFO] [stdout] note: method defined here
[INFO] [stdout]    --> /opt/rustwide/workdir/geometry/src/triangle.rs:227:12
[INFO] [stdout]     |
[INFO] [stdout] 227 |     pub fn barycentric_coordinates(&self, p: &Point3f) -> Option<Point3f> {
[INFO] [stdout]     |            ^^^^^^^^^^^^^^^^^^^^^^^
[INFO] [stdout] 
[INFO] [stdout] error[E0308]: mismatched types
[INFO] [stdout]    --> src/triangle.rs:225:45
[INFO] [stdout]     |
[INFO] [stdout] 16  | assert_eq!(triangle.barycentric_coordinates(&p2), Some(Point3f::new(0.0, 0.0, 1.0)));
[INFO] [stdout]     |                     ----------------------- ^^^ expected `3`, found `4`
[INFO] [stdout]     |                     |
[INFO] [stdout]     |                     arguments to this method are incorrect
[INFO] [stdout]     |
[INFO] [stdout]     = note: expected reference `&Point<f32, 3>`
[INFO] [stdout]                found reference `&Point<f32, 4>`
[INFO] [stdout] note: method defined here
[INFO] [stdout]    --> /opt/rustwide/workdir/geometry/src/triangle.rs:227:12
[INFO] [stdout]     |
[INFO] [stdout] 227 |     pub fn barycentric_coordinates(&self, p: &Point3f) -> Option<Point3f> {
[INFO] [stdout]     |            ^^^^^^^^^^^^^^^^^^^^^^^
[INFO] [stdout] 
[INFO] [stdout] error: aborting due to 3 previous errors
[INFO] [stdout] 
[INFO] [stdout] For more information about this error, try `rustc --explain E0308`.
[INFO] [stdout] Couldn't compile the test.
[INFO] [stdout] 
[INFO] [stdout] failures:
[INFO] [stdout]     src/triangle.rs - triangle::Triangle4f<'a>::barycentric_coordinates (line 212)
[INFO] [stdout] 
[INFO] [stdout] test result: FAILED. 5 passed; 1 failed; 0 ignored; 0 measured; 0 filtered out; finished in 0.26s
[INFO] [stdout] 
[INFO] [stderr] error: doctest failed, to rerun pass `-p geometry --doc`
[INFO] running `Command { std: "docker" "inspect" "e3caa7cde9440d49270cd2c23ab082a0df5bdb0689c9466f7d8e8a3e876027b8", kill_on_drop: false }`
[INFO] running `Command { std: "docker" "rm" "-f" "e3caa7cde9440d49270cd2c23ab082a0df5bdb0689c9466f7d8e8a3e876027b8", kill_on_drop: false }`
[INFO] [stdout] e3caa7cde9440d49270cd2c23ab082a0df5bdb0689c9466f7d8e8a3e876027b8
