[INFO] cloning repository https://github.com/ntBre/rust-anpass
[INFO] running `Command { std: "git" "-c" "credential.helper=" "-c" "credential.helper=/workspace/cargo-home/bin/git-credential-null" "clone" "--bare" "https://github.com/ntBre/rust-anpass" "/workspace/cache/git-repos/https%3A%2F%2Fgithub.com%2FntBre%2Frust-anpass", kill_on_drop: false }`
[INFO] [stderr] Cloning into bare repository '/workspace/cache/git-repos/https%3A%2F%2Fgithub.com%2FntBre%2Frust-anpass'...
[INFO] running `Command { std: "git" "rev-parse" "HEAD", kill_on_drop: false }`
[INFO] [stdout] 3df920beb6ade3b967c539fa6f7f323e367e7437
[INFO] testing ntBre/rust-anpass against beta-2023-04-20 for beta-1.70-1
[INFO] running `Command { std: "git" "clone" "/workspace/cache/git-repos/https%3A%2F%2Fgithub.com%2FntBre%2Frust-anpass" "/workspace/builds/worker-6-tc2/source", kill_on_drop: false }`
[INFO] [stderr] Cloning into '/workspace/builds/worker-6-tc2/source'...
[INFO] [stderr] done.
[INFO] validating manifest of git repo https://github.com/ntBre/rust-anpass on toolchain beta-2023-04-20
[INFO] running `Command { std: CARGO_HOME="/workspace/cargo-home" RUSTUP_HOME="/workspace/rustup-home" "/workspace/cargo-home/bin/cargo" "+beta-2023-04-20" "metadata" "--manifest-path" "Cargo.toml" "--no-deps", kill_on_drop: false }`
[INFO] started tweaking git repo https://github.com/ntBre/rust-anpass
[INFO] finished tweaking git repo https://github.com/ntBre/rust-anpass
[INFO] tweaked toml for git repo https://github.com/ntBre/rust-anpass written to /workspace/builds/worker-6-tc2/source/Cargo.toml
[INFO] crate git repo https://github.com/ntBre/rust-anpass already has a lockfile, it will not be regenerated
[INFO] running `Command { std: CARGO_HOME="/workspace/cargo-home" RUSTUP_HOME="/workspace/rustup-home" "/workspace/cargo-home/bin/cargo" "+beta-2023-04-20" "fetch" "--manifest-path" "Cargo.toml", kill_on_drop: false }`
[INFO] running `Command { std: "docker" "create" "-v" "/var/lib/crater-agent-workspace/builds/worker-6-tc2/target:/opt/rustwide/target:rw,Z" "-v" "/var/lib/crater-agent-workspace/builds/worker-6-tc2/source:/opt/rustwide/workdir:ro,Z" "-v" "/var/lib/crater-agent-workspace/cargo-home:/opt/rustwide/cargo-home:ro,Z" "-v" "/var/lib/crater-agent-workspace/rustup-home:/opt/rustwide/rustup-home:ro,Z" "-e" "SOURCE_DIR=/opt/rustwide/workdir" "-e" "CARGO_TARGET_DIR=/opt/rustwide/target" "-e" "CARGO_HOME=/opt/rustwide/cargo-home" "-e" "RUSTUP_HOME=/opt/rustwide/rustup-home" "-w" "/opt/rustwide/workdir" "-m" "1610612736" "--user" "0:0" "--network" "none" "ghcr.io/rust-lang/crates-build-env/linux@sha256:5ff2268d62e97bff2cde7d5815dd6ed5b47097566f13b8d0ca110b04b60e07ed" "/opt/rustwide/cargo-home/bin/cargo" "+beta-2023-04-20" "metadata" "--no-deps" "--format-version=1", kill_on_drop: false }`
[INFO] [stdout] 502128b7b2900a12cb8e9960bbadb5ab59ffdc0e1f82efbf5403e681b08ca795
[INFO] running `Command { std: "docker" "start" "-a" "502128b7b2900a12cb8e9960bbadb5ab59ffdc0e1f82efbf5403e681b08ca795", kill_on_drop: false }`
[INFO] running `Command { std: "docker" "inspect" "502128b7b2900a12cb8e9960bbadb5ab59ffdc0e1f82efbf5403e681b08ca795", kill_on_drop: false }`
[INFO] running `Command { std: "docker" "rm" "-f" "502128b7b2900a12cb8e9960bbadb5ab59ffdc0e1f82efbf5403e681b08ca795", kill_on_drop: false }`
[INFO] [stdout] 502128b7b2900a12cb8e9960bbadb5ab59ffdc0e1f82efbf5403e681b08ca795
[INFO] running `Command { std: "docker" "create" "-v" "/var/lib/crater-agent-workspace/builds/worker-6-tc2/target:/opt/rustwide/target:rw,Z" "-v" "/var/lib/crater-agent-workspace/builds/worker-6-tc2/source:/opt/rustwide/workdir:ro,Z" "-v" "/var/lib/crater-agent-workspace/cargo-home:/opt/rustwide/cargo-home:ro,Z" "-v" "/var/lib/crater-agent-workspace/rustup-home:/opt/rustwide/rustup-home:ro,Z" "-e" "SOURCE_DIR=/opt/rustwide/workdir" "-e" "CARGO_TARGET_DIR=/opt/rustwide/target" "-e" "CARGO_INCREMENTAL=0" "-e" "RUST_BACKTRACE=full" "-e" "RUSTFLAGS=--cap-lints=warn" "-e" "RUSTDOCFLAGS=--cap-lints=warn" "-e" "CARGO_HOME=/opt/rustwide/cargo-home" "-e" "RUSTUP_HOME=/opt/rustwide/rustup-home" "-w" "/opt/rustwide/workdir" "-m" "1610612736" "--user" "0:0" "--network" "none" "ghcr.io/rust-lang/crates-build-env/linux@sha256:5ff2268d62e97bff2cde7d5815dd6ed5b47097566f13b8d0ca110b04b60e07ed" "/opt/rustwide/cargo-home/bin/cargo" "+beta-2023-04-20" "build" "--frozen" "--message-format=json", kill_on_drop: false }`
[INFO] [stdout] 557d988396d0f119425f9f1db26b9a01d343b562277c4499271d6dc5e866ab80
[INFO] running `Command { std: "docker" "start" "-a" "557d988396d0f119425f9f1db26b9a01d343b562277c4499271d6dc5e866ab80", kill_on_drop: false }`
[INFO] [stderr]    Compiling autocfg v1.1.0
[INFO] [stderr]    Compiling proc-macro2 v1.0.37
[INFO] [stderr]    Compiling unicode-xid v0.2.3
[INFO] [stderr]    Compiling bytemuck v1.9.1
[INFO] [stderr]    Compiling memchr v2.5.0
[INFO] [stderr]    Compiling syn v1.0.92
[INFO] [stderr]    Compiling typenum v1.15.0
[INFO] [stderr]    Compiling rawpointer v0.2.1
[INFO] [stderr]    Compiling paste v1.0.7
[INFO] [stderr]    Compiling regex-syntax v0.6.25
[INFO] [stderr]    Compiling matrixmultiply v0.3.2
[INFO] [stderr]    Compiling safe_arch v0.6.0
[INFO] [stderr]    Compiling num-traits v0.2.15
[INFO] [stderr]    Compiling num-integer v0.1.45
[INFO] [stderr]    Compiling num-rational v0.4.0
[INFO] [stderr]    Compiling wide v0.7.4
[INFO] [stderr]    Compiling quote v1.0.18
[INFO] [stderr]    Compiling aho-corasick v0.7.18
[INFO] [stderr]    Compiling approx v0.5.1
[INFO] [stderr]    Compiling num-complex v0.4.1
[INFO] [stderr]    Compiling regex v1.5.5
[INFO] [stderr]    Compiling simba v0.8.0
[INFO] [stderr]    Compiling nalgebra-macros v0.2.0
[INFO] [stderr]    Compiling nalgebra v0.32.2
[INFO] [stderr]    Compiling rust-anpass v0.1.0 (/opt/rustwide/workdir)
[INFO] [stderr]     Finished dev [unoptimized + debuginfo] target(s) in 14.89s
[INFO] running `Command { std: "docker" "inspect" "557d988396d0f119425f9f1db26b9a01d343b562277c4499271d6dc5e866ab80", kill_on_drop: false }`
[INFO] running `Command { std: "docker" "rm" "-f" "557d988396d0f119425f9f1db26b9a01d343b562277c4499271d6dc5e866ab80", kill_on_drop: false }`
[INFO] [stdout] 557d988396d0f119425f9f1db26b9a01d343b562277c4499271d6dc5e866ab80
[INFO] running `Command { std: "docker" "create" "-v" "/var/lib/crater-agent-workspace/builds/worker-6-tc2/target:/opt/rustwide/target:rw,Z" "-v" "/var/lib/crater-agent-workspace/builds/worker-6-tc2/source:/opt/rustwide/workdir:ro,Z" "-v" "/var/lib/crater-agent-workspace/cargo-home:/opt/rustwide/cargo-home:ro,Z" "-v" "/var/lib/crater-agent-workspace/rustup-home:/opt/rustwide/rustup-home:ro,Z" "-e" "SOURCE_DIR=/opt/rustwide/workdir" "-e" "CARGO_TARGET_DIR=/opt/rustwide/target" "-e" "CARGO_INCREMENTAL=0" "-e" "RUST_BACKTRACE=full" "-e" "RUSTFLAGS=--cap-lints=warn" "-e" "RUSTDOCFLAGS=--cap-lints=warn" "-e" "CARGO_HOME=/opt/rustwide/cargo-home" "-e" "RUSTUP_HOME=/opt/rustwide/rustup-home" "-w" "/opt/rustwide/workdir" "-m" "1610612736" "--user" "0:0" "--network" "none" "ghcr.io/rust-lang/crates-build-env/linux@sha256:5ff2268d62e97bff2cde7d5815dd6ed5b47097566f13b8d0ca110b04b60e07ed" "/opt/rustwide/cargo-home/bin/cargo" "+beta-2023-04-20" "test" "--frozen" "--no-run" "--message-format=json", kill_on_drop: false }`
[INFO] [stdout] 85bf3c98fdaa01e0923bc566a05c5ca3b94a1bb2645d5d60d294c05b067e16bc
[INFO] running `Command { std: "docker" "start" "-a" "85bf3c98fdaa01e0923bc566a05c5ca3b94a1bb2645d5d60d294c05b067e16bc", kill_on_drop: false }`
[INFO] [stderr]    Compiling num-traits v0.2.15
[INFO] [stderr]    Compiling bytemuck v1.9.1
[INFO] [stderr]    Compiling rawpointer v0.2.1
[INFO] [stderr]    Compiling regex-syntax v0.6.25
[INFO] [stderr]    Compiling num-integer v0.1.45
[INFO] [stderr]    Compiling memchr v2.5.0
[INFO] [stderr]    Compiling num-rational v0.4.0
[INFO] [stderr]    Compiling typenum v1.15.0
[INFO] [stderr]    Compiling matrixmultiply v0.3.2
[INFO] [stderr]    Compiling safe_arch v0.6.0
[INFO] [stderr]    Compiling aho-corasick v0.7.18
[INFO] [stderr]    Compiling wide v0.7.4
[INFO] [stderr]    Compiling num-complex v0.4.1
[INFO] [stderr]    Compiling approx v0.5.1
[INFO] [stderr]    Compiling regex v1.5.5
[INFO] [stderr]    Compiling simba v0.8.0
[INFO] [stderr]    Compiling nalgebra v0.32.2
[INFO] [stderr]    Compiling rust-anpass v0.1.0 (/opt/rustwide/workdir)
[INFO] [stderr]     Finished test [optimized + debuginfo] target(s) in 20.32s
[INFO] running `Command { std: "docker" "inspect" "85bf3c98fdaa01e0923bc566a05c5ca3b94a1bb2645d5d60d294c05b067e16bc", kill_on_drop: false }`
[INFO] running `Command { std: "docker" "rm" "-f" "85bf3c98fdaa01e0923bc566a05c5ca3b94a1bb2645d5d60d294c05b067e16bc", kill_on_drop: false }`
[INFO] [stdout] 85bf3c98fdaa01e0923bc566a05c5ca3b94a1bb2645d5d60d294c05b067e16bc
[INFO] running `Command { std: "docker" "create" "-v" "/var/lib/crater-agent-workspace/builds/worker-6-tc2/target:/opt/rustwide/target:rw,Z" "-v" "/var/lib/crater-agent-workspace/builds/worker-6-tc2/source:/opt/rustwide/workdir:ro,Z" "-v" "/var/lib/crater-agent-workspace/cargo-home:/opt/rustwide/cargo-home:ro,Z" "-v" "/var/lib/crater-agent-workspace/rustup-home:/opt/rustwide/rustup-home:ro,Z" "-e" "SOURCE_DIR=/opt/rustwide/workdir" "-e" "CARGO_TARGET_DIR=/opt/rustwide/target" "-e" "CARGO_INCREMENTAL=0" "-e" "RUST_BACKTRACE=full" "-e" "RUSTFLAGS=--cap-lints=warn" "-e" "RUSTDOCFLAGS=--cap-lints=warn" "-e" "CARGO_HOME=/opt/rustwide/cargo-home" "-e" "RUSTUP_HOME=/opt/rustwide/rustup-home" "-w" "/opt/rustwide/workdir" "-m" "1610612736" "--user" "0:0" "--network" "none" "ghcr.io/rust-lang/crates-build-env/linux@sha256:5ff2268d62e97bff2cde7d5815dd6ed5b47097566f13b8d0ca110b04b60e07ed" "/opt/rustwide/cargo-home/bin/cargo" "+beta-2023-04-20" "test" "--frozen", kill_on_drop: false }`
[INFO] [stdout] 975cab42d11ec879da53ba5bf98ff2865aa41e2807681253c3a19334f96f8ba9
[INFO] running `Command { std: "docker" "start" "-a" "975cab42d11ec879da53ba5bf98ff2865aa41e2807681253c3a19334f96f8ba9", kill_on_drop: false }`
[INFO] [stderr]     Finished test [optimized + debuginfo] target(s) in 0.02s
[INFO] [stderr]      Running unittests src/lib.rs (/opt/rustwide/target/debug/deps/rust_anpass-b0a58da2b4d039ac)
[INFO] [stdout] 
[INFO] [stdout] running 0 tests
[INFO] [stdout] 
[INFO] [stdout] test result: ok. 0 passed; 0 failed; 0 ignored; 0 measured; 0 filtered out; finished in 0.00s
[INFO] [stdout] 
[INFO] [stderr]      Running unittests src/bin/fit.rs (/opt/rustwide/target/debug/deps/fit-71bcc24d7011d1cb)
[INFO] [stdout] 
[INFO] [stdout] running 0 tests
[INFO] [stdout] 
[INFO] [stdout] test result: ok. 0 passed; 0 failed; 0 ignored; 0 measured; 0 filtered out; finished in 0.00s
[INFO] [stdout] 
[INFO] [stderr]      Running unittests src/bin/full.rs (/opt/rustwide/target/debug/deps/full-4ae4068b0d3991be)
[INFO] [stdout] 
[INFO] [stdout] running 0 tests
[INFO] [stdout] 
[INFO] [stdout] test result: ok. 0 passed; 0 failed; 0 ignored; 0 measured; 0 filtered out; finished in 0.00s
[INFO] [stdout] 
[INFO] [stderr]      Running unittests src/bin/newton.rs (/opt/rustwide/target/debug/deps/newton-672e80d56e1828f1)
[INFO] [stdout] 
[INFO] [stdout] running 0 tests
[INFO] [stdout] 
[INFO] [stdout] test result: ok. 0 passed; 0 failed; 0 ignored; 0 measured; 0 filtered out; finished in 0.00s
[INFO] [stdout] 
[INFO] [stderr]      Running unittests src/main.rs (/opt/rustwide/target/debug/deps/rust_anpass-52a99066ccf2e736)
[INFO] [stderr]      Running tests/lib.rs (/opt/rustwide/target/debug/deps/lib-54bd3989b4fccc3c)
[INFO] [stdout] 
[INFO] [stdout] running 0 tests
[INFO] [stdout] 
[INFO] [stdout] test result: ok. 0 passed; 0 failed; 0 ignored; 0 measured; 0 filtered out; finished in 0.00s
[INFO] [stdout] 
[INFO] [stdout] 
[INFO] [stdout] running 7 tests
[INFO] [stdout] test test_fit ... ok
[INFO] [stdout] test test_full_long ... ignored
[INFO] [stdout] test test_bias ... ok
[INFO] [stdout] test test_load ... ok
[INFO] [stdout] test test_newton ... ok
[INFO] [stdout] test test_eval ... ok
[INFO] [stdout] test test_full ... FAILED
[INFO] [stdout] 
[INFO] [stdout] failures:
[INFO] [stdout] 
[INFO] [stdout] ---- test_full stdout ----
[INFO] [stdout] 
[INFO] [stdout] starting testfiles/h2o.in
[INFO] [stdout] finishing after 0.000 sec
[INFO] [stdout] 
[INFO] [stdout] starting testfiles/c3h2.in
[INFO] [stdout] finishing after 0.126 sec
[INFO] [stdout] 
[INFO] [stdout] starting testfiles/c3h2_010.in
[INFO] [stdout] finishing after 0.120 sec
[INFO] [stdout] 
[INFO] [stdout] starting testfiles/hoof.in
[INFO] [stdout] finishing after 0.072 sec
[INFO] [stdout] 
[INFO] [stdout] starting testfiles/hcf.in
[INFO] [stdout] diff = 1.234129e-8
[INFO] [stdout] thread 'test_full' panicked at 'assert_abs_diff_eq!(got[..], want, epsilon = test.eps)
[INFO] [stdout] 
[INFO] [stdout]     left  = [Fc(0, 0, 0, 0, 1.9836443547565252e-17), Fc(1, 0, 0, 0, -2.4361629714074712e-8), Fc(2, 0, 0, 0, -1.2090997412748404e-7), Fc(3, 0, 0, 0, -7.677478496749961e-9), Fc(1, 1, 0, 0, 4.928553021838278), Fc(2, 1, 0, 0, 0.03136856347403572), Fc(2, 2, 0, 0, 7.425848702527143), Fc(3, 1, 0, 0, 0.18712461482348314), Fc(3, 2, 0, 0, 0.25344239926999673), Fc(3, 3, 0, 0, 0.6418820718112577), Fc(1, 1, 1, 0, -31.762959356482497), Fc(2, 1, 1, 0, 0.3330939334794345), Fc(2, 2, 1, 0, -1.4247996253228175), Fc(2, 2, 2, 0, -49.611286912539), Fc(3, 1, 1, 0, 0.15071329249033558), Fc(3, 2, 1, 0, -0.39463960672754317), Fc(3, 2, 2, 0, -0.3942578725968895), Fc(3, 3, 1, 0, -0.26780926081638157), Fc(3, 3, 2, 0, -0.727342401816257), Fc(3, 3, 3, 0, -0.5020472868364124), Fc(1, 1, 1, 1, 151.19170282311472), Fc(2, 1, 1, 1, 0.2744117129342904), Fc(2, 2, 1, 1, -5.0162330728249795), Fc(2, 2, 2, 1, 6.023858598422198), Fc(2, 2, 2, 2, 269.05133152548495), Fc(3, 1, 1, 1, -0.7639203022733239), Fc(3, 2, 1, 1, -0.0898860818883211), Fc(3, 2, 2, 1, 0.9280805861052223), Fc(3, 2, 2, 2, -1.152686537061001), Fc(3, 3, 1, 1, -0.835311782631064), Fc(3, 3, 2, 1, 0.606105458251964), Fc(3, 3, 2, 2, -1.5767706815694138), Fc(3, 3, 3, 1, 1.2581153773393199), Fc(3, 3, 3, 2, 1.4703609321330582), Fc(3, 3, 3, 3, -1.8078934563240532)]
[INFO] [stdout]     right = [Fc(0, 0, 0, 0, 0.0), Fc(1, 0, 0, 0, -2.4362e-8), Fc(2, 0, 0, 0, -1.2091e-7), Fc(3, 0, 0, 0, -7.677e-9), Fc(1, 1, 0, 0, 4.928553021838), Fc(2, 1, 0, 0, 0.031368563474), Fc(2, 2, 0, 0, 7.425848702527), Fc(3, 1, 0, 0, 0.187124614824), Fc(3, 2, 0, 0, 0.25344239927), Fc(3, 3, 0, 0, 0.641882071812), Fc(1, 1, 1, 0, -31.76295935656), Fc(2, 1, 1, 0, 0.333093933437), Fc(2, 2, 1, 0, -1.42479962539), Fc(2, 2, 2, 0, -49.611286912571), Fc(3, 1, 1, 0, 0.150713292498), Fc(3, 2, 1, 0, -0.394639606742), Fc(3, 2, 2, 0, -0.394257872585), Fc(3, 3, 1, 0, -0.267809260864), Fc(3, 3, 2, 0, -0.727342401815), Fc(3, 3, 3, 0, -0.502047286842), Fc(1, 1, 1, 1, 151.191702818904), Fc(2, 1, 1, 1, 0.274411700593), Fc(2, 2, 1, 1, -5.016233076719), Fc(2, 2, 2, 1, 6.023858587941), Fc(2, 2, 2, 2, 269.051331519094), Fc(3, 1, 1, 1, -0.763920306048), Fc(3, 2, 1, 1, -0.089886080074), Fc(3, 2, 2, 1, 0.92808058339), Fc(3, 2, 2, 2, -1.152686533252), Fc(3, 3, 1, 1, -0.83531178528), Fc(3, 3, 2, 1, 0.606105450572), Fc(3, 3, 2, 2, -1.576770683425), Fc(3, 3, 3, 1, 1.258115373898), Fc(3, 3, 3, 2, 1.470360933734), Fc(3, 3, 3, 3, -1.807893462782)]
[INFO] [stdout] 
[INFO] [stdout] ', tests/lib.rs:282:9
[INFO] [stdout] stack backtrace:
[INFO] [stdout]    0:     0x5599704fb27a - std::backtrace_rs::backtrace::libunwind::trace::h2f05d0192276a8f6
[INFO] [stdout]                                at /rustc/1b7dd2252b99671ce5d1cb9664c5f8636329436d/library/std/src/../../backtrace/src/backtrace/libunwind.rs:93:5
[INFO] [stdout]    1:     0x5599704fb27a - std::backtrace_rs::backtrace::trace_unsynchronized::hedc23dff7a1af150
[INFO] [stdout]                                at /rustc/1b7dd2252b99671ce5d1cb9664c5f8636329436d/library/std/src/../../backtrace/src/backtrace/mod.rs:66:5
[INFO] [stdout]    2:     0x5599704fb27a - std::sys_common::backtrace::_print_fmt::h17541ef7592f3ce2
[INFO] [stdout]                                at /rustc/1b7dd2252b99671ce5d1cb9664c5f8636329436d/library/std/src/sys_common/backtrace.rs:65:5
[INFO] [stdout]    3:     0x5599704fb27a - <std::sys_common::backtrace::_print::DisplayBacktrace as core::fmt::Display>::fmt::h20f75df5ab0c0792
[INFO] [stdout]                                at /rustc/1b7dd2252b99671ce5d1cb9664c5f8636329436d/library/std/src/sys_common/backtrace.rs:44:22
[INFO] [stdout]    4:     0x559970520a3f - core::fmt::write::h78109e6f466b3af6
[INFO] [stdout]                                at /rustc/1b7dd2252b99671ce5d1cb9664c5f8636329436d/library/core/src/fmt/mod.rs:1254:17
[INFO] [stdout]    5:     0x5599704f85c5 - std::io::Write::write_fmt::hd24bfb68a1b35a25
[INFO] [stdout]                                at /rustc/1b7dd2252b99671ce5d1cb9664c5f8636329436d/library/std/src/io/mod.rs:1698:15
[INFO] [stdout]    6:     0x5599704fb045 - std::sys_common::backtrace::_print::h8dac57a9f8fbf9a5
[INFO] [stdout]                                at /rustc/1b7dd2252b99671ce5d1cb9664c5f8636329436d/library/std/src/sys_common/backtrace.rs:47:5
[INFO] [stdout]    7:     0x5599704fb045 - std::sys_common::backtrace::print::hf9ecbf41d1aa712f
[INFO] [stdout]                                at /rustc/1b7dd2252b99671ce5d1cb9664c5f8636329436d/library/std/src/sys_common/backtrace.rs:34:9
[INFO] [stdout]    8:     0x5599704fccfe - std::panicking::default_hook::{{closure}}::h04c07acfc84ca028
[INFO] [stdout]                                at /rustc/1b7dd2252b99671ce5d1cb9664c5f8636329436d/library/std/src/panicking.rs:269:22
[INFO] [stdout]    9:     0x5599704fca31 - std::panicking::default_hook::h01f6bb23e1eceb2c
[INFO] [stdout]                                at /rustc/1b7dd2252b99671ce5d1cb9664c5f8636329436d/library/std/src/panicking.rs:285:9
[INFO] [stdout]   10:     0x55997042f00b - <alloc::boxed::Box<F,A> as core::ops::function::Fn<Args>>::call::h87fe9f7b2fd49e4c
[INFO] [stdout]                                at /rustc/1b7dd2252b99671ce5d1cb9664c5f8636329436d/library/alloc/src/boxed.rs:1987:9
[INFO] [stdout]   11:     0x55997042f00b - test::test_main::{{closure}}::he94d679243a7531b
[INFO] [stdout]                                at /rustc/1b7dd2252b99671ce5d1cb9664c5f8636329436d/library/test/src/lib.rs:134:21
[INFO] [stdout]   12:     0x5599704fd3e4 - <alloc::boxed::Box<F,A> as core::ops::function::Fn<Args>>::call::h3f2d6d8b14c4769f
[INFO] [stdout]                                at /rustc/1b7dd2252b99671ce5d1cb9664c5f8636329436d/library/alloc/src/boxed.rs:1987:9
[INFO] [stdout]   13:     0x5599704fd3e4 - std::panicking::rust_panic_with_hook::h2bb3722bbaf2f6df
[INFO] [stdout]                                at /rustc/1b7dd2252b99671ce5d1cb9664c5f8636329436d/library/std/src/panicking.rs:695:13
[INFO] [stdout]   14:     0x5599704fd159 - std::panicking::begin_panic_handler::{{closure}}::h91bc7f36a4be011b
[INFO] [stdout]                                at /rustc/1b7dd2252b99671ce5d1cb9664c5f8636329436d/library/std/src/panicking.rs:582:13
[INFO] [stdout]   15:     0x5599704fb6e6 - std::sys_common::backtrace::__rust_end_short_backtrace::h8b3d3717114f9e59
[INFO] [stdout]                                at /rustc/1b7dd2252b99671ce5d1cb9664c5f8636329436d/library/std/src/sys_common/backtrace.rs:150:18
[INFO] [stdout]   16:     0x5599704fceb2 - rust_begin_unwind
[INFO] [stdout]                                at /rustc/1b7dd2252b99671ce5d1cb9664c5f8636329436d/library/std/src/panicking.rs:578:5
[INFO] [stdout]   17:     0x5599703f5923 - core::panicking::panic_fmt::hfd368e3fbdabea26
[INFO] [stdout]                                at /rustc/1b7dd2252b99671ce5d1cb9664c5f8636329436d/library/core/src/panicking.rs:67:14
[INFO] [stdout]   18:     0x5599703faa18 - lib::full_test::h2097ebae881075cf
[INFO] [stdout]                                at /opt/rustwide/workdir/tests/lib.rs:282:9
[INFO] [stdout]   19:     0x5599703f98d5 - lib::test_full::h0a0932e99df8b570
[INFO] [stdout]                                at /opt/rustwide/workdir/tests/lib.rs:320:5
[INFO] [stdout]   20:     0x5599703f98d5 - lib::test_full::{{closure}}::h09405f0d0b95a40a
[INFO] [stdout]                                at /opt/rustwide/workdir/tests/lib.rs:292:16
[INFO] [stdout]   21:     0x5599703f98d5 - core::ops::function::FnOnce::call_once::h7734aaf6e3899a93
[INFO] [stdout]                                at /rustc/1b7dd2252b99671ce5d1cb9664c5f8636329436d/library/core/src/ops/function.rs:250:5
[INFO] [stdout]   22:     0x559970433edf - core::ops::function::FnOnce::call_once::ha6a70e79f7481a7e
[INFO] [stdout]                                at /rustc/1b7dd2252b99671ce5d1cb9664c5f8636329436d/library/core/src/ops/function.rs:250:5
[INFO] [stdout]   23:     0x559970433edf - test::__rust_begin_short_backtrace::hce33033019b61e69
[INFO] [stdout]                                at /rustc/1b7dd2252b99671ce5d1cb9664c5f8636329436d/library/test/src/lib.rs:655:18
[INFO] [stdout]   24:     0x5599704016cc - test::run_test::{{closure}}::h858d3528838ae3e5
[INFO] [stdout]                                at /rustc/1b7dd2252b99671ce5d1cb9664c5f8636329436d/library/test/src/lib.rs:646:30
[INFO] [stdout]   25:     0x5599704016cc - core::ops::function::FnOnce::call_once{{vtable.shim}}::he8ac2b00f01ae79e
[INFO] [stdout]                                at /rustc/1b7dd2252b99671ce5d1cb9664c5f8636329436d/library/core/src/ops/function.rs:250:5
[INFO] [stdout]   26:     0x559970432fb6 - <alloc::boxed::Box<F,A> as core::ops::function::FnOnce<Args>>::call_once::h8093d25b522725ef
[INFO] [stdout]                                at /rustc/1b7dd2252b99671ce5d1cb9664c5f8636329436d/library/alloc/src/boxed.rs:1973:9
[INFO] [stdout]   27:     0x559970432fb6 - <core::panic::unwind_safe::AssertUnwindSafe<F> as core::ops::function::FnOnce<()>>::call_once::h5c334c204e4a3913
[INFO] [stdout]                                at /rustc/1b7dd2252b99671ce5d1cb9664c5f8636329436d/library/core/src/panic/unwind_safe.rs:271:9
[INFO] [stdout]   28:     0x559970432fb6 - std::panicking::try::do_call::ha8b740c7b9478074
[INFO] [stdout]                                at /rustc/1b7dd2252b99671ce5d1cb9664c5f8636329436d/library/std/src/panicking.rs:485:40
[INFO] [stdout]   29:     0x559970432fb6 - std::panicking::try::h5d34f63d0e41b64e
[INFO] [stdout]                                at /rustc/1b7dd2252b99671ce5d1cb9664c5f8636329436d/library/std/src/panicking.rs:449:19
[INFO] [stdout]   30:     0x559970432fb6 - std::panic::catch_unwind::hcfbb511e1aa7fc67
[INFO] [stdout]                                at /rustc/1b7dd2252b99671ce5d1cb9664c5f8636329436d/library/std/src/panic.rs:140:14
[INFO] [stdout]   31:     0x559970432fb6 - test::run_test_in_process::h9abda90f802eaf21
[INFO] [stdout]                                at /rustc/1b7dd2252b99671ce5d1cb9664c5f8636329436d/library/test/src/lib.rs:678:27
[INFO] [stdout]   32:     0x559970432fb6 - test::run_test::run_test_inner::{{closure}}::h0f058de91f6c6edf
[INFO] [stdout]                                at /rustc/1b7dd2252b99671ce5d1cb9664c5f8636329436d/library/test/src/lib.rs:572:39
[INFO] [stdout]   33:     0x5599703fbed5 - test::run_test::run_test_inner::{{closure}}::h5ca48a4c59c6c1fb
[INFO] [stdout]                                at /rustc/1b7dd2252b99671ce5d1cb9664c5f8636329436d/library/test/src/lib.rs:599:37
[INFO] [stdout]   34:     0x5599703fbed5 - std::sys_common::backtrace::__rust_begin_short_backtrace::h32bd51e1495d4a33
[INFO] [stdout]                                at /rustc/1b7dd2252b99671ce5d1cb9664c5f8636329436d/library/std/src/sys_common/backtrace.rs:134:18
[INFO] [stdout]   35:     0x559970401411 - std::thread::Builder::spawn_unchecked_::{{closure}}::{{closure}}::hc086fae9b128b2db
[INFO] [stdout]                                at /rustc/1b7dd2252b99671ce5d1cb9664c5f8636329436d/library/std/src/thread/mod.rs:526:17
[INFO] [stdout]   36:     0x559970401411 - <core::panic::unwind_safe::AssertUnwindSafe<F> as core::ops::function::FnOnce<()>>::call_once::hb66571888d270d43
[INFO] [stdout]                                at /rustc/1b7dd2252b99671ce5d1cb9664c5f8636329436d/library/core/src/panic/unwind_safe.rs:271:9
[INFO] [stdout]   37:     0x559970401411 - std::panicking::try::do_call::h4fa2ef4f6e51fecf
[INFO] [stdout]                                at /rustc/1b7dd2252b99671ce5d1cb9664c5f8636329436d/library/std/src/panicking.rs:485:40
[INFO] [stdout]   38:     0x559970401411 - std::panicking::try::h1e9e22b8584489b5
[INFO] [stdout]                                at /rustc/1b7dd2252b99671ce5d1cb9664c5f8636329436d/library/std/src/panicking.rs:449:19
[INFO] [stdout]   39:     0x559970401411 - std::panic::catch_unwind::h44698a3de0e0769e
[INFO] [stdout]                                at /rustc/1b7dd2252b99671ce5d1cb9664c5f8636329436d/library/std/src/panic.rs:140:14
[INFO] [stdout]   40:     0x559970401411 - std::thread::Builder::spawn_unchecked_::{{closure}}::h50153abde3fe239e
[INFO] [stdout]                                at /rustc/1b7dd2252b99671ce5d1cb9664c5f8636329436d/library/std/src/thread/mod.rs:525:30
[INFO] [stdout]   41:     0x559970401411 - core::ops::function::FnOnce::call_once{{vtable.shim}}::hbe5bbf6f38394364
[INFO] [stdout]                                at /rustc/1b7dd2252b99671ce5d1cb9664c5f8636329436d/library/core/src/ops/function.rs:250:5
[INFO] [stdout]   42:     0x5599705018e5 - <alloc::boxed::Box<F,A> as core::ops::function::FnOnce<Args>>::call_once::h0d83cb2920a49046
[INFO] [stdout]                                at /rustc/1b7dd2252b99671ce5d1cb9664c5f8636329436d/library/alloc/src/boxed.rs:1973:9
[INFO] [stdout]   43:     0x5599705018e5 - <alloc::boxed::Box<F,A> as core::ops::function::FnOnce<Args>>::call_once::hbe0a008aa7d9ef59
[INFO] [stdout]                                at /rustc/1b7dd2252b99671ce5d1cb9664c5f8636329436d/library/alloc/src/boxed.rs:1973:9
[INFO] [stdout]   44:     0x5599705018e5 - std::sys::unix::thread::Thread::new::thread_start::h3a466996bdf6b1f9
[INFO] [stdout]                                at /rustc/1b7dd2252b99671ce5d1cb9664c5f8636329436d/library/std/src/sys/unix/thread.rs:108:17
[INFO] [stdout]   45:     0x7fa20e3a6b43 - <unknown>
[INFO] [stdout]   46:     0x7fa20e437bb4 - __clone
[INFO] [stdout]   47:                0x0 - <unknown>
[INFO] [stdout] 
[INFO] [stdout] 
[INFO] [stdout] failures:
[INFO] [stdout]     test_full
[INFO] [stdout] 
[INFO] [stdout] test result: FAILED. 5 passed; 1 failed; 1 ignored; 0 measured; 0 filtered out; finished in 0.34s
[INFO] [stdout] 
[INFO] [stderr] error: test failed, to rerun pass `--test lib`
[INFO] running `Command { std: "docker" "inspect" "975cab42d11ec879da53ba5bf98ff2865aa41e2807681253c3a19334f96f8ba9", kill_on_drop: false }`
[INFO] running `Command { std: "docker" "rm" "-f" "975cab42d11ec879da53ba5bf98ff2865aa41e2807681253c3a19334f96f8ba9", kill_on_drop: false }`
[INFO] [stdout] 975cab42d11ec879da53ba5bf98ff2865aa41e2807681253c3a19334f96f8ba9
