[INFO] cloning repository https://github.com/nordberg/adventofcode-2021
[INFO] running `Command { std: "git" "-c" "credential.helper=" "-c" "credential.helper=/workspace/cargo-home/bin/git-credential-null" "clone" "--bare" "https://github.com/nordberg/adventofcode-2021" "/workspace/cache/git-repos/https%3A%2F%2Fgithub.com%2Fnordberg%2Fadventofcode-2021", kill_on_drop: false }`
[INFO] [stderr] Cloning into bare repository '/workspace/cache/git-repos/https%3A%2F%2Fgithub.com%2Fnordberg%2Fadventofcode-2021'...
[INFO] running `Command { std: "git" "rev-parse" "HEAD", kill_on_drop: false }`
[INFO] [stdout] ad293b0c4954074593b3c9d3da33a4b5da3d223e
[INFO] testing nordberg/adventofcode-2021 against 1.69.0 for beta-1.70-1
[INFO] running `Command { std: "git" "clone" "/workspace/cache/git-repos/https%3A%2F%2Fgithub.com%2Fnordberg%2Fadventofcode-2021" "/workspace/builds/worker-6-tc1/source", kill_on_drop: false }`
[INFO] [stderr] Cloning into '/workspace/builds/worker-6-tc1/source'...
[INFO] [stderr] done.
[INFO] validating manifest of git repo https://github.com/nordberg/adventofcode-2021 on toolchain 1.69.0
[INFO] running `Command { std: CARGO_HOME="/workspace/cargo-home" RUSTUP_HOME="/workspace/rustup-home" "/workspace/cargo-home/bin/cargo" "+1.69.0" "metadata" "--manifest-path" "Cargo.toml" "--no-deps", kill_on_drop: false }`
[INFO] started tweaking git repo https://github.com/nordberg/adventofcode-2021
[INFO] finished tweaking git repo https://github.com/nordberg/adventofcode-2021
[INFO] tweaked toml for git repo https://github.com/nordberg/adventofcode-2021 written to /workspace/builds/worker-6-tc1/source/Cargo.toml
[INFO] crate git repo https://github.com/nordberg/adventofcode-2021 already has a lockfile, it will not be regenerated
[INFO] running `Command { std: CARGO_HOME="/workspace/cargo-home" RUSTUP_HOME="/workspace/rustup-home" "/workspace/cargo-home/bin/cargo" "+1.69.0" "fetch" "--manifest-path" "Cargo.toml", kill_on_drop: false }`
[INFO] [stderr]  Downloading crates ...
[INFO] [stderr]   Downloaded memoize v0.1.9
[INFO] running `Command { std: "docker" "create" "-v" "/var/lib/crater-agent-workspace/builds/worker-6-tc1/target:/opt/rustwide/target:rw,Z" "-v" "/var/lib/crater-agent-workspace/builds/worker-6-tc1/source:/opt/rustwide/workdir:ro,Z" "-v" "/var/lib/crater-agent-workspace/cargo-home:/opt/rustwide/cargo-home:ro,Z" "-v" "/var/lib/crater-agent-workspace/rustup-home:/opt/rustwide/rustup-home:ro,Z" "-e" "SOURCE_DIR=/opt/rustwide/workdir" "-e" "CARGO_TARGET_DIR=/opt/rustwide/target" "-e" "CARGO_HOME=/opt/rustwide/cargo-home" "-e" "RUSTUP_HOME=/opt/rustwide/rustup-home" "-w" "/opt/rustwide/workdir" "-m" "1610612736" "--user" "0:0" "--network" "none" "ghcr.io/rust-lang/crates-build-env/linux@sha256:5ff2268d62e97bff2cde7d5815dd6ed5b47097566f13b8d0ca110b04b60e07ed" "/opt/rustwide/cargo-home/bin/cargo" "+1.69.0" "metadata" "--no-deps" "--format-version=1", kill_on_drop: false }`
[INFO] [stdout] bbd8b7fc7ee34a3612cd2f64de313eec577a5871c0101ac9a935a147dc388277
[INFO] running `Command { std: "docker" "start" "-a" "bbd8b7fc7ee34a3612cd2f64de313eec577a5871c0101ac9a935a147dc388277", kill_on_drop: false }`
[INFO] running `Command { std: "docker" "inspect" "bbd8b7fc7ee34a3612cd2f64de313eec577a5871c0101ac9a935a147dc388277", kill_on_drop: false }`
[INFO] running `Command { std: "docker" "rm" "-f" "bbd8b7fc7ee34a3612cd2f64de313eec577a5871c0101ac9a935a147dc388277", kill_on_drop: false }`
[INFO] [stdout] bbd8b7fc7ee34a3612cd2f64de313eec577a5871c0101ac9a935a147dc388277
[INFO] running `Command { std: "docker" "create" "-v" "/var/lib/crater-agent-workspace/builds/worker-6-tc1/target:/opt/rustwide/target:rw,Z" "-v" "/var/lib/crater-agent-workspace/builds/worker-6-tc1/source:/opt/rustwide/workdir:ro,Z" "-v" "/var/lib/crater-agent-workspace/cargo-home:/opt/rustwide/cargo-home:ro,Z" "-v" "/var/lib/crater-agent-workspace/rustup-home:/opt/rustwide/rustup-home:ro,Z" "-e" "SOURCE_DIR=/opt/rustwide/workdir" "-e" "CARGO_TARGET_DIR=/opt/rustwide/target" "-e" "CARGO_INCREMENTAL=0" "-e" "RUST_BACKTRACE=full" "-e" "RUSTFLAGS=--cap-lints=warn" "-e" "RUSTDOCFLAGS=--cap-lints=warn" "-e" "CARGO_HOME=/opt/rustwide/cargo-home" "-e" "RUSTUP_HOME=/opt/rustwide/rustup-home" "-w" "/opt/rustwide/workdir" "-m" "1610612736" "--user" "0:0" "--network" "none" "ghcr.io/rust-lang/crates-build-env/linux@sha256:5ff2268d62e97bff2cde7d5815dd6ed5b47097566f13b8d0ca110b04b60e07ed" "/opt/rustwide/cargo-home/bin/cargo" "+1.69.0" "build" "--frozen" "--message-format=json", kill_on_drop: false }`
[INFO] [stdout] b476e0044e72912276a91a1f0f704ccc8fc43310d77cde764d4b3c6da70c81e0
[INFO] running `Command { std: "docker" "start" "-a" "b476e0044e72912276a91a1f0f704ccc8fc43310d77cde764d4b3c6da70c81e0", kill_on_drop: false }`
[INFO] [stderr]    Compiling proc-macro2 v1.0.32
[INFO] [stderr]    Compiling unicode-xid v0.2.2
[INFO] [stderr]    Compiling syn v1.0.82
[INFO] [stderr]    Compiling rustversion v1.0.5
[INFO] [stderr]    Compiling unicode-segmentation v1.8.0
[INFO] [stderr]    Compiling lazy_static v1.4.0
[INFO] [stderr]    Compiling strum v0.23.0
[INFO] [stderr]    Compiling heck v0.3.3
[INFO] [stderr]    Compiling quote v1.0.10
[INFO] [stderr]    Compiling memoize v0.1.9
[INFO] [stderr]    Compiling strum_macros v0.23.1
[INFO] [stderr]    Compiling AdventOfCodeRust v0.1.0 (/opt/rustwide/workdir)
[INFO] [stdout] warning: unused import: `crate::utils::get_adjacent`
[INFO] [stdout]  --> src/days/day_12.rs:1:5
[INFO] [stdout]   |
[INFO] [stdout] 1 | use crate::utils::get_adjacent;
[INFO] [stdout]   |     ^^^^^^^^^^^^^^^^^^^^^^^^^^
[INFO] [stdout]   |
[INFO] [stdout]   = note: `#[warn(unused_imports)]` on by default
[INFO] [stdout] 
[INFO] [stdout] 
[INFO] [stdout] warning: unused imports: `max`, `min`
[INFO] [stdout]  --> src/days/day_12.rs:2:16
[INFO] [stdout]   |
[INFO] [stdout] 2 | use std::cmp::{max, min};
[INFO] [stdout]   |                ^^^  ^^^
[INFO] [stdout] 
[INFO] [stdout] 
[INFO] [stdout] warning: unused imports: `BTreeMap`, `HashSet`, `VecDeque`
[INFO] [stdout]  --> src/days/day_12.rs:3:24
[INFO] [stdout]   |
[INFO] [stdout] 3 | use std::collections::{BTreeMap, HashMap, HashSet, VecDeque};
[INFO] [stdout]   |                        ^^^^^^^^           ^^^^^^^  ^^^^^^^^
[INFO] [stdout] 
[INFO] [stdout] 
[INFO] [stdout] warning: unused imports: `Binary`, `Debug`, `Formatter`, `Write`
[INFO] [stdout]  --> src/days/day_12.rs:4:16
[INFO] [stdout]   |
[INFO] [stdout] 4 | use std::fmt::{Binary, Debug, Formatter, Write};
[INFO] [stdout]   |                ^^^^^^  ^^^^^  ^^^^^^^^^  ^^^^^
[INFO] [stdout] 
[INFO] [stdout] 
[INFO] [stdout] warning: unused import: `read`
[INFO] [stdout]  --> src/days/day_12.rs:5:15
[INFO] [stdout]   |
[INFO] [stdout] 5 | use std::fs::{read, File};
[INFO] [stdout]   |               ^^^^
[INFO] [stdout] 
[INFO] [stdout] 
[INFO] [stdout] warning: unused import: `std::ops::Index`
[INFO] [stdout]  --> src/days/day_12.rs:7:5
[INFO] [stdout]   |
[INFO] [stdout] 7 | use std::ops::Index;
[INFO] [stdout]   |     ^^^^^^^^^^^^^^^
[INFO] [stdout] 
[INFO] [stdout] 
[INFO] [stdout] warning: unused import: `std::usize`
[INFO] [stdout]  --> src/days/day_12.rs:8:5
[INFO] [stdout]   |
[INFO] [stdout] 8 | use std::usize;
[INFO] [stdout]   |     ^^^^^^^^^^
[INFO] [stdout] 
[INFO] [stdout] 
[INFO] [stdout] warning: unused import: `std::cmp::min`
[INFO] [stdout]  --> src/days/day_14.rs:1:5
[INFO] [stdout]   |
[INFO] [stdout] 1 | use std::cmp::min;
[INFO] [stdout]   |     ^^^^^^^^^^^^^
[INFO] [stdout] 
[INFO] [stdout] 
[INFO] [stdout] warning: unused import: `std::fmt::Debug`
[INFO] [stdout]  --> src/days/day_14.rs:3:5
[INFO] [stdout]   |
[INFO] [stdout] 3 | use std::fmt::Debug;
[INFO] [stdout]   |     ^^^^^^^^^^^^^^^
[INFO] [stdout] 
[INFO] [stdout] 
[INFO] [stdout] warning: unnecessary parentheses around `if` condition
[INFO] [stdout]   --> src/days/day_14.rs:97:12
[INFO] [stdout]    |
[INFO] [stdout] 97 |         if (k.clone() == 'C' || k.clone() == 'K') {
[INFO] [stdout]    |            ^                                    ^
[INFO] [stdout]    |
[INFO] [stdout]    = note: `#[warn(unused_parens)]` on by default
[INFO] [stdout] help: remove these parentheses
[INFO] [stdout]    |
[INFO] [stdout] 97 -         if (k.clone() == 'C' || k.clone() == 'K') {
[INFO] [stdout] 97 +         if k.clone() == 'C' || k.clone() == 'K' {
[INFO] [stdout]    |
[INFO] [stdout] 
[INFO] [stdout] 
[INFO] [stdout] warning: unused import: `max`
[INFO] [stdout]  --> src/days/day_15.rs:2:16
[INFO] [stdout]   |
[INFO] [stdout] 2 | use std::cmp::{max, min};
[INFO] [stdout]   |                ^^^
[INFO] [stdout] 
[INFO] [stdout] 
[INFO] [stdout] warning: unused imports: `BTreeMap`, `BTreeSet`, `BinaryHeap`
[INFO] [stdout]  --> src/days/day_15.rs:3:24
[INFO] [stdout]   |
[INFO] [stdout] 3 | use std::collections::{BTreeMap, BTreeSet, BinaryHeap, HashMap, HashSet};
[INFO] [stdout]   |                        ^^^^^^^^  ^^^^^^^^  ^^^^^^^^^^
[INFO] [stdout] 
[INFO] [stdout] 
[INFO] [stdout] warning: unused imports: `Duration`, `SystemTime`, `UNIX_EPOCH`
[INFO] [stdout]  --> src/days/day_15.rs:4:17
[INFO] [stdout]   |
[INFO] [stdout] 4 | use std::time::{Duration, SystemTime, UNIX_EPOCH};
[INFO] [stdout]   |                 ^^^^^^^^  ^^^^^^^^^^  ^^^^^^^^^^
[INFO] [stdout] 
[INFO] [stdout] 
[INFO] [stdout] warning: variant `up` should have an upper camel case name
[INFO] [stdout]  --> src/days/day_2.rs:8:5
[INFO] [stdout]   |
[INFO] [stdout] 8 |     up,
[INFO] [stdout]   |     ^^ help: convert the identifier to upper camel case (notice the capitalization): `Up`
[INFO] [stdout]   |
[INFO] [stdout]   = note: `#[warn(non_camel_case_types)]` on by default
[INFO] [stdout] 
[INFO] [stdout] 
[INFO] [stdout] warning: variant `down` should have an upper camel case name
[INFO] [stdout]  --> src/days/day_2.rs:9:5
[INFO] [stdout]   |
[INFO] [stdout] 9 |     down,
[INFO] [stdout]   |     ^^^^ help: convert the identifier to upper camel case: `Down`
[INFO] [stdout] 
[INFO] [stdout] 
[INFO] [stdout] warning: variant `forward` should have an upper camel case name
[INFO] [stdout]   --> src/days/day_2.rs:10:5
[INFO] [stdout]    |
[INFO] [stdout] 10 |     forward,
[INFO] [stdout]    |     ^^^^^^^ help: convert the identifier to upper camel case (notice the capitalization): `Forward`
[INFO] [stdout] 
[INFO] [stdout] 
[INFO] [stdout] warning: unused import: `crate::get_adjacent`
[INFO] [stdout]  --> src/days/day_20.rs:1:5
[INFO] [stdout]   |
[INFO] [stdout] 1 | use crate::get_adjacent;
[INFO] [stdout]   |     ^^^^^^^^^^^^^^^^^^^
[INFO] [stdout] 
[INFO] [stdout] 
[INFO] [stdout] warning: unused import: `std::num::ParseIntError`
[INFO] [stdout]  --> src/days/day_20.rs:4:5
[INFO] [stdout]   |
[INFO] [stdout] 4 | use std::num::ParseIntError;
[INFO] [stdout]   |     ^^^^^^^^^^^^^^^^^^^^^^^
[INFO] [stdout] 
[INFO] [stdout] 
[INFO] [stdout] warning: unused import: `std::process::exit`
[INFO] [stdout]  --> src/days/day_25.rs:2:5
[INFO] [stdout]   |
[INFO] [stdout] 2 | use std::process::exit;
[INFO] [stdout]   |     ^^^^^^^^^^^^^^^^^^
[INFO] [stdout] 
[INFO] [stdout] 
[INFO] [stdout] warning: unused import: `crate::get_adjacent`
[INFO] [stdout]  --> src/days/day_9.rs:1:5
[INFO] [stdout]   |
[INFO] [stdout] 1 | use crate::get_adjacent;
[INFO] [stdout]   |     ^^^^^^^^^^^^^^^^^^^
[INFO] [stdout] 
[INFO] [stdout] 
[INFO] [stdout] warning: unused import: `crate::days::day_13::fold`
[INFO] [stdout]  --> src/main.rs:7:5
[INFO] [stdout]   |
[INFO] [stdout] 7 | use crate::days::day_13::fold;
[INFO] [stdout]   |     ^^^^^^^^^^^^^^^^^^^^^^^^^
[INFO] [stdout] 
[INFO] [stdout] 
[INFO] [stdout] warning: unused import: `crate::days::day_14::solve_day_14`
[INFO] [stdout]  --> src/main.rs:8:5
[INFO] [stdout]   |
[INFO] [stdout] 8 | use crate::days::day_14::solve_day_14;
[INFO] [stdout]   |     ^^^^^^^^^^^^^^^^^^^^^^^^^^^^^^^^^
[INFO] [stdout] 
[INFO] [stdout] 
[INFO] [stdout] warning: unused import: `crate::days::day_16::solve_day_16`
[INFO] [stdout]   --> src/main.rs:10:5
[INFO] [stdout]    |
[INFO] [stdout] 10 | use crate::days::day_16::solve_day_16;
[INFO] [stdout]    |     ^^^^^^^^^^^^^^^^^^^^^^^^^^^^^^^^^
[INFO] [stdout] 
[INFO] [stdout] 
[INFO] [stdout] warning: unused import: `crate::days::day_17::solve_day_17`
[INFO] [stdout]   --> src/main.rs:11:5
[INFO] [stdout]    |
[INFO] [stdout] 11 | use crate::days::day_17::solve_day_17;
[INFO] [stdout]    |     ^^^^^^^^^^^^^^^^^^^^^^^^^^^^^^^^^
[INFO] [stdout] 
[INFO] [stdout] 
[INFO] [stdout] warning: unused import: `crate::days::day_20::solve_day_20`
[INFO] [stdout]   --> src/main.rs:12:5
[INFO] [stdout]    |
[INFO] [stdout] 12 | use crate::days::day_20::solve_day_20;
[INFO] [stdout]    |     ^^^^^^^^^^^^^^^^^^^^^^^^^^^^^^^^^
[INFO] [stdout] 
[INFO] [stdout] 
[INFO] [stdout] warning: unused import: `crate::days::day_25::solve`
[INFO] [stdout]   --> src/main.rs:13:5
[INFO] [stdout]    |
[INFO] [stdout] 13 | use crate::days::day_25::solve;
[INFO] [stdout]    |     ^^^^^^^^^^^^^^^^^^^^^^^^^^
[INFO] [stdout] 
[INFO] [stdout] 
[INFO] [stdout] warning: unused import: `crate::days::day_5::solve_day_5`
[INFO] [stdout]   --> src/main.rs:14:5
[INFO] [stdout]    |
[INFO] [stdout] 14 | use crate::days::day_5::solve_day_5;
[INFO] [stdout]    |     ^^^^^^^^^^^^^^^^^^^^^^^^^^^^^^^
[INFO] [stdout] 
[INFO] [stdout] 
[INFO] [stdout] warning: unused import: `crate::days::day_9::solve_day_9`
[INFO] [stdout]   --> src/main.rs:15:5
[INFO] [stdout]    |
[INFO] [stdout] 15 | use crate::days::day_9::solve_day_9;
[INFO] [stdout]    |     ^^^^^^^^^^^^^^^^^^^^^^^^^^^^^^^
[INFO] [stdout] 
[INFO] [stdout] 
[INFO] [stdout] warning: unused imports: `max`, `min`
[INFO] [stdout]   --> src/main.rs:17:16
[INFO] [stdout]    |
[INFO] [stdout] 17 | use std::cmp::{max, min};
[INFO] [stdout]    |                ^^^  ^^^
[INFO] [stdout] 
[INFO] [stdout] 
[INFO] [stdout] warning: unused imports: `BTreeMap`, `HashMap`, `HashSet`, `VecDeque`
[INFO] [stdout]   --> src/main.rs:18:24
[INFO] [stdout]    |
[INFO] [stdout] 18 | use std::collections::{BTreeMap, HashMap, HashSet, VecDeque};
[INFO] [stdout]    |                        ^^^^^^^^  ^^^^^^^  ^^^^^^^  ^^^^^^^^
[INFO] [stdout] 
[INFO] [stdout] 
[INFO] [stdout] warning: unused imports: `Binary`, `Debug`, `Formatter`, `Write`
[INFO] [stdout]   --> src/main.rs:19:16
[INFO] [stdout]    |
[INFO] [stdout] 19 | use std::fmt::{Binary, Debug, Formatter, Write};
[INFO] [stdout]    |                ^^^^^^  ^^^^^  ^^^^^^^^^  ^^^^^
[INFO] [stdout] 
[INFO] [stdout] 
[INFO] [stdout] warning: unused import: `read`
[INFO] [stdout]   --> src/main.rs:20:15
[INFO] [stdout]    |
[INFO] [stdout] 20 | use std::fs::{read, File};
[INFO] [stdout]    |               ^^^^
[INFO] [stdout] 
[INFO] [stdout] 
[INFO] [stdout] warning: unused import: `std::ops::Index`
[INFO] [stdout]   --> src/main.rs:22:5
[INFO] [stdout]    |
[INFO] [stdout] 22 | use std::ops::Index;
[INFO] [stdout]    |     ^^^^^^^^^^^^^^^
[INFO] [stdout] 
[INFO] [stdout] 
[INFO] [stdout] warning: unused import: `std::usize`
[INFO] [stdout]   --> src/main.rs:23:5
[INFO] [stdout]    |
[INFO] [stdout] 23 | use std::usize;
[INFO] [stdout]    |     ^^^^^^^^^^
[INFO] [stdout] 
[INFO] [stdout] 
[INFO] [stdout] warning: unused variable: `result`
[INFO] [stdout]   --> src/days/day_14.rs:26:9
[INFO] [stdout]    |
[INFO] [stdout] 26 |     let result = solve_solve_part_2(String::from(start_chunk), rules, 0);
[INFO] [stdout]    |         ^^^^^^ help: if this is intentional, prefix it with an underscore: `_result`
[INFO] [stdout]    |
[INFO] [stdout]    = note: `#[warn(unused_variables)]` on by default
[INFO] [stdout] 
[INFO] [stdout] 
[INFO] [stdout] warning: unused variable: `steps`
[INFO] [stdout]   --> src/days/day_14.rs:40:76
[INFO] [stdout]    |
[INFO] [stdout] 40 | fn solve_solve_part_2(input: String, rules: HashMap<(char, char), String>, steps: i32) -> String {
[INFO] [stdout]    |                                                                            ^^^^^ help: if this is intentional, prefix it with an underscore: `_steps`
[INFO] [stdout] 
[INFO] [stdout] 
[INFO] [stdout] warning: unused variable: `x`
[INFO] [stdout]   --> src/days/day_17.rs:82:61
[INFO] [stdout]    |
[INFO] [stdout] 82 |             println!("Max y: {}", steps.iter().max_by_key(|(x, y)| *y).unwrap().1);
[INFO] [stdout]    |                                                             ^ help: if this is intentional, prefix it with an underscore: `_x`
[INFO] [stdout] 
[INFO] [stdout] 
[INFO] [stdout] warning: unused variable: `include_diagonals`
[INFO] [stdout]   --> src/utils/mod.rs:91:5
[INFO] [stdout]    |
[INFO] [stdout] 91 |     include_diagonals: bool,
[INFO] [stdout]    |     ^^^^^^^^^^^^^^^^^ help: if this is intentional, prefix it with an underscore: `_include_diagonals`
[INFO] [stdout] 
[INFO] [stdout] 
[INFO] [stdout] warning: unused variable: `include_mid`
[INFO] [stdout]   --> src/utils/mod.rs:92:5
[INFO] [stdout]    |
[INFO] [stdout] 92 |     include_mid: bool,
[INFO] [stdout]    |     ^^^^^^^^^^^ help: if this is intentional, prefix it with an underscore: `_include_mid`
[INFO] [stdout] 
[INFO] [stdout] 
[INFO] [stdout] warning: variable does not need to be mutable
[INFO] [stdout]   --> src/days/day_13.rs:26:9
[INFO] [stdout]    |
[INFO] [stdout] 26 |     let mut left = _left.to_vec();
[INFO] [stdout]    |         ----^^^^
[INFO] [stdout]    |         |
[INFO] [stdout]    |         help: remove this `mut`
[INFO] [stdout]    |
[INFO] [stdout]    = note: `#[warn(unused_mut)]` on by default
[INFO] [stdout] 
[INFO] [stdout] 
[INFO] [stdout] warning: variable does not need to be mutable
[INFO] [stdout]  --> src/days/day_14.rs:8:9
[INFO] [stdout]   |
[INFO] [stdout] 8 |     let mut start_chunk = chunks.next().unwrap();
[INFO] [stdout]   |         ----^^^^^^^^^^^
[INFO] [stdout]   |         |
[INFO] [stdout]   |         help: remove this `mut`
[INFO] [stdout] 
[INFO] [stdout] 
[INFO] [stdout] warning: variable does not need to be mutable
[INFO] [stdout]    --> src/days/day_14.rs:116:5
[INFO] [stdout]     |
[INFO] [stdout] 116 |     mut input: String,
[INFO] [stdout]     |     ----^^^^^
[INFO] [stdout]     |     |
[INFO] [stdout]     |     help: remove this `mut`
[INFO] [stdout] 
[INFO] [stdout] 
[INFO] [stdout] warning: variable does not need to be mutable
[INFO] [stdout]   --> src/days/day_16.rs:33:9
[INFO] [stdout]    |
[INFO] [stdout] 33 |     let mut result = vec![];
[INFO] [stdout]    |         ----^^^^^^
[INFO] [stdout]    |         |
[INFO] [stdout]    |         help: remove this `mut`
[INFO] [stdout] 
[INFO] [stdout] 
[INFO] [stdout] warning: variable does not need to be mutable
[INFO] [stdout]  --> src/days/day_9.rs:8:13
[INFO] [stdout]   |
[INFO] [stdout] 8 |         let mut chars = line.chars();
[INFO] [stdout]   |             ----^^^^^
[INFO] [stdout]   |             |
[INFO] [stdout]   |             help: remove this `mut`
[INFO] [stdout] 
[INFO] [stdout] 
[INFO] [stdout] warning: function `num_of_window_increases` is never used
[INFO] [stdout]  --> src/days/day_1.rs:1:8
[INFO] [stdout]   |
[INFO] [stdout] 1 | pub fn num_of_window_increases(sonar_measurements: &[i32]) -> i32 {
[INFO] [stdout]   |        ^^^^^^^^^^^^^^^^^^^^^^^
[INFO] [stdout]   |
[INFO] [stdout]   = note: `#[warn(dead_code)]` on by default
[INFO] [stdout] 
[INFO] [stdout] 
[INFO] [stdout] warning: constant `PART_TWO` is never used
[INFO] [stdout]  --> src/days/day_11.rs:4:7
[INFO] [stdout]   |
[INFO] [stdout] 4 | const PART_TWO: bool = false;
[INFO] [stdout]   |       ^^^^^^^^
[INFO] [stdout] 
[INFO] [stdout] 
[INFO] [stdout] warning: function `count_flashes` is never used
[INFO] [stdout]  --> src/days/day_11.rs:6:4
[INFO] [stdout]   |
[INFO] [stdout] 6 | fn count_flashes(mut oct: Vec<u32>, width: usize, steps: usize) -> Vec<u32> {
[INFO] [stdout]   |    ^^^^^^^^^^^^^
[INFO] [stdout] 
[INFO] [stdout] 
[INFO] [stdout] warning: function `print_oct` is never used
[INFO] [stdout]   --> src/days/day_11.rs:19:4
[INFO] [stdout]    |
[INFO] [stdout] 19 | fn print_oct(oct: &[u32], width: usize) {
[INFO] [stdout]    |    ^^^^^^^^^
[INFO] [stdout] 
[INFO] [stdout] 
[INFO] [stdout] warning: function `flash_octo` is never used
[INFO] [stdout]   --> src/days/day_11.rs:34:4
[INFO] [stdout]    |
[INFO] [stdout] 34 | fn flash_octo(
[INFO] [stdout]    |    ^^^^^^^^^^
[INFO] [stdout] 
[INFO] [stdout] 
[INFO] [stdout] warning: function `main` is never used
[INFO] [stdout]   --> src/days/day_12.rs:10:4
[INFO] [stdout]    |
[INFO] [stdout] 10 | fn main() -> io::Result<()> {
[INFO] [stdout]    |    ^^^^
[INFO] [stdout] 
[INFO] [stdout] 
[INFO] [stdout] warning: function `calculate_entry_count` is never used
[INFO] [stdout]   --> src/days/day_12.rs:40:4
[INFO] [stdout]    |
[INFO] [stdout] 40 | fn calculate_entry_count<'a>(
[INFO] [stdout]    |    ^^^^^^^^^^^^^^^^^^^^^
[INFO] [stdout] 
[INFO] [stdout] 
[INFO] [stdout] warning: function `fold` is never used
[INFO] [stdout]  --> src/days/day_13.rs:3:8
[INFO] [stdout]   |
[INFO] [stdout] 3 | pub fn fold(points: Vec<(i32, i32)>, mut folds: Vec<(String, i32)>) {
[INFO] [stdout]   |        ^^^^
[INFO] [stdout] 
[INFO] [stdout] 
[INFO] [stdout] warning: function `split_vec_and_reverse_right` is never used
[INFO] [stdout]   --> src/days/day_13.rs:24:4
[INFO] [stdout]    |
[INFO] [stdout] 24 | fn split_vec_and_reverse_right<T: Clone>(v: &Vec<T>, at: usize) -> (Vec<T>, Vec<T>) {
[INFO] [stdout]    |    ^^^^^^^^^^^^^^^^^^^^^^^^^^^
[INFO] [stdout] 
[INFO] [stdout] 
[INFO] [stdout] warning: function `fold_rows` is never used
[INFO] [stdout]   --> src/days/day_13.rs:32:4
[INFO] [stdout]    |
[INFO] [stdout] 32 | fn fold_rows(fold_at: i32, grid: &Vec<Vec<i32>>, is_transposed: bool) -> Vec<(i32, i32)> {
[INFO] [stdout]    |    ^^^^^^^^^
[INFO] [stdout] 
[INFO] [stdout] 
[INFO] [stdout] warning: function `transpose_grid` is never used
[INFO] [stdout]   --> src/days/day_13.rs:50:4
[INFO] [stdout]    |
[INFO] [stdout] 50 | fn transpose_grid(grid: &Vec<Vec<i32>>) -> Vec<Vec<i32>> {
[INFO] [stdout]    |    ^^^^^^^^^^^^^^
[INFO] [stdout] 
[INFO] [stdout] 
[INFO] [stdout] warning: function `points_to_grid` is never used
[INFO] [stdout]   --> src/days/day_13.rs:62:4
[INFO] [stdout]    |
[INFO] [stdout] 62 | fn points_to_grid(points: &[(i32, i32)]) -> Vec<Vec<i32>> {
[INFO] [stdout]    |    ^^^^^^^^^^^^^^
[INFO] [stdout] 
[INFO] [stdout] 
[INFO] [stdout] warning: function `print_paper` is never used
[INFO] [stdout]   --> src/days/day_13.rs:74:4
[INFO] [stdout]    |
[INFO] [stdout] 74 | fn print_paper(paper: &Vec<Vec<i32>>) {
[INFO] [stdout]    |    ^^^^^^^^^^^
[INFO] [stdout] 
[INFO] [stdout] 
[INFO] [stdout] warning: variants `Vertical` and `Horizontal` are never constructed
[INFO] [stdout]    --> src/days/day_13.rs:153:5
[INFO] [stdout]     |
[INFO] [stdout] 152 | enum FoldDirection {
[INFO] [stdout]     |      ------------- variants in this enum
[INFO] [stdout] 153 |     Vertical,
[INFO] [stdout]     |     ^^^^^^^^
[INFO] [stdout] 154 |     Horizontal,
[INFO] [stdout]     |     ^^^^^^^^^^
[INFO] [stdout]     |
[INFO] [stdout]     = note: `FoldDirection` has derived impls for the traits `Clone` and `Debug`, but these are intentionally ignored during dead code analysis
[INFO] [stdout] 
[INFO] [stdout] 
[INFO] [stdout] warning: function `fold_paper` is never used
[INFO] [stdout]    --> src/days/day_13.rs:157:4
[INFO] [stdout]     |
[INFO] [stdout] 157 | fn fold_paper(
[INFO] [stdout]     |    ^^^^^^^^^^
[INFO] [stdout] 
[INFO] [stdout] 
[INFO] [stdout] warning: function `solve_day_14` is never used
[INFO] [stdout]  --> src/days/day_14.rs:5:8
[INFO] [stdout]   |
[INFO] [stdout] 5 | pub fn solve_day_14(input: &str) {
[INFO] [stdout]   |        ^^^^^^^^^^^^
[INFO] [stdout] 
[INFO] [stdout] 
[INFO] [stdout] warning: function `solve_solve_part_2` is never used
[INFO] [stdout]   --> src/days/day_14.rs:40:4
[INFO] [stdout]    |
[INFO] [stdout] 40 | fn solve_solve_part_2(input: String, rules: HashMap<(char, char), String>, steps: i32) -> String {
[INFO] [stdout]    |    ^^^^^^^^^^^^^^^^^^
[INFO] [stdout] 
[INFO] [stdout] 
[INFO] [stdout] warning: function `solve_solve_part_1` is never used
[INFO] [stdout]    --> src/days/day_14.rs:115:4
[INFO] [stdout]     |
[INFO] [stdout] 115 | fn solve_solve_part_1(
[INFO] [stdout]     |    ^^^^^^^^^^^^^^^^^^
[INFO] [stdout] 
[INFO] [stdout] 
[INFO] [stdout] warning: function `print_grid` is never used
[INFO] [stdout]    --> src/days/day_15.rs:110:4
[INFO] [stdout]     |
[INFO] [stdout] 110 | fn print_grid(points: &Vec<u32>, width: usize) {
[INFO] [stdout]     |    ^^^^^^^^^^
[INFO] [stdout] 
[INFO] [stdout] 
[INFO] [stdout] warning: function `lowest_risk` is never used
[INFO] [stdout]    --> src/days/day_15.rs:119:4
[INFO] [stdout]     |
[INFO] [stdout] 119 | fn lowest_risk(
[INFO] [stdout]     |    ^^^^^^^^^^^
[INFO] [stdout] 
[INFO] [stdout] 
[INFO] [stdout] warning: function `solve_day_16` is never used
[INFO] [stdout]  --> src/days/day_16.rs:3:8
[INFO] [stdout]   |
[INFO] [stdout] 3 | pub fn solve_day_16(input: &str) {
[INFO] [stdout]   |        ^^^^^^^^^^^^
[INFO] [stdout] 
[INFO] [stdout] 
[INFO] [stdout] warning: function `extract_sub_packets` is never used
[INFO] [stdout]   --> src/days/day_16.rs:32:4
[INFO] [stdout]    |
[INFO] [stdout] 32 | fn extract_sub_packets(packets: &str) -> Vec<String> {
[INFO] [stdout]    |    ^^^^^^^^^^^^^^^^^^^
[INFO] [stdout] 
[INFO] [stdout] 
[INFO] [stdout] warning: function `find_literal_value` is never used
[INFO] [stdout]   --> src/days/day_16.rs:51:4
[INFO] [stdout]    |
[INFO] [stdout] 51 | fn find_literal_value(packet: &str) -> i32 {
[INFO] [stdout]    |    ^^^^^^^^^^^^^^^^^^
[INFO] [stdout] 
[INFO] [stdout] 
[INFO] [stdout] warning: struct `Projectile` is never constructed
[INFO] [stdout]  --> src/days/day_17.rs:3:8
[INFO] [stdout]   |
[INFO] [stdout] 3 | struct Projectile {
[INFO] [stdout]   |        ^^^^^^^^^^
[INFO] [stdout] 
[INFO] [stdout] 
[INFO] [stdout] warning: function `solve_day_17` is never used
[INFO] [stdout]   --> src/days/day_17.rs:12:8
[INFO] [stdout]    |
[INFO] [stdout] 12 | pub fn solve_day_17() {
[INFO] [stdout]    |        ^^^^^^^^^^^^
[INFO] [stdout] 
[INFO] [stdout] 
[INFO] [stdout] warning: function `print_trajectory` is never used
[INFO] [stdout]   --> src/days/day_17.rs:91:4
[INFO] [stdout]    |
[INFO] [stdout] 91 | fn print_trajectory(lo_x: i32, lo_y: i32, hi_x: i32, hi_y: i32, steps: &[(i32, i32)]) {
[INFO] [stdout]    |    ^^^^^^^^^^^^^^^^
[INFO] [stdout] 
[INFO] [stdout] 
[INFO] [stdout] warning: method `step` is never used
[INFO] [stdout]   --> src/days/day_17.rs:43:8
[INFO] [stdout]    |
[INFO] [stdout] 43 |     fn step(&mut self) {
[INFO] [stdout]    |        ^^^^
[INFO] [stdout] 
[INFO] [stdout] 
[INFO] [stdout] warning: method `get_steps_until_out_of_bounds` is never used
[INFO] [stdout]   --> src/days/day_17.rs:59:8
[INFO] [stdout]    |
[INFO] [stdout] 59 |     fn get_steps_until_out_of_bounds(
[INFO] [stdout]    |        ^^^^^^^^^^^^^^^^^^^^^^^^^^^^^
[INFO] [stdout] 
[INFO] [stdout] 
[INFO] [stdout] warning: struct `Movement` is never constructed
[INFO] [stdout]   --> src/days/day_2.rs:13:8
[INFO] [stdout]    |
[INFO] [stdout] 13 | struct Movement {
[INFO] [stdout]    |        ^^^^^^^^
[INFO] [stdout] 
[INFO] [stdout] 
[INFO] [stdout] warning: fields `horizontal`, `depth`, and `aim` are never read
[INFO] [stdout]   --> src/days/day_2.rs:20:5
[INFO] [stdout]    |
[INFO] [stdout] 19 | struct Point {
[INFO] [stdout]    |        ----- fields in this struct
[INFO] [stdout] 20 |     horizontal: i32,
[INFO] [stdout]    |     ^^^^^^^^^^
[INFO] [stdout] 21 |     depth: i32,
[INFO] [stdout]    |     ^^^^^
[INFO] [stdout] 22 |     aim: i32,
[INFO] [stdout]    |     ^^^
[INFO] [stdout]    |
[INFO] [stdout]    = note: `Point` has derived impls for the traits `Clone` and `Debug`, but these are intentionally ignored during dead code analysis
[INFO] [stdout] 
[INFO] [stdout] 
[INFO] [stdout] warning: function `calculate_movements` is never used
[INFO] [stdout]   --> src/days/day_2.rs:25:8
[INFO] [stdout]    |
[INFO] [stdout] 25 | pub fn calculate_movements() {
[INFO] [stdout]    |        ^^^^^^^^^^^^^^^^^^^
[INFO] [stdout] 
[INFO] [stdout] 
[INFO] [stdout] warning: method `apply` is never used
[INFO] [stdout]   --> src/days/day_2.rs:62:12
[INFO] [stdout]    |
[INFO] [stdout] 62 |     pub fn apply(&self, m: &Movement) -> Point {
[INFO] [stdout]    |            ^^^^^
[INFO] [stdout] 
[INFO] [stdout] 
[INFO] [stdout] warning: function `solve_day_20` is never used
[INFO] [stdout]  --> src/days/day_20.rs:6:8
[INFO] [stdout]   |
[INFO] [stdout] 6 | pub fn solve_day_20(input: &str) {
[INFO] [stdout]   |        ^^^^^^^^^^^^
[INFO] [stdout] 
[INFO] [stdout] 
[INFO] [stdout] warning: function `print_map` is never used
[INFO] [stdout]   --> src/days/day_20.rs:90:4
[INFO] [stdout]    |
[INFO] [stdout] 90 | fn print_map(lights: &HashMap<(i32, i32), i32>) {
[INFO] [stdout]    |    ^^^^^^^^^
[INFO] [stdout] 
[INFO] [stdout] 
[INFO] [stdout] warning: function `get_coords_surrounding` is never used
[INFO] [stdout]    --> src/days/day_20.rs:113:4
[INFO] [stdout]     |
[INFO] [stdout] 113 | fn get_coords_surrounding(point: (i32, i32)) -> Vec<(i32, i32)> {
[INFO] [stdout]     |    ^^^^^^^^^^^^^^^^^^^^^^
[INFO] [stdout] 
[INFO] [stdout] 
[INFO] [stdout] warning: function `solve_day_20_1` is never used
[INFO] [stdout]    --> src/days/day_20.rs:126:8
[INFO] [stdout]     |
[INFO] [stdout] 126 | pub fn solve_day_20_1(input: &str) {
[INFO] [stdout]     |        ^^^^^^^^^^^^^^
[INFO] [stdout] 
[INFO] [stdout] 
[INFO] [stdout] warning: function `transform_image` is never used
[INFO] [stdout]    --> src/days/day_20.rs:175:4
[INFO] [stdout]     |
[INFO] [stdout] 175 | fn transform_image(algo: &[i32], img: &[i32], width: usize, num_transformations: i32) -> Vec<i32> {
[INFO] [stdout]     |    ^^^^^^^^^^^^^^^
[INFO] [stdout] 
[INFO] [stdout] 
[INFO] [stdout] warning: function `vec_into_dec` is never used
[INFO] [stdout]    --> src/days/day_20.rs:195:4
[INFO] [stdout]     |
[INFO] [stdout] 195 | fn vec_into_dec(indices: &[usize], img: &[i32]) -> i32 {
[INFO] [stdout]     |    ^^^^^^^^^^^^
[INFO] [stdout] 
[INFO] [stdout] 
[INFO] [stdout] warning: function `pad_image` is never used
[INFO] [stdout]    --> src/days/day_20.rs:223:4
[INFO] [stdout]     |
[INFO] [stdout] 223 | fn pad_image(img: &[i32], width: usize, pad_size: usize) -> (Vec<i32>, usize) {
[INFO] [stdout]     |    ^^^^^^^^^
[INFO] [stdout] 
[INFO] [stdout] 
[INFO] [stdout] warning: function `print_grid` is never used
[INFO] [stdout]    --> src/days/day_20.rs:273:4
[INFO] [stdout]     |
[INFO] [stdout] 273 | fn print_grid(grid: &[i32], width: usize, i: usize) {
[INFO] [stdout]     |    ^^^^^^^^^^
[INFO] [stdout] 
[INFO] [stdout] 
[INFO] [stdout] warning: variants `Right` and `Down` are never constructed
[INFO] [stdout]  --> src/days/day_25.rs:6:5
[INFO] [stdout]   |
[INFO] [stdout] 5 | enum Direction {
[INFO] [stdout]   |      --------- variants in this enum
[INFO] [stdout] 6 |     Right,
[INFO] [stdout]   |     ^^^^^
[INFO] [stdout] 7 |     Down,
[INFO] [stdout]   |     ^^^^
[INFO] [stdout] 
[INFO] [stdout] 
[INFO] [stdout] warning: function `solve` is never used
[INFO] [stdout]   --> src/days/day_25.rs:10:8
[INFO] [stdout]    |
[INFO] [stdout] 10 | pub fn solve(input: &str) {
[INFO] [stdout]    |        ^^^^^
[INFO] [stdout] 
[INFO] [stdout] 
[INFO] [stdout] warning: fields `ones` and `zeros` are never read
[INFO] [stdout]  --> src/days/day_3.rs:7:5
[INFO] [stdout]   |
[INFO] [stdout] 6 | struct Bits {
[INFO] [stdout]   |        ---- fields in this struct
[INFO] [stdout] 7 |     ones: i32,
[INFO] [stdout]   |     ^^^^
[INFO] [stdout] 8 |     zeros: i32,
[INFO] [stdout]   |     ^^^^^
[INFO] [stdout]   |
[INFO] [stdout]   = note: `Bits` has a derived impl for the trait `Debug`, but this is intentionally ignored during dead code analysis
[INFO] [stdout] 
[INFO] [stdout] 
[INFO] [stdout] warning: function `power_consumption` is never used
[INFO] [stdout]   --> src/days/day_3.rs:11:8
[INFO] [stdout]    |
[INFO] [stdout] 11 | pub fn power_consumption() -> io::Result<()> {
[INFO] [stdout]    |        ^^^^^^^^^^^^^^^^^
[INFO] [stdout] 
[INFO] [stdout] 
[INFO] [stdout] warning: function `calculate_generator_rating` is never used
[INFO] [stdout]   --> src/days/day_3.rs:61:4
[INFO] [stdout]    |
[INFO] [stdout] 61 | fn calculate_generator_rating(bit_strs: Vec<&str>, idx: usize) -> isize {
[INFO] [stdout]    |    ^^^^^^^^^^^^^^^^^^^^^^^^^^
[INFO] [stdout] 
[INFO] [stdout] 
[INFO] [stdout] warning: function `solve_day_5` is never used
[INFO] [stdout]  --> src/days/day_5.rs:4:8
[INFO] [stdout]   |
[INFO] [stdout] 4 | pub fn solve_day_5(input: &str) {
[INFO] [stdout]   |        ^^^^^^^^^^^
[INFO] [stdout] 
[INFO] [stdout] 
[INFO] [stdout] warning: function `fish_population` is never used
[INFO] [stdout]  --> src/days/day_6.rs:5:8
[INFO] [stdout]   |
[INFO] [stdout] 5 | pub fn fish_population(reader: BufReader<File>) -> i64 {
[INFO] [stdout]   |        ^^^^^^^^^^^^^^^
[INFO] [stdout] 
[INFO] [stdout] 
[INFO] [stdout] warning: function `get_steps` is never used
[INFO] [stdout]  --> src/days/day_7.rs:5:4
[INFO] [stdout]   |
[INFO] [stdout] 5 | fn get_steps() -> io::Result<()> {
[INFO] [stdout]   |    ^^^^^^^^^
[INFO] [stdout] 
[INFO] [stdout] 
[INFO] [stdout] warning: fields `rows` and `has_won` are never read
[INFO] [stdout]   --> src/days/day_7.rs:45:5
[INFO] [stdout]    |
[INFO] [stdout] 44 | struct BingoCard {
[INFO] [stdout]    |        --------- fields in this struct
[INFO] [stdout] 45 |     rows: Vec<Vec<i32>>,
[INFO] [stdout]    |     ^^^^
[INFO] [stdout] 46 |     has_won: bool,
[INFO] [stdout]    |     ^^^^^^^
[INFO] [stdout]    |
[INFO] [stdout]    = note: `BingoCard` has a derived impl for the trait `Debug`, but this is intentionally ignored during dead code analysis
[INFO] [stdout] 
[INFO] [stdout] 
[INFO] [stdout] warning: function `bingo` is never used
[INFO] [stdout]    --> src/days/day_7.rs:105:4
[INFO] [stdout]     |
[INFO] [stdout] 105 | fn bingo() -> io::Result<()> {
[INFO] [stdout]     |    ^^^^^
[INFO] [stdout] 
[INFO] [stdout] 
[INFO] [stdout] warning: method `has_bingo` is never used
[INFO] [stdout]   --> src/days/day_7.rs:50:12
[INFO] [stdout]    |
[INFO] [stdout] 50 |     pub fn has_bingo(&self, bingo_numbers: HashSet<i32>) -> bool {
[INFO] [stdout]    |            ^^^^^^^^^
[INFO] [stdout] 
[INFO] [stdout] 
[INFO] [stdout] warning: method `has_vertical_bingo` is never used
[INFO] [stdout]   --> src/days/day_7.rs:56:8
[INFO] [stdout]    |
[INFO] [stdout] 56 |     fn has_vertical_bingo(&self, bingo_numbers: HashSet<i32>) -> bool {
[INFO] [stdout]    |        ^^^^^^^^^^^^^^^^^^
[INFO] [stdout] 
[INFO] [stdout] 
[INFO] [stdout] warning: method `has_horizontal_bingo` is never used
[INFO] [stdout]   --> src/days/day_7.rs:72:8
[INFO] [stdout]    |
[INFO] [stdout] 72 |     fn has_horizontal_bingo(&self, bingo_numbers: HashSet<i32>) -> bool {
[INFO] [stdout]    |        ^^^^^^^^^^^^^^^^^^^^
[INFO] [stdout] 
[INFO] [stdout] 
[INFO] [stdout] warning: method `has_diagonal_bingo` is never used
[INFO] [stdout]   --> src/days/day_7.rs:78:8
[INFO] [stdout]    |
[INFO] [stdout] 78 |     fn has_diagonal_bingo(&self, bingo_numbers: HashSet<i32>) -> bool {
[INFO] [stdout]    |        ^^^^^^^^^^^^^^^^^^
[INFO] [stdout] 
[INFO] [stdout] 
[INFO] [stdout] warning: method `numbers_not_in_bingo` is never used
[INFO] [stdout]   --> src/days/day_7.rs:91:8
[INFO] [stdout]    |
[INFO] [stdout] 91 |     fn numbers_not_in_bingo(&self, bingo_numbers: HashSet<i32>) -> Vec<i32> {
[INFO] [stdout]    |        ^^^^^^^^^^^^^^^^^^^^
[INFO] [stdout] 
[INFO] [stdout] 
[INFO] [stdout] warning: method `win` is never used
[INFO] [stdout]    --> src/days/day_7.rs:100:8
[INFO] [stdout]     |
[INFO] [stdout] 100 |     fn win(&mut self) {
[INFO] [stdout]     |        ^^^
[INFO] [stdout] 
[INFO] [stdout] 
[INFO] [stdout] warning: function `solve_day_9` is never used
[INFO] [stdout]  --> src/days/day_9.rs:4:8
[INFO] [stdout]   |
[INFO] [stdout] 4 | pub fn solve_day_9(input: &str) {
[INFO] [stdout]   |        ^^^^^^^^^^^
[INFO] [stdout] 
[INFO] [stdout] 
[INFO] [stdout] warning: function `find_lowest_points` is never used
[INFO] [stdout]   --> src/days/day_9.rs:18:4
[INFO] [stdout]    |
[INFO] [stdout] 18 | fn find_lowest_points(points: Vec<u32>, width: usize) -> Vec<u32> {
[INFO] [stdout]    |    ^^^^^^^^^^^^^^^^^^
[INFO] [stdout] 
[INFO] [stdout] 
[INFO] [stdout] warning: function `find_basin_size` is never used
[INFO] [stdout]   --> src/days/day_9.rs:51:4
[INFO] [stdout]    |
[INFO] [stdout] 51 | fn find_basin_size(
[INFO] [stdout]    |    ^^^^^^^^^^^^^^^
[INFO] [stdout] 
[INFO] [stdout] 
[INFO] [stdout] warning: function `get_adjacent_optionals` is never used
[INFO] [stdout]   --> src/utils/mod.rs:87:8
[INFO] [stdout]    |
[INFO] [stdout] 87 | pub fn get_adjacent_optionals<T>(
[INFO] [stdout]    |        ^^^^^^^^^^^^^^^^^^^^^^
[INFO] [stdout] 
[INFO] [stdout] 
[INFO] [stdout] warning: crate `AdventOfCodeRust` should have a snake case name
[INFO] [stdout]   |
[INFO] [stdout]   = help: convert the identifier to snake case: `advent_of_code_rust`
[INFO] [stdout]   = note: `#[warn(non_snake_case)]` on by default
[INFO] [stdout] 
[INFO] [stdout] 
[INFO] [stdout] warning: 105 warnings emitted
[INFO] [stdout] 
[INFO] [stdout] 
[INFO] [stderr]     Finished dev [unoptimized + debuginfo] target(s) in 8.50s
[INFO] running `Command { std: "docker" "inspect" "b476e0044e72912276a91a1f0f704ccc8fc43310d77cde764d4b3c6da70c81e0", kill_on_drop: false }`
[INFO] running `Command { std: "docker" "rm" "-f" "b476e0044e72912276a91a1f0f704ccc8fc43310d77cde764d4b3c6da70c81e0", kill_on_drop: false }`
[INFO] [stdout] b476e0044e72912276a91a1f0f704ccc8fc43310d77cde764d4b3c6da70c81e0
[INFO] running `Command { std: "docker" "create" "-v" "/var/lib/crater-agent-workspace/builds/worker-6-tc1/target:/opt/rustwide/target:rw,Z" "-v" "/var/lib/crater-agent-workspace/builds/worker-6-tc1/source:/opt/rustwide/workdir:ro,Z" "-v" "/var/lib/crater-agent-workspace/cargo-home:/opt/rustwide/cargo-home:ro,Z" "-v" "/var/lib/crater-agent-workspace/rustup-home:/opt/rustwide/rustup-home:ro,Z" "-e" "SOURCE_DIR=/opt/rustwide/workdir" "-e" "CARGO_TARGET_DIR=/opt/rustwide/target" "-e" "CARGO_INCREMENTAL=0" "-e" "RUST_BACKTRACE=full" "-e" "RUSTFLAGS=--cap-lints=warn" "-e" "RUSTDOCFLAGS=--cap-lints=warn" "-e" "CARGO_HOME=/opt/rustwide/cargo-home" "-e" "RUSTUP_HOME=/opt/rustwide/rustup-home" "-w" "/opt/rustwide/workdir" "-m" "1610612736" "--user" "0:0" "--network" "none" "ghcr.io/rust-lang/crates-build-env/linux@sha256:5ff2268d62e97bff2cde7d5815dd6ed5b47097566f13b8d0ca110b04b60e07ed" "/opt/rustwide/cargo-home/bin/cargo" "+1.69.0" "test" "--frozen" "--no-run" "--message-format=json", kill_on_drop: false }`
[INFO] [stdout] 5167273e59cdfdc4deed6365fe7afccde61912e7a2c1a50affd2683e0db38225
[INFO] running `Command { std: "docker" "start" "-a" "5167273e59cdfdc4deed6365fe7afccde61912e7a2c1a50affd2683e0db38225", kill_on_drop: false }`
[INFO] [stderr]    Compiling AdventOfCodeRust v0.1.0 (/opt/rustwide/workdir)
[INFO] [stdout] warning: unused import: `crate::utils::get_adjacent`
[INFO] [stdout]  --> src/days/day_12.rs:1:5
[INFO] [stdout]   |
[INFO] [stdout] 1 | use crate::utils::get_adjacent;
[INFO] [stdout]   |     ^^^^^^^^^^^^^^^^^^^^^^^^^^
[INFO] [stdout]   |
[INFO] [stdout]   = note: `#[warn(unused_imports)]` on by default
[INFO] [stdout] 
[INFO] [stdout] 
[INFO] [stdout] warning: unused imports: `max`, `min`
[INFO] [stdout]  --> src/days/day_12.rs:2:16
[INFO] [stdout]   |
[INFO] [stdout] 2 | use std::cmp::{max, min};
[INFO] [stdout]   |                ^^^  ^^^
[INFO] [stdout] 
[INFO] [stdout] 
[INFO] [stdout] warning: unused imports: `BTreeMap`, `HashSet`, `VecDeque`
[INFO] [stdout]  --> src/days/day_12.rs:3:24
[INFO] [stdout]   |
[INFO] [stdout] 3 | use std::collections::{BTreeMap, HashMap, HashSet, VecDeque};
[INFO] [stdout]   |                        ^^^^^^^^           ^^^^^^^  ^^^^^^^^
[INFO] [stdout] 
[INFO] [stdout] 
[INFO] [stdout] warning: unused imports: `Binary`, `Debug`, `Formatter`, `Write`
[INFO] [stdout]  --> src/days/day_12.rs:4:16
[INFO] [stdout]   |
[INFO] [stdout] 4 | use std::fmt::{Binary, Debug, Formatter, Write};
[INFO] [stdout]   |                ^^^^^^  ^^^^^  ^^^^^^^^^  ^^^^^
[INFO] [stdout] 
[INFO] [stdout] 
[INFO] [stdout] warning: unused import: `read`
[INFO] [stdout]  --> src/days/day_12.rs:5:15
[INFO] [stdout]   |
[INFO] [stdout] 5 | use std::fs::{read, File};
[INFO] [stdout]   |               ^^^^
[INFO] [stdout] 
[INFO] [stdout] 
[INFO] [stdout] warning: unused import: `std::ops::Index`
[INFO] [stdout]  --> src/days/day_12.rs:7:5
[INFO] [stdout]   |
[INFO] [stdout] 7 | use std::ops::Index;
[INFO] [stdout]   |     ^^^^^^^^^^^^^^^
[INFO] [stdout] 
[INFO] [stdout] 
[INFO] [stdout] warning: unused import: `std::usize`
[INFO] [stdout]  --> src/days/day_12.rs:8:5
[INFO] [stdout]   |
[INFO] [stdout] 8 | use std::usize;
[INFO] [stdout]   |     ^^^^^^^^^^
[INFO] [stdout] 
[INFO] [stdout] 
[INFO] [stdout] warning: unused import: `std::cmp::min`
[INFO] [stdout]  --> src/days/day_14.rs:1:5
[INFO] [stdout]   |
[INFO] [stdout] 1 | use std::cmp::min;
[INFO] [stdout]   |     ^^^^^^^^^^^^^
[INFO] [stdout] 
[INFO] [stdout] 
[INFO] [stdout] warning: unused import: `std::fmt::Debug`
[INFO] [stdout]  --> src/days/day_14.rs:3:5
[INFO] [stdout]   |
[INFO] [stdout] 3 | use std::fmt::Debug;
[INFO] [stdout]   |     ^^^^^^^^^^^^^^^
[INFO] [stdout] 
[INFO] [stdout] 
[INFO] [stdout] warning: unnecessary parentheses around `if` condition
[INFO] [stdout]   --> src/days/day_14.rs:97:12
[INFO] [stdout]    |
[INFO] [stdout] 97 |         if (k.clone() == 'C' || k.clone() == 'K') {
[INFO] [stdout]    |            ^                                    ^
[INFO] [stdout]    |
[INFO] [stdout]    = note: `#[warn(unused_parens)]` on by default
[INFO] [stdout] help: remove these parentheses
[INFO] [stdout]    |
[INFO] [stdout] 97 -         if (k.clone() == 'C' || k.clone() == 'K') {
[INFO] [stdout] 97 +         if k.clone() == 'C' || k.clone() == 'K' {
[INFO] [stdout]    |
[INFO] [stdout] 
[INFO] [stdout] 
[INFO] [stdout] warning: unused import: `max`
[INFO] [stdout]  --> src/days/day_15.rs:2:16
[INFO] [stdout]   |
[INFO] [stdout] 2 | use std::cmp::{max, min};
[INFO] [stdout]   |                ^^^
[INFO] [stdout] 
[INFO] [stdout] 
[INFO] [stdout] warning: unused imports: `BTreeMap`, `BTreeSet`, `BinaryHeap`
[INFO] [stdout]  --> src/days/day_15.rs:3:24
[INFO] [stdout]   |
[INFO] [stdout] 3 | use std::collections::{BTreeMap, BTreeSet, BinaryHeap, HashMap, HashSet};
[INFO] [stdout]   |                        ^^^^^^^^  ^^^^^^^^  ^^^^^^^^^^
[INFO] [stdout] 
[INFO] [stdout] 
[INFO] [stdout] warning: unused imports: `Duration`, `SystemTime`, `UNIX_EPOCH`
[INFO] [stdout]  --> src/days/day_15.rs:4:17
[INFO] [stdout]   |
[INFO] [stdout] 4 | use std::time::{Duration, SystemTime, UNIX_EPOCH};
[INFO] [stdout]   |                 ^^^^^^^^  ^^^^^^^^^^  ^^^^^^^^^^
[INFO] [stdout] 
[INFO] [stdout] 
[INFO] [stdout] warning: variant `up` should have an upper camel case name
[INFO] [stdout]  --> src/days/day_2.rs:8:5
[INFO] [stdout]   |
[INFO] [stdout] 8 |     up,
[INFO] [stdout]   |     ^^ help: convert the identifier to upper camel case (notice the capitalization): `Up`
[INFO] [stdout]   |
[INFO] [stdout]   = note: `#[warn(non_camel_case_types)]` on by default
[INFO] [stdout] 
[INFO] [stdout] 
[INFO] [stdout] warning: variant `down` should have an upper camel case name
[INFO] [stdout]  --> src/days/day_2.rs:9:5
[INFO] [stdout]   |
[INFO] [stdout] 9 |     down,
[INFO] [stdout]   |     ^^^^ help: convert the identifier to upper camel case: `Down`
[INFO] [stdout] 
[INFO] [stdout] 
[INFO] [stdout] warning: variant `forward` should have an upper camel case name
[INFO] [stdout]   --> src/days/day_2.rs:10:5
[INFO] [stdout]    |
[INFO] [stdout] 10 |     forward,
[INFO] [stdout]    |     ^^^^^^^ help: convert the identifier to upper camel case (notice the capitalization): `Forward`
[INFO] [stdout] 
[INFO] [stdout] 
[INFO] [stdout] warning: unused import: `crate::get_adjacent`
[INFO] [stdout]  --> src/days/day_20.rs:1:5
[INFO] [stdout]   |
[INFO] [stdout] 1 | use crate::get_adjacent;
[INFO] [stdout]   |     ^^^^^^^^^^^^^^^^^^^
[INFO] [stdout] 
[INFO] [stdout] 
[INFO] [stdout] warning: unused import: `std::num::ParseIntError`
[INFO] [stdout]  --> src/days/day_20.rs:4:5
[INFO] [stdout]   |
[INFO] [stdout] 4 | use std::num::ParseIntError;
[INFO] [stdout]   |     ^^^^^^^^^^^^^^^^^^^^^^^
[INFO] [stdout] 
[INFO] [stdout] 
[INFO] [stdout] warning: unused import: `std::process::exit`
[INFO] [stdout]  --> src/days/day_25.rs:2:5
[INFO] [stdout]   |
[INFO] [stdout] 2 | use std::process::exit;
[INFO] [stdout]   |     ^^^^^^^^^^^^^^^^^^
[INFO] [stdout] 
[INFO] [stdout] 
[INFO] [stdout] warning: unused import: `crate::get_adjacent`
[INFO] [stdout]  --> src/days/day_9.rs:1:5
[INFO] [stdout]   |
[INFO] [stdout] 1 | use crate::get_adjacent;
[INFO] [stdout]   |     ^^^^^^^^^^^^^^^^^^^
[INFO] [stdout] 
[INFO] [stdout] 
[INFO] [stdout] warning: unused import: `find_basin_size`
[INFO] [stdout]   --> src/days/day_9.rs:80:30
[INFO] [stdout]    |
[INFO] [stdout] 80 |     use crate::days::day_9::{find_basin_size, find_lowest_points};
[INFO] [stdout]    |                              ^^^^^^^^^^^^^^^
[INFO] [stdout] 
[INFO] [stdout] 
[INFO] [stdout] warning: unused import: `crate::days::day_13::fold`
[INFO] [stdout]  --> src/main.rs:7:5
[INFO] [stdout]   |
[INFO] [stdout] 7 | use crate::days::day_13::fold;
[INFO] [stdout]   |     ^^^^^^^^^^^^^^^^^^^^^^^^^
[INFO] [stdout] 
[INFO] [stdout] 
[INFO] [stdout] warning: unused import: `crate::days::day_14::solve_day_14`
[INFO] [stdout]  --> src/main.rs:8:5
[INFO] [stdout]   |
[INFO] [stdout] 8 | use crate::days::day_14::solve_day_14;
[INFO] [stdout]   |     ^^^^^^^^^^^^^^^^^^^^^^^^^^^^^^^^^
[INFO] [stdout] 
[INFO] [stdout] 
[INFO] [stdout] warning: unused import: `crate::days::day_16::solve_day_16`
[INFO] [stdout]   --> src/main.rs:10:5
[INFO] [stdout]    |
[INFO] [stdout] 10 | use crate::days::day_16::solve_day_16;
[INFO] [stdout]    |     ^^^^^^^^^^^^^^^^^^^^^^^^^^^^^^^^^
[INFO] [stdout] 
[INFO] [stdout] 
[INFO] [stdout] warning: unused import: `crate::days::day_17::solve_day_17`
[INFO] [stdout]   --> src/main.rs:11:5
[INFO] [stdout]    |
[INFO] [stdout] 11 | use crate::days::day_17::solve_day_17;
[INFO] [stdout]    |     ^^^^^^^^^^^^^^^^^^^^^^^^^^^^^^^^^
[INFO] [stdout] 
[INFO] [stdout] 
[INFO] [stdout] warning: unused import: `crate::days::day_20::solve_day_20`
[INFO] [stdout]   --> src/main.rs:12:5
[INFO] [stdout]    |
[INFO] [stdout] 12 | use crate::days::day_20::solve_day_20;
[INFO] [stdout]    |     ^^^^^^^^^^^^^^^^^^^^^^^^^^^^^^^^^
[INFO] [stdout] 
[INFO] [stdout] 
[INFO] [stdout] warning: unused import: `crate::days::day_25::solve`
[INFO] [stdout]   --> src/main.rs:13:5
[INFO] [stdout]    |
[INFO] [stdout] 13 | use crate::days::day_25::solve;
[INFO] [stdout]    |     ^^^^^^^^^^^^^^^^^^^^^^^^^^
[INFO] [stdout] 
[INFO] [stdout] 
[INFO] [stdout] warning: unused import: `crate::days::day_5::solve_day_5`
[INFO] [stdout]   --> src/main.rs:14:5
[INFO] [stdout]    |
[INFO] [stdout] 14 | use crate::days::day_5::solve_day_5;
[INFO] [stdout]    |     ^^^^^^^^^^^^^^^^^^^^^^^^^^^^^^^
[INFO] [stdout] 
[INFO] [stdout] 
[INFO] [stdout] warning: unused import: `crate::days::day_9::solve_day_9`
[INFO] [stdout]   --> src/main.rs:15:5
[INFO] [stdout]    |
[INFO] [stdout] 15 | use crate::days::day_9::solve_day_9;
[INFO] [stdout]    |     ^^^^^^^^^^^^^^^^^^^^^^^^^^^^^^^
[INFO] [stdout] 
[INFO] [stdout] 
[INFO] [stdout] warning: unused imports: `max`, `min`
[INFO] [stdout]   --> src/main.rs:17:16
[INFO] [stdout]    |
[INFO] [stdout] 17 | use std::cmp::{max, min};
[INFO] [stdout]    |                ^^^  ^^^
[INFO] [stdout] 
[INFO] [stdout] 
[INFO] [stdout] warning: unused imports: `BTreeMap`, `HashMap`, `HashSet`, `VecDeque`
[INFO] [stdout]   --> src/main.rs:18:24
[INFO] [stdout]    |
[INFO] [stdout] 18 | use std::collections::{BTreeMap, HashMap, HashSet, VecDeque};
[INFO] [stdout]    |                        ^^^^^^^^  ^^^^^^^  ^^^^^^^  ^^^^^^^^
[INFO] [stdout] 
[INFO] [stdout] 
[INFO] [stdout] warning: unused imports: `Binary`, `Debug`, `Formatter`, `Write`
[INFO] [stdout]   --> src/main.rs:19:16
[INFO] [stdout]    |
[INFO] [stdout] 19 | use std::fmt::{Binary, Debug, Formatter, Write};
[INFO] [stdout]    |                ^^^^^^  ^^^^^  ^^^^^^^^^  ^^^^^
[INFO] [stdout] 
[INFO] [stdout] 
[INFO] [stdout] warning: unused import: `read`
[INFO] [stdout]   --> src/main.rs:20:15
[INFO] [stdout]    |
[INFO] [stdout] 20 | use std::fs::{read, File};
[INFO] [stdout]    |               ^^^^
[INFO] [stdout] 
[INFO] [stdout] 
[INFO] [stdout] warning: unused import: `std::ops::Index`
[INFO] [stdout]   --> src/main.rs:22:5
[INFO] [stdout]    |
[INFO] [stdout] 22 | use std::ops::Index;
[INFO] [stdout]    |     ^^^^^^^^^^^^^^^
[INFO] [stdout] 
[INFO] [stdout] 
[INFO] [stdout] warning: unused import: `std::usize`
[INFO] [stdout]   --> src/main.rs:23:5
[INFO] [stdout]    |
[INFO] [stdout] 23 | use std::usize;
[INFO] [stdout]    |     ^^^^^^^^^^
[INFO] [stdout] 
[INFO] [stdout] 
[INFO] [stdout] warning: unused variable: `result`
[INFO] [stdout]   --> src/days/day_14.rs:26:9
[INFO] [stdout]    |
[INFO] [stdout] 26 |     let result = solve_solve_part_2(String::from(start_chunk), rules, 0);
[INFO] [stdout]    |         ^^^^^^ help: if this is intentional, prefix it with an underscore: `_result`
[INFO] [stdout]    |
[INFO] [stdout]    = note: `#[warn(unused_variables)]` on by default
[INFO] [stdout] 
[INFO] [stdout] 
[INFO] [stdout] warning: unused variable: `steps`
[INFO] [stdout]   --> src/days/day_14.rs:40:76
[INFO] [stdout]    |
[INFO] [stdout] 40 | fn solve_solve_part_2(input: String, rules: HashMap<(char, char), String>, steps: i32) -> String {
[INFO] [stdout]    |                                                                            ^^^^^ help: if this is intentional, prefix it with an underscore: `_steps`
[INFO] [stdout] 
[INFO] [stdout] 
[INFO] [stdout] warning: unused variable: `x`
[INFO] [stdout]   --> src/days/day_17.rs:82:61
[INFO] [stdout]    |
[INFO] [stdout] 82 |             println!("Max y: {}", steps.iter().max_by_key(|(x, y)| *y).unwrap().1);
[INFO] [stdout]    |                                                             ^ help: if this is intentional, prefix it with an underscore: `_x`
[INFO] [stdout] 
[INFO] [stdout] 
[INFO] [stdout] warning: unused variable: `include_diagonals`
[INFO] [stdout]   --> src/utils/mod.rs:91:5
[INFO] [stdout]    |
[INFO] [stdout] 91 |     include_diagonals: bool,
[INFO] [stdout]    |     ^^^^^^^^^^^^^^^^^ help: if this is intentional, prefix it with an underscore: `_include_diagonals`
[INFO] [stdout] 
[INFO] [stdout] 
[INFO] [stdout] warning: unused variable: `include_mid`
[INFO] [stdout]   --> src/utils/mod.rs:92:5
[INFO] [stdout]    |
[INFO] [stdout] 92 |     include_mid: bool,
[INFO] [stdout]    |     ^^^^^^^^^^^ help: if this is intentional, prefix it with an underscore: `_include_mid`
[INFO] [stdout] 
[INFO] [stdout] 
[INFO] [stdout] warning: variable does not need to be mutable
[INFO] [stdout]   --> src/days/day_11.rs:78:13
[INFO] [stdout]    |
[INFO] [stdout] 78 |         let mut oct = vec![
[INFO] [stdout]    |             ----^^^
[INFO] [stdout]    |             |
[INFO] [stdout]    |             help: remove this `mut`
[INFO] [stdout]    |
[INFO] [stdout]    = note: `#[warn(unused_mut)]` on by default
[INFO] [stdout] 
[INFO] [stdout] 
[INFO] [stdout] warning: variable does not need to be mutable
[INFO] [stdout]   --> src/days/day_11.rs:92:13
[INFO] [stdout]    |
[INFO] [stdout] 92 |         let mut oct = vec![
[INFO] [stdout]    |             ----^^^
[INFO] [stdout]    |             |
[INFO] [stdout]    |             help: remove this `mut`
[INFO] [stdout] 
[INFO] [stdout] 
[INFO] [stdout] warning: variable does not need to be mutable
[INFO] [stdout]   --> src/days/day_13.rs:26:9
[INFO] [stdout]    |
[INFO] [stdout] 26 |     let mut left = _left.to_vec();
[INFO] [stdout]    |         ----^^^^
[INFO] [stdout]    |         |
[INFO] [stdout]    |         help: remove this `mut`
[INFO] [stdout] 
[INFO] [stdout] 
[INFO] [stdout] warning: variable does not need to be mutable
[INFO] [stdout]  --> src/days/day_14.rs:8:9
[INFO] [stdout]   |
[INFO] [stdout] 8 |     let mut start_chunk = chunks.next().unwrap();
[INFO] [stdout]   |         ----^^^^^^^^^^^
[INFO] [stdout]   |         |
[INFO] [stdout]   |         help: remove this `mut`
[INFO] [stdout] 
[INFO] [stdout] 
[INFO] [stdout] warning: variable does not need to be mutable
[INFO] [stdout]    --> src/days/day_14.rs:116:5
[INFO] [stdout]     |
[INFO] [stdout] 116 |     mut input: String,
[INFO] [stdout]     |     ----^^^^^
[INFO] [stdout]     |     |
[INFO] [stdout]     |     help: remove this `mut`
[INFO] [stdout] 
[INFO] [stdout] 
[INFO] [stdout] warning: variable does not need to be mutable
[INFO] [stdout]   --> src/days/day_16.rs:33:9
[INFO] [stdout]    |
[INFO] [stdout] 33 |     let mut result = vec![];
[INFO] [stdout]    |         ----^^^^^^
[INFO] [stdout]    |         |
[INFO] [stdout]    |         help: remove this `mut`
[INFO] [stdout] 
[INFO] [stdout] 
[INFO] [stdout] warning: variable does not need to be mutable
[INFO] [stdout]    --> src/days/day_20.rs:215:13
[INFO] [stdout]     |
[INFO] [stdout] 215 |         let mut indices = get_adjacent(&img, 4, 3, true, true);
[INFO] [stdout]     |             ----^^^^^^^
[INFO] [stdout]     |             |
[INFO] [stdout]     |             help: remove this `mut`
[INFO] [stdout] 
[INFO] [stdout] 
[INFO] [stdout] warning: variable does not need to be mutable
[INFO] [stdout]  --> src/days/day_9.rs:8:13
[INFO] [stdout]   |
[INFO] [stdout] 8 |         let mut chars = line.chars();
[INFO] [stdout]   |             ----^^^^^
[INFO] [stdout]   |             |
[INFO] [stdout]   |             help: remove this `mut`
[INFO] [stdout] 
[INFO] [stdout] 
[INFO] [stdout] warning: function `num_of_window_increases` is never used
[INFO] [stdout]  --> src/days/day_1.rs:1:8
[INFO] [stdout]   |
[INFO] [stdout] 1 | pub fn num_of_window_increases(sonar_measurements: &[i32]) -> i32 {
[INFO] [stdout]   |        ^^^^^^^^^^^^^^^^^^^^^^^
[INFO] [stdout]   |
[INFO] [stdout]   = note: `#[warn(dead_code)]` on by default
[INFO] [stdout] 
[INFO] [stdout] 
[INFO] [stdout] warning: function `main` is never used
[INFO] [stdout]   --> src/days/day_12.rs:10:4
[INFO] [stdout]    |
[INFO] [stdout] 10 | fn main() -> io::Result<()> {
[INFO] [stdout]    |    ^^^^
[INFO] [stdout] 
[INFO] [stdout] 
[INFO] [stdout] warning: function `calculate_entry_count` is never used
[INFO] [stdout]   --> src/days/day_12.rs:40:4
[INFO] [stdout]    |
[INFO] [stdout] 40 | fn calculate_entry_count<'a>(
[INFO] [stdout]    |    ^^^^^^^^^^^^^^^^^^^^^
[INFO] [stdout] 
[INFO] [stdout] 
[INFO] [stdout] warning: function `fold` is never used
[INFO] [stdout]  --> src/days/day_13.rs:3:8
[INFO] [stdout]   |
[INFO] [stdout] 3 | pub fn fold(points: Vec<(i32, i32)>, mut folds: Vec<(String, i32)>) {
[INFO] [stdout]   |        ^^^^
[INFO] [stdout] 
[INFO] [stdout] 
[INFO] [stdout] warning: function `transpose_grid` is never used
[INFO] [stdout]   --> src/days/day_13.rs:50:4
[INFO] [stdout]    |
[INFO] [stdout] 50 | fn transpose_grid(grid: &Vec<Vec<i32>>) -> Vec<Vec<i32>> {
[INFO] [stdout]    |    ^^^^^^^^^^^^^^
[INFO] [stdout] 
[INFO] [stdout] 
[INFO] [stdout] warning: function `points_to_grid` is never used
[INFO] [stdout]   --> src/days/day_13.rs:62:4
[INFO] [stdout]    |
[INFO] [stdout] 62 | fn points_to_grid(points: &[(i32, i32)]) -> Vec<Vec<i32>> {
[INFO] [stdout]    |    ^^^^^^^^^^^^^^
[INFO] [stdout] 
[INFO] [stdout] 
[INFO] [stdout] warning: function `print_paper` is never used
[INFO] [stdout]   --> src/days/day_13.rs:74:4
[INFO] [stdout]    |
[INFO] [stdout] 74 | fn print_paper(paper: &Vec<Vec<i32>>) {
[INFO] [stdout]    |    ^^^^^^^^^^^
[INFO] [stdout] 
[INFO] [stdout] 
[INFO] [stdout] warning: variants `Vertical` and `Horizontal` are never constructed
[INFO] [stdout]    --> src/days/day_13.rs:153:5
[INFO] [stdout]     |
[INFO] [stdout] 152 | enum FoldDirection {
[INFO] [stdout]     |      ------------- variants in this enum
[INFO] [stdout] 153 |     Vertical,
[INFO] [stdout]     |     ^^^^^^^^
[INFO] [stdout] 154 |     Horizontal,
[INFO] [stdout]     |     ^^^^^^^^^^
[INFO] [stdout]     |
[INFO] [stdout]     = note: `FoldDirection` has derived impls for the traits `Clone` and `Debug`, but these are intentionally ignored during dead code analysis
[INFO] [stdout] 
[INFO] [stdout] 
[INFO] [stdout] warning: function `fold_paper` is never used
[INFO] [stdout]    --> src/days/day_13.rs:157:4
[INFO] [stdout]     |
[INFO] [stdout] 157 | fn fold_paper(
[INFO] [stdout]     |    ^^^^^^^^^^
[INFO] [stdout] 
[INFO] [stdout] 
[INFO] [stdout] warning: function `test_folding_minimal_grid` is never used
[INFO] [stdout]    --> src/days/day_13.rs:101:8
[INFO] [stdout]     |
[INFO] [stdout] 101 |     fn test_folding_minimal_grid() {
[INFO] [stdout]     |        ^^^^^^^^^^^^^^^^^^^^^^^^^
[INFO] [stdout] 
[INFO] [stdout] 
[INFO] [stdout] warning: function `test_folding_minimal_grid_with_rows` is never used
[INFO] [stdout]    --> src/days/day_13.rs:110:8
[INFO] [stdout]     |
[INFO] [stdout] 110 |     fn test_folding_minimal_grid_with_rows() {
[INFO] [stdout]     |        ^^^^^^^^^^^^^^^^^^^^^^^^^^^^^^^^^^^
[INFO] [stdout] 
[INFO] [stdout] 
[INFO] [stdout] warning: function `test_folding_minimal_grid_with_rows_left_ones` is never used
[INFO] [stdout]    --> src/days/day_13.rs:119:8
[INFO] [stdout]     |
[INFO] [stdout] 119 |     fn test_folding_minimal_grid_with_rows_left_ones() {
[INFO] [stdout]     |        ^^^^^^^^^^^^^^^^^^^^^^^^^^^^^^^^^^^^^^^^^^^^^
[INFO] [stdout] 
[INFO] [stdout] 
[INFO] [stdout] warning: function `test_folding_minimal_grid_with_rows_only_ones` is never used
[INFO] [stdout]    --> src/days/day_13.rs:128:8
[INFO] [stdout]     |
[INFO] [stdout] 128 |     fn test_folding_minimal_grid_with_rows_only_ones() {
[INFO] [stdout]     |        ^^^^^^^^^^^^^^^^^^^^^^^^^^^^^^^^^^^^^^^^^^^^^
[INFO] [stdout] 
[INFO] [stdout] 
[INFO] [stdout] warning: function `solve_day_14` is never used
[INFO] [stdout]  --> src/days/day_14.rs:5:8
[INFO] [stdout]   |
[INFO] [stdout] 5 | pub fn solve_day_14(input: &str) {
[INFO] [stdout]   |        ^^^^^^^^^^^^
[INFO] [stdout] 
[INFO] [stdout] 
[INFO] [stdout] warning: function `solve_solve_part_2` is never used
[INFO] [stdout]   --> src/days/day_14.rs:40:4
[INFO] [stdout]    |
[INFO] [stdout] 40 | fn solve_solve_part_2(input: String, rules: HashMap<(char, char), String>, steps: i32) -> String {
[INFO] [stdout]    |    ^^^^^^^^^^^^^^^^^^
[INFO] [stdout] 
[INFO] [stdout] 
[INFO] [stdout] warning: function `solve_solve_part_1` is never used
[INFO] [stdout]    --> src/days/day_14.rs:115:4
[INFO] [stdout]     |
[INFO] [stdout] 115 | fn solve_solve_part_1(
[INFO] [stdout]     |    ^^^^^^^^^^^^^^^^^^
[INFO] [stdout] 
[INFO] [stdout] 
[INFO] [stdout] warning: function `print_grid` is never used
[INFO] [stdout]    --> src/days/day_15.rs:110:4
[INFO] [stdout]     |
[INFO] [stdout] 110 | fn print_grid(points: &Vec<u32>, width: usize) {
[INFO] [stdout]     |    ^^^^^^^^^^
[INFO] [stdout] 
[INFO] [stdout] 
[INFO] [stdout] warning: function `lowest_risk` is never used
[INFO] [stdout]    --> src/days/day_15.rs:119:4
[INFO] [stdout]     |
[INFO] [stdout] 119 | fn lowest_risk(
[INFO] [stdout]     |    ^^^^^^^^^^^
[INFO] [stdout] 
[INFO] [stdout] 
[INFO] [stdout] warning: function `solve_day_16` is never used
[INFO] [stdout]  --> src/days/day_16.rs:3:8
[INFO] [stdout]   |
[INFO] [stdout] 3 | pub fn solve_day_16(input: &str) {
[INFO] [stdout]   |        ^^^^^^^^^^^^
[INFO] [stdout] 
[INFO] [stdout] 
[INFO] [stdout] warning: function `extract_sub_packets` is never used
[INFO] [stdout]   --> src/days/day_16.rs:32:4
[INFO] [stdout]    |
[INFO] [stdout] 32 | fn extract_sub_packets(packets: &str) -> Vec<String> {
[INFO] [stdout]    |    ^^^^^^^^^^^^^^^^^^^
[INFO] [stdout] 
[INFO] [stdout] 
[INFO] [stdout] warning: function `find_literal_value` is never used
[INFO] [stdout]   --> src/days/day_16.rs:51:4
[INFO] [stdout]    |
[INFO] [stdout] 51 | fn find_literal_value(packet: &str) -> i32 {
[INFO] [stdout]    |    ^^^^^^^^^^^^^^^^^^
[INFO] [stdout] 
[INFO] [stdout] 
[INFO] [stdout] warning: struct `Projectile` is never constructed
[INFO] [stdout]  --> src/days/day_17.rs:3:8
[INFO] [stdout]   |
[INFO] [stdout] 3 | struct Projectile {
[INFO] [stdout]   |        ^^^^^^^^^^
[INFO] [stdout] 
[INFO] [stdout] 
[INFO] [stdout] warning: function `solve_day_17` is never used
[INFO] [stdout]   --> src/days/day_17.rs:12:8
[INFO] [stdout]    |
[INFO] [stdout] 12 | pub fn solve_day_17() {
[INFO] [stdout]    |        ^^^^^^^^^^^^
[INFO] [stdout] 
[INFO] [stdout] 
[INFO] [stdout] warning: function `print_trajectory` is never used
[INFO] [stdout]   --> src/days/day_17.rs:91:4
[INFO] [stdout]    |
[INFO] [stdout] 91 | fn print_trajectory(lo_x: i32, lo_y: i32, hi_x: i32, hi_y: i32, steps: &[(i32, i32)]) {
[INFO] [stdout]    |    ^^^^^^^^^^^^^^^^
[INFO] [stdout] 
[INFO] [stdout] 
[INFO] [stdout] warning: method `step` is never used
[INFO] [stdout]   --> src/days/day_17.rs:43:8
[INFO] [stdout]    |
[INFO] [stdout] 43 |     fn step(&mut self) {
[INFO] [stdout]    |        ^^^^
[INFO] [stdout] 
[INFO] [stdout] 
[INFO] [stdout] warning: method `get_steps_until_out_of_bounds` is never used
[INFO] [stdout]   --> src/days/day_17.rs:59:8
[INFO] [stdout]    |
[INFO] [stdout] 59 |     fn get_steps_until_out_of_bounds(
[INFO] [stdout]    |        ^^^^^^^^^^^^^^^^^^^^^^^^^^^^^
[INFO] [stdout] 
[INFO] [stdout] 
[INFO] [stdout] warning: struct `Movement` is never constructed
[INFO] [stdout]   --> src/days/day_2.rs:13:8
[INFO] [stdout]    |
[INFO] [stdout] 13 | struct Movement {
[INFO] [stdout]    |        ^^^^^^^^
[INFO] [stdout] 
[INFO] [stdout] 
[INFO] [stdout] warning: fields `horizontal`, `depth`, and `aim` are never read
[INFO] [stdout]   --> src/days/day_2.rs:20:5
[INFO] [stdout]    |
[INFO] [stdout] 19 | struct Point {
[INFO] [stdout]    |        ----- fields in this struct
[INFO] [stdout] 20 |     horizontal: i32,
[INFO] [stdout]    |     ^^^^^^^^^^
[INFO] [stdout] 21 |     depth: i32,
[INFO] [stdout]    |     ^^^^^
[INFO] [stdout] 22 |     aim: i32,
[INFO] [stdout]    |     ^^^
[INFO] [stdout]    |
[INFO] [stdout]    = note: `Point` has derived impls for the traits `Clone` and `Debug`, but these are intentionally ignored during dead code analysis
[INFO] [stdout] 
[INFO] [stdout] 
[INFO] [stdout] warning: function `calculate_movements` is never used
[INFO] [stdout]   --> src/days/day_2.rs:25:8
[INFO] [stdout]    |
[INFO] [stdout] 25 | pub fn calculate_movements() {
[INFO] [stdout]    |        ^^^^^^^^^^^^^^^^^^^
[INFO] [stdout] 
[INFO] [stdout] 
[INFO] [stdout] warning: method `apply` is never used
[INFO] [stdout]   --> src/days/day_2.rs:62:12
[INFO] [stdout]    |
[INFO] [stdout] 62 |     pub fn apply(&self, m: &Movement) -> Point {
[INFO] [stdout]    |            ^^^^^
[INFO] [stdout] 
[INFO] [stdout] 
[INFO] [stdout] warning: function `solve_day_20` is never used
[INFO] [stdout]  --> src/days/day_20.rs:6:8
[INFO] [stdout]   |
[INFO] [stdout] 6 | pub fn solve_day_20(input: &str) {
[INFO] [stdout]   |        ^^^^^^^^^^^^
[INFO] [stdout] 
[INFO] [stdout] 
[INFO] [stdout] warning: function `print_map` is never used
[INFO] [stdout]   --> src/days/day_20.rs:90:4
[INFO] [stdout]    |
[INFO] [stdout] 90 | fn print_map(lights: &HashMap<(i32, i32), i32>) {
[INFO] [stdout]    |    ^^^^^^^^^
[INFO] [stdout] 
[INFO] [stdout] 
[INFO] [stdout] warning: function `get_coords_surrounding` is never used
[INFO] [stdout]    --> src/days/day_20.rs:113:4
[INFO] [stdout]     |
[INFO] [stdout] 113 | fn get_coords_surrounding(point: (i32, i32)) -> Vec<(i32, i32)> {
[INFO] [stdout]     |    ^^^^^^^^^^^^^^^^^^^^^^
[INFO] [stdout] 
[INFO] [stdout] 
[INFO] [stdout] warning: function `solve_day_20_1` is never used
[INFO] [stdout]    --> src/days/day_20.rs:126:8
[INFO] [stdout]     |
[INFO] [stdout] 126 | pub fn solve_day_20_1(input: &str) {
[INFO] [stdout]     |        ^^^^^^^^^^^^^^
[INFO] [stdout] 
[INFO] [stdout] 
[INFO] [stdout] warning: function `transform_image` is never used
[INFO] [stdout]    --> src/days/day_20.rs:175:4
[INFO] [stdout]     |
[INFO] [stdout] 175 | fn transform_image(algo: &[i32], img: &[i32], width: usize, num_transformations: i32) -> Vec<i32> {
[INFO] [stdout]     |    ^^^^^^^^^^^^^^^
[INFO] [stdout] 
[INFO] [stdout] 
[INFO] [stdout] warning: function `print_grid` is never used
[INFO] [stdout]    --> src/days/day_20.rs:273:4
[INFO] [stdout]     |
[INFO] [stdout] 273 | fn print_grid(grid: &[i32], width: usize, i: usize) {
[INFO] [stdout]     |    ^^^^^^^^^^
[INFO] [stdout] 
[INFO] [stdout] 
[INFO] [stdout] warning: variants `Right` and `Down` are never constructed
[INFO] [stdout]  --> src/days/day_25.rs:6:5
[INFO] [stdout]   |
[INFO] [stdout] 5 | enum Direction {
[INFO] [stdout]   |      --------- variants in this enum
[INFO] [stdout] 6 |     Right,
[INFO] [stdout]   |     ^^^^^
[INFO] [stdout] 7 |     Down,
[INFO] [stdout]   |     ^^^^
[INFO] [stdout] 
[INFO] [stdout] 
[INFO] [stdout] warning: function `solve` is never used
[INFO] [stdout]   --> src/days/day_25.rs:10:8
[INFO] [stdout]    |
[INFO] [stdout] 10 | pub fn solve(input: &str) {
[INFO] [stdout]    |        ^^^^^
[INFO] [stdout] 
[INFO] [stdout] 
[INFO] [stdout] warning: fields `ones` and `zeros` are never read
[INFO] [stdout]  --> src/days/day_3.rs:7:5
[INFO] [stdout]   |
[INFO] [stdout] 6 | struct Bits {
[INFO] [stdout]   |        ---- fields in this struct
[INFO] [stdout] 7 |     ones: i32,
[INFO] [stdout]   |     ^^^^
[INFO] [stdout] 8 |     zeros: i32,
[INFO] [stdout]   |     ^^^^^
[INFO] [stdout]   |
[INFO] [stdout]   = note: `Bits` has a derived impl for the trait `Debug`, but this is intentionally ignored during dead code analysis
[INFO] [stdout] 
[INFO] [stdout] 
[INFO] [stdout] warning: function `power_consumption` is never used
[INFO] [stdout]   --> src/days/day_3.rs:11:8
[INFO] [stdout]    |
[INFO] [stdout] 11 | pub fn power_consumption() -> io::Result<()> {
[INFO] [stdout]    |        ^^^^^^^^^^^^^^^^^
[INFO] [stdout] 
[INFO] [stdout] 
[INFO] [stdout] warning: function `calculate_generator_rating` is never used
[INFO] [stdout]   --> src/days/day_3.rs:61:4
[INFO] [stdout]    |
[INFO] [stdout] 61 | fn calculate_generator_rating(bit_strs: Vec<&str>, idx: usize) -> isize {
[INFO] [stdout]    |    ^^^^^^^^^^^^^^^^^^^^^^^^^^
[INFO] [stdout] 
[INFO] [stdout] 
[INFO] [stdout] warning: function `solve_day_5` is never used
[INFO] [stdout]  --> src/days/day_5.rs:4:8
[INFO] [stdout]   |
[INFO] [stdout] 4 | pub fn solve_day_5(input: &str) {
[INFO] [stdout]   |        ^^^^^^^^^^^
[INFO] [stdout] 
[INFO] [stdout] 
[INFO] [stdout] warning: function `fish_population` is never used
[INFO] [stdout]  --> src/days/day_6.rs:5:8
[INFO] [stdout]   |
[INFO] [stdout] 5 | pub fn fish_population(reader: BufReader<File>) -> i64 {
[INFO] [stdout]   |        ^^^^^^^^^^^^^^^
[INFO] [stdout] 
[INFO] [stdout] 
[INFO] [stdout] warning: function `get_steps` is never used
[INFO] [stdout]  --> src/days/day_7.rs:5:4
[INFO] [stdout]   |
[INFO] [stdout] 5 | fn get_steps() -> io::Result<()> {
[INFO] [stdout]   |    ^^^^^^^^^
[INFO] [stdout] 
[INFO] [stdout] 
[INFO] [stdout] warning: fields `rows` and `has_won` are never read
[INFO] [stdout]   --> src/days/day_7.rs:45:5
[INFO] [stdout]    |
[INFO] [stdout] 44 | struct BingoCard {
[INFO] [stdout]    |        --------- fields in this struct
[INFO] [stdout] 45 |     rows: Vec<Vec<i32>>,
[INFO] [stdout]    |     ^^^^
[INFO] [stdout] 46 |     has_won: bool,
[INFO] [stdout]    |     ^^^^^^^
[INFO] [stdout]    |
[INFO] [stdout]    = note: `BingoCard` has a derived impl for the trait `Debug`, but this is intentionally ignored during dead code analysis
[INFO] [stdout] 
[INFO] [stdout] 
[INFO] [stdout] warning: function `bingo` is never used
[INFO] [stdout]    --> src/days/day_7.rs:105:4
[INFO] [stdout]     |
[INFO] [stdout] 105 | fn bingo() -> io::Result<()> {
[INFO] [stdout]     |    ^^^^^
[INFO] [stdout] 
[INFO] [stdout] 
[INFO] [stdout] warning: method `has_bingo` is never used
[INFO] [stdout]   --> src/days/day_7.rs:50:12
[INFO] [stdout]    |
[INFO] [stdout] 50 |     pub fn has_bingo(&self, bingo_numbers: HashSet<i32>) -> bool {
[INFO] [stdout]    |            ^^^^^^^^^
[INFO] [stdout] 
[INFO] [stdout] 
[INFO] [stdout] warning: method `has_vertical_bingo` is never used
[INFO] [stdout]   --> src/days/day_7.rs:56:8
[INFO] [stdout]    |
[INFO] [stdout] 56 |     fn has_vertical_bingo(&self, bingo_numbers: HashSet<i32>) -> bool {
[INFO] [stdout]    |        ^^^^^^^^^^^^^^^^^^
[INFO] [stdout] 
[INFO] [stdout] 
[INFO] [stdout] warning: method `has_horizontal_bingo` is never used
[INFO] [stdout]   --> src/days/day_7.rs:72:8
[INFO] [stdout]    |
[INFO] [stdout] 72 |     fn has_horizontal_bingo(&self, bingo_numbers: HashSet<i32>) -> bool {
[INFO] [stdout]    |        ^^^^^^^^^^^^^^^^^^^^
[INFO] [stdout] 
[INFO] [stdout] 
[INFO] [stdout] warning: method `has_diagonal_bingo` is never used
[INFO] [stdout]   --> src/days/day_7.rs:78:8
[INFO] [stdout]    |
[INFO] [stdout] 78 |     fn has_diagonal_bingo(&self, bingo_numbers: HashSet<i32>) -> bool {
[INFO] [stdout]    |        ^^^^^^^^^^^^^^^^^^
[INFO] [stdout] 
[INFO] [stdout] 
[INFO] [stdout] warning: method `numbers_not_in_bingo` is never used
[INFO] [stdout]   --> src/days/day_7.rs:91:8
[INFO] [stdout]    |
[INFO] [stdout] 91 |     fn numbers_not_in_bingo(&self, bingo_numbers: HashSet<i32>) -> Vec<i32> {
[INFO] [stdout]    |        ^^^^^^^^^^^^^^^^^^^^
[INFO] [stdout] 
[INFO] [stdout] 
[INFO] [stdout] warning: method `win` is never used
[INFO] [stdout]    --> src/days/day_7.rs:100:8
[INFO] [stdout]     |
[INFO] [stdout] 100 |     fn win(&mut self) {
[INFO] [stdout]     |        ^^^
[INFO] [stdout] 
[INFO] [stdout] 
[INFO] [stdout] warning: function `solve_day_9` is never used
[INFO] [stdout]  --> src/days/day_9.rs:4:8
[INFO] [stdout]   |
[INFO] [stdout] 4 | pub fn solve_day_9(input: &str) {
[INFO] [stdout]   |        ^^^^^^^^^^^
[INFO] [stdout] 
[INFO] [stdout] 
[INFO] [stdout] warning: function `get_adjacent_optionals` is never used
[INFO] [stdout]   --> src/utils/mod.rs:87:8
[INFO] [stdout]    |
[INFO] [stdout] 87 | pub fn get_adjacent_optionals<T>(
[INFO] [stdout]    |        ^^^^^^^^^^^^^^^^^^^^^^
[INFO] [stdout] 
[INFO] [stdout] 
[INFO] [stdout] warning: crate `AdventOfCodeRust` should have a snake case name
[INFO] [stdout]   |
[INFO] [stdout]   = help: convert the identifier to snake case: `advent_of_code_rust`
[INFO] [stdout]   = note: `#[warn(non_snake_case)]` on by default
[INFO] [stdout] 
[INFO] [stdout] 
[INFO] [stdout] warning: 103 warnings emitted
[INFO] [stdout] 
[INFO] [stdout] 
[INFO] [stderr]     Finished test [unoptimized + debuginfo] target(s) in 0.75s
[INFO] running `Command { std: "docker" "inspect" "5167273e59cdfdc4deed6365fe7afccde61912e7a2c1a50affd2683e0db38225", kill_on_drop: false }`
[INFO] running `Command { std: "docker" "rm" "-f" "5167273e59cdfdc4deed6365fe7afccde61912e7a2c1a50affd2683e0db38225", kill_on_drop: false }`
[INFO] [stdout] 5167273e59cdfdc4deed6365fe7afccde61912e7a2c1a50affd2683e0db38225
[INFO] running `Command { std: "docker" "create" "-v" "/var/lib/crater-agent-workspace/builds/worker-6-tc1/target:/opt/rustwide/target:rw,Z" "-v" "/var/lib/crater-agent-workspace/builds/worker-6-tc1/source:/opt/rustwide/workdir:ro,Z" "-v" "/var/lib/crater-agent-workspace/cargo-home:/opt/rustwide/cargo-home:ro,Z" "-v" "/var/lib/crater-agent-workspace/rustup-home:/opt/rustwide/rustup-home:ro,Z" "-e" "SOURCE_DIR=/opt/rustwide/workdir" "-e" "CARGO_TARGET_DIR=/opt/rustwide/target" "-e" "CARGO_INCREMENTAL=0" "-e" "RUST_BACKTRACE=full" "-e" "RUSTFLAGS=--cap-lints=warn" "-e" "RUSTDOCFLAGS=--cap-lints=warn" "-e" "CARGO_HOME=/opt/rustwide/cargo-home" "-e" "RUSTUP_HOME=/opt/rustwide/rustup-home" "-w" "/opt/rustwide/workdir" "-m" "1610612736" "--user" "0:0" "--network" "none" "ghcr.io/rust-lang/crates-build-env/linux@sha256:5ff2268d62e97bff2cde7d5815dd6ed5b47097566f13b8d0ca110b04b60e07ed" "/opt/rustwide/cargo-home/bin/cargo" "+1.69.0" "test" "--frozen", kill_on_drop: false }`
[INFO] [stdout] 5e992b0f05f166704da2ceb7be67a138dfd1610a9e2da936932686093e650732
[INFO] running `Command { std: "docker" "start" "-a" "5e992b0f05f166704da2ceb7be67a138dfd1610a9e2da936932686093e650732", kill_on_drop: false }`
[INFO] [stderr] warning: unused import: `crate::utils::get_adjacent`
[INFO] [stderr]  --> src/days/day_12.rs:1:5
[INFO] [stderr]   |
[INFO] [stderr] 1 | use crate::utils::get_adjacent;
[INFO] [stderr]   |     ^^^^^^^^^^^^^^^^^^^^^^^^^^
[INFO] [stderr]   |
[INFO] [stderr]   = note: `#[warn(unused_imports)]` on by default
[INFO] [stderr] 
[INFO] [stderr] warning: unused imports: `max`, `min`
[INFO] [stderr]  --> src/days/day_12.rs:2:16
[INFO] [stderr]   |
[INFO] [stderr] 2 | use std::cmp::{max, min};
[INFO] [stderr]   |                ^^^  ^^^
[INFO] [stderr] 
[INFO] [stderr] warning: unused imports: `BTreeMap`, `HashSet`, `VecDeque`
[INFO] [stderr]  --> src/days/day_12.rs:3:24
[INFO] [stderr]   |
[INFO] [stderr] 3 | use std::collections::{BTreeMap, HashMap, HashSet, VecDeque};
[INFO] [stderr]   |                        ^^^^^^^^           ^^^^^^^  ^^^^^^^^
[INFO] [stderr] 
[INFO] [stderr] warning: unused imports: `Binary`, `Debug`, `Formatter`, `Write`
[INFO] [stderr]  --> src/days/day_12.rs:4:16
[INFO] [stderr]   |
[INFO] [stderr] 4 | use std::fmt::{Binary, Debug, Formatter, Write};
[INFO] [stderr]   |                ^^^^^^  ^^^^^  ^^^^^^^^^  ^^^^^
[INFO] [stderr] 
[INFO] [stderr] warning: unused import: `read`
[INFO] [stderr]  --> src/days/day_12.rs:5:15
[INFO] [stderr]   |
[INFO] [stderr] 5 | use std::fs::{read, File};
[INFO] [stderr]   |               ^^^^
[INFO] [stderr] 
[INFO] [stderr] warning: unused import: `std::ops::Index`
[INFO] [stderr]  --> src/days/day_12.rs:7:5
[INFO] [stderr]   |
[INFO] [stderr] 7 | use std::ops::Index;
[INFO] [stderr]   |     ^^^^^^^^^^^^^^^
[INFO] [stderr] 
[INFO] [stderr] warning: unused import: `std::usize`
[INFO] [stderr]  --> src/days/day_12.rs:8:5
[INFO] [stderr]   |
[INFO] [stderr] 8 | use std::usize;
[INFO] [stderr]   |     ^^^^^^^^^^
[INFO] [stderr] 
[INFO] [stderr] warning: unused import: `std::cmp::min`
[INFO] [stderr]  --> src/days/day_14.rs:1:5
[INFO] [stderr]   |
[INFO] [stderr] 1 | use std::cmp::min;
[INFO] [stderr]   |     ^^^^^^^^^^^^^
[INFO] [stderr] 
[INFO] [stderr] warning: unused import: `std::fmt::Debug`
[INFO] [stderr]  --> src/days/day_14.rs:3:5
[INFO] [stderr]   |
[INFO] [stderr] 3 | use std::fmt::Debug;
[INFO] [stderr]   |     ^^^^^^^^^^^^^^^
[INFO] [stderr] 
[INFO] [stderr] warning: unnecessary parentheses around `if` condition
[INFO] [stderr]   --> src/days/day_14.rs:97:12
[INFO] [stderr]    |
[INFO] [stderr] 97 |         if (k.clone() == 'C' || k.clone() == 'K') {
[INFO] [stderr]    |            ^                                    ^
[INFO] [stderr]    |
[INFO] [stderr]    = note: `#[warn(unused_parens)]` on by default
[INFO] [stderr] help: remove these parentheses
[INFO] [stderr]    |
[INFO] [stderr] 97 -         if (k.clone() == 'C' || k.clone() == 'K') {
[INFO] [stderr] 97 +         if k.clone() == 'C' || k.clone() == 'K' {
[INFO] [stderr]    |
[INFO] [stderr] 
[INFO] [stderr] warning: unused import: `max`
[INFO] [stderr]  --> src/days/day_15.rs:2:16
[INFO] [stderr]   |
[INFO] [stderr] 2 | use std::cmp::{max, min};
[INFO] [stderr]   |                ^^^
[INFO] [stderr] 
[INFO] [stderr] warning: unused imports: `BTreeMap`, `BTreeSet`, `BinaryHeap`
[INFO] [stderr]  --> src/days/day_15.rs:3:24
[INFO] [stderr]   |
[INFO] [stderr] 3 | use std::collections::{BTreeMap, BTreeSet, BinaryHeap, HashMap, HashSet};
[INFO] [stderr]   |                        ^^^^^^^^  ^^^^^^^^  ^^^^^^^^^^
[INFO] [stderr] 
[INFO] [stderr] warning: unused imports: `Duration`, `SystemTime`, `UNIX_EPOCH`
[INFO] [stderr]  --> src/days/day_15.rs:4:17
[INFO] [stderr]   |
[INFO] [stderr] 4 | use std::time::{Duration, SystemTime, UNIX_EPOCH};
[INFO] [stderr]   |                 ^^^^^^^^  ^^^^^^^^^^  ^^^^^^^^^^
[INFO] [stderr] 
[INFO] [stderr] warning: variant `up` should have an upper camel case name
[INFO] [stderr]  --> src/days/day_2.rs:8:5
[INFO] [stderr]   |
[INFO] [stderr] 8 |     up,
[INFO] [stderr]   |     ^^ help: convert the identifier to upper camel case (notice the capitalization): `Up`
[INFO] [stderr]   |
[INFO] [stderr]   = note: `#[warn(non_camel_case_types)]` on by default
[INFO] [stderr] 
[INFO] [stderr] warning: variant `down` should have an upper camel case name
[INFO] [stderr]  --> src/days/day_2.rs:9:5
[INFO] [stderr]   |
[INFO] [stderr] 9 |     down,
[INFO] [stderr]   |     ^^^^ help: convert the identifier to upper camel case: `Down`
[INFO] [stderr] 
[INFO] [stderr] warning: variant `forward` should have an upper camel case name
[INFO] [stderr]   --> src/days/day_2.rs:10:5
[INFO] [stderr]    |
[INFO] [stderr] 10 |     forward,
[INFO] [stderr]    |     ^^^^^^^ help: convert the identifier to upper camel case (notice the capitalization): `Forward`
[INFO] [stderr] 
[INFO] [stderr] warning: unused import: `crate::get_adjacent`
[INFO] [stderr]  --> src/days/day_20.rs:1:5
[INFO] [stderr]   |
[INFO] [stderr] 1 | use crate::get_adjacent;
[INFO] [stderr]   |     ^^^^^^^^^^^^^^^^^^^
[INFO] [stderr] 
[INFO] [stderr] warning: unused import: `std::num::ParseIntError`
[INFO] [stderr]  --> src/days/day_20.rs:4:5
[INFO] [stderr]   |
[INFO] [stderr] 4 | use std::num::ParseIntError;
[INFO] [stderr]   |     ^^^^^^^^^^^^^^^^^^^^^^^
[INFO] [stderr] 
[INFO] [stderr] warning: unused import: `std::process::exit`
[INFO] [stderr]  --> src/days/day_25.rs:2:5
[INFO] [stderr]   |
[INFO] [stderr] 2 | use std::process::exit;
[INFO] [stderr]   |     ^^^^^^^^^^^^^^^^^^
[INFO] [stderr] 
[INFO] [stderr] warning: unused import: `crate::get_adjacent`
[INFO] [stderr]  --> src/days/day_9.rs:1:5
[INFO] [stderr]   |
[INFO] [stderr] 1 | use crate::get_adjacent;
[INFO] [stderr]   |     ^^^^^^^^^^^^^^^^^^^
[INFO] [stderr] 
[INFO] [stderr] warning: unused import: `find_basin_size`
[INFO] [stderr]   --> src/days/day_9.rs:80:30
[INFO] [stderr]    |
[INFO] [stderr] 80 |     use crate::days::day_9::{find_basin_size, find_lowest_points};
[INFO] [stderr]    |                              ^^^^^^^^^^^^^^^
[INFO] [stderr] 
[INFO] [stderr] warning: unused import: `crate::days::day_13::fold`
[INFO] [stderr]  --> src/main.rs:7:5
[INFO] [stderr]   |
[INFO] [stderr] 7 | use crate::days::day_13::fold;
[INFO] [stderr]   |     ^^^^^^^^^^^^^^^^^^^^^^^^^
[INFO] [stderr] 
[INFO] [stderr] warning: unused import: `crate::days::day_14::solve_day_14`
[INFO] [stderr]  --> src/main.rs:8:5
[INFO] [stderr]   |
[INFO] [stderr] 8 | use crate::days::day_14::solve_day_14;
[INFO] [stderr]   |     ^^^^^^^^^^^^^^^^^^^^^^^^^^^^^^^^^
[INFO] [stderr] 
[INFO] [stderr] warning: unused import: `crate::days::day_16::solve_day_16`
[INFO] [stderr]   --> src/main.rs:10:5
[INFO] [stderr]    |
[INFO] [stderr] 10 | use crate::days::day_16::solve_day_16;
[INFO] [stderr]    |     ^^^^^^^^^^^^^^^^^^^^^^^^^^^^^^^^^
[INFO] [stderr] 
[INFO] [stderr] warning: unused import: `crate::days::day_17::solve_day_17`
[INFO] [stderr]   --> src/main.rs:11:5
[INFO] [stderr]    |
[INFO] [stderr] 11 | use crate::days::day_17::solve_day_17;
[INFO] [stderr]    |     ^^^^^^^^^^^^^^^^^^^^^^^^^^^^^^^^^
[INFO] [stderr] 
[INFO] [stderr] warning: unused import: `crate::days::day_20::solve_day_20`
[INFO] [stderr]   --> src/main.rs:12:5
[INFO] [stderr]    |
[INFO] [stderr] 12 | use crate::days::day_20::solve_day_20;
[INFO] [stderr]    |     ^^^^^^^^^^^^^^^^^^^^^^^^^^^^^^^^^
[INFO] [stderr] 
[INFO] [stderr] warning: unused import: `crate::days::day_25::solve`
[INFO] [stderr]   --> src/main.rs:13:5
[INFO] [stderr]    |
[INFO] [stderr] 13 | use crate::days::day_25::solve;
[INFO] [stderr]    |     ^^^^^^^^^^^^^^^^^^^^^^^^^^
[INFO] [stderr] 
[INFO] [stderr] warning: unused import: `crate::days::day_5::solve_day_5`
[INFO] [stderr]   --> src/main.rs:14:5
[INFO] [stderr]    |
[INFO] [stderr] 14 | use crate::days::day_5::solve_day_5;
[INFO] [stderr]    |     ^^^^^^^^^^^^^^^^^^^^^^^^^^^^^^^
[INFO] [stderr] 
[INFO] [stderr] warning: unused import: `crate::days::day_9::solve_day_9`
[INFO] [stderr]   --> src/main.rs:15:5
[INFO] [stderr]    |
[INFO] [stderr] 15 | use crate::days::day_9::solve_day_9;
[INFO] [stderr]    |     ^^^^^^^^^^^^^^^^^^^^^^^^^^^^^^^
[INFO] [stderr] 
[INFO] [stderr] warning: unused imports: `max`, `min`
[INFO] [stderr]   --> src/main.rs:17:16
[INFO] [stderr]    |
[INFO] [stderr] 17 | use std::cmp::{max, min};
[INFO] [stderr]    |                ^^^  ^^^
[INFO] [stderr] 
[INFO] [stderr] warning: unused imports: `BTreeMap`, `HashMap`, `HashSet`, `VecDeque`
[INFO] [stderr]   --> src/main.rs:18:24
[INFO] [stderr]    |
[INFO] [stderr] 18 | use std::collections::{BTreeMap, HashMap, HashSet, VecDeque};
[INFO] [stderr]    |                        ^^^^^^^^  ^^^^^^^  ^^^^^^^  ^^^^^^^^
[INFO] [stderr] 
[INFO] [stderr] warning: unused imports: `Binary`, `Debug`, `Formatter`, `Write`
[INFO] [stderr]   --> src/main.rs:19:16
[INFO] [stderr]    |
[INFO] [stderr] 19 | use std::fmt::{Binary, Debug, Formatter, Write};
[INFO] [stderr]    |                ^^^^^^  ^^^^^  ^^^^^^^^^  ^^^^^
[INFO] [stderr] 
[INFO] [stderr] warning: unused import: `read`
[INFO] [stderr]   --> src/main.rs:20:15
[INFO] [stderr]    |
[INFO] [stderr] 20 | use std::fs::{read, File};
[INFO] [stderr]    |               ^^^^
[INFO] [stderr] 
[INFO] [stderr] warning: unused import: `std::ops::Index`
[INFO] [stderr]   --> src/main.rs:22:5
[INFO] [stderr]    |
[INFO] [stderr] 22 | use std::ops::Index;
[INFO] [stderr]    |     ^^^^^^^^^^^^^^^
[INFO] [stderr] 
[INFO] [stderr] warning: unused import: `std::usize`
[INFO] [stderr]   --> src/main.rs:23:5
[INFO] [stderr]    |
[INFO] [stderr] 23 | use std::usize;
[INFO] [stderr]    |     ^^^^^^^^^^
[INFO] [stderr] 
[INFO] [stderr] warning: unused variable: `result`
[INFO] [stderr]   --> src/days/day_14.rs:26:9
[INFO] [stderr]    |
[INFO] [stderr] 26 |     let result = solve_solve_part_2(String::from(start_chunk), rules, 0);
[INFO] [stderr]    |         ^^^^^^ help: if this is intentional, prefix it with an underscore: `_result`
[INFO] [stderr]    |
[INFO] [stderr]    = note: `#[warn(unused_variables)]` on by default
[INFO] [stderr] 
[INFO] [stderr] warning: unused variable: `steps`
[INFO] [stderr]   --> src/days/day_14.rs:40:76
[INFO] [stderr]    |
[INFO] [stderr] 40 | fn solve_solve_part_2(input: String, rules: HashMap<(char, char), String>, steps: i32) -> String {
[INFO] [stderr]    |                                                                            ^^^^^ help: if this is intentional, prefix it with an underscore: `_steps`
[INFO] [stderr] 
[INFO] [stderr] warning: unused variable: `x`
[INFO] [stderr]   --> src/days/day_17.rs:82:61
[INFO] [stderr]    |
[INFO] [stderr] 82 |             println!("Max y: {}", steps.iter().max_by_key(|(x, y)| *y).unwrap().1);
[INFO] [stderr]    |                                                             ^ help: if this is intentional, prefix it with an underscore: `_x`
[INFO] [stderr] 
[INFO] [stderr] warning: unused variable: `include_diagonals`
[INFO] [stderr]   --> src/utils/mod.rs:91:5
[INFO] [stderr]    |
[INFO] [stderr] 91 |     include_diagonals: bool,
[INFO] [stderr]    |     ^^^^^^^^^^^^^^^^^ help: if this is intentional, prefix it with an underscore: `_include_diagonals`
[INFO] [stderr] 
[INFO] [stderr] warning: unused variable: `include_mid`
[INFO] [stderr]   --> src/utils/mod.rs:92:5
[INFO] [stderr]    |
[INFO] [stderr] 92 |     include_mid: bool,
[INFO] [stderr]    |     ^^^^^^^^^^^ help: if this is intentional, prefix it with an underscore: `_include_mid`
[INFO] [stderr] 
[INFO] [stderr] warning: variable does not need to be mutable
[INFO] [stderr]   --> src/days/day_11.rs:78:13
[INFO] [stderr]    |
[INFO] [stderr] 78 |         let mut oct = vec![
[INFO] [stderr]    |             ----^^^
[INFO] [stderr]    |             |
[INFO] [stderr]    |             help: remove this `mut`
[INFO] [stderr]    |
[INFO] [stderr]    = note: `#[warn(unused_mut)]` on by default
[INFO] [stderr] 
[INFO] [stderr] warning: variable does not need to be mutable
[INFO] [stderr]   --> src/days/day_11.rs:92:13
[INFO] [stderr]    |
[INFO] [stderr] 92 |         let mut oct = vec![
[INFO] [stderr]    |             ----^^^
[INFO] [stderr]    |             |
[INFO] [stderr]    |             help: remove this `mut`
[INFO] [stderr] 
[INFO] [stderr] warning: variable does not need to be mutable
[INFO] [stderr]   --> src/days/day_13.rs:26:9
[INFO] [stderr]    |
[INFO] [stderr] 26 |     let mut left = _left.to_vec();
[INFO] [stderr]    |         ----^^^^
[INFO] [stderr]    |         |
[INFO] [stderr]    |         help: remove this `mut`
[INFO] [stderr] 
[INFO] [stderr] warning: variable does not need to be mutable
[INFO] [stderr]  --> src/days/day_14.rs:8:9
[INFO] [stderr]   |
[INFO] [stderr] 8 |     let mut start_chunk = chunks.next().unwrap();
[INFO] [stderr]   |         ----^^^^^^^^^^^
[INFO] [stderr]   |         |
[INFO] [stderr]   |         help: remove this `mut`
[INFO] [stderr] 
[INFO] [stderr] warning: variable does not need to be mutable
[INFO] [stderr]    --> src/days/day_14.rs:116:5
[INFO] [stderr]     |
[INFO] [stderr] 116 |     mut input: String,
[INFO] [stderr]     |     ----^^^^^
[INFO] [stderr]     |     |
[INFO] [stderr]     |     help: remove this `mut`
[INFO] [stderr] 
[INFO] [stderr] warning: variable does not need to be mutable
[INFO] [stderr]   --> src/days/day_16.rs:33:9
[INFO] [stderr]    |
[INFO] [stderr] 33 |     let mut result = vec![];
[INFO] [stderr]    |         ----^^^^^^
[INFO] [stderr]    |         |
[INFO] [stderr]    |         help: remove this `mut`
[INFO] [stderr] 
[INFO] [stderr] warning: variable does not need to be mutable
[INFO] [stderr]    --> src/days/day_20.rs:215:13
[INFO] [stderr]     |
[INFO] [stderr] 215 |         let mut indices = get_adjacent(&img, 4, 3, true, true);
[INFO] [stderr]     |             ----^^^^^^^
[INFO] [stderr]     |             |
[INFO] [stderr]     |             help: remove this `mut`
[INFO] [stderr] 
[INFO] [stderr] warning: variable does not need to be mutable
[INFO] [stderr]  --> src/days/day_9.rs:8:13
[INFO] [stderr]   |
[INFO] [stderr] 8 |         let mut chars = line.chars();
[INFO] [stderr]   |             ----^^^^^
[INFO] [stderr]   |             |
[INFO] [stderr]   |             help: remove this `mut`
[INFO] [stderr] 
[INFO] [stderr] warning: function `num_of_window_increases` is never used
[INFO] [stderr]  --> src/days/day_1.rs:1:8
[INFO] [stderr]   |
[INFO] [stderr] 1 | pub fn num_of_window_increases(sonar_measurements: &[i32]) -> i32 {
[INFO] [stderr]   |        ^^^^^^^^^^^^^^^^^^^^^^^
[INFO] [stderr]   |
[INFO] [stderr]   = note: `#[warn(dead_code)]` on by default
[INFO] [stderr] 
[INFO] [stderr] warning: function `main` is never used
[INFO] [stderr]   --> src/days/day_12.rs:10:4
[INFO] [stderr]    |
[INFO] [stderr] 10 | fn main() -> io::Result<()> {
[INFO] [stderr]    |    ^^^^
[INFO] [stderr] 
[INFO] [stderr] warning: function `calculate_entry_count` is never used
[INFO] [stderr]   --> src/days/day_12.rs:40:4
[INFO] [stderr]    |
[INFO] [stderr] 40 | fn calculate_entry_count<'a>(
[INFO] [stderr]    |    ^^^^^^^^^^^^^^^^^^^^^
[INFO] [stderr] 
[INFO] [stderr] warning: function `fold` is never used
[INFO] [stderr]  --> src/days/day_13.rs:3:8
[INFO] [stderr]   |
[INFO] [stderr] 3 | pub fn fold(points: Vec<(i32, i32)>, mut folds: Vec<(String, i32)>) {
[INFO] [stderr]   |        ^^^^
[INFO] [stderr] 
[INFO] [stderr] warning: function `transpose_grid` is never used
[INFO] [stderr]   --> src/days/day_13.rs:50:4
[INFO] [stderr]    |
[INFO] [stderr] 50 | fn transpose_grid(grid: &Vec<Vec<i32>>) -> Vec<Vec<i32>> {
[INFO] [stderr]    |    ^^^^^^^^^^^^^^
[INFO] [stderr] 
[INFO] [stderr] warning: function `points_to_grid` is never used
[INFO] [stderr]   --> src/days/day_13.rs:62:4
[INFO] [stderr]    |
[INFO] [stderr] 62 | fn points_to_grid(points: &[(i32, i32)]) -> Vec<Vec<i32>> {
[INFO] [stderr]    |    ^^^^^^^^^^^^^^
[INFO] [stderr] 
[INFO] [stderr] warning: function `print_paper` is never used
[INFO] [stderr]   --> src/days/day_13.rs:74:4
[INFO] [stderr]    |
[INFO] [stderr] 74 | fn print_paper(paper: &Vec<Vec<i32>>) {
[INFO] [stderr]    |    ^^^^^^^^^^^
[INFO] [stderr] 
[INFO] [stderr] warning: variants `Vertical` and `Horizontal` are never constructed
[INFO] [stderr]    --> src/days/day_13.rs:153:5
[INFO] [stderr]     |
[INFO] [stderr] 152 | enum FoldDirection {
[INFO] [stderr]     |      ------------- variants in this enum
[INFO] [stderr] 153 |     Vertical,
[INFO] [stderr]     |     ^^^^^^^^
[INFO] [stderr] 154 |     Horizontal,
[INFO] [stderr]     |     ^^^^^^^^^^
[INFO] [stderr]     |
[INFO] [stderr]     = note: `FoldDirection` has derived impls for the traits `Clone` and `Debug`, but these are intentionally ignored during dead code analysis
[INFO] [stderr] 
[INFO] [stderr] warning: function `fold_paper` is never used
[INFO] [stderr]    --> src/days/day_13.rs:157:4
[INFO] [stderr]     |
[INFO] [stderr] 157 | fn fold_paper(
[INFO] [stderr]     |    ^^^^^^^^^^
[INFO] [stderr] 
[INFO] [stderr] warning: function `test_folding_minimal_grid` is never used
[INFO] [stderr]    --> src/days/day_13.rs:101:8
[INFO] [stderr]     |
[INFO] [stderr] 101 |     fn test_folding_minimal_grid() {
[INFO] [stderr]     |        ^^^^^^^^^^^^^^^^^^^^^^^^^
[INFO] [stderr] 
[INFO] [stderr] warning: function `test_folding_minimal_grid_with_rows` is never used
[INFO] [stderr]    --> src/days/day_13.rs:110:8
[INFO] [stderr]     |
[INFO] [stderr] 110 |     fn test_folding_minimal_grid_with_rows() {
[INFO] [stderr]     |        ^^^^^^^^^^^^^^^^^^^^^^^^^^^^^^^^^^^
[INFO] [stderr] 
[INFO] [stderr] warning: function `test_folding_minimal_grid_with_rows_left_ones` is never used
[INFO] [stderr]    --> src/days/day_13.rs:119:8
[INFO] [stderr]     |
[INFO] [stderr] 119 |     fn test_folding_minimal_grid_with_rows_left_ones() {
[INFO] [stderr]     |        ^^^^^^^^^^^^^^^^^^^^^^^^^^^^^^^^^^^^^^^^^^^^^
[INFO] [stderr] 
[INFO] [stderr] warning: function `test_folding_minimal_grid_with_rows_only_ones` is never used
[INFO] [stderr]    --> src/days/day_13.rs:128:8
[INFO] [stderr]     |
[INFO] [stderr] 128 |     fn test_folding_minimal_grid_with_rows_only_ones() {
[INFO] [stderr]     |        ^^^^^^^^^^^^^^^^^^^^^^^^^^^^^^^^^^^^^^^^^^^^^
[INFO] [stderr] 
[INFO] [stderr] warning: function `solve_day_14` is never used
[INFO] [stderr]  --> src/days/day_14.rs:5:8
[INFO] [stderr]   |
[INFO] [stderr] 5 | pub fn solve_day_14(input: &str) {
[INFO] [stderr]   |        ^^^^^^^^^^^^
[INFO] [stderr] 
[INFO] [stderr] warning: function `solve_solve_part_2` is never used
[INFO] [stderr]   --> src/days/day_14.rs:40:4
[INFO] [stderr]    |
[INFO] [stderr] 40 | fn solve_solve_part_2(input: String, rules: HashMap<(char, char), String>, steps: i32) -> String {
[INFO] [stderr]    |    ^^^^^^^^^^^^^^^^^^
[INFO] [stderr] 
[INFO] [stderr] warning: function `solve_solve_part_1` is never used
[INFO] [stderr]    --> src/days/day_14.rs:115:4
[INFO] [stderr]     |
[INFO] [stderr] 115 | fn solve_solve_part_1(
[INFO] [stderr]     |    ^^^^^^^^^^^^^^^^^^
[INFO] [stderr] 
[INFO] [stderr] warning: function `print_grid` is never used
[INFO] [stderr]    --> src/days/day_15.rs:110:4
[INFO] [stderr]     |
[INFO] [stderr] 110 | fn print_grid(points: &Vec<u32>, width: usize) {
[INFO] [stderr]     |    ^^^^^^^^^^
[INFO] [stderr] 
[INFO] [stderr] warning: function `lowest_risk` is never used
[INFO] [stderr]    --> src/days/day_15.rs:119:4
[INFO] [stderr]     |
[INFO] [stderr] 119 | fn lowest_risk(
[INFO] [stderr]     |    ^^^^^^^^^^^
[INFO] [stderr] 
[INFO] [stderr] warning: function `solve_day_16` is never used
[INFO] [stderr]  --> src/days/day_16.rs:3:8
[INFO] [stderr]   |
[INFO] [stderr] 3 | pub fn solve_day_16(input: &str) {
[INFO] [stderr]   |        ^^^^^^^^^^^^
[INFO] [stderr] 
[INFO] [stderr] warning: function `extract_sub_packets` is never used
[INFO] [stderr]   --> src/days/day_16.rs:32:4
[INFO] [stderr]    |
[INFO] [stderr] 32 | fn extract_sub_packets(packets: &str) -> Vec<String> {
[INFO] [stderr]    |    ^^^^^^^^^^^^^^^^^^^
[INFO] [stderr] 
[INFO] [stderr] warning: function `find_literal_value` is never used
[INFO] [stderr]   --> src/days/day_16.rs:51:4
[INFO] [stderr]    |
[INFO] [stderr] 51 | fn find_literal_value(packet: &str) -> i32 {
[INFO] [stderr]    |    ^^^^^^^^^^^^^^^^^^
[INFO] [stderr] 
[INFO] [stderr] warning: struct `Projectile` is never constructed
[INFO] [stderr]  --> src/days/day_17.rs:3:8
[INFO] [stderr]   |
[INFO] [stderr] 3 | struct Projectile {
[INFO] [stderr]   |        ^^^^^^^^^^
[INFO] [stderr] 
[INFO] [stderr] warning: function `solve_day_17` is never used
[INFO] [stderr]   --> src/days/day_17.rs:12:8
[INFO] [stderr]    |
[INFO] [stderr] 12 | pub fn solve_day_17() {
[INFO] [stderr]    |        ^^^^^^^^^^^^
[INFO] [stderr] 
[INFO] [stderr] warning: function `print_trajectory` is never used
[INFO] [stderr]   --> src/days/day_17.rs:91:4
[INFO] [stderr]    |
[INFO] [stderr] 91 | fn print_trajectory(lo_x: i32, lo_y: i32, hi_x: i32, hi_y: i32, steps: &[(i32, i32)]) {
[INFO] [stderr]    |    ^^^^^^^^^^^^^^^^
[INFO] [stderr] 
[INFO] [stderr] warning: method `step` is never used
[INFO] [stderr]   --> src/days/day_17.rs:43:8
[INFO] [stderr]    |
[INFO] [stderr] 43 |     fn step(&mut self) {
[INFO] [stderr]    |        ^^^^
[INFO] [stderr] 
[INFO] [stderr] warning: method `get_steps_until_out_of_bounds` is never used
[INFO] [stderr]   --> src/days/day_17.rs:59:8
[INFO] [stderr]    |
[INFO] [stderr] 59 |     fn get_steps_until_out_of_bounds(
[INFO] [stderr]    |        ^^^^^^^^^^^^^^^^^^^^^^^^^^^^^
[INFO] [stderr] 
[INFO] [stderr] warning: struct `Movement` is never constructed
[INFO] [stderr]   --> src/days/day_2.rs:13:8
[INFO] [stderr]    |
[INFO] [stderr] 13 | struct Movement {
[INFO] [stderr]    |        ^^^^^^^^
[INFO] [stderr] 
[INFO] [stderr] warning: fields `horizontal`, `depth`, and `aim` are never read
[INFO] [stderr]   --> src/days/day_2.rs:20:5
[INFO] [stderr]    |
[INFO] [stderr] 19 | struct Point {
[INFO] [stderr]    |        ----- fields in this struct
[INFO] [stderr] 20 |     horizontal: i32,
[INFO] [stderr]    |     ^^^^^^^^^^
[INFO] [stderr] 21 |     depth: i32,
[INFO] [stderr]    |     ^^^^^
[INFO] [stderr] 22 |     aim: i32,
[INFO] [stderr]    |     ^^^
[INFO] [stderr]    |
[INFO] [stderr]    = note: `Point` has derived impls for the traits `Clone` and `Debug`, but these are intentionally ignored during dead code analysis
[INFO] [stderr] 
[INFO] [stderr] warning: function `calculate_movements` is never used
[INFO] [stderr]   --> src/days/day_2.rs:25:8
[INFO] [stderr]    |
[INFO] [stderr] 25 | pub fn calculate_movements() {
[INFO] [stderr]    |        ^^^^^^^^^^^^^^^^^^^
[INFO] [stderr] 
[INFO] [stderr] warning: method `apply` is never used
[INFO] [stderr]   --> src/days/day_2.rs:62:12
[INFO] [stderr]    |
[INFO] [stderr] 62 |     pub fn apply(&self, m: &Movement) -> Point {
[INFO] [stderr]    |            ^^^^^
[INFO] [stderr] 
[INFO] [stderr] warning: function `solve_day_20` is never used
[INFO] [stderr]  --> src/days/day_20.rs:6:8
[INFO] [stderr]   |
[INFO] [stderr] 6 | pub fn solve_day_20(input: &str) {
[INFO] [stderr]   |        ^^^^^^^^^^^^
[INFO] [stderr] 
[INFO] [stderr] warning: function `print_map` is never used
[INFO] [stderr]   --> src/days/day_20.rs:90:4
[INFO] [stderr]    |
[INFO] [stderr] 90 | fn print_map(lights: &HashMap<(i32, i32), i32>) {
[INFO] [stderr]    |    ^^^^^^^^^
[INFO] [stderr] 
[INFO] [stderr] warning: function `get_coords_surrounding` is never used
[INFO] [stderr]    --> src/days/day_20.rs:113:4
[INFO] [stderr]     |
[INFO] [stderr] 113 | fn get_coords_surrounding(point: (i32, i32)) -> Vec<(i32, i32)> {
[INFO] [stderr]     |    ^^^^^^^^^^^^^^^^^^^^^^
[INFO] [stderr] 
[INFO] [stderr] warning: function `solve_day_20_1` is never used
[INFO] [stderr]    --> src/days/day_20.rs:126:8
[INFO] [stderr]     |
[INFO] [stderr] 126 | pub fn solve_day_20_1(input: &str) {
[INFO] [stderr]     |        ^^^^^^^^^^^^^^
[INFO] [stderr] 
[INFO] [stderr] warning: function `transform_image` is never used
[INFO] [stderr]    --> src/days/day_20.rs:175:4
[INFO] [stderr]     |
[INFO] [stderr] 175 | fn transform_image(algo: &[i32], img: &[i32], width: usize, num_transformations: i32) -> Vec<i32> {
[INFO] [stderr]     |    ^^^^^^^^^^^^^^^
[INFO] [stderr] 
[INFO] [stderr] warning: function `print_grid` is never used
[INFO] [stderr]    --> src/days/day_20.rs:273:4
[INFO] [stderr]     |
[INFO] [stderr] 273 | fn print_grid(grid: &[i32], width: usize, i: usize) {
[INFO] [stderr]     |    ^^^^^^^^^^
[INFO] [stderr] 
[INFO] [stderr] warning: variants `Right` and `Down` are never constructed
[INFO] [stderr]  --> src/days/day_25.rs:6:5
[INFO] [stderr]   |
[INFO] [stderr] 5 | enum Direction {
[INFO] [stderr]   |      --------- variants in this enum
[INFO] [stderr] 6 |     Right,
[INFO] [stderr]   |     ^^^^^
[INFO] [stderr] 7 |     Down,
[INFO] [stderr]   |     ^^^^
[INFO] [stderr] 
[INFO] [stderr] warning: function `solve` is never used
[INFO] [stderr]   --> src/days/day_25.rs:10:8
[INFO] [stderr]    |
[INFO] [stderr] 10 | pub fn solve(input: &str) {
[INFO] [stderr]    |        ^^^^^
[INFO] [stderr] 
[INFO] [stderr] warning: fields `ones` and `zeros` are never read
[INFO] [stderr]  --> src/days/day_3.rs:7:5
[INFO] [stderr]   |
[INFO] [stderr] 6 | struct Bits {
[INFO] [stderr]   |        ---- fields in this struct
[INFO] [stderr] 7 |     ones: i32,
[INFO] [stderr]   |     ^^^^
[INFO] [stderr] 8 |     zeros: i32,
[INFO] [stderr]   |     ^^^^^
[INFO] [stderr]   |
[INFO] [stderr]   = note: `Bits` has a derived impl for the trait `Debug`, but this is intentionally ignored during dead code analysis
[INFO] [stderr] 
[INFO] [stderr] warning: function `power_consumption` is never used
[INFO] [stderr]   --> src/days/day_3.rs:11:8
[INFO] [stderr]    |
[INFO] [stderr] 11 | pub fn power_consumption() -> io::Result<()> {
[INFO] [stderr]    |        ^^^^^^^^^^^^^^^^^
[INFO] [stderr] 
[INFO] [stderr] warning: function `calculate_generator_rating` is never used
[INFO] [stderr]   --> src/days/day_3.rs:61:4
[INFO] [stderr]    |
[INFO] [stderr] 61 | fn calculate_generator_rating(bit_strs: Vec<&str>, idx: usize) -> isize {
[INFO] [stderr]    |    ^^^^^^^^^^^^^^^^^^^^^^^^^^
[INFO] [stderr] 
[INFO] [stderr] warning: function `solve_day_5` is never used
[INFO] [stderr]  --> src/days/day_5.rs:4:8
[INFO] [stderr]   |
[INFO] [stderr] 4 | pub fn solve_day_5(input: &str) {
[INFO] [stderr]   |        ^^^^^^^^^^^
[INFO] [stderr] 
[INFO] [stderr] warning: function `fish_population` is never used
[INFO] [stderr]  --> src/days/day_6.rs:5:8
[INFO] [stderr]   |
[INFO] [stderr] 5 | pub fn fish_population(reader: BufReader<File>) -> i64 {
[INFO] [stderr]   |        ^^^^^^^^^^^^^^^
[INFO] [stderr] 
[INFO] [stderr] warning: function `get_steps` is never used
[INFO] [stderr]  --> src/days/day_7.rs:5:4
[INFO] [stderr]   |
[INFO] [stderr] 5 | fn get_steps() -> io::Result<()> {
[INFO] [stderr]   |    ^^^^^^^^^
[INFO] [stderr] 
[INFO] [stderr] warning: fields `rows` and `has_won` are never read
[INFO] [stderr]   --> src/days/day_7.rs:45:5
[INFO] [stderr]    |
[INFO] [stderr] 44 | struct BingoCard {
[INFO] [stderr]    |        --------- fields in this struct
[INFO] [stderr] 45 |     rows: Vec<Vec<i32>>,
[INFO] [stderr]    |     ^^^^
[INFO] [stderr] 46 |     has_won: bool,
[INFO] [stderr]    |     ^^^^^^^
[INFO] [stderr]    |
[INFO] [stderr]    = note: `BingoCard` has a derived impl for the trait `Debug`, but this is intentionally ignored during dead code analysis
[INFO] [stderr] 
[INFO] [stderr] warning: function `bingo` is never used
[INFO] [stderr]    --> src/days/day_7.rs:105:4
[INFO] [stderr]     |
[INFO] [stderr] 105 | fn bingo() -> io::Result<()> {
[INFO] [stderr]     |    ^^^^^
[INFO] [stderr] 
[INFO] [stderr] warning: method `has_bingo` is never used
[INFO] [stderr]   --> src/days/day_7.rs:50:12
[INFO] [stderr]    |
[INFO] [stderr] 50 |     pub fn has_bingo(&self, bingo_numbers: HashSet<i32>) -> bool {
[INFO] [stderr]    |            ^^^^^^^^^
[INFO] [stderr] 
[INFO] [stderr] warning: method `has_vertical_bingo` is never used
[INFO] [stderr]   --> src/days/day_7.rs:56:8
[INFO] [stderr]    |
[INFO] [stderr] 56 |     fn has_vertical_bingo(&self, bingo_numbers: HashSet<i32>) -> bool {
[INFO] [stderr]    |        ^^^^^^^^^^^^^^^^^^
[INFO] [stderr] 
[INFO] [stderr] warning: method `has_horizontal_bingo` is never used
[INFO] [stderr]   --> src/days/day_7.rs:72:8
[INFO] [stderr]    |
[INFO] [stderr] 72 |     fn has_horizontal_bingo(&self, bingo_numbers: HashSet<i32>) -> bool {
[INFO] [stderr]    |        ^^^^^^^^^^^^^^^^^^^^
[INFO] [stderr] 
[INFO] [stderr] warning: method `has_diagonal_bingo` is never used
[INFO] [stderr]   --> src/days/day_7.rs:78:8
[INFO] [stderr]    |
[INFO] [stderr] 78 |     fn has_diagonal_bingo(&self, bingo_numbers: HashSet<i32>) -> bool {
[INFO] [stderr]    |        ^^^^^^^^^^^^^^^^^^
[INFO] [stderr] 
[INFO] [stderr] warning: method `numbers_not_in_bingo` is never used
[INFO] [stderr]   --> src/days/day_7.rs:91:8
[INFO] [stderr]    |
[INFO] [stderr] 91 |     fn numbers_not_in_bingo(&self, bingo_numbers: HashSet<i32>) -> Vec<i32> {
[INFO] [stderr]    |        ^^^^^^^^^^^^^^^^^^^^
[INFO] [stderr] 
[INFO] [stderr] warning: method `win` is never used
[INFO] [stderr]    --> src/days/day_7.rs:100:8
[INFO] [stderr]     |
[INFO] [stderr] 100 |     fn win(&mut self) {
[INFO] [stderr]     |        ^^^
[INFO] [stderr] 
[INFO] [stderr] warning: function `solve_day_9` is never used
[INFO] [stderr]  --> src/days/day_9.rs:4:8
[INFO] [stderr]   |
[INFO] [stderr] 4 | pub fn solve_day_9(input: &str) {
[INFO] [stderr]   |        ^^^^^^^^^^^
[INFO] [stderr] 
[INFO] [stderr] warning: function `get_adjacent_optionals` is never used
[INFO] [stderr]   --> src/utils/mod.rs:87:8
[INFO] [stderr]    |
[INFO] [stderr] 87 | pub fn get_adjacent_optionals<T>(
[INFO] [stderr]    |        ^^^^^^^^^^^^^^^^^^^^^^
[INFO] [stderr] 
[INFO] [stderr] warning: crate `AdventOfCodeRust` should have a snake case name
[INFO] [stderr]   |
[INFO] [stderr]   = help: convert the identifier to snake case: `advent_of_code_rust`
[INFO] [stderr]   = note: `#[warn(non_snake_case)]` on by default
[INFO] [stderr] 
[INFO] [stderr] warning: `AdventOfCodeRust` (bin "AdventOfCodeRust" test) generated 103 warnings (run `cargo fix --bin "AdventOfCodeRust" --tests` to apply 45 suggestions)
[INFO] [stderr]     Finished test [unoptimized + debuginfo] target(s) in 0.02s
[INFO] [stderr]      Running unittests src/main.rs (/opt/rustwide/target/debug/deps/AdventOfCodeRust-b9b7cde50dd58dc6)
[INFO] [stdout] 
[INFO] [stdout] running 17 tests
[INFO] [stdout] test days::day_13::split_tests::test_split_vec_and_reverse_right ... ok
[INFO] [stdout] test days::day_11::tests::test_flash_octo2 ... ok
[INFO] [stdout] test days::day_13::test_fold_row::test_folding_row ... ok
[INFO] [stdout] test utils::tests::test_upper_left_corner_with_diagonals ... ok
[INFO] [stdout] test utils::tests::test_left_edge_mid_with_diagonals ... ok
[INFO] [stdout] test utils::tests::test_upper_right_corner_without_diagonals ... ok
[INFO] [stdout] test utils::tests::test_upper_right_corner_with_diagonals ... ok
[INFO] [stdout] test days::day_20::test_pad_image::test_padding_1 ... ok
[INFO] [stdout] test utils::tests::test_left_edge_mid_without_diagonals ... ok
[INFO] [stdout] test utils::tests::test_upper_left_corner_without_diagonals ... ok
[INFO] [stdout] test days::day_20::test_vec_into_bin::test_example ... ok
[INFO] [stdout] test utils::tests::test_upper_mid_with_diagonals ... ok
[INFO] [stdout] test utils::tests::test_upper_mid_without_diagonals ... ok
[INFO] [stdout] test days::day_11::tests::test_flash_octo ... FAILED
[INFO] [stdout] test days::day_9::test_find_basins::test_multiple_basins ... FAILED
[INFO] [stdout] test days::day_9::test_find_basins::test_basin_size_2 ... FAILED
[INFO] [stdout] test days::day_9::test_find_basins::test_basin_size ... FAILED
[INFO] [stdout] 
[INFO] [stdout] failures:
[INFO] [stdout] 
[INFO] [stdout] ---- days::day_11::tests::test_flash_octo stdout ----
[INFO] [stdout] Step 1
[INFO] [stdout] Step 2
[INFO] [stdout] Step 3
[INFO] [stdout] 9
[INFO] [stdout] 
[INFO] [stdout] 56765
[INFO] [stdout] 62226
[INFO] [stdout] 72227
[INFO] [stdout] 62226
[INFO] [stdout] 56765
[INFO] [stdout] 
[INFO] [stdout] 
[INFO] [stdout] 45654
[INFO] [stdout] 51115
[INFO] [stdout] 61116
[INFO] [stdout] 51115
[INFO] [stdout] 45654
[INFO] [stdout] 
[INFO] [stdout] thread 'days::day_11::tests::test_flash_octo' panicked at 'assertion failed: `(left == right)`
[INFO] [stdout]   left: `[5, 6, 7, 6, 5, 6, 2, 2, 2, 6, 7, 2, 2, 2, 7, 6, 2, 2, 2, 6, 5, 6, 7, 6, 5]`,
[INFO] [stdout]  right: `[4, 5, 6, 5, 4, 5, 1, 1, 1, 5, 6, 1, 1, 1, 6, 5, 1, 1, 1, 5, 4, 5, 6, 5, 4]`', src/days/day_11.rs:87:9
[INFO] [stdout] stack backtrace:
[INFO] [stdout]    0:     0x56013a95c6ca - std::backtrace_rs::backtrace::libunwind::trace::ha9053a9a07ca49cb
[INFO] [stdout]                                at /rustc/84c898d65adf2f39a5a98507f1fe0ce10a2b8dbc/library/std/src/../../backtrace/src/backtrace/libunwind.rs:93:5
[INFO] [stdout]    1:     0x56013a95c6ca - std::backtrace_rs::backtrace::trace_unsynchronized::h9c2852a457ad564e
[INFO] [stdout]                                at /rustc/84c898d65adf2f39a5a98507f1fe0ce10a2b8dbc/library/std/src/../../backtrace/src/backtrace/mod.rs:66:5
[INFO] [stdout]    2:     0x56013a95c6ca - std::sys_common::backtrace::_print_fmt::h457936fbfaa0070f
[INFO] [stdout]                                at /rustc/84c898d65adf2f39a5a98507f1fe0ce10a2b8dbc/library/std/src/sys_common/backtrace.rs:65:5
[INFO] [stdout]    3:     0x56013a95c6ca - <std::sys_common::backtrace::_print::DisplayBacktrace as core::fmt::Display>::fmt::h5779d7bf7f70cb0c
[INFO] [stdout]                                at /rustc/84c898d65adf2f39a5a98507f1fe0ce10a2b8dbc/library/std/src/sys_common/backtrace.rs:44:22
[INFO] [stdout]    4:     0x56013a98012e - core::fmt::write::h5a4baaff1bcd3eb5
[INFO] [stdout]                                at /rustc/84c898d65adf2f39a5a98507f1fe0ce10a2b8dbc/library/core/src/fmt/mod.rs:1232:17
[INFO] [stdout]    5:     0x56013a959b45 - std::io::Write::write_fmt::h478f79c628ef31d1
[INFO] [stdout]                                at /rustc/84c898d65adf2f39a5a98507f1fe0ce10a2b8dbc/library/std/src/io/mod.rs:1684:15
[INFO] [stdout]    6:     0x56013a95c495 - std::sys_common::backtrace::_print::h5fcdc36060f177e8
[INFO] [stdout]                                at /rustc/84c898d65adf2f39a5a98507f1fe0ce10a2b8dbc/library/std/src/sys_common/backtrace.rs:47:5
[INFO] [stdout]    7:     0x56013a95c495 - std::sys_common::backtrace::print::h54ca9458b876c8bf
[INFO] [stdout]                                at /rustc/84c898d65adf2f39a5a98507f1fe0ce10a2b8dbc/library/std/src/sys_common/backtrace.rs:34:9
[INFO] [stdout]    8:     0x56013a95e25f - std::panicking::default_hook::{{closure}}::hbe471161c7664ed6
[INFO] [stdout]                                at /rustc/84c898d65adf2f39a5a98507f1fe0ce10a2b8dbc/library/std/src/panicking.rs:271:22
[INFO] [stdout]    9:     0x56013a95df1f - std::panicking::default_hook::ha3500da57aa4ac4f
[INFO] [stdout]                                at /rustc/84c898d65adf2f39a5a98507f1fe0ce10a2b8dbc/library/std/src/panicking.rs:287:9
[INFO] [stdout]   10:     0x56013a930c37 - <alloc::boxed::Box<F,A> as core::ops::function::Fn<Args>>::call::hdf1b89dd137ece34
[INFO] [stdout]                                at /rustc/84c898d65adf2f39a5a98507f1fe0ce10a2b8dbc/library/alloc/src/boxed.rs:2001:9
[INFO] [stdout]   11:     0x56013a930c37 - test::test_main::{{closure}}::h9081a79f20e75698
[INFO] [stdout]                                at /rustc/84c898d65adf2f39a5a98507f1fe0ce10a2b8dbc/library/test/src/lib.rs:135:21
[INFO] [stdout]   12:     0x56013a95e98d - <alloc::boxed::Box<F,A> as core::ops::function::Fn<Args>>::call::h6507bddc3eebb4a5
[INFO] [stdout]                                at /rustc/84c898d65adf2f39a5a98507f1fe0ce10a2b8dbc/library/alloc/src/boxed.rs:2001:9
[INFO] [stdout]   13:     0x56013a95e98d - std::panicking::rust_panic_with_hook::h50c09d000dc561d2
[INFO] [stdout]                                at /rustc/84c898d65adf2f39a5a98507f1fe0ce10a2b8dbc/library/std/src/panicking.rs:696:13
[INFO] [stdout]   14:     0x56013a95e709 - std::panicking::begin_panic_handler::{{closure}}::h9e2b2176e00e0d9c
[INFO] [stdout]                                at /rustc/84c898d65adf2f39a5a98507f1fe0ce10a2b8dbc/library/std/src/panicking.rs:583:13
[INFO] [stdout]   15:     0x56013a95cb36 - std::sys_common::backtrace::__rust_end_short_backtrace::h5739b8e512c09d02
[INFO] [stdout]                                at /rustc/84c898d65adf2f39a5a98507f1fe0ce10a2b8dbc/library/std/src/sys_common/backtrace.rs:150:18
[INFO] [stdout]   16:     0x56013a95e412 - rust_begin_unwind
[INFO] [stdout]                                at /rustc/84c898d65adf2f39a5a98507f1fe0ce10a2b8dbc/library/std/src/panicking.rs:579:5
[INFO] [stdout]   17:     0x56013a8d3b83 - core::panicking::panic_fmt::hf33a1475b4dc5c3e
[INFO] [stdout]                                at /rustc/84c898d65adf2f39a5a98507f1fe0ce10a2b8dbc/library/core/src/panicking.rs:64:14
[INFO] [stdout]   18:     0x56013a8d3e5f - core::panicking::assert_failed_inner::haf9816227b20b6f2
[INFO] [stdout]   19:     0x56013a900d2a - core::panicking::assert_failed::h6d92516e45389cb1
[INFO] [stdout]                                at /rustc/84c898d65adf2f39a5a98507f1fe0ce10a2b8dbc/library/core/src/panicking.rs:211:5
[INFO] [stdout]   20:     0x56013a8ddfbd - AdventOfCodeRust::days::day_11::tests::test_flash_octo::h137fb97815bed698
[INFO] [stdout]                                at /opt/rustwide/workdir/src/days/day_11.rs:87:9
[INFO] [stdout]   21:     0x56013a8ddc27 - AdventOfCodeRust::days::day_11::tests::test_flash_octo::{{closure}}::h7740e0622f758615
[INFO] [stdout]                                at /opt/rustwide/workdir/src/days/day_11.rs:77:26
[INFO] [stdout]   22:     0x56013a8e8e95 - core::ops::function::FnOnce::call_once::h012256184ad405a7
[INFO] [stdout]                                at /rustc/84c898d65adf2f39a5a98507f1fe0ce10a2b8dbc/library/core/src/ops/function.rs:250:5
[INFO] [stdout]   23:     0x56013a93601f - core::ops::function::FnOnce::call_once::h7d969581be7d0075
[INFO] [stdout]                                at /rustc/84c898d65adf2f39a5a98507f1fe0ce10a2b8dbc/library/core/src/ops/function.rs:250:5
[INFO] [stdout]   24:     0x56013a93601f - test::__rust_begin_short_backtrace::hca25a52684e56655
[INFO] [stdout]                                at /rustc/84c898d65adf2f39a5a98507f1fe0ce10a2b8dbc/library/test/src/lib.rs:656:18
[INFO] [stdout]   25:     0x56013a90763c - test::run_test::{{closure}}::ha8ac744c4af1a4bb
[INFO] [stdout]                                at /rustc/84c898d65adf2f39a5a98507f1fe0ce10a2b8dbc/library/test/src/lib.rs:647:30
[INFO] [stdout]   26:     0x56013a90763c - core::ops::function::FnOnce::call_once{{vtable.shim}}::h7b411a9ed45bdecf
[INFO] [stdout]                                at /rustc/84c898d65adf2f39a5a98507f1fe0ce10a2b8dbc/library/core/src/ops/function.rs:250:5
[INFO] [stdout]   27:     0x56013a934fe6 - <alloc::boxed::Box<F,A> as core::ops::function::FnOnce<Args>>::call_once::hd05328869a8ed200
[INFO] [stdout]                                at /rustc/84c898d65adf2f39a5a98507f1fe0ce10a2b8dbc/library/alloc/src/boxed.rs:1987:9
[INFO] [stdout]   28:     0x56013a934fe6 - <core::panic::unwind_safe::AssertUnwindSafe<F> as core::ops::function::FnOnce<()>>::call_once::h0c601ce20bd5b2be
[INFO] [stdout]                                at /rustc/84c898d65adf2f39a5a98507f1fe0ce10a2b8dbc/library/core/src/panic/unwind_safe.rs:271:9
[INFO] [stdout]   29:     0x56013a934fe6 - std::panicking::try::do_call::ha4be5c164fe30854
[INFO] [stdout]                                at /rustc/84c898d65adf2f39a5a98507f1fe0ce10a2b8dbc/library/std/src/panicking.rs:487:40
[INFO] [stdout]   30:     0x56013a934fe6 - std::panicking::try::h604546f3609af05f
[INFO] [stdout]                                at /rustc/84c898d65adf2f39a5a98507f1fe0ce10a2b8dbc/library/std/src/panicking.rs:451:19
[INFO] [stdout]   31:     0x56013a934fe6 - std::panic::catch_unwind::h5bfa8afe44c9c2f9
[INFO] [stdout]                                at /rustc/84c898d65adf2f39a5a98507f1fe0ce10a2b8dbc/library/std/src/panic.rs:140:14
[INFO] [stdout]   32:     0x56013a934fe6 - test::run_test_in_process::hd50dee55dd63e6aa
[INFO] [stdout]                                at /rustc/84c898d65adf2f39a5a98507f1fe0ce10a2b8dbc/library/test/src/lib.rs:679:27
[INFO] [stdout]   33:     0x56013a934fe6 - test::run_test::run_test_inner::{{closure}}::h4aa0f433aa85cea8
[INFO] [stdout]                                at /rustc/84c898d65adf2f39a5a98507f1fe0ce10a2b8dbc/library/test/src/lib.rs:573:39
[INFO] [stdout]   34:     0x56013a901cb1 - test::run_test::run_test_inner::{{closure}}::had56431adf24b4d6
[INFO] [stdout]                                at /rustc/84c898d65adf2f39a5a98507f1fe0ce10a2b8dbc/library/test/src/lib.rs:600:37
[INFO] [stdout]   35:     0x56013a901cb1 - std::sys_common::backtrace::__rust_begin_short_backtrace::ha8d9890e0c73bf13
[INFO] [stdout]                                at /rustc/84c898d65adf2f39a5a98507f1fe0ce10a2b8dbc/library/std/src/sys_common/backtrace.rs:134:18
[INFO] [stdout]   36:     0x56013a9076cb - std::thread::Builder::spawn_unchecked_::{{closure}}::{{closure}}::h251832bcb4a95327
[INFO] [stdout]                                at /rustc/84c898d65adf2f39a5a98507f1fe0ce10a2b8dbc/library/std/src/thread/mod.rs:560:17
[INFO] [stdout]   37:     0x56013a9076cb - <core::panic::unwind_safe::AssertUnwindSafe<F> as core::ops::function::FnOnce<()>>::call_once::h8fdff598fa414831
[INFO] [stdout]                                at /rustc/84c898d65adf2f39a5a98507f1fe0ce10a2b8dbc/library/core/src/panic/unwind_safe.rs:271:9
[INFO] [stdout]   38:     0x56013a9076cb - std::panicking::try::do_call::h455dd2f7764a950f
[INFO] [stdout]                                at /rustc/84c898d65adf2f39a5a98507f1fe0ce10a2b8dbc/library/std/src/panicking.rs:487:40
[INFO] [stdout]   39:     0x56013a9076cb - std::panicking::try::had6f23b7b73ae72a
[INFO] [stdout]                                at /rustc/84c898d65adf2f39a5a98507f1fe0ce10a2b8dbc/library/std/src/panicking.rs:451:19
[INFO] [stdout]   40:     0x56013a9076cb - std::panic::catch_unwind::ha6a5ca3915b4dad0
[INFO] [stdout]                                at /rustc/84c898d65adf2f39a5a98507f1fe0ce10a2b8dbc/library/std/src/panic.rs:140:14
[INFO] [stdout]   41:     0x56013a9076cb - std::thread::Builder::spawn_unchecked_::{{closure}}::h883b72ef75da6231
[INFO] [stdout]                                at /rustc/84c898d65adf2f39a5a98507f1fe0ce10a2b8dbc/library/std/src/thread/mod.rs:559:30
[INFO] [stdout]   42:     0x56013a9076cb - core::ops::function::FnOnce::call_once{{vtable.shim}}::hb7dff73dc8bd2ccb
[INFO] [stdout]                                at /rustc/84c898d65adf2f39a5a98507f1fe0ce10a2b8dbc/library/core/src/ops/function.rs:250:5
[INFO] [stdout]   43:     0x56013a962cf3 - <alloc::boxed::Box<F,A> as core::ops::function::FnOnce<Args>>::call_once::h39990b24eedef2ab
[INFO] [stdout]                                at /rustc/84c898d65adf2f39a5a98507f1fe0ce10a2b8dbc/library/alloc/src/boxed.rs:1987:9
[INFO] [stdout]   44:     0x56013a962cf3 - <alloc::boxed::Box<F,A> as core::ops::function::FnOnce<Args>>::call_once::h01a027258444143b
[INFO] [stdout]                                at /rustc/84c898d65adf2f39a5a98507f1fe0ce10a2b8dbc/library/alloc/src/boxed.rs:1987:9
[INFO] [stdout]   45:     0x56013a962cf3 - std::sys::unix::thread::Thread::new::thread_start::ha4f1cdd9c25884ba
[INFO] [stdout]                                at /rustc/84c898d65adf2f39a5a98507f1fe0ce10a2b8dbc/library/std/src/sys/unix/thread.rs:108:17
[INFO] [stdout]   46:     0x7f9cb7d1ab43 - <unknown>
[INFO] [stdout]   47:     0x7f9cb7dabbb4 - __clone
[INFO] [stdout]   48:                0x0 - <unknown>
[INFO] [stdout] 
[INFO] [stdout] ---- days::day_9::test_find_basins::test_multiple_basins stdout ----
[INFO] [stdout] {3, 13, 8, 11, 9, 6, 7, 4, 1, 12, 0, 5, 14, 15, 10, 2}
[INFO] [stdout] [1, 1, 1, 1, 1, 1, 1, 1, 1, 1, 1, 1, 1, 1, 1, 1]
[INFO] [stdout] 1
[INFO] [stdout] thread 'days::day_9::test_find_basins::test_multiple_basins' panicked at 'assertion failed: `(left == right)`
[INFO] [stdout]   left: `[2, 3]`,
[INFO] [stdout]  right: `[1, 1, 1, 1, 1, 1, 1, 1, 1, 1, 1, 1, 1, 1, 1, 1]`', src/days/day_9.rs:106:9
[INFO] [stdout] stack backtrace:
[INFO] [stdout]    0:     0x56013a95c6ca - std::backtrace_rs::backtrace::libunwind::trace::ha9053a9a07ca49cb
[INFO] [stdout]                                at /rustc/84c898d65adf2f39a5a98507f1fe0ce10a2b8dbc/library/std/src/../../backtrace/src/backtrace/libunwind.rs:93:5
[INFO] [stdout]    1:     0x56013a95c6ca - std::backtrace_rs::backtrace::trace_unsynchronized::h9c2852a457ad564e
[INFO] [stdout]                                at /rustc/84c898d65adf2f39a5a98507f1fe0ce10a2b8dbc/library/std/src/../../backtrace/src/backtrace/mod.rs:66:5
[INFO] [stdout]    2:     0x56013a95c6ca - std::sys_common::backtrace::_print_fmt::h457936fbfaa0070f
[INFO] [stdout]                                at /rustc/84c898d65adf2f39a5a98507f1fe0ce10a2b8dbc/library/std/src/sys_common/backtrace.rs:65:5
[INFO] [stdout]    3:     0x56013a95c6ca - <std::sys_common::backtrace::_print::DisplayBacktrace as core::fmt::Display>::fmt::h5779d7bf7f70cb0c
[INFO] [stdout]                                at /rustc/84c898d65adf2f39a5a98507f1fe0ce10a2b8dbc/library/std/src/sys_common/backtrace.rs:44:22
[INFO] [stdout]    4:     0x56013a98012e - core::fmt::write::h5a4baaff1bcd3eb5
[INFO] [stdout]                                at /rustc/84c898d65adf2f39a5a98507f1fe0ce10a2b8dbc/library/core/src/fmt/mod.rs:1232:17
[INFO] [stdout]    5:     0x56013a959b45 - std::io::Write::write_fmt::h478f79c628ef31d1
[INFO] [stdout]                                at /rustc/84c898d65adf2f39a5a98507f1fe0ce10a2b8dbc/library/std/src/io/mod.rs:1684:15
[INFO] [stdout]    6:     0x56013a95c495 - std::sys_common::backtrace::_print::h5fcdc36060f177e8
[INFO] [stdout]                                at /rustc/84c898d65adf2f39a5a98507f1fe0ce10a2b8dbc/library/std/src/sys_common/backtrace.rs:47:5
[INFO] [stdout]    7:     0x56013a95c495 - std::sys_common::backtrace::print::h54ca9458b876c8bf
[INFO] [stdout]                                at /rustc/84c898d65adf2f39a5a98507f1fe0ce10a2b8dbc/library/std/src/sys_common/backtrace.rs:34:9
[INFO] [stdout]    8:     0x56013a95e25f - std::panicking::default_hook::{{closure}}::hbe471161c7664ed6
[INFO] [stdout]                                at /rustc/84c898d65adf2f39a5a98507f1fe0ce10a2b8dbc/library/std/src/panicking.rs:271:22
[INFO] [stdout]    9:     0x56013a95df1f - std::panicking::default_hook::ha3500da57aa4ac4f
[INFO] [stdout]                                at /rustc/84c898d65adf2f39a5a98507f1fe0ce10a2b8dbc/library/std/src/panicking.rs:287:9
[INFO] [stdout]   10:     0x56013a930c37 - <alloc::boxed::Box<F,A> as core::ops::function::Fn<Args>>::call::hdf1b89dd137ece34
[INFO] [stdout]                                at /rustc/84c898d65adf2f39a5a98507f1fe0ce10a2b8dbc/library/alloc/src/boxed.rs:2001:9
[INFO] [stdout]   11:     0x56013a930c37 - test::test_main::{{closure}}::h9081a79f20e75698
[INFO] [stdout]                                at /rustc/84c898d65adf2f39a5a98507f1fe0ce10a2b8dbc/library/test/src/lib.rs:135:21
[INFO] [stdout]   12:     0x56013a95e98d - <alloc::boxed::Box<F,A> as core::ops::function::Fn<Args>>::call::h6507bddc3eebb4a5
[INFO] [stdout]                                at /rustc/84c898d65adf2f39a5a98507f1fe0ce10a2b8dbc/library/alloc/src/boxed.rs:2001:9
[INFO] [stdout]   13:     0x56013a95e98d - std::panicking::rust_panic_with_hook::h50c09d000dc561d2
[INFO] [stdout]                                at /rustc/84c898d65adf2f39a5a98507f1fe0ce10a2b8dbc/library/std/src/panicking.rs:696:13
[INFO] [stdout]   14:     0x56013a95e709 - std::panicking::begin_panic_handler::{{closure}}::h9e2b2176e00e0d9c
[INFO] [stdout]                                at /rustc/84c898d65adf2f39a5a98507f1fe0ce10a2b8dbc/library/std/src/panicking.rs:583:13
[INFO] [stdout]   15:     0x56013a95cb36 - std::sys_common::backtrace::__rust_end_short_backtrace::h5739b8e512c09d02
[INFO] [stdout]                                at /rustc/84c898d65adf2f39a5a98507f1fe0ce10a2b8dbc/library/std/src/sys_common/backtrace.rs:150:18
[INFO] [stdout]   16:     0x56013a95e412 - rust_begin_unwind
[INFO] [stdout]                                at /rustc/84c898d65adf2f39a5a98507f1fe0ce10a2b8dbc/library/std/src/panicking.rs:579:5
[INFO] [stdout]   17:     0x56013a8d3b83 - core::panicking::panic_fmt::hf33a1475b4dc5c3e
[INFO] [stdout]                                at /rustc/84c898d65adf2f39a5a98507f1fe0ce10a2b8dbc/library/core/src/panicking.rs:64:14
[INFO] [stdout]   18:     0x56013a8d3e5f - core::panicking::assert_failed_inner::haf9816227b20b6f2
[INFO] [stdout]   19:     0x56013a900d2a - core::panicking::assert_failed::h6d92516e45389cb1
[INFO] [stdout]                                at /rustc/84c898d65adf2f39a5a98507f1fe0ce10a2b8dbc/library/core/src/panicking.rs:211:5
[INFO] [stdout]   20:     0x56013a8ec152 - AdventOfCodeRust::days::day_9::test_find_basins::test_multiple_basins::h94bc9bdd1d5eec9b
[INFO] [stdout]                                at /opt/rustwide/workdir/src/days/day_9.rs:106:9
[INFO] [stdout]   21:     0x56013a8ebf17 - AdventOfCodeRust::days::day_9::test_find_basins::test_multiple_basins::{{closure}}::h5ff4a4962a10d862
[INFO] [stdout]                                at /opt/rustwide/workdir/src/days/day_9.rs:101:31
[INFO] [stdout]   22:     0x56013a8e9465 - core::ops::function::FnOnce::call_once::hf71cf4a63281bf43
[INFO] [stdout]                                at /rustc/84c898d65adf2f39a5a98507f1fe0ce10a2b8dbc/library/core/src/ops/function.rs:250:5
[INFO] [stdout]   23:     0x56013a93601f - core::ops::function::FnOnce::call_once::h7d969581be7d0075
[INFO] [stdout]                                at /rustc/84c898d65adf2f39a5a98507f1fe0ce10a2b8dbc/library/core/src/ops/function.rs:250:5
[INFO] [stdout]   24:     0x56013a93601f - test::__rust_begin_short_backtrace::hca25a52684e56655
[INFO] [stdout]                                at /rustc/84c898d65adf2f39a5a98507f1fe0ce10a2b8dbc/library/test/src/lib.rs:656:18
[INFO] [stdout]   25:     0x56013a90763c - test::run_test::{{closure}}::ha8ac744c4af1a4bb
[INFO] [stdout]                                at /rustc/84c898d65adf2f39a5a98507f1fe0ce10a2b8dbc/library/test/src/lib.rs:647:30
[INFO] [stdout]   26:     0x56013a90763c - core::ops::function::FnOnce::call_once{{vtable.shim}}::h7b411a9ed45bdecf
[INFO] [stdout]                                at /rustc/84c898d65adf2f39a5a98507f1fe0ce10a2b8dbc/library/core/src/ops/function.rs:250:5
[INFO] [stdout]   27:     0x56013a934fe6 - <alloc::boxed::Box<F,A> as core::ops::function::FnOnce<Args>>::call_once::hd05328869a8ed200
[INFO] [stdout]                                at /rustc/84c898d65adf2f39a5a98507f1fe0ce10a2b8dbc/library/alloc/src/boxed.rs:1987:9
[INFO] [stdout]   28:     0x56013a934fe6 - <core::panic::unwind_safe::AssertUnwindSafe<F> as core::ops::function::FnOnce<()>>::call_once::h0c601ce20bd5b2be
[INFO] [stdout]                                at /rustc/84c898d65adf2f39a5a98507f1fe0ce10a2b8dbc/library/core/src/panic/unwind_safe.rs:271:9
[INFO] [stdout]   29:     0x56013a934fe6 - std::panicking::try::do_call::ha4be5c164fe30854
[INFO] [stdout]                                at /rustc/84c898d65adf2f39a5a98507f1fe0ce10a2b8dbc/library/std/src/panicking.rs:487:40
[INFO] [stdout]   30:     0x56013a934fe6 - std::panicking::try::h604546f3609af05f
[INFO] [stdout]                                at /rustc/84c898d65adf2f39a5a98507f1fe0ce10a2b8dbc/library/std/src/panicking.rs:451:19
[INFO] [stdout]   31:     0x56013a934fe6 - std::panic::catch_unwind::h5bfa8afe44c9c2f9
[INFO] [stdout]                                at /rustc/84c898d65adf2f39a5a98507f1fe0ce10a2b8dbc/library/std/src/panic.rs:140:14
[INFO] [stdout]   32:     0x56013a934fe6 - test::run_test_in_process::hd50dee55dd63e6aa
[INFO] [stdout]                                at /rustc/84c898d65adf2f39a5a98507f1fe0ce10a2b8dbc/library/test/src/lib.rs:679:27
[INFO] [stdout]   33:     0x56013a934fe6 - test::run_test::run_test_inner::{{closure}}::h4aa0f433aa85cea8
[INFO] [stdout]                                at /rustc/84c898d65adf2f39a5a98507f1fe0ce10a2b8dbc/library/test/src/lib.rs:573:39
[INFO] [stdout]   34:     0x56013a901cb1 - test::run_test::run_test_inner::{{closure}}::had56431adf24b4d6
[INFO] [stdout]                                at /rustc/84c898d65adf2f39a5a98507f1fe0ce10a2b8dbc/library/test/src/lib.rs:600:37
[INFO] [stdout]   35:     0x56013a901cb1 - std::sys_common::backtrace::__rust_begin_short_backtrace::ha8d9890e0c73bf13
[INFO] [stdout]                                at /rustc/84c898d65adf2f39a5a98507f1fe0ce10a2b8dbc/library/std/src/sys_common/backtrace.rs:134:18
[INFO] [stdout]   36:     0x56013a9076cb - std::thread::Builder::spawn_unchecked_::{{closure}}::{{closure}}::h251832bcb4a95327
[INFO] [stdout]                                at /rustc/84c898d65adf2f39a5a98507f1fe0ce10a2b8dbc/library/std/src/thread/mod.rs:560:17
[INFO] [stdout]   37:     0x56013a9076cb - <core::panic::unwind_safe::AssertUnwindSafe<F> as core::ops::function::FnOnce<()>>::call_once::h8fdff598fa414831
[INFO] [stdout]                                at /rustc/84c898d65adf2f39a5a98507f1fe0ce10a2b8dbc/library/core/src/panic/unwind_safe.rs:271:9
[INFO] [stdout]   38:     0x56013a9076cb - std::panicking::try::do_call::h455dd2f7764a950f
[INFO] [stdout]                                at /rustc/84c898d65adf2f39a5a98507f1fe0ce10a2b8dbc/library/std/src/panicking.rs:487:40
[INFO] [stdout]   39:     0x56013a9076cb - std::panicking::try::had6f23b7b73ae72a
[INFO] [stdout]                                at /rustc/84c898d65adf2f39a5a98507f1fe0ce10a2b8dbc/library/std/src/panicking.rs:451:19
[INFO] [stdout]   40:     0x56013a9076cb - std::panic::catch_unwind::ha6a5ca3915b4dad0
[INFO] [stdout]                                at /rustc/84c898d65adf2f39a5a98507f1fe0ce10a2b8dbc/library/std/src/panic.rs:140:14
[INFO] [stdout]   41:     0x56013a9076cb - std::thread::Builder::spawn_unchecked_::{{closure}}::h883b72ef75da6231
[INFO] [stdout]                                at /rustc/84c898d65adf2f39a5a98507f1fe0ce10a2b8dbc/library/std/src/thread/mod.rs:559:30
[INFO] [stdout]   42:     0x56013a9076cb - core::ops::function::FnOnce::call_once{{vtable.shim}}::hb7dff73dc8bd2ccb
[INFO] [stdout]                                at /rustc/84c898d65adf2f39a5a98507f1fe0ce10a2b8dbc/library/core/src/ops/function.rs:250:5
[INFO] [stdout]   43:     0x56013a962cf3 - <alloc::boxed::Box<F,A> as core::ops::function::FnOnce<Args>>::call_once::h39990b24eedef2ab
[INFO] [stdout]                                at /rustc/84c898d65adf2f39a5a98507f1fe0ce10a2b8dbc/library/alloc/src/boxed.rs:1987:9
[INFO] [stdout]   44:     0x56013a962cf3 - <alloc::boxed::Box<F,A> as core::ops::function::FnOnce<Args>>::call_once::h01a027258444143b
[INFO] [stdout]                                at /rustc/84c898d65adf2f39a5a98507f1fe0ce10a2b8dbc/library/alloc/src/boxed.rs:1987:9
[INFO] [stdout]   45:     0x56013a962cf3 - std::sys::unix::thread::Thread::new::thread_start::ha4f1cdd9c25884ba
[INFO] [stdout]                                at /rustc/84c898d65adf2f39a5a98507f1fe0ce10a2b8dbc/library/std/src/sys/unix/thread.rs:108:17
[INFO] [stdout]   46:     0x7f9cb7d1ab43 - <unknown>
[INFO] [stdout]   47:     0x7f9cb7dabbb4 - __clone
[INFO] [stdout]   48:                0x0 - <unknown>
[INFO] [stdout] 
[INFO] [stdout] ---- days::day_9::test_find_basins::test_basin_size_2 stdout ----
[INFO] [stdout] {2, 3, 6, 4, 7, 8, 5, 0, 1}
[INFO] [stdout] [1, 1, 1, 1, 1, 1, 1, 1, 1]
[INFO] [stdout] 1
[INFO] [stdout] thread 'days::day_9::test_find_basins::test_basin_size_2' panicked at 'assertion failed: `(left == right)`
[INFO] [stdout]   left: `[5, 1]`,
[INFO] [stdout]  right: `[1, 1, 1, 1, 1, 1, 1, 1, 1]`', src/days/day_9.rs:97:9
[INFO] [stdout] stack backtrace:
[INFO] [stdout]    0:     0x56013a95c6ca - std::backtrace_rs::backtrace::libunwind::trace::ha9053a9a07ca49cb
[INFO] [stdout]                                at /rustc/84c898d65adf2f39a5a98507f1fe0ce10a2b8dbc/library/std/src/../../backtrace/src/backtrace/libunwind.rs:93:5
[INFO] [stdout]    1:     0x56013a95c6ca - std::backtrace_rs::backtrace::trace_unsynchronized::h9c2852a457ad564e
[INFO] [stdout]                                at /rustc/84c898d65adf2f39a5a98507f1fe0ce10a2b8dbc/library/std/src/../../backtrace/src/backtrace/mod.rs:66:5
[INFO] [stdout]    2:     0x56013a95c6ca - std::sys_common::backtrace::_print_fmt::h457936fbfaa0070f
[INFO] [stdout]                                at /rustc/84c898d65adf2f39a5a98507f1fe0ce10a2b8dbc/library/std/src/sys_common/backtrace.rs:65:5
[INFO] [stdout]    3:     0x56013a95c6ca - <std::sys_common::backtrace::_print::DisplayBacktrace as core::fmt::Display>::fmt::h5779d7bf7f70cb0c
[INFO] [stdout]                                at /rustc/84c898d65adf2f39a5a98507f1fe0ce10a2b8dbc/library/std/src/sys_common/backtrace.rs:44:22
[INFO] [stdout]    4:     0x56013a98012e - core::fmt::write::h5a4baaff1bcd3eb5
[INFO] [stdout]                                at /rustc/84c898d65adf2f39a5a98507f1fe0ce10a2b8dbc/library/core/src/fmt/mod.rs:1232:17
[INFO] [stdout]    5:     0x56013a959b45 - std::io::Write::write_fmt::h478f79c628ef31d1
[INFO] [stdout]                                at /rustc/84c898d65adf2f39a5a98507f1fe0ce10a2b8dbc/library/std/src/io/mod.rs:1684:15
[INFO] [stdout]    6:     0x56013a95c495 - std::sys_common::backtrace::_print::h5fcdc36060f177e8
[INFO] [stdout]                                at /rustc/84c898d65adf2f39a5a98507f1fe0ce10a2b8dbc/library/std/src/sys_common/backtrace.rs:47:5
[INFO] [stdout]    7:     0x56013a95c495 - std::sys_common::backtrace::print::h54ca9458b876c8bf
[INFO] [stdout]                                at /rustc/84c898d65adf2f39a5a98507f1fe0ce10a2b8dbc/library/std/src/sys_common/backtrace.rs:34:9
[INFO] [stdout]    8:     0x56013a95e25f - std::panicking::default_hook::{{closure}}::hbe471161c7664ed6
[INFO] [stdout]                                at /rustc/84c898d65adf2f39a5a98507f1fe0ce10a2b8dbc/library/std/src/panicking.rs:271:22
[INFO] [stdout]    9:     0x56013a95df1f - std::panicking::default_hook::ha3500da57aa4ac4f
[INFO] [stdout]                                at /rustc/84c898d65adf2f39a5a98507f1fe0ce10a2b8dbc/library/std/src/panicking.rs:287:9
[INFO] [stdout]   10:     0x56013a930c37 - <alloc::boxed::Box<F,A> as core::ops::function::Fn<Args>>::call::hdf1b89dd137ece34
[INFO] [stdout]                                at /rustc/84c898d65adf2f39a5a98507f1fe0ce10a2b8dbc/library/alloc/src/boxed.rs:2001:9
[INFO] [stdout]   11:     0x56013a930c37 - test::test_main::{{closure}}::h9081a79f20e75698
[INFO] [stdout]                                at /rustc/84c898d65adf2f39a5a98507f1fe0ce10a2b8dbc/library/test/src/lib.rs:135:21
[INFO] [stdout]   12:     0x56013a95e98d - <alloc::boxed::Box<F,A> as core::ops::function::Fn<Args>>::call::h6507bddc3eebb4a5
[INFO] [stdout]                                at /rustc/84c898d65adf2f39a5a98507f1fe0ce10a2b8dbc/library/alloc/src/boxed.rs:2001:9
[INFO] [stdout]   13:     0x56013a95e98d - std::panicking::rust_panic_with_hook::h50c09d000dc561d2
[INFO] [stdout]                                at /rustc/84c898d65adf2f39a5a98507f1fe0ce10a2b8dbc/library/std/src/panicking.rs:696:13
[INFO] [stdout]   14:     0x56013a95e709 - std::panicking::begin_panic_handler::{{closure}}::h9e2b2176e00e0d9c
[INFO] [stdout]                                at /rustc/84c898d65adf2f39a5a98507f1fe0ce10a2b8dbc/library/std/src/panicking.rs:583:13
[INFO] [stdout]   15:     0x56013a95cb36 - std::sys_common::backtrace::__rust_end_short_backtrace::h5739b8e512c09d02
[INFO] [stdout]                                at /rustc/84c898d65adf2f39a5a98507f1fe0ce10a2b8dbc/library/std/src/sys_common/backtrace.rs:150:18
[INFO] [stdout]   16:     0x56013a95e412 - rust_begin_unwind
[INFO] [stdout]                                at /rustc/84c898d65adf2f39a5a98507f1fe0ce10a2b8dbc/library/std/src/panicking.rs:579:5
[INFO] [stdout]   17:     0x56013a8d3b83 - core::panicking::panic_fmt::hf33a1475b4dc5c3e
[INFO] [stdout]                                at /rustc/84c898d65adf2f39a5a98507f1fe0ce10a2b8dbc/library/core/src/panicking.rs:64:14
[INFO] [stdout]   18:     0x56013a8d3e5f - core::panicking::assert_failed_inner::haf9816227b20b6f2
[INFO] [stdout]   19:     0x56013a900d2a - core::panicking::assert_failed::h6d92516e45389cb1
[INFO] [stdout]                                at /rustc/84c898d65adf2f39a5a98507f1fe0ce10a2b8dbc/library/core/src/panicking.rs:211:5
[INFO] [stdout]   20:     0x56013a8ebeb1 - AdventOfCodeRust::days::day_9::test_find_basins::test_basin_size_2::h6941777ef260c431
[INFO] [stdout]                                at /opt/rustwide/workdir/src/days/day_9.rs:97:9
[INFO] [stdout]   21:     0x56013a8ebca7 - AdventOfCodeRust::days::day_9::test_find_basins::test_basin_size_2::{{closure}}::ha063744467ad7ec6
[INFO] [stdout]                                at /opt/rustwide/workdir/src/days/day_9.rs:92:28
[INFO] [stdout]   22:     0x56013a8e9235 - core::ops::function::FnOnce::call_once::hb330ad545485bbed
[INFO] [stdout]                                at /rustc/84c898d65adf2f39a5a98507f1fe0ce10a2b8dbc/library/core/src/ops/function.rs:250:5
[INFO] [stdout]   23:     0x56013a93601f - core::ops::function::FnOnce::call_once::h7d969581be7d0075
[INFO] [stdout]                                at /rustc/84c898d65adf2f39a5a98507f1fe0ce10a2b8dbc/library/core/src/ops/function.rs:250:5
[INFO] [stdout]   24:     0x56013a93601f - test::__rust_begin_short_backtrace::hca25a52684e56655
[INFO] [stdout]                                at /rustc/84c898d65adf2f39a5a98507f1fe0ce10a2b8dbc/library/test/src/lib.rs:656:18
[INFO] [stdout]   25:     0x56013a90763c - test::run_test::{{closure}}::ha8ac744c4af1a4bb
[INFO] [stdout]                                at /rustc/84c898d65adf2f39a5a98507f1fe0ce10a2b8dbc/library/test/src/lib.rs:647:30
[INFO] [stdout]   26:     0x56013a90763c - core::ops::function::FnOnce::call_once{{vtable.shim}}::h7b411a9ed45bdecf
[INFO] [stdout]                                at /rustc/84c898d65adf2f39a5a98507f1fe0ce10a2b8dbc/library/core/src/ops/function.rs:250:5
[INFO] [stdout]   27:     0x56013a934fe6 - <alloc::boxed::Box<F,A> as core::ops::function::FnOnce<Args>>::call_once::hd05328869a8ed200
[INFO] [stdout]                                at /rustc/84c898d65adf2f39a5a98507f1fe0ce10a2b8dbc/library/alloc/src/boxed.rs:1987:9
[INFO] [stdout]   28:     0x56013a934fe6 - <core::panic::unwind_safe::AssertUnwindSafe<F> as core::ops::function::FnOnce<()>>::call_once::h0c601ce20bd5b2be
[INFO] [stdout]                                at /rustc/84c898d65adf2f39a5a98507f1fe0ce10a2b8dbc/library/core/src/panic/unwind_safe.rs:271:9
[INFO] [stdout]   29:     0x56013a934fe6 - std::panicking::try::do_call::ha4be5c164fe30854
[INFO] [stdout]                                at /rustc/84c898d65adf2f39a5a98507f1fe0ce10a2b8dbc/library/std/src/panicking.rs:487:40
[INFO] [stdout]   30:     0x56013a934fe6 - std::panicking::try::h604546f3609af05f
[INFO] [stdout]                                at /rustc/84c898d65adf2f39a5a98507f1fe0ce10a2b8dbc/library/std/src/panicking.rs:451:19
[INFO] [stdout]   31:     0x56013a934fe6 - std::panic::catch_unwind::h5bfa8afe44c9c2f9
[INFO] [stdout]                                at /rustc/84c898d65adf2f39a5a98507f1fe0ce10a2b8dbc/library/std/src/panic.rs:140:14
[INFO] [stdout]   32:     0x56013a934fe6 - test::run_test_in_process::hd50dee55dd63e6aa
[INFO] [stdout]                                at /rustc/84c898d65adf2f39a5a98507f1fe0ce10a2b8dbc/library/test/src/lib.rs:679:27
[INFO] [stdout]   33:     0x56013a934fe6 - test::run_test::run_test_inner::{{closure}}::h4aa0f433aa85cea8
[INFO] [stdout]                                at /rustc/84c898d65adf2f39a5a98507f1fe0ce10a2b8dbc/library/test/src/lib.rs:573:39
[INFO] [stdout]   34:     0x56013a901cb1 - test::run_test::run_test_inner::{{closure}}::had56431adf24b4d6
[INFO] [stdout]                                at /rustc/84c898d65adf2f39a5a98507f1fe0ce10a2b8dbc/library/test/src/lib.rs:600:37
[INFO] [stdout]   35:     0x56013a901cb1 - std::sys_common::backtrace::__rust_begin_short_backtrace::ha8d9890e0c73bf13
[INFO] [stdout]                                at /rustc/84c898d65adf2f39a5a98507f1fe0ce10a2b8dbc/library/std/src/sys_common/backtrace.rs:134:18
[INFO] [stdout]   36:     0x56013a9076cb - std::thread::Builder::spawn_unchecked_::{{closure}}::{{closure}}::h251832bcb4a95327
[INFO] [stdout]                                at /rustc/84c898d65adf2f39a5a98507f1fe0ce10a2b8dbc/library/std/src/thread/mod.rs:560:17
[INFO] [stdout]   37:     0x56013a9076cb - <core::panic::unwind_safe::AssertUnwindSafe<F> as core::ops::function::FnOnce<()>>::call_once::h8fdff598fa414831
[INFO] [stdout]                                at /rustc/84c898d65adf2f39a5a98507f1fe0ce10a2b8dbc/library/core/src/panic/unwind_safe.rs:271:9
[INFO] [stdout]   38:     0x56013a9076cb - std::panicking::try::do_call::h455dd2f7764a950f
[INFO] [stdout]                                at /rustc/84c898d65adf2f39a5a98507f1fe0ce10a2b8dbc/library/std/src/panicking.rs:487:40
[INFO] [stdout]   39:     0x56013a9076cb - std::panicking::try::had6f23b7b73ae72a
[INFO] [stdout]                                at /rustc/84c898d65adf2f39a5a98507f1fe0ce10a2b8dbc/library/std/src/panicking.rs:451:19
[INFO] [stdout]   40:     0x56013a9076cb - std::panic::catch_unwind::ha6a5ca3915b4dad0
[INFO] [stdout]                                at /rustc/84c898d65adf2f39a5a98507f1fe0ce10a2b8dbc/library/std/src/panic.rs:140:14
[INFO] [stdout]   41:     0x56013a9076cb - std::thread::Builder::spawn_unchecked_::{{closure}}::h883b72ef75da6231
[INFO] [stdout]                                at /rustc/84c898d65adf2f39a5a98507f1fe0ce10a2b8dbc/library/std/src/thread/mod.rs:559:30
[INFO] [stdout]   42:     0x56013a9076cb - core::ops::function::FnOnce::call_once{{vtable.shim}}::hb7dff73dc8bd2ccb
[INFO] [stdout]                                at /rustc/84c898d65adf2f39a5a98507f1fe0ce10a2b8dbc/library/core/src/ops/function.rs:250:5
[INFO] [stdout]   43:     0x56013a962cf3 - <alloc::boxed::Box<F,A> as core::ops::function::FnOnce<Args>>::call_once::h39990b24eedef2ab
[INFO] [stdout]                                at /rustc/84c898d65adf2f39a5a98507f1fe0ce10a2b8dbc/library/alloc/src/boxed.rs:1987:9
[INFO] [stdout]   44:     0x56013a962cf3 - <alloc::boxed::Box<F,A> as core::ops::function::FnOnce<Args>>::call_once::h01a027258444143b
[INFO] [stdout]                                at /rustc/84c898d65adf2f39a5a98507f1fe0ce10a2b8dbc/library/alloc/src/boxed.rs:1987:9
[INFO] [stdout]   45:     0x56013a962cf3 - std::sys::unix::thread::Thread::new::thread_start::ha4f1cdd9c25884ba
[INFO] [stdout]                                at /rustc/84c898d65adf2f39a5a98507f1fe0ce10a2b8dbc/library/std/src/sys/unix/thread.rs:108:17
[INFO] [stdout]   46:     0x7f9cb7d1ab43 - <unknown>
[INFO] [stdout]   47:     0x7f9cb7dabbb4 - __clone
[INFO] [stdout]   48:                0x0 - <unknown>
[INFO] [stdout] 
[INFO] [stdout] ---- days::day_9::test_find_basins::test_basin_size stdout ----
[INFO] [stdout] {0, 1, 2, 3}
[INFO] [stdout] [1, 1, 1, 1]
[INFO] [stdout] 1
[INFO] [stdout] thread 'days::day_9::test_find_basins::test_basin_size' panicked at 'assertion failed: `(left == right)`
[INFO] [stdout]   left: `[1]`,
[INFO] [stdout]  right: `[1, 1, 1, 1]`', src/days/day_9.rs:88:9
[INFO] [stdout] stack backtrace:
[INFO] [stdout]    0:     0x56013a95c6ca - std::backtrace_rs::backtrace::libunwind::trace::ha9053a9a07ca49cb
[INFO] [stdout]                                at /rustc/84c898d65adf2f39a5a98507f1fe0ce10a2b8dbc/library/std/src/../../backtrace/src/backtrace/libunwind.rs:93:5
[INFO] [stdout]    1:     0x56013a95c6ca - std::backtrace_rs::backtrace::trace_unsynchronized::h9c2852a457ad564e
[INFO] [stdout]                                at /rustc/84c898d65adf2f39a5a98507f1fe0ce10a2b8dbc/library/std/src/../../backtrace/src/backtrace/mod.rs:66:5
[INFO] [stdout]    2:     0x56013a95c6ca - std::sys_common::backtrace::_print_fmt::h457936fbfaa0070f
[INFO] [stdout]                                at /rustc/84c898d65adf2f39a5a98507f1fe0ce10a2b8dbc/library/std/src/sys_common/backtrace.rs:65:5
[INFO] [stdout]    3:     0x56013a95c6ca - <std::sys_common::backtrace::_print::DisplayBacktrace as core::fmt::Display>::fmt::h5779d7bf7f70cb0c
[INFO] [stdout]                                at /rustc/84c898d65adf2f39a5a98507f1fe0ce10a2b8dbc/library/std/src/sys_common/backtrace.rs:44:22
[INFO] [stdout]    4:     0x56013a98012e - core::fmt::write::h5a4baaff1bcd3eb5
[INFO] [stdout]                                at /rustc/84c898d65adf2f39a5a98507f1fe0ce10a2b8dbc/library/core/src/fmt/mod.rs:1232:17
[INFO] [stdout]    5:     0x56013a959b45 - std::io::Write::write_fmt::h478f79c628ef31d1
[INFO] [stdout]                                at /rustc/84c898d65adf2f39a5a98507f1fe0ce10a2b8dbc/library/std/src/io/mod.rs:1684:15
[INFO] [stdout]    6:     0x56013a95c495 - std::sys_common::backtrace::_print::h5fcdc36060f177e8
[INFO] [stdout]                                at /rustc/84c898d65adf2f39a5a98507f1fe0ce10a2b8dbc/library/std/src/sys_common/backtrace.rs:47:5
[INFO] [stdout]    7:     0x56013a95c495 - std::sys_common::backtrace::print::h54ca9458b876c8bf
[INFO] [stdout]                                at /rustc/84c898d65adf2f39a5a98507f1fe0ce10a2b8dbc/library/std/src/sys_common/backtrace.rs:34:9
[INFO] [stdout]    8:     0x56013a95e25f - std::panicking::default_hook::{{closure}}::hbe471161c7664ed6
[INFO] [stdout]                                at /rustc/84c898d65adf2f39a5a98507f1fe0ce10a2b8dbc/library/std/src/panicking.rs:271:22
[INFO] [stdout]    9:     0x56013a95df1f - std::panicking::default_hook::ha3500da57aa4ac4f
[INFO] [stdout]                                at /rustc/84c898d65adf2f39a5a98507f1fe0ce10a2b8dbc/library/std/src/panicking.rs:287:9
[INFO] [stdout]   10:     0x56013a930c37 - <alloc::boxed::Box<F,A> as core::ops::function::Fn<Args>>::call::hdf1b89dd137ece34
[INFO] [stdout]                                at /rustc/84c898d65adf2f39a5a98507f1fe0ce10a2b8dbc/library/alloc/src/boxed.rs:2001:9
[INFO] [stdout]   11:     0x56013a930c37 - test::test_main::{{closure}}::h9081a79f20e75698
[INFO] [stdout]                                at /rustc/84c898d65adf2f39a5a98507f1fe0ce10a2b8dbc/library/test/src/lib.rs:135:21
[INFO] [stdout]   12:     0x56013a95e98d - <alloc::boxed::Box<F,A> as core::ops::function::Fn<Args>>::call::h6507bddc3eebb4a5
[INFO] [stdout]                                at /rustc/84c898d65adf2f39a5a98507f1fe0ce10a2b8dbc/library/alloc/src/boxed.rs:2001:9
[INFO] [stdout]   13:     0x56013a95e98d - std::panicking::rust_panic_with_hook::h50c09d000dc561d2
[INFO] [stdout]                                at /rustc/84c898d65adf2f39a5a98507f1fe0ce10a2b8dbc/library/std/src/panicking.rs:696:13
[INFO] [stdout]   14:     0x56013a95e709 - std::panicking::begin_panic_handler::{{closure}}::h9e2b2176e00e0d9c
[INFO] [stdout]                                at /rustc/84c898d65adf2f39a5a98507f1fe0ce10a2b8dbc/library/std/src/panicking.rs:583:13
[INFO] [stdout]   15:     0x56013a95cb36 - std::sys_common::backtrace::__rust_end_short_backtrace::h5739b8e512c09d02
[INFO] [stdout]                                at /rustc/84c898d65adf2f39a5a98507f1fe0ce10a2b8dbc/library/std/src/sys_common/backtrace.rs:150:18
[INFO] [stdout]   16:     0x56013a95e412 - rust_begin_unwind
[INFO] [stdout]                                at /rustc/84c898d65adf2f39a5a98507f1fe0ce10a2b8dbc/library/std/src/panicking.rs:579:5
[INFO] [stdout]   17:     0x56013a8d3b83 - core::panicking::panic_fmt::hf33a1475b4dc5c3e
[INFO] [stdout]                                at /rustc/84c898d65adf2f39a5a98507f1fe0ce10a2b8dbc/library/core/src/panicking.rs:64:14
[INFO] [stdout]   18:     0x56013a8d3e5f - core::panicking::assert_failed_inner::haf9816227b20b6f2
[INFO] [stdout]   19:     0x56013a900d2a - core::panicking::assert_failed::h6d92516e45389cb1
[INFO] [stdout]                                at /rustc/84c898d65adf2f39a5a98507f1fe0ce10a2b8dbc/library/core/src/panicking.rs:211:5
[INFO] [stdout]   20:     0x56013a8ebc3e - AdventOfCodeRust::days::day_9::test_find_basins::test_basin_size::h0276c2d45dfa6aa1
[INFO] [stdout]                                at /opt/rustwide/workdir/src/days/day_9.rs:88:9
[INFO] [stdout]   21:     0x56013a8eba67 - AdventOfCodeRust::days::day_9::test_find_basins::test_basin_size::{{closure}}::h54793a0c72ac316d
[INFO] [stdout]                                at /opt/rustwide/workdir/src/days/day_9.rs:83:26
[INFO] [stdout]   22:     0x56013a8e8f85 - core::ops::function::FnOnce::call_once::h1de262d5d8d3051f
[INFO] [stdout]                                at /rustc/84c898d65adf2f39a5a98507f1fe0ce10a2b8dbc/library/core/src/ops/function.rs:250:5
[INFO] [stdout]   23:     0x56013a93601f - core::ops::function::FnOnce::call_once::h7d969581be7d0075
[INFO] [stdout]                                at /rustc/84c898d65adf2f39a5a98507f1fe0ce10a2b8dbc/library/core/src/ops/function.rs:250:5
[INFO] [stdout]   24:     0x56013a93601f - test::__rust_begin_short_backtrace::hca25a52684e56655
[INFO] [stdout]                                at /rustc/84c898d65adf2f39a5a98507f1fe0ce10a2b8dbc/library/test/src/lib.rs:656:18
[INFO] [stdout]   25:     0x56013a90763c - test::run_test::{{closure}}::ha8ac744c4af1a4bb
[INFO] [stdout]                                at /rustc/84c898d65adf2f39a5a98507f1fe0ce10a2b8dbc/library/test/src/lib.rs:647:30
[INFO] [stdout]   26:     0x56013a90763c - core::ops::function::FnOnce::call_once{{vtable.shim}}::h7b411a9ed45bdecf
[INFO] [stdout]                                at /rustc/84c898d65adf2f39a5a98507f1fe0ce10a2b8dbc/library/core/src/ops/function.rs:250:5
[INFO] [stdout]   27:     0x56013a934fe6 - <alloc::boxed::Box<F,A> as core::ops::function::FnOnce<Args>>::call_once::hd05328869a8ed200
[INFO] [stdout]                                at /rustc/84c898d65adf2f39a5a98507f1fe0ce10a2b8dbc/library/alloc/src/boxed.rs:1987:9
[INFO] [stdout]   28:     0x56013a934fe6 - <core::panic::unwind_safe::AssertUnwindSafe<F> as core::ops::function::FnOnce<()>>::call_once::h0c601ce20bd5b2be
[INFO] [stdout]                                at /rustc/84c898d65adf2f39a5a98507f1fe0ce10a2b8dbc/library/core/src/panic/unwind_safe.rs:271:9
[INFO] [stdout]   29:     0x56013a934fe6 - std::panicking::try::do_call::ha4be5c164fe30854
[INFO] [stdout]                                at /rustc/84c898d65adf2f39a5a98507f1fe0ce10a2b8dbc/library/std/src/panicking.rs:487:40
[INFO] [stdout]   30:     0x56013a934fe6 - std::panicking::try::h604546f3609af05f
[INFO] [stdout]                                at /rustc/84c898d65adf2f39a5a98507f1fe0ce10a2b8dbc/library/std/src/panicking.rs:451:19
[INFO] [stdout]   31:     0x56013a934fe6 - std::panic::catch_unwind::h5bfa8afe44c9c2f9
[INFO] [stdout]                                at /rustc/84c898d65adf2f39a5a98507f1fe0ce10a2b8dbc/library/std/src/panic.rs:140:14
[INFO] [stdout]   32:     0x56013a934fe6 - test::run_test_in_process::hd50dee55dd63e6aa
[INFO] [stdout]                                at /rustc/84c898d65adf2f39a5a98507f1fe0ce10a2b8dbc/library/test/src/lib.rs:679:27
[INFO] [stdout]   33:     0x56013a934fe6 - test::run_test::run_test_inner::{{closure}}::h4aa0f433aa85cea8
[INFO] [stdout]                                at /rustc/84c898d65adf2f39a5a98507f1fe0ce10a2b8dbc/library/test/src/lib.rs:573:39
[INFO] [stdout]   34:     0x56013a901cb1 - test::run_test::run_test_inner::{{closure}}::had56431adf24b4d6
[INFO] [stdout]                                at /rustc/84c898d65adf2f39a5a98507f1fe0ce10a2b8dbc/library/test/src/lib.rs:600:37
[INFO] [stdout]   35:     0x56013a901cb1 - std::sys_common::backtrace::__rust_begin_short_backtrace::ha8d9890e0c73bf13
[INFO] [stdout]                                at /rustc/84c898d65adf2f39a5a98507f1fe0ce10a2b8dbc/library/std/src/sys_common/backtrace.rs:134:18
[INFO] [stdout]   36:     0x56013a9076cb - std::thread::Builder::spawn_unchecked_::{{closure}}::{{closure}}::h251832bcb4a95327
[INFO] [stdout]                                at /rustc/84c898d65adf2f39a5a98507f1fe0ce10a2b8dbc/library/std/src/thread/mod.rs:560:17
[INFO] [stdout]   37:     0x56013a9076cb - <core::panic::unwind_safe::AssertUnwindSafe<F> as core::ops::function::FnOnce<()>>::call_once::h8fdff598fa414831
[INFO] [stdout]                                at /rustc/84c898d65adf2f39a5a98507f1fe0ce10a2b8dbc/library/core/src/panic/unwind_safe.rs:271:9
[INFO] [stdout]   38:     0x56013a9076cb - std::panicking::try::do_call::h455dd2f7764a950f
[INFO] [stdout]                                at /rustc/84c898d65adf2f39a5a98507f1fe0ce10a2b8dbc/library/std/src/panicking.rs:487:40
[INFO] [stdout]   39:     0x56013a9076cb - std::panicking::try::had6f23b7b73ae72a
[INFO] [stdout]                                at /rustc/84c898d65adf2f39a5a98507f1fe0ce10a2b8dbc/library/std/src/panicking.rs:451:19
[INFO] [stdout]   40:     0x56013a9076cb - std::panic::catch_unwind::ha6a5ca3915b4dad0
[INFO] [stdout]                                at /rustc/84c898d65adf2f39a5a98507f1fe0ce10a2b8dbc/library/std/src/panic.rs:140:14
[INFO] [stdout]   41:     0x56013a9076cb - std::thread::Builder::spawn_unchecked_::{{closure}}::h883b72ef75da6231
[INFO] [stdout]                                at /rustc/84c898d65adf2f39a5a98507f1fe0ce10a2b8dbc/library/std/src/thread/mod.rs:559:30
[INFO] [stdout]   42:     0x56013a9076cb - core::ops::function::FnOnce::call_once{{vtable.shim}}::hb7dff73dc8bd2ccb
[INFO] [stdout]                                at /rustc/84c898d65adf2f39a5a98507f1fe0ce10a2b8dbc/library/core/src/ops/function.rs:250:5
[INFO] [stdout]   43:     0x56013a962cf3 - <alloc::boxed::Box<F,A> as core::ops::function::FnOnce<Args>>::call_once::h39990b24eedef2ab
[INFO] [stdout]                                at /rustc/84c898d65adf2f39a5a98507f1fe0ce10a2b8dbc/library/alloc/src/boxed.rs:1987:9
[INFO] [stdout]   44:     0x56013a962cf3 - <alloc::boxed::Box<F,A> as core::ops::function::FnOnce<Args>>::call_once::h01a027258444143b
[INFO] [stdout]                                at /rustc/84c898d65adf2f39a5a98507f1fe0ce10a2b8dbc/library/alloc/src/boxed.rs:1987:9
[INFO] [stdout]   45:     0x56013a962cf3 - std::sys::unix::thread::Thread::new::thread_start::ha4f1cdd9c25884ba
[INFO] [stdout]                                at /rustc/84c898d65adf2f39a5a98507f1fe0ce10a2b8dbc/library/std/src/sys/unix/thread.rs:108:17
[INFO] [stdout]   46:     0x7f9cb7d1ab43 - <unknown>
[INFO] [stdout]   47:     0x7f9cb7dabbb4 - __clone
[INFO] [stdout]   48:                0x0 - <unknown>
[INFO] [stdout] 
[INFO] [stdout] 
[INFO] [stdout] failures:
[INFO] [stdout]     days::day_11::tests::test_flash_octo
[INFO] [stdout]     days::day_9::test_find_basins::test_basin_size
[INFO] [stdout]     days::day_9::test_find_basins::test_basin_size_2
[INFO] [stdout]     days::day_9::test_find_basins::test_multiple_basins
[INFO] [stdout] 
[INFO] [stdout] test result: FAILED. 13 passed; 4 failed; 0 ignored; 0 measured; 0 filtered out; finished in 0.02s
[INFO] [stdout] 
[INFO] [stderr] error: test failed, to rerun pass `--bin AdventOfCodeRust`
[INFO] running `Command { std: "docker" "inspect" "5e992b0f05f166704da2ceb7be67a138dfd1610a9e2da936932686093e650732", kill_on_drop: false }`
[INFO] running `Command { std: "docker" "rm" "-f" "5e992b0f05f166704da2ceb7be67a138dfd1610a9e2da936932686093e650732", kill_on_drop: false }`
[INFO] [stdout] 5e992b0f05f166704da2ceb7be67a138dfd1610a9e2da936932686093e650732
