[INFO] cloning repository https://github.com/nilnu1l/rust_cleanarchitecture
[INFO] running `Command { std: "git" "-c" "credential.helper=" "-c" "credential.helper=/workspace/cargo-home/bin/git-credential-null" "clone" "--bare" "https://github.com/nilnu1l/rust_cleanarchitecture" "/workspace/cache/git-repos/https%3A%2F%2Fgithub.com%2Fnilnu1l%2Frust_cleanarchitecture", kill_on_drop: false }`
[INFO] [stderr] Cloning into bare repository '/workspace/cache/git-repos/https%3A%2F%2Fgithub.com%2Fnilnu1l%2Frust_cleanarchitecture'...
[INFO] running `Command { std: "git" "rev-parse" "HEAD", kill_on_drop: false }`
[INFO] [stdout] 2737b39fd02d0f452ddeabfe6edc417765b04cbd
[INFO] testing nilnu1l/rust_cleanarchitecture against beta-2023-04-20 for beta-1.70-1
[INFO] running `Command { std: "git" "clone" "/workspace/cache/git-repos/https%3A%2F%2Fgithub.com%2Fnilnu1l%2Frust_cleanarchitecture" "/workspace/builds/worker-4-tc2/source", kill_on_drop: false }`
[INFO] [stderr] Cloning into '/workspace/builds/worker-4-tc2/source'...
[INFO] [stderr] done.
[INFO] validating manifest of git repo https://github.com/nilnu1l/rust_cleanarchitecture on toolchain beta-2023-04-20
[INFO] running `Command { std: CARGO_HOME="/workspace/cargo-home" RUSTUP_HOME="/workspace/rustup-home" "/workspace/cargo-home/bin/cargo" "+beta-2023-04-20" "metadata" "--manifest-path" "Cargo.toml" "--no-deps", kill_on_drop: false }`
[INFO] started tweaking git repo https://github.com/nilnu1l/rust_cleanarchitecture
[INFO] finished tweaking git repo https://github.com/nilnu1l/rust_cleanarchitecture
[INFO] tweaked toml for git repo https://github.com/nilnu1l/rust_cleanarchitecture written to /workspace/builds/worker-4-tc2/source/Cargo.toml
[INFO] crate git repo https://github.com/nilnu1l/rust_cleanarchitecture already has a lockfile, it will not be regenerated
[INFO] running `Command { std: CARGO_HOME="/workspace/cargo-home" RUSTUP_HOME="/workspace/rustup-home" "/workspace/cargo-home/bin/cargo" "+beta-2023-04-20" "fetch" "--manifest-path" "Cargo.toml", kill_on_drop: false }`
[INFO] running `Command { std: "docker" "create" "-v" "/var/lib/crater-agent-workspace/builds/worker-4-tc2/target:/opt/rustwide/target:rw,Z" "-v" "/var/lib/crater-agent-workspace/builds/worker-4-tc2/source:/opt/rustwide/workdir:ro,Z" "-v" "/var/lib/crater-agent-workspace/cargo-home:/opt/rustwide/cargo-home:ro,Z" "-v" "/var/lib/crater-agent-workspace/rustup-home:/opt/rustwide/rustup-home:ro,Z" "-e" "SOURCE_DIR=/opt/rustwide/workdir" "-e" "CARGO_TARGET_DIR=/opt/rustwide/target" "-e" "CARGO_HOME=/opt/rustwide/cargo-home" "-e" "RUSTUP_HOME=/opt/rustwide/rustup-home" "-w" "/opt/rustwide/workdir" "-m" "1610612736" "--user" "0:0" "--network" "none" "ghcr.io/rust-lang/crates-build-env/linux@sha256:5ff2268d62e97bff2cde7d5815dd6ed5b47097566f13b8d0ca110b04b60e07ed" "/opt/rustwide/cargo-home/bin/cargo" "+beta-2023-04-20" "metadata" "--no-deps" "--format-version=1", kill_on_drop: false }`
[INFO] [stdout] 88e33e3f1f6e2f95b9c863d188a262a5271caca1cf9fb223e7a48b58ca175ac1
[INFO] running `Command { std: "docker" "start" "-a" "88e33e3f1f6e2f95b9c863d188a262a5271caca1cf9fb223e7a48b58ca175ac1", kill_on_drop: false }`
[INFO] running `Command { std: "docker" "inspect" "88e33e3f1f6e2f95b9c863d188a262a5271caca1cf9fb223e7a48b58ca175ac1", kill_on_drop: false }`
[INFO] running `Command { std: "docker" "rm" "-f" "88e33e3f1f6e2f95b9c863d188a262a5271caca1cf9fb223e7a48b58ca175ac1", kill_on_drop: false }`
[INFO] [stdout] 88e33e3f1f6e2f95b9c863d188a262a5271caca1cf9fb223e7a48b58ca175ac1
[INFO] running `Command { std: "docker" "create" "-v" "/var/lib/crater-agent-workspace/builds/worker-4-tc2/target:/opt/rustwide/target:rw,Z" "-v" "/var/lib/crater-agent-workspace/builds/worker-4-tc2/source:/opt/rustwide/workdir:ro,Z" "-v" "/var/lib/crater-agent-workspace/cargo-home:/opt/rustwide/cargo-home:ro,Z" "-v" "/var/lib/crater-agent-workspace/rustup-home:/opt/rustwide/rustup-home:ro,Z" "-e" "SOURCE_DIR=/opt/rustwide/workdir" "-e" "CARGO_TARGET_DIR=/opt/rustwide/target" "-e" "CARGO_INCREMENTAL=0" "-e" "RUST_BACKTRACE=full" "-e" "RUSTFLAGS=--cap-lints=warn" "-e" "RUSTDOCFLAGS=--cap-lints=warn" "-e" "CARGO_HOME=/opt/rustwide/cargo-home" "-e" "RUSTUP_HOME=/opt/rustwide/rustup-home" "-w" "/opt/rustwide/workdir" "-m" "1610612736" "--user" "0:0" "--network" "none" "ghcr.io/rust-lang/crates-build-env/linux@sha256:5ff2268d62e97bff2cde7d5815dd6ed5b47097566f13b8d0ca110b04b60e07ed" "/opt/rustwide/cargo-home/bin/cargo" "+beta-2023-04-20" "build" "--frozen" "--message-format=json", kill_on_drop: false }`
[INFO] [stdout] 2171274ab86339b465069157bc340b1583ea2ffa0a7957b7d043d255e5773183
[INFO] running `Command { std: "docker" "start" "-a" "2171274ab86339b465069157bc340b1583ea2ffa0a7957b7d043d255e5773183", kill_on_drop: false }`
[INFO] [stderr]    Compiling domain v0.1.0 (/opt/rustwide/workdir/domain)
[INFO] [stderr]    Compiling business v0.1.0 (/opt/rustwide/workdir/business)
[INFO] [stderr]    Compiling infrastructure v0.1.0 (/opt/rustwide/workdir/infrastructure)
[INFO] [stderr]    Compiling application v0.1.0 (/opt/rustwide/workdir/application)
[INFO] [stderr]    Compiling batch-example v0.1.0 (/opt/rustwide/workdir/batch-example)
[INFO] [stderr]    Compiling webservice-example v0.1.0 (/opt/rustwide/workdir/webservice-example)
[INFO] [stderr]     Finished dev [unoptimized + debuginfo] target(s) in 0.57s
[INFO] running `Command { std: "docker" "inspect" "2171274ab86339b465069157bc340b1583ea2ffa0a7957b7d043d255e5773183", kill_on_drop: false }`
[INFO] running `Command { std: "docker" "rm" "-f" "2171274ab86339b465069157bc340b1583ea2ffa0a7957b7d043d255e5773183", kill_on_drop: false }`
[INFO] [stdout] 2171274ab86339b465069157bc340b1583ea2ffa0a7957b7d043d255e5773183
[INFO] running `Command { std: "docker" "create" "-v" "/var/lib/crater-agent-workspace/builds/worker-4-tc2/target:/opt/rustwide/target:rw,Z" "-v" "/var/lib/crater-agent-workspace/builds/worker-4-tc2/source:/opt/rustwide/workdir:ro,Z" "-v" "/var/lib/crater-agent-workspace/cargo-home:/opt/rustwide/cargo-home:ro,Z" "-v" "/var/lib/crater-agent-workspace/rustup-home:/opt/rustwide/rustup-home:ro,Z" "-e" "SOURCE_DIR=/opt/rustwide/workdir" "-e" "CARGO_TARGET_DIR=/opt/rustwide/target" "-e" "CARGO_INCREMENTAL=0" "-e" "RUST_BACKTRACE=full" "-e" "RUSTFLAGS=--cap-lints=warn" "-e" "RUSTDOCFLAGS=--cap-lints=warn" "-e" "CARGO_HOME=/opt/rustwide/cargo-home" "-e" "RUSTUP_HOME=/opt/rustwide/rustup-home" "-w" "/opt/rustwide/workdir" "-m" "1610612736" "--user" "0:0" "--network" "none" "ghcr.io/rust-lang/crates-build-env/linux@sha256:5ff2268d62e97bff2cde7d5815dd6ed5b47097566f13b8d0ca110b04b60e07ed" "/opt/rustwide/cargo-home/bin/cargo" "+beta-2023-04-20" "test" "--frozen" "--no-run" "--message-format=json", kill_on_drop: false }`
[INFO] [stdout] 7ac6014b3079b6fce4095b73ca02bd730070615fdcd93b9f4a461b067da1c051
[INFO] running `Command { std: "docker" "start" "-a" "7ac6014b3079b6fce4095b73ca02bd730070615fdcd93b9f4a461b067da1c051", kill_on_drop: false }`
[INFO] [stderr]    Compiling infrastructure v0.1.0 (/opt/rustwide/workdir/infrastructure)
[INFO] [stderr]    Compiling business v0.1.0 (/opt/rustwide/workdir/business)
[INFO] [stderr]    Compiling application v0.1.0 (/opt/rustwide/workdir/application)
[INFO] [stderr]    Compiling domain v0.1.0 (/opt/rustwide/workdir/domain)
[INFO] [stderr]    Compiling webservice-example v0.1.0 (/opt/rustwide/workdir/webservice-example)
[INFO] [stderr]    Compiling batch-example v0.1.0 (/opt/rustwide/workdir/batch-example)
[INFO] [stderr]     Finished test [unoptimized + debuginfo] target(s) in 0.24s
[INFO] running `Command { std: "docker" "inspect" "7ac6014b3079b6fce4095b73ca02bd730070615fdcd93b9f4a461b067da1c051", kill_on_drop: false }`
[INFO] running `Command { std: "docker" "rm" "-f" "7ac6014b3079b6fce4095b73ca02bd730070615fdcd93b9f4a461b067da1c051", kill_on_drop: false }`
[INFO] [stdout] 7ac6014b3079b6fce4095b73ca02bd730070615fdcd93b9f4a461b067da1c051
[INFO] running `Command { std: "docker" "create" "-v" "/var/lib/crater-agent-workspace/builds/worker-4-tc2/target:/opt/rustwide/target:rw,Z" "-v" "/var/lib/crater-agent-workspace/builds/worker-4-tc2/source:/opt/rustwide/workdir:ro,Z" "-v" "/var/lib/crater-agent-workspace/cargo-home:/opt/rustwide/cargo-home:ro,Z" "-v" "/var/lib/crater-agent-workspace/rustup-home:/opt/rustwide/rustup-home:ro,Z" "-e" "SOURCE_DIR=/opt/rustwide/workdir" "-e" "CARGO_TARGET_DIR=/opt/rustwide/target" "-e" "CARGO_INCREMENTAL=0" "-e" "RUST_BACKTRACE=full" "-e" "RUSTFLAGS=--cap-lints=warn" "-e" "RUSTDOCFLAGS=--cap-lints=warn" "-e" "CARGO_HOME=/opt/rustwide/cargo-home" "-e" "RUSTUP_HOME=/opt/rustwide/rustup-home" "-w" "/opt/rustwide/workdir" "-m" "1610612736" "--user" "0:0" "--network" "none" "ghcr.io/rust-lang/crates-build-env/linux@sha256:5ff2268d62e97bff2cde7d5815dd6ed5b47097566f13b8d0ca110b04b60e07ed" "/opt/rustwide/cargo-home/bin/cargo" "+beta-2023-04-20" "test" "--frozen", kill_on_drop: false }`
[INFO] [stdout] 311fca420ce0ec454973e9032cf4c85206d4fc7d4c15dca8013a1d219888164b
[INFO] running `Command { std: "docker" "start" "-a" "311fca420ce0ec454973e9032cf4c85206d4fc7d4c15dca8013a1d219888164b", kill_on_drop: false }`
[INFO] [stderr]     Finished test [unoptimized + debuginfo] target(s) in 0.00s
[INFO] [stderr]      Running unittests src/lib.rs (/opt/rustwide/target/debug/deps/application-aef6f3e1283d0695)
[INFO] [stdout] 
[INFO] [stdout] running 0 tests
[INFO] [stdout] 
[INFO] [stdout] test result: ok. 0 passed; 0 failed; 0 ignored; 0 measured; 0 filtered out; finished in 0.00s
[INFO] [stdout] 
[INFO] [stderr]      Running unittests src/main.rs (/opt/rustwide/target/debug/deps/batch_example-380d4249d5e71802)
[INFO] [stdout] 
[INFO] [stdout] running 0 tests
[INFO] [stdout] 
[INFO] [stdout] test result: ok. 0 passed; 0 failed; 0 ignored; 0 measured; 0 filtered out; finished in 0.00s
[INFO] [stdout] 
[INFO] [stderr]      Running unittests src/lib.rs (/opt/rustwide/target/debug/deps/business-6d3183c5d5b9fcac)
[INFO] [stdout] 
[INFO] [stdout] running 0 tests
[INFO] [stdout] 
[INFO] [stdout] test result: ok. 0 passed; 0 failed; 0 ignored; 0 measured; 0 filtered out; finished in 0.00s
[INFO] [stdout] 
[INFO] [stderr]      Running unittests src/lib.rs (/opt/rustwide/target/debug/deps/domain-e5f0be36242ed874)
[INFO] [stdout] 
[INFO] [stdout] running 0 tests
[INFO] [stdout] 
[INFO] [stdout] test result: ok. 0 passed; 0 failed; 0 ignored; 0 measured; 0 filtered out; finished in 0.00s
[INFO] [stdout] 
[INFO] [stderr]      Running unittests src/lib.rs (/opt/rustwide/target/debug/deps/infrastructure-7c64ef323951459a)
[INFO] [stdout] 
[INFO] [stdout] running 0 tests
[INFO] [stdout] 
[INFO] [stdout] test result: ok. 0 passed; 0 failed; 0 ignored; 0 measured; 0 filtered out; finished in 0.00s
[INFO] [stdout] 
[INFO] [stderr]      Running unittests src/main.rs (/opt/rustwide/target/debug/deps/webservice_example-0b92fe9ecc00eaaa)
[INFO] [stdout] 
[INFO] [stdout] running 0 tests
[INFO] [stdout] 
[INFO] [stdout] test result: ok. 0 passed; 0 failed; 0 ignored; 0 measured; 0 filtered out; finished in 0.00s
[INFO] [stdout] 
[INFO] [stderr]    Doc-tests application
[INFO] [stdout] 
[INFO] [stdout] running 0 tests
[INFO] [stdout] 
[INFO] [stdout] test result: ok. 0 passed; 0 failed; 0 ignored; 0 measured; 0 filtered out; finished in 0.00s
[INFO] [stdout] 
[INFO] [stderr]    Doc-tests business
[INFO] [stdout] 
[INFO] [stdout] running 1 test
[INFO] [stdout] test src/add_user_use_case/add_user_input_message.rs - add_user_use_case::add_user_input_message::AddUserInputMessage::new (line 14) ... ok
[INFO] [stdout] 
[INFO] [stdout] test result: ok. 1 passed; 0 failed; 0 ignored; 0 measured; 0 filtered out; finished in 0.12s
[INFO] [stdout] 
[INFO] [stderr]    Doc-tests domain
[INFO] [stdout] 
[INFO] [stdout] running 1 test
[INFO] [stdout] test src/entities/user_entity.rs - entities::user_entity::UserEntity::new (line 15) ... ok
[INFO] [stdout] 
[INFO] [stdout] test result: ok. 1 passed; 0 failed; 0 ignored; 0 measured; 0 filtered out; finished in 0.13s
[INFO] [stdout] 
[INFO] [stderr]    Doc-tests infrastructure
[INFO] [stdout] 
[INFO] [stdout] running 1 test
[INFO] [stdout] test src/repositories/file_repository.rs - repositories::file_repository::FileRepository::add_user (line 25) ... FAILED
[INFO] [stdout] 
[INFO] [stdout] failures:
[INFO] [stdout] 
[INFO] [stdout] ---- src/repositories/file_repository.rs - repositories::file_repository::FileRepository::add_user (line 25) stdout ----
[INFO] [stdout] Test executable failed (exit status: 101).
[INFO] [stdout] 
[INFO] [stdout] stderr:
[INFO] [stdout] thread 'main' panicked at 'assertion failed: Path::new(&file_path).exists()', src/repositories/file_repository.rs:16:1
[INFO] [stdout] stack backtrace:
[INFO] [stdout]    0:     0x55fef029b25a - std::backtrace_rs::backtrace::libunwind::trace::h2f05d0192276a8f6
[INFO] [stdout]                                at /rustc/1b7dd2252b99671ce5d1cb9664c5f8636329436d/library/std/src/../../backtrace/src/backtrace/libunwind.rs:93:5
[INFO] [stdout]    1:     0x55fef029b25a - std::backtrace_rs::backtrace::trace_unsynchronized::hedc23dff7a1af150
[INFO] [stdout]                                at /rustc/1b7dd2252b99671ce5d1cb9664c5f8636329436d/library/std/src/../../backtrace/src/backtrace/mod.rs:66:5
[INFO] [stdout]    2:     0x55fef029b25a - std::sys_common::backtrace::_print_fmt::h17541ef7592f3ce2
[INFO] [stdout]                                at /rustc/1b7dd2252b99671ce5d1cb9664c5f8636329436d/library/std/src/sys_common/backtrace.rs:65:5
[INFO] [stdout]    3:     0x55fef029b25a - <std::sys_common::backtrace::_print::DisplayBacktrace as core::fmt::Display>::fmt::h20f75df5ab0c0792
[INFO] [stdout]                                at /rustc/1b7dd2252b99671ce5d1cb9664c5f8636329436d/library/std/src/sys_common/backtrace.rs:44:22
[INFO] [stdout]    4:     0x55fef02b57ef - core::fmt::write::h78109e6f466b3af6
[INFO] [stdout]                                at /rustc/1b7dd2252b99671ce5d1cb9664c5f8636329436d/library/core/src/fmt/mod.rs:1254:17
[INFO] [stdout]    5:     0x55fef0298f05 - std::io::Write::write_fmt::hc59e1b02dd273c8a
[INFO] [stdout]                                at /rustc/1b7dd2252b99671ce5d1cb9664c5f8636329436d/library/std/src/io/mod.rs:1698:15
[INFO] [stdout]    6:     0x55fef029b025 - std::sys_common::backtrace::_print::h8dac57a9f8fbf9a5
[INFO] [stdout]                                at /rustc/1b7dd2252b99671ce5d1cb9664c5f8636329436d/library/std/src/sys_common/backtrace.rs:47:5
[INFO] [stdout]    7:     0x55fef029b025 - std::sys_common::backtrace::print::hf9ecbf41d1aa712f
[INFO] [stdout]                                at /rustc/1b7dd2252b99671ce5d1cb9664c5f8636329436d/library/std/src/sys_common/backtrace.rs:34:9
[INFO] [stdout]    8:     0x55fef029c5ae - std::panicking::default_hook::{{closure}}::h04c07acfc84ca028
[INFO] [stdout]                                at /rustc/1b7dd2252b99671ce5d1cb9664c5f8636329436d/library/std/src/panicking.rs:269:22
[INFO] [stdout]    9:     0x55fef029c355 - std::panicking::default_hook::h01f6bb23e1eceb2c
[INFO] [stdout]                                at /rustc/1b7dd2252b99671ce5d1cb9664c5f8636329436d/library/std/src/panicking.rs:288:9
[INFO] [stdout]   10:     0x55fef029cb0e - std::panicking::rust_panic_with_hook::h2bb3722bbaf2f6df
[INFO] [stdout]                                at /rustc/1b7dd2252b99671ce5d1cb9664c5f8636329436d/library/std/src/panicking.rs:691:13
[INFO] [stdout]   11:     0x55fef029c9c2 - std::panicking::begin_panic_handler::{{closure}}::h91bc7f36a4be011b
[INFO] [stdout]                                at /rustc/1b7dd2252b99671ce5d1cb9664c5f8636329436d/library/std/src/panicking.rs:580:13
[INFO] [stdout]   12:     0x55fef029b6c6 - std::sys_common::backtrace::__rust_end_short_backtrace::h8b3d3717114f9e59
[INFO] [stdout]                                at /rustc/1b7dd2252b99671ce5d1cb9664c5f8636329436d/library/std/src/sys_common/backtrace.rs:150:18
[INFO] [stdout]   13:     0x55fef029c762 - rust_begin_unwind
[INFO] [stdout]                                at /rustc/1b7dd2252b99671ce5d1cb9664c5f8636329436d/library/std/src/panicking.rs:578:5
[INFO] [stdout]   14:     0x55fef027f3a3 - core::panicking::panic_fmt::hfd368e3fbdabea26
[INFO] [stdout]                                at /rustc/1b7dd2252b99671ce5d1cb9664c5f8636329436d/library/core/src/panicking.rs:67:14
[INFO] [stdout]   15:     0x55fef027f43d - core::panicking::panic::h3f9042d09bd0bf2e
[INFO] [stdout]                                at /rustc/1b7dd2252b99671ce5d1cb9664c5f8636329436d/library/core/src/panicking.rs:117:5
[INFO] [stdout]   16:     0x55fef0280053 - rust_out::main::_doctest_main_src_repositories_file_repository_rs_25_0::h99dac07f3a4a2b1f
[INFO] [stdout]   17:     0x55fef027fe36 - rust_out::main::h2731449a68dfa004
[INFO] [stdout]   18:     0x55fef027fbc3 - core::ops::function::FnOnce::call_once::hd1715aa1b26fc35c
[INFO] [stdout]   19:     0x55fef027f9a6 - std::sys_common::backtrace::__rust_begin_short_backtrace::h8d2b4d09ce515535
[INFO] [stdout]   20:     0x55fef027fab9 - std::rt::lang_start::{{closure}}::hc9a918c63b0dc835
[INFO] [stdout]   21:     0x55fef029668e - core::ops::function::impls::<impl core::ops::function::FnOnce<A> for &F>::call_once::h2eb19b8ce4148df4
[INFO] [stdout]                                at /rustc/1b7dd2252b99671ce5d1cb9664c5f8636329436d/library/core/src/ops/function.rs:287:13
[INFO] [stdout]   22:     0x55fef029668e - std::panicking::try::do_call::h2e900feff5d504c5
[INFO] [stdout]                                at /rustc/1b7dd2252b99671ce5d1cb9664c5f8636329436d/library/std/src/panicking.rs:485:40
[INFO] [stdout]   23:     0x55fef029668e - std::panicking::try::h8854836cb85aa9f2
[INFO] [stdout]                                at /rustc/1b7dd2252b99671ce5d1cb9664c5f8636329436d/library/std/src/panicking.rs:449:19
[INFO] [stdout]   24:     0x55fef029668e - std::panic::catch_unwind::h706025dd4c48f64b
[INFO] [stdout]                                at /rustc/1b7dd2252b99671ce5d1cb9664c5f8636329436d/library/std/src/panic.rs:140:14
[INFO] [stdout]   25:     0x55fef029668e - std::rt::lang_start_internal::{{closure}}::h7be5b97f4a07a91a
[INFO] [stdout]                                at /rustc/1b7dd2252b99671ce5d1cb9664c5f8636329436d/library/std/src/rt.rs:148:48
[INFO] [stdout]   26:     0x55fef029668e - std::panicking::try::do_call::h59847e9d0a176965
[INFO] [stdout]                                at /rustc/1b7dd2252b99671ce5d1cb9664c5f8636329436d/library/std/src/panicking.rs:485:40
[INFO] [stdout]   27:     0x55fef029668e - std::panicking::try::h399a918ba8522823
[INFO] [stdout]                                at /rustc/1b7dd2252b99671ce5d1cb9664c5f8636329436d/library/std/src/panicking.rs:449:19
[INFO] [stdout]   28:     0x55fef029668e - std::panic::catch_unwind::hca7ca6c55b2a2e26
[INFO] [stdout]                                at /rustc/1b7dd2252b99671ce5d1cb9664c5f8636329436d/library/std/src/panic.rs:140:14
[INFO] [stdout]   29:     0x55fef029668e - std::rt::lang_start_internal::h2c807a81560459eb
[INFO] [stdout]                                at /rustc/1b7dd2252b99671ce5d1cb9664c5f8636329436d/library/std/src/rt.rs:148:20
[INFO] [stdout]   30:     0x55fef027fa97 - std::rt::lang_start::hc4bd3329ce767e23
[INFO] [stdout]   31:     0x55fef02800e5 - main
[INFO] [stdout]   32:     0x7faffc123d90 - <unknown>
[INFO] [stdout]   33:     0x7faffc123e40 - __libc_start_main
[INFO] [stdout]   34:     0x55fef027f8d5 - _start
[INFO] [stdout]   35:                0x0 - <unknown>
[INFO] [stdout] 
[INFO] [stdout] 
[INFO] [stdout] 
[INFO] [stdout] failures:
[INFO] [stdout]     src/repositories/file_repository.rs - repositories::file_repository::FileRepository::add_user (line 25)
[INFO] [stdout] 
[INFO] [stdout] test result: FAILED. 0 passed; 1 failed; 0 ignored; 0 measured; 0 filtered out; finished in 0.14s
[INFO] [stdout] 
[INFO] [stderr] error: doctest failed, to rerun pass `-p infrastructure --doc`
[INFO] running `Command { std: "docker" "inspect" "311fca420ce0ec454973e9032cf4c85206d4fc7d4c15dca8013a1d219888164b", kill_on_drop: false }`
[INFO] running `Command { std: "docker" "rm" "-f" "311fca420ce0ec454973e9032cf4c85206d4fc7d4c15dca8013a1d219888164b", kill_on_drop: false }`
[INFO] [stdout] 311fca420ce0ec454973e9032cf4c85206d4fc7d4c15dca8013a1d219888164b
