[INFO] cloning repository https://github.com/nickmass/advent2020
[INFO] running `Command { std: "git" "-c" "credential.helper=" "-c" "credential.helper=/workspace/cargo-home/bin/git-credential-null" "clone" "--bare" "https://github.com/nickmass/advent2020" "/workspace/cache/git-repos/https%3A%2F%2Fgithub.com%2Fnickmass%2Fadvent2020", kill_on_drop: false }`
[INFO] [stderr] Cloning into bare repository '/workspace/cache/git-repos/https%3A%2F%2Fgithub.com%2Fnickmass%2Fadvent2020'...
[INFO] running `Command { std: "git" "rev-parse" "HEAD", kill_on_drop: false }`
[INFO] [stdout] 552670d9979431de3108ae8d2e208e419be4ad8e
[INFO] testing nickmass/advent2020 against beta-2023-04-20 for beta-1.70-1
[INFO] running `Command { std: "git" "clone" "/workspace/cache/git-repos/https%3A%2F%2Fgithub.com%2Fnickmass%2Fadvent2020" "/workspace/builds/worker-4-tc2/source", kill_on_drop: false }`
[INFO] [stderr] Cloning into '/workspace/builds/worker-4-tc2/source'...
[INFO] [stderr] done.
[INFO] validating manifest of git repo https://github.com/nickmass/advent2020 on toolchain beta-2023-04-20
[INFO] running `Command { std: CARGO_HOME="/workspace/cargo-home" RUSTUP_HOME="/workspace/rustup-home" "/workspace/cargo-home/bin/cargo" "+beta-2023-04-20" "metadata" "--manifest-path" "Cargo.toml" "--no-deps", kill_on_drop: false }`
[INFO] started tweaking git repo https://github.com/nickmass/advent2020
[INFO] finished tweaking git repo https://github.com/nickmass/advent2020
[INFO] tweaked toml for git repo https://github.com/nickmass/advent2020 written to /workspace/builds/worker-4-tc2/source/Cargo.toml
[INFO] crate git repo https://github.com/nickmass/advent2020 already has a lockfile, it will not be regenerated
[INFO] running `Command { std: CARGO_HOME="/workspace/cargo-home" RUSTUP_HOME="/workspace/rustup-home" "/workspace/cargo-home/bin/cargo" "+beta-2023-04-20" "fetch" "--manifest-path" "Cargo.toml", kill_on_drop: false }`
[INFO] [stderr]  Downloading crates ...
[INFO] [stderr]   Downloaded ahash v0.8.2
[INFO] running `Command { std: "docker" "create" "-v" "/var/lib/crater-agent-workspace/builds/worker-4-tc2/target:/opt/rustwide/target:rw,Z" "-v" "/var/lib/crater-agent-workspace/builds/worker-4-tc2/source:/opt/rustwide/workdir:ro,Z" "-v" "/var/lib/crater-agent-workspace/cargo-home:/opt/rustwide/cargo-home:ro,Z" "-v" "/var/lib/crater-agent-workspace/rustup-home:/opt/rustwide/rustup-home:ro,Z" "-e" "SOURCE_DIR=/opt/rustwide/workdir" "-e" "CARGO_TARGET_DIR=/opt/rustwide/target" "-e" "CARGO_HOME=/opt/rustwide/cargo-home" "-e" "RUSTUP_HOME=/opt/rustwide/rustup-home" "-w" "/opt/rustwide/workdir" "-m" "1610612736" "--user" "0:0" "--network" "none" "ghcr.io/rust-lang/crates-build-env/linux@sha256:5ff2268d62e97bff2cde7d5815dd6ed5b47097566f13b8d0ca110b04b60e07ed" "/opt/rustwide/cargo-home/bin/cargo" "+beta-2023-04-20" "metadata" "--no-deps" "--format-version=1", kill_on_drop: false }`
[INFO] [stdout] 303c0d56f8d26b1ab2e9b318ca5f7921de9a26a4a6ce7625fca153aa45435674
[INFO] running `Command { std: "docker" "start" "-a" "303c0d56f8d26b1ab2e9b318ca5f7921de9a26a4a6ce7625fca153aa45435674", kill_on_drop: false }`
[INFO] running `Command { std: "docker" "inspect" "303c0d56f8d26b1ab2e9b318ca5f7921de9a26a4a6ce7625fca153aa45435674", kill_on_drop: false }`
[INFO] running `Command { std: "docker" "rm" "-f" "303c0d56f8d26b1ab2e9b318ca5f7921de9a26a4a6ce7625fca153aa45435674", kill_on_drop: false }`
[INFO] [stdout] 303c0d56f8d26b1ab2e9b318ca5f7921de9a26a4a6ce7625fca153aa45435674
[INFO] running `Command { std: "docker" "create" "-v" "/var/lib/crater-agent-workspace/builds/worker-4-tc2/target:/opt/rustwide/target:rw,Z" "-v" "/var/lib/crater-agent-workspace/builds/worker-4-tc2/source:/opt/rustwide/workdir:ro,Z" "-v" "/var/lib/crater-agent-workspace/cargo-home:/opt/rustwide/cargo-home:ro,Z" "-v" "/var/lib/crater-agent-workspace/rustup-home:/opt/rustwide/rustup-home:ro,Z" "-e" "SOURCE_DIR=/opt/rustwide/workdir" "-e" "CARGO_TARGET_DIR=/opt/rustwide/target" "-e" "CARGO_INCREMENTAL=0" "-e" "RUST_BACKTRACE=full" "-e" "RUSTFLAGS=--cap-lints=warn" "-e" "RUSTDOCFLAGS=--cap-lints=warn" "-e" "CARGO_HOME=/opt/rustwide/cargo-home" "-e" "RUSTUP_HOME=/opt/rustwide/rustup-home" "-w" "/opt/rustwide/workdir" "-m" "1610612736" "--user" "0:0" "--network" "none" "ghcr.io/rust-lang/crates-build-env/linux@sha256:5ff2268d62e97bff2cde7d5815dd6ed5b47097566f13b8d0ca110b04b60e07ed" "/opt/rustwide/cargo-home/bin/cargo" "+beta-2023-04-20" "build" "--frozen" "--message-format=json", kill_on_drop: false }`
[INFO] [stdout] f6cc206c48f21a550af407ae8acbde40046ebedbd81042e27751d2d967f70dbf
[INFO] running `Command { std: "docker" "start" "-a" "f6cc206c48f21a550af407ae8acbde40046ebedbd81042e27751d2d967f70dbf", kill_on_drop: false }`
[INFO] [stderr]    Compiling libc v0.2.139
[INFO] [stderr]    Compiling cfg-if v1.0.0
[INFO] [stderr]    Compiling once_cell v1.16.0
[INFO] [stderr]    Compiling log v0.4.14
[INFO] [stderr]    Compiling cc v1.0.72
[INFO] [stderr]    Compiling pin-project-lite v0.2.7
[INFO] [stderr]    Compiling memchr v2.4.1
[INFO] [stderr]    Compiling bytes v1.1.0
[INFO] [stderr]    Compiling futures-core v0.3.18
[INFO] [stderr]    Compiling untrusted v0.7.1
[INFO] [stderr]    Compiling spin v0.5.2
[INFO] [stderr]    Compiling futures-task v0.3.18
[INFO] [stderr]    Compiling autocfg v1.0.1
[INFO] [stderr]    Compiling tracing-core v0.1.21
[INFO] [stderr]    Compiling futures-util v0.3.18
[INFO] [stderr]    Compiling itoa v0.4.8
[INFO] [stderr]    Compiling fnv v1.0.7
[INFO] [stderr]    Compiling http v0.2.5
[INFO] [stderr]    Compiling indexmap v1.7.0
[INFO] [stderr]    Compiling tracing v0.1.29
[INFO] [stderr]    Compiling tinyvec_macros v0.1.0
[INFO] [stderr]    Compiling pin-utils v0.1.0
[INFO] [stderr]    Compiling futures-io v0.3.18
[INFO] [stderr]    Compiling socket2 v0.4.7
[INFO] [stderr]    Compiling num_cpus v1.13.0
[INFO] [stderr]    Compiling mio v0.8.5
[INFO] [stderr]    Compiling ring v0.16.20
[INFO] [stderr]    Compiling httparse v1.8.0
[INFO] [stderr]    Compiling rustls v0.20.7
[INFO] [stderr]    Compiling hashbrown v0.11.2
[INFO] [stderr]    Compiling matches v0.1.9
[INFO] [stderr]    Compiling slab v0.4.5
[INFO] [stderr]    Compiling tokio v1.19.2
[INFO] [stderr]    Compiling futures-channel v0.3.18
[INFO] [stderr]    Compiling futures-sink v0.3.18
[INFO] [stderr]    Compiling tinyvec v1.5.1
[INFO] [stderr]    Compiling try-lock v0.2.3
[INFO] [stderr]    Compiling ryu v1.0.6
[INFO] [stderr]    Compiling itoa v1.0.5
[INFO] [stderr]    Compiling serde v1.0.130
[INFO] [stderr]    Compiling percent-encoding v2.1.0
[INFO] [stderr]    Compiling want v0.3.0
[INFO] [stderr]    Compiling http-body v0.4.4
[INFO] [stderr]    Compiling form_urlencoded v1.0.1
[INFO] [stderr]    Compiling unicode-normalization v0.1.19
[INFO] [stderr]    Compiling httpdate v1.0.2
[INFO] [stderr]    Compiling tower-service v0.3.1
[INFO] [stderr]    Compiling unicode-bidi v0.3.7
[INFO] [stderr]    Compiling encoding_rs v0.8.29
[INFO] [stderr]    Compiling version_check v0.9.4
[INFO] [stderr]    Compiling ahash v0.8.2
[INFO] [stderr]    Compiling idna v0.2.3
[INFO] [stderr]    Compiling base64 v0.13.0
[INFO] [stderr]    Compiling perf-event-open-sys v1.0.1
[INFO] [stderr]    Compiling url v2.2.2
[INFO] [stderr]    Compiling rustls-pemfile v1.0.1
[INFO] [stderr]    Compiling webpki v0.22.0
[INFO] [stderr]    Compiling sct v0.7.0
[INFO] [stderr]    Compiling getrandom v0.2.8
[INFO] [stderr]    Compiling webpki-roots v0.22.6
[INFO] [stderr]    Compiling mime v0.3.16
[INFO] [stderr]    Compiling ipnet v2.3.1
[INFO] [stderr]    Compiling tokio-util v0.7.3
[INFO] [stderr]    Compiling perf-event v0.4.7
[INFO] [stderr]    Compiling h2 v0.3.15
[INFO] [stderr]    Compiling serde_urlencoded v0.7.1
[INFO] [stderr]    Compiling tokio-rustls v0.23.4
[INFO] [stderr]    Compiling hyper v0.14.23
[INFO] [stderr]    Compiling hyper-rustls v0.23.2
[INFO] [stderr]    Compiling reqwest v0.11.13
[INFO] [stderr]    Compiling advent_of_code v0.1.0 (/opt/rustwide/workdir)
[INFO] [stderr]     Finished dev [unoptimized + debuginfo] target(s) in 46.19s
[INFO] running `Command { std: "docker" "inspect" "f6cc206c48f21a550af407ae8acbde40046ebedbd81042e27751d2d967f70dbf", kill_on_drop: false }`
[INFO] running `Command { std: "docker" "rm" "-f" "f6cc206c48f21a550af407ae8acbde40046ebedbd81042e27751d2d967f70dbf", kill_on_drop: false }`
[INFO] [stdout] f6cc206c48f21a550af407ae8acbde40046ebedbd81042e27751d2d967f70dbf
[INFO] running `Command { std: "docker" "create" "-v" "/var/lib/crater-agent-workspace/builds/worker-4-tc2/target:/opt/rustwide/target:rw,Z" "-v" "/var/lib/crater-agent-workspace/builds/worker-4-tc2/source:/opt/rustwide/workdir:ro,Z" "-v" "/var/lib/crater-agent-workspace/cargo-home:/opt/rustwide/cargo-home:ro,Z" "-v" "/var/lib/crater-agent-workspace/rustup-home:/opt/rustwide/rustup-home:ro,Z" "-e" "SOURCE_DIR=/opt/rustwide/workdir" "-e" "CARGO_TARGET_DIR=/opt/rustwide/target" "-e" "CARGO_INCREMENTAL=0" "-e" "RUST_BACKTRACE=full" "-e" "RUSTFLAGS=--cap-lints=warn" "-e" "RUSTDOCFLAGS=--cap-lints=warn" "-e" "CARGO_HOME=/opt/rustwide/cargo-home" "-e" "RUSTUP_HOME=/opt/rustwide/rustup-home" "-w" "/opt/rustwide/workdir" "-m" "1610612736" "--user" "0:0" "--network" "none" "ghcr.io/rust-lang/crates-build-env/linux@sha256:5ff2268d62e97bff2cde7d5815dd6ed5b47097566f13b8d0ca110b04b60e07ed" "/opt/rustwide/cargo-home/bin/cargo" "+beta-2023-04-20" "test" "--frozen" "--no-run" "--message-format=json", kill_on_drop: false }`
[INFO] [stdout] ee8ae2557392797d2781e37fb062aca02260c6197f9e08e1fc5ed521fd4c735f
[INFO] running `Command { std: "docker" "start" "-a" "ee8ae2557392797d2781e37fb062aca02260c6197f9e08e1fc5ed521fd4c735f", kill_on_drop: false }`
[INFO] [stderr]    Compiling proc-macro2 v1.0.32
[INFO] [stderr]    Compiling unicode-xid v0.2.2
[INFO] [stderr]    Compiling syn v1.0.82
[INFO] [stderr]    Compiling serde_derive v1.0.130
[INFO] [stderr]    Compiling serde v1.0.130
[INFO] [stderr]    Compiling crossbeam-utils v0.8.5
[INFO] [stderr]    Compiling memoffset v0.6.5
[INFO] [stderr]    Compiling crossbeam-epoch v0.9.5
[INFO] [stderr]    Compiling scopeguard v1.1.0
[INFO] [stderr]    Compiling rayon-core v1.9.1
[INFO] [stderr]    Compiling num-traits v0.2.14
[INFO] [stderr]    Compiling serde_json v1.0.72
[INFO] [stderr]    Compiling either v1.6.1
[INFO] [stderr]    Compiling rayon v1.5.1
[INFO] [stderr]    Compiling crossbeam-channel v0.5.1
[INFO] [stderr]    Compiling os_str_bytes v6.4.1
[INFO] [stderr]    Compiling quote v1.0.10
[INFO] [stderr]    Compiling plotters-backend v0.3.2
[INFO] [stderr]    Compiling ciborium-io v0.2.0
[INFO] [stderr]    Compiling crossbeam-deque v0.8.1
[INFO] [stderr]    Compiling half v1.8.2
[INFO] [stderr]    Compiling plotters-svg v0.3.1
[INFO] [stderr]    Compiling clap_lex v0.2.4
[INFO] [stderr]    Compiling ciborium-ll v0.2.0
[INFO] [stderr]    Compiling itertools v0.10.1
[INFO] [stderr]    Compiling textwrap v0.16.0
[INFO] [stderr]    Compiling regex-syntax v0.6.25
[INFO] [stderr]    Compiling same-file v1.0.6
[INFO] [stderr]    Compiling bitflags v1.3.2
[INFO] [stderr]    Compiling cast v0.3.0
[INFO] [stderr]    Compiling clap v3.2.23
[INFO] [stderr]    Compiling plotters v0.3.1
[INFO] [stderr]    Compiling walkdir v2.3.2
[INFO] [stderr]    Compiling criterion-plot v0.5.0
[INFO] [stderr]    Compiling atty v0.2.14
[INFO] [stderr]    Compiling regex v1.5.4
[INFO] [stderr]    Compiling anes v0.1.6
[INFO] [stderr]    Compiling oorandom v11.1.3
[INFO] [stderr]    Compiling serde_urlencoded v0.7.1
[INFO] [stderr]    Compiling ciborium v0.2.0
[INFO] [stderr]    Compiling reqwest v0.11.13
[INFO] [stderr]    Compiling tinytemplate v1.2.1
[INFO] [stderr]    Compiling criterion v0.4.0
[INFO] [stderr]    Compiling advent_of_code v0.1.0 (/opt/rustwide/workdir)
[INFO] [stderr]     Finished test [unoptimized + debuginfo] target(s) in 32.55s
[INFO] running `Command { std: "docker" "inspect" "ee8ae2557392797d2781e37fb062aca02260c6197f9e08e1fc5ed521fd4c735f", kill_on_drop: false }`
[INFO] running `Command { std: "docker" "rm" "-f" "ee8ae2557392797d2781e37fb062aca02260c6197f9e08e1fc5ed521fd4c735f", kill_on_drop: false }`
[INFO] [stdout] ee8ae2557392797d2781e37fb062aca02260c6197f9e08e1fc5ed521fd4c735f
[INFO] running `Command { std: "docker" "create" "-v" "/var/lib/crater-agent-workspace/builds/worker-4-tc2/target:/opt/rustwide/target:rw,Z" "-v" "/var/lib/crater-agent-workspace/builds/worker-4-tc2/source:/opt/rustwide/workdir:ro,Z" "-v" "/var/lib/crater-agent-workspace/cargo-home:/opt/rustwide/cargo-home:ro,Z" "-v" "/var/lib/crater-agent-workspace/rustup-home:/opt/rustwide/rustup-home:ro,Z" "-e" "SOURCE_DIR=/opt/rustwide/workdir" "-e" "CARGO_TARGET_DIR=/opt/rustwide/target" "-e" "CARGO_INCREMENTAL=0" "-e" "RUST_BACKTRACE=full" "-e" "RUSTFLAGS=--cap-lints=warn" "-e" "RUSTDOCFLAGS=--cap-lints=warn" "-e" "CARGO_HOME=/opt/rustwide/cargo-home" "-e" "RUSTUP_HOME=/opt/rustwide/rustup-home" "-w" "/opt/rustwide/workdir" "-m" "1610612736" "--user" "0:0" "--network" "none" "ghcr.io/rust-lang/crates-build-env/linux@sha256:5ff2268d62e97bff2cde7d5815dd6ed5b47097566f13b8d0ca110b04b60e07ed" "/opt/rustwide/cargo-home/bin/cargo" "+beta-2023-04-20" "test" "--frozen", kill_on_drop: false }`
[INFO] [stdout] 037c1a6abb12db8a78f9d3af86fb5dda77a1fa84238738d8d4232e17b0a096a7
[INFO] running `Command { std: "docker" "start" "-a" "037c1a6abb12db8a78f9d3af86fb5dda77a1fa84238738d8d4232e17b0a096a7", kill_on_drop: false }`
[INFO] [stderr]     Blocking waiting for file lock on package cache
[INFO] [stderr]     Finished test [unoptimized + debuginfo] target(s) in 0.40s
[INFO] [stderr]      Running unittests src/lib.rs (/opt/rustwide/target/debug/deps/advent-6dcba942b45cf64e)
[INFO] [stdout] 
[INFO] [stdout] running 57 tests
[INFO] [stdout] test solutions::year_2020::day_11::test ... ok
[INFO] [stdout] test solutions::year_2020::day_12::test ... ok
[INFO] [stdout] test solutions::year_2020::day_18::test ... ok
[INFO] [stdout] test solutions::year_2020::day_14::test ... ok
[INFO] [stdout] test solutions::year_2020::day_13::test ... ok
[INFO] [stdout] test solutions::year_2020::day_22::test ... ok
[INFO] [stdout] test solutions::year_2020::day_16::test ... ok
[INFO] [stdout] test solutions::year_2020::day_10::test ... ok
[INFO] [stdout] test solutions::year_2020::day_21::test ... ok
[INFO] [stdout] test solutions::year_2020::day_20::test ... ok
[INFO] [stdout] test solutions::year_2020::test_parse ... ok
[INFO] [stdout] test solutions::year_2021::day_10::test ... ok
[INFO] [stdout] test solutions::year_2021::day_13::test ... ok
[INFO] [stdout] test solutions::year_2021::day_14::test ... ok
[INFO] [stdout] test solutions::year_2020::day_19::test ... ok
[INFO] [stdout] test solutions::year_2021::day_12::test ... ok
[INFO] [stdout] test solutions::year_2021::day_11::test ... ok
[INFO] [stdout] test solutions::year_2021::day_18::test ... ignored
[INFO] [stdout] test solutions::year_2021::day_17::test ... ok
[INFO] [stdout] test solutions::year_2021::day_16::test ... ok
[INFO] [stdout] test solutions::year_2021::day_5::test ... ok
[INFO] [stdout] test solutions::year_2021::day_6::test ... ok
[INFO] [stdout] test solutions::year_2021::day_4::test ... ok
[INFO] [stdout] test solutions::year_2021::day_7::test ... ok
[INFO] [stdout] test solutions::year_2021::day_8::test ... ok
[INFO] [stdout] test solutions::year_2021::day_3::test ... ok
[INFO] [stdout] test solutions::year_2021::day_9::test ... ok
[INFO] [stdout] test solutions::year_2022::day_10::test ... ok
[INFO] [stdout] test solutions::year_2022::day_13::test ... ok
[INFO] [stdout] test solutions::year_2022::day_12::test ... ok
[INFO] [stdout] test solutions::year_2022::day_11::test ... ok
[INFO] [stdout] test solutions::year_2022::day_14::test ... ok
[INFO] [stdout] test solutions::year_2022::day_17::test ... ok
[INFO] [stdout] test solutions::year_2022::day_18::test ... ok
[INFO] [stdout] test solutions::year_2022::day_19::test ... ignored, too slow
[INFO] [stdout] test solutions::year_2021::day_15::test ... ok
[INFO] [stdout] test solutions::year_2022::day_20::test ... ok
[INFO] [stdout] test solutions::year_2022::day_21::test ... ok
[INFO] [stdout] test solutions::year_2022::day_15::test ... ok
[INFO] [stdout] test solutions::year_2022::day_1::test ... ok
[INFO] [stdout] test solutions::year_2022::day_16::test ... ok
[INFO] [stdout] test solutions::year_2022::day_24::test ... ok
[INFO] [stdout] test solutions::year_2022::day_23::test ... ok
[INFO] [stdout] test solutions::year_2022::day_22::test ... FAILED
[INFO] [stdout] test solutions::year_2022::day_25::test ... ok
[INFO] [stdout] test solutions::year_2022::day_2::test ... ok
[INFO] [stdout] test solutions::year_2022::day_4::test ... ok
[INFO] [stdout] test solutions::year_2022::day_7::test ... ok
[INFO] [stdout] test solutions::year_2022::day_8::test ... ok
[INFO] [stdout] test solutions::year_2022::day_9::test ... ok
[INFO] [stdout] test solutions::year_2022::day_6::test ... ok
[INFO] [stdout] test solutions::year_2022::day_5::test ... ok
[INFO] [stdout] test solutions::year_2022::day_3::test ... ok
[INFO] [stdout] test solutions::year_2020::day_17::test ... ok
[INFO] [stdout] test solutions::year_2020::day_23::test ... ok
[INFO] [stdout] test solutions::year_2020::day_15::test ... ok
[INFO] [stdout] test solutions::year_2020::day_24::test ... ok
[INFO] [stdout] 
[INFO] [stdout] failures:
[INFO] [stdout] 
[INFO] [stdout] ---- solutions::year_2022::day_22::test stdout ----
[INFO] [stdout] thread 'solutions::year_2022::day_22::test' panicked at 'assertion failed: `(left == right)`
[INFO] [stdout]   left: `5031`,
[INFO] [stdout]  right: `0`', src/solutions/year_2022/day_22.rs:266:5
[INFO] [stdout] stack backtrace:
[INFO] [stdout]    0:     0x55f1da87a40a - std::backtrace_rs::backtrace::libunwind::trace::h2f05d0192276a8f6
[INFO] [stdout]                                at /rustc/1b7dd2252b99671ce5d1cb9664c5f8636329436d/library/std/src/../../backtrace/src/backtrace/libunwind.rs:93:5
[INFO] [stdout]    1:     0x55f1da87a40a - std::backtrace_rs::backtrace::trace_unsynchronized::hedc23dff7a1af150
[INFO] [stdout]                                at /rustc/1b7dd2252b99671ce5d1cb9664c5f8636329436d/library/std/src/../../backtrace/src/backtrace/mod.rs:66:5
[INFO] [stdout]    2:     0x55f1da87a40a - std::sys_common::backtrace::_print_fmt::h17541ef7592f3ce2
[INFO] [stdout]                                at /rustc/1b7dd2252b99671ce5d1cb9664c5f8636329436d/library/std/src/sys_common/backtrace.rs:65:5
[INFO] [stdout]    3:     0x55f1da87a40a - <std::sys_common::backtrace::_print::DisplayBacktrace as core::fmt::Display>::fmt::h20f75df5ab0c0792
[INFO] [stdout]                                at /rustc/1b7dd2252b99671ce5d1cb9664c5f8636329436d/library/std/src/sys_common/backtrace.rs:44:22
[INFO] [stdout]    4:     0x55f1da89e8cf - core::fmt::write::h78109e6f466b3af6
[INFO] [stdout]                                at /rustc/1b7dd2252b99671ce5d1cb9664c5f8636329436d/library/core/src/fmt/mod.rs:1254:17
[INFO] [stdout]    5:     0x55f1da877755 - std::io::Write::write_fmt::hd24bfb68a1b35a25
[INFO] [stdout]                                at /rustc/1b7dd2252b99671ce5d1cb9664c5f8636329436d/library/std/src/io/mod.rs:1698:15
[INFO] [stdout]    6:     0x55f1da87a1d5 - std::sys_common::backtrace::_print::h8dac57a9f8fbf9a5
[INFO] [stdout]                                at /rustc/1b7dd2252b99671ce5d1cb9664c5f8636329436d/library/std/src/sys_common/backtrace.rs:47:5
[INFO] [stdout]    7:     0x55f1da87a1d5 - std::sys_common::backtrace::print::hf9ecbf41d1aa712f
[INFO] [stdout]                                at /rustc/1b7dd2252b99671ce5d1cb9664c5f8636329436d/library/std/src/sys_common/backtrace.rs:34:9
[INFO] [stdout]    8:     0x55f1da87be8e - std::panicking::default_hook::{{closure}}::h04c07acfc84ca028
[INFO] [stdout]                                at /rustc/1b7dd2252b99671ce5d1cb9664c5f8636329436d/library/std/src/panicking.rs:269:22
[INFO] [stdout]    9:     0x55f1da87bbc1 - std::panicking::default_hook::h01f6bb23e1eceb2c
[INFO] [stdout]                                at /rustc/1b7dd2252b99671ce5d1cb9664c5f8636329436d/library/std/src/panicking.rs:285:9
[INFO] [stdout]   10:     0x55f1da84b7db - <alloc::boxed::Box<F,A> as core::ops::function::Fn<Args>>::call::h87fe9f7b2fd49e4c
[INFO] [stdout]                                at /rustc/1b7dd2252b99671ce5d1cb9664c5f8636329436d/library/alloc/src/boxed.rs:1987:9
[INFO] [stdout]   11:     0x55f1da84b7db - test::test_main::{{closure}}::he94d679243a7531b
[INFO] [stdout]                                at /rustc/1b7dd2252b99671ce5d1cb9664c5f8636329436d/library/test/src/lib.rs:134:21
[INFO] [stdout]   12:     0x55f1da87c574 - <alloc::boxed::Box<F,A> as core::ops::function::Fn<Args>>::call::h3f2d6d8b14c4769f
[INFO] [stdout]                                at /rustc/1b7dd2252b99671ce5d1cb9664c5f8636329436d/library/alloc/src/boxed.rs:1987:9
[INFO] [stdout]   13:     0x55f1da87c574 - std::panicking::rust_panic_with_hook::h2bb3722bbaf2f6df
[INFO] [stdout]                                at /rustc/1b7dd2252b99671ce5d1cb9664c5f8636329436d/library/std/src/panicking.rs:695:13
[INFO] [stdout]   14:     0x55f1da87c2e9 - std::panicking::begin_panic_handler::{{closure}}::h91bc7f36a4be011b
[INFO] [stdout]                                at /rustc/1b7dd2252b99671ce5d1cb9664c5f8636329436d/library/std/src/panicking.rs:582:13
[INFO] [stdout]   15:     0x55f1da87a876 - std::sys_common::backtrace::__rust_end_short_backtrace::h8b3d3717114f9e59
[INFO] [stdout]                                at /rustc/1b7dd2252b99671ce5d1cb9664c5f8636329436d/library/std/src/sys_common/backtrace.rs:150:18
[INFO] [stdout]   16:     0x55f1da87c042 - rust_begin_unwind
[INFO] [stdout]                                at /rustc/1b7dd2252b99671ce5d1cb9664c5f8636329436d/library/std/src/panicking.rs:578:5
[INFO] [stdout]   17:     0x55f1da686ba3 - core::panicking::panic_fmt::hfd368e3fbdabea26
[INFO] [stdout]                                at /rustc/1b7dd2252b99671ce5d1cb9664c5f8636329436d/library/core/src/panicking.rs:67:14
[INFO] [stdout]   18:     0x55f1da686f6f - core::panicking::assert_failed_inner::haef49168e1798a91
[INFO] [stdout]   19:     0x55f1da73937a - core::panicking::assert_failed::h2d8836366d7e72ac
[INFO] [stdout]                                at /rustc/1b7dd2252b99671ce5d1cb9664c5f8636329436d/library/core/src/panicking.rs:228:5
[INFO] [stdout]   20:     0x55f1da7ac654 - advent::solutions::year_2022::day_22::test::h29ef1e864f4c7783
[INFO] [stdout]                                at /opt/rustwide/workdir/src/solutions/year_2022/day_22.rs:266:5
[INFO] [stdout]   21:     0x55f1da7ac4d7 - advent::solutions::year_2022::day_22::test::{{closure}}::h949413762396693f
[INFO] [stdout]                                at /opt/rustwide/workdir/src/solutions/year_2022/day_22.rs:249:11
[INFO] [stdout]   22:     0x55f1da707fa5 - core::ops::function::FnOnce::call_once::h10a38fd09b4108ca
[INFO] [stdout]                                at /rustc/1b7dd2252b99671ce5d1cb9664c5f8636329436d/library/core/src/ops/function.rs:250:5
[INFO] [stdout]   23:     0x55f1da8506af - core::ops::function::FnOnce::call_once::ha6a70e79f7481a7e
[INFO] [stdout]                                at /rustc/1b7dd2252b99671ce5d1cb9664c5f8636329436d/library/core/src/ops/function.rs:250:5
[INFO] [stdout]   24:     0x55f1da8506af - test::__rust_begin_short_backtrace::hce33033019b61e69
[INFO] [stdout]                                at /rustc/1b7dd2252b99671ce5d1cb9664c5f8636329436d/library/test/src/lib.rs:655:18
[INFO] [stdout]   25:     0x55f1da81de9c - test::run_test::{{closure}}::h858d3528838ae3e5
[INFO] [stdout]                                at /rustc/1b7dd2252b99671ce5d1cb9664c5f8636329436d/library/test/src/lib.rs:646:30
[INFO] [stdout]   26:     0x55f1da81de9c - core::ops::function::FnOnce::call_once{{vtable.shim}}::he8ac2b00f01ae79e
[INFO] [stdout]                                at /rustc/1b7dd2252b99671ce5d1cb9664c5f8636329436d/library/core/src/ops/function.rs:250:5
[INFO] [stdout]   27:     0x55f1da84f786 - <alloc::boxed::Box<F,A> as core::ops::function::FnOnce<Args>>::call_once::h8093d25b522725ef
[INFO] [stdout]                                at /rustc/1b7dd2252b99671ce5d1cb9664c5f8636329436d/library/alloc/src/boxed.rs:1973:9
[INFO] [stdout]   28:     0x55f1da84f786 - <core::panic::unwind_safe::AssertUnwindSafe<F> as core::ops::function::FnOnce<()>>::call_once::h5c334c204e4a3913
[INFO] [stdout]                                at /rustc/1b7dd2252b99671ce5d1cb9664c5f8636329436d/library/core/src/panic/unwind_safe.rs:271:9
[INFO] [stdout]   29:     0x55f1da84f786 - std::panicking::try::do_call::ha8b740c7b9478074
[INFO] [stdout]                                at /rustc/1b7dd2252b99671ce5d1cb9664c5f8636329436d/library/std/src/panicking.rs:485:40
[INFO] [stdout]   30:     0x55f1da84f786 - std::panicking::try::h5d34f63d0e41b64e
[INFO] [stdout]                                at /rustc/1b7dd2252b99671ce5d1cb9664c5f8636329436d/library/std/src/panicking.rs:449:19
[INFO] [stdout]   31:     0x55f1da84f786 - std::panic::catch_unwind::hcfbb511e1aa7fc67
[INFO] [stdout]                                at /rustc/1b7dd2252b99671ce5d1cb9664c5f8636329436d/library/std/src/panic.rs:140:14
[INFO] [stdout]   32:     0x55f1da84f786 - test::run_test_in_process::h9abda90f802eaf21
[INFO] [stdout]                                at /rustc/1b7dd2252b99671ce5d1cb9664c5f8636329436d/library/test/src/lib.rs:678:27
[INFO] [stdout]   33:     0x55f1da84f786 - test::run_test::run_test_inner::{{closure}}::h0f058de91f6c6edf
[INFO] [stdout]                                at /rustc/1b7dd2252b99671ce5d1cb9664c5f8636329436d/library/test/src/lib.rs:572:39
[INFO] [stdout]   34:     0x55f1da8186a5 - test::run_test::run_test_inner::{{closure}}::h5ca48a4c59c6c1fb
[INFO] [stdout]                                at /rustc/1b7dd2252b99671ce5d1cb9664c5f8636329436d/library/test/src/lib.rs:599:37
[INFO] [stdout]   35:     0x55f1da8186a5 - std::sys_common::backtrace::__rust_begin_short_backtrace::h32bd51e1495d4a33
[INFO] [stdout]                                at /rustc/1b7dd2252b99671ce5d1cb9664c5f8636329436d/library/std/src/sys_common/backtrace.rs:134:18
[INFO] [stdout]   36:     0x55f1da81dbe1 - std::thread::Builder::spawn_unchecked_::{{closure}}::{{closure}}::hc086fae9b128b2db
[INFO] [stdout]                                at /rustc/1b7dd2252b99671ce5d1cb9664c5f8636329436d/library/std/src/thread/mod.rs:526:17
[INFO] [stdout]   37:     0x55f1da81dbe1 - <core::panic::unwind_safe::AssertUnwindSafe<F> as core::ops::function::FnOnce<()>>::call_once::hb66571888d270d43
[INFO] [stdout]                                at /rustc/1b7dd2252b99671ce5d1cb9664c5f8636329436d/library/core/src/panic/unwind_safe.rs:271:9
[INFO] [stdout]   38:     0x55f1da81dbe1 - std::panicking::try::do_call::h4fa2ef4f6e51fecf
[INFO] [stdout]                                at /rustc/1b7dd2252b99671ce5d1cb9664c5f8636329436d/library/std/src/panicking.rs:485:40
[INFO] [stdout]   39:     0x55f1da81dbe1 - std::panicking::try::h1e9e22b8584489b5
[INFO] [stdout]                                at /rustc/1b7dd2252b99671ce5d1cb9664c5f8636329436d/library/std/src/panicking.rs:449:19
[INFO] [stdout]   40:     0x55f1da81dbe1 - std::panic::catch_unwind::h44698a3de0e0769e
[INFO] [stdout]                                at /rustc/1b7dd2252b99671ce5d1cb9664c5f8636329436d/library/std/src/panic.rs:140:14
[INFO] [stdout]   41:     0x55f1da81dbe1 - std::thread::Builder::spawn_unchecked_::{{closure}}::h50153abde3fe239e
[INFO] [stdout]                                at /rustc/1b7dd2252b99671ce5d1cb9664c5f8636329436d/library/std/src/thread/mod.rs:525:30
[INFO] [stdout]   42:     0x55f1da81dbe1 - core::ops::function::FnOnce::call_once{{vtable.shim}}::hbe5bbf6f38394364
[INFO] [stdout]                                at /rustc/1b7dd2252b99671ce5d1cb9664c5f8636329436d/library/core/src/ops/function.rs:250:5
[INFO] [stdout]   43:     0x55f1da880a45 - <alloc::boxed::Box<F,A> as core::ops::function::FnOnce<Args>>::call_once::h0d83cb2920a49046
[INFO] [stdout]                                at /rustc/1b7dd2252b99671ce5d1cb9664c5f8636329436d/library/alloc/src/boxed.rs:1973:9
[INFO] [stdout]   44:     0x55f1da880a45 - <alloc::boxed::Box<F,A> as core::ops::function::FnOnce<Args>>::call_once::hbe0a008aa7d9ef59
[INFO] [stdout]                                at /rustc/1b7dd2252b99671ce5d1cb9664c5f8636329436d/library/alloc/src/boxed.rs:1973:9
[INFO] [stdout]   45:     0x55f1da880a45 - std::sys::unix::thread::Thread::new::thread_start::h3a466996bdf6b1f9
[INFO] [stdout]                                at /rustc/1b7dd2252b99671ce5d1cb9664c5f8636329436d/library/std/src/sys/unix/thread.rs:108:17
[INFO] [stdout]   46:     0x7fb75311bb43 - <unknown>
[INFO] [stdout]   47:     0x7fb7531acbb4 - __clone
[INFO] [stdout]   48:                0x0 - <unknown>
[INFO] [stdout] 
[INFO] [stdout] 
[INFO] [stdout] failures:
[INFO] [stdout]     solutions::year_2022::day_22::test
[INFO] [stdout] 
[INFO] [stdout] test result: FAILED. 54 passed; 1 failed; 2 ignored; 0 measured; 0 filtered out; finished in 15.58s
[INFO] [stdout] 
[INFO] [stderr] error: test failed, to rerun pass `--lib`
[INFO] running `Command { std: "docker" "inspect" "037c1a6abb12db8a78f9d3af86fb5dda77a1fa84238738d8d4232e17b0a096a7", kill_on_drop: false }`
[INFO] running `Command { std: "docker" "rm" "-f" "037c1a6abb12db8a78f9d3af86fb5dda77a1fa84238738d8d4232e17b0a096a7", kill_on_drop: false }`
[INFO] [stdout] 037c1a6abb12db8a78f9d3af86fb5dda77a1fa84238738d8d4232e17b0a096a7
