[INFO] cloning repository https://github.com/nickmachnik/bedvec
[INFO] running `Command { std: "git" "-c" "credential.helper=" "-c" "credential.helper=/workspace/cargo-home/bin/git-credential-null" "clone" "--bare" "https://github.com/nickmachnik/bedvec" "/workspace/cache/git-repos/https%3A%2F%2Fgithub.com%2Fnickmachnik%2Fbedvec", kill_on_drop: false }`
[INFO] [stderr] Cloning into bare repository '/workspace/cache/git-repos/https%3A%2F%2Fgithub.com%2Fnickmachnik%2Fbedvec'...
[INFO] running `Command { std: "git" "rev-parse" "HEAD", kill_on_drop: false }`
[INFO] [stdout] 7e57197d6a123d7ad68c15cba698db1e047bb818
[INFO] testing nickmachnik/bedvec against beta-2023-04-20 for beta-1.70-1
[INFO] running `Command { std: "git" "clone" "/workspace/cache/git-repos/https%3A%2F%2Fgithub.com%2Fnickmachnik%2Fbedvec" "/workspace/builds/worker-2-tc2/source", kill_on_drop: false }`
[INFO] [stderr] Cloning into '/workspace/builds/worker-2-tc2/source'...
[INFO] [stderr] done.
[INFO] validating manifest of git repo https://github.com/nickmachnik/bedvec on toolchain beta-2023-04-20
[INFO] running `Command { std: CARGO_HOME="/workspace/cargo-home" RUSTUP_HOME="/workspace/rustup-home" "/workspace/cargo-home/bin/cargo" "+beta-2023-04-20" "metadata" "--manifest-path" "Cargo.toml" "--no-deps", kill_on_drop: false }`
[INFO] removed /workspace/builds/worker-2-tc2/source/.cargo/config.toml
[INFO] started tweaking git repo https://github.com/nickmachnik/bedvec
[INFO] finished tweaking git repo https://github.com/nickmachnik/bedvec
[INFO] tweaked toml for git repo https://github.com/nickmachnik/bedvec written to /workspace/builds/worker-2-tc2/source/Cargo.toml
[INFO] crate git repo https://github.com/nickmachnik/bedvec already has a lockfile, it will not be regenerated
[INFO] running `Command { std: CARGO_HOME="/workspace/cargo-home" RUSTUP_HOME="/workspace/rustup-home" "/workspace/cargo-home/bin/cargo" "+beta-2023-04-20" "fetch" "--manifest-path" "Cargo.toml", kill_on_drop: false }`
[INFO] [stderr]  Downloading crates ...
[INFO] [stderr]   Downloaded blas-src v0.8.0
[INFO] running `Command { std: "docker" "create" "-v" "/var/lib/crater-agent-workspace/builds/worker-2-tc2/target:/opt/rustwide/target:rw,Z" "-v" "/var/lib/crater-agent-workspace/builds/worker-2-tc2/source:/opt/rustwide/workdir:ro,Z" "-v" "/var/lib/crater-agent-workspace/cargo-home:/opt/rustwide/cargo-home:ro,Z" "-v" "/var/lib/crater-agent-workspace/rustup-home:/opt/rustwide/rustup-home:ro,Z" "-e" "SOURCE_DIR=/opt/rustwide/workdir" "-e" "CARGO_TARGET_DIR=/opt/rustwide/target" "-e" "CARGO_HOME=/opt/rustwide/cargo-home" "-e" "RUSTUP_HOME=/opt/rustwide/rustup-home" "-w" "/opt/rustwide/workdir" "-m" "1610612736" "--user" "0:0" "--network" "none" "ghcr.io/rust-lang/crates-build-env/linux@sha256:5ff2268d62e97bff2cde7d5815dd6ed5b47097566f13b8d0ca110b04b60e07ed" "/opt/rustwide/cargo-home/bin/cargo" "+beta-2023-04-20" "metadata" "--no-deps" "--format-version=1", kill_on_drop: false }`
[INFO] [stdout] 2657bcb29f2e3306b6cd55fd4366706790d0408b3ca6cbbf6e0c76f3b08366d2
[INFO] running `Command { std: "docker" "start" "-a" "2657bcb29f2e3306b6cd55fd4366706790d0408b3ca6cbbf6e0c76f3b08366d2", kill_on_drop: false }`
[INFO] running `Command { std: "docker" "inspect" "2657bcb29f2e3306b6cd55fd4366706790d0408b3ca6cbbf6e0c76f3b08366d2", kill_on_drop: false }`
[INFO] running `Command { std: "docker" "rm" "-f" "2657bcb29f2e3306b6cd55fd4366706790d0408b3ca6cbbf6e0c76f3b08366d2", kill_on_drop: false }`
[INFO] [stdout] 2657bcb29f2e3306b6cd55fd4366706790d0408b3ca6cbbf6e0c76f3b08366d2
[INFO] running `Command { std: "docker" "create" "-v" "/var/lib/crater-agent-workspace/builds/worker-2-tc2/target:/opt/rustwide/target:rw,Z" "-v" "/var/lib/crater-agent-workspace/builds/worker-2-tc2/source:/opt/rustwide/workdir:ro,Z" "-v" "/var/lib/crater-agent-workspace/cargo-home:/opt/rustwide/cargo-home:ro,Z" "-v" "/var/lib/crater-agent-workspace/rustup-home:/opt/rustwide/rustup-home:ro,Z" "-e" "SOURCE_DIR=/opt/rustwide/workdir" "-e" "CARGO_TARGET_DIR=/opt/rustwide/target" "-e" "CARGO_INCREMENTAL=0" "-e" "RUST_BACKTRACE=full" "-e" "RUSTFLAGS=--cap-lints=warn" "-e" "RUSTDOCFLAGS=--cap-lints=warn" "-e" "CARGO_HOME=/opt/rustwide/cargo-home" "-e" "RUSTUP_HOME=/opt/rustwide/rustup-home" "-w" "/opt/rustwide/workdir" "-m" "1610612736" "--user" "0:0" "--network" "none" "ghcr.io/rust-lang/crates-build-env/linux@sha256:5ff2268d62e97bff2cde7d5815dd6ed5b47097566f13b8d0ca110b04b60e07ed" "/opt/rustwide/cargo-home/bin/cargo" "+beta-2023-04-20" "build" "--frozen" "--message-format=json", kill_on_drop: false }`
[INFO] [stdout] 12969b3a77bec1ae5f9011180714f8b3f6ad46a894780637f28474dd55962750
[INFO] running `Command { std: "docker" "start" "-a" "12969b3a77bec1ae5f9011180714f8b3f6ad46a894780637f28474dd55962750", kill_on_drop: false }`
[INFO] [stderr]    Compiling autocfg v1.1.0
[INFO] [stderr]    Compiling libc v0.2.124
[INFO] [stderr]    Compiling cfg-if v1.0.0
[INFO] [stderr]    Compiling proc-macro2 v1.0.37
[INFO] [stderr]    Compiling unicode-xid v0.2.2
[INFO] [stderr]    Compiling syn v1.0.91
[INFO] [stderr]    Compiling crossbeam-utils v0.8.8
[INFO] [stderr]    Compiling lazy_static v1.4.0
[INFO] [stderr]    Compiling same-file v1.0.6
[INFO] [stderr]    Compiling cc v1.0.73
[INFO] [stderr]    Compiling scopeguard v1.1.0
[INFO] [stderr]    Compiling rayon-core v1.9.2
[INFO] [stderr]    Compiling ppv-lite86 v0.2.16
[INFO] [stderr]    Compiling rawpointer v0.2.1
[INFO] [stderr]    Compiling either v1.6.1
[INFO] [stderr]    Compiling matrixmultiply v0.3.2
[INFO] [stderr]    Compiling walkdir v2.3.2
[INFO] [stderr]    Compiling num-traits v0.2.14
[INFO] [stderr]    Compiling memoffset v0.6.5
[INFO] [stderr]    Compiling crossbeam-epoch v0.9.8
[INFO] [stderr]    Compiling num-integer v0.1.45
[INFO] [stderr]    Compiling rayon v1.5.2
[INFO] [stderr]    Compiling cmake v0.1.48
[INFO] [stderr]    Compiling crossbeam-channel v0.5.4
[INFO] [stderr]    Compiling quote v1.0.18
[INFO] [stderr]    Compiling netlib-src v0.8.0
[INFO] [stderr]    Compiling dirs-sys v0.3.7
[INFO] [stderr]    Compiling getrandom v0.2.6
[INFO] [stderr]    Compiling num_cpus v1.13.1
[INFO] [stderr]    Compiling cblas-sys v0.1.4
[INFO] [stderr]    Compiling rand_core v0.6.3
[INFO] [stderr]    Compiling dirs v3.0.2
[INFO] [stderr]    Compiling crossbeam-deque v0.8.1
[INFO] [stderr]    Compiling rand_chacha v0.3.1
[INFO] [stderr]    Compiling rand v0.8.5
[INFO] [stderr]    Compiling num-complex v0.4.1
[INFO] [stderr]    Compiling approx v0.4.0
[INFO] [stderr]    Compiling ndarray v0.15.4
[INFO] [stderr]    Compiling thiserror-impl v1.0.31
[INFO] [stderr]    Compiling thiserror v1.0.31
[INFO] [stderr]    Compiling openblas-build v0.1.1
[INFO] [stderr]    Compiling openblas-src v0.10.4
[INFO] [stderr]    Compiling blas-src v0.8.0
[INFO] [stderr]    Compiling rs-bedvec v0.1.0 (/opt/rustwide/workdir)
[INFO] [stdout] warning: constant `BED_LOOKUP_GENOTYPE` is never used
[INFO] [stdout]  --> src/bed_lookup_tables.rs:4:11
[INFO] [stdout]   |
[INFO] [stdout] 4 | pub const BED_LOOKUP_GENOTYPE: [f32; 1024] = [
[INFO] [stdout]   |           ^^^^^^^^^^^^^^^^^^^
[INFO] [stdout]   |
[INFO] [stdout]   = note: `#[warn(dead_code)]` on by default
[INFO] [stdout] 
[INFO] [stdout] 
[INFO] [stdout] warning: constant `BED_LOOKUP_VALIDITY` is never used
[INFO] [stdout]   --> src/bed_lookup_tables.rs:51:11
[INFO] [stdout]    |
[INFO] [stdout] 51 | pub const BED_LOOKUP_VALIDITY: [f32; 1024] = [
[INFO] [stdout]    |           ^^^^^^^^^^^^^^^^^^^
[INFO] [stdout] 
[INFO] [stdout] 
[INFO] [stdout] warning: function `unpack_byte_to_genotype_f32x4` is never used
[INFO] [stdout]    --> src/bedvec.rs:298:4
[INFO] [stdout]     |
[INFO] [stdout] 298 | fn unpack_byte_to_genotype_f32x4(byte: &u8) -> f32x4 {
[INFO] [stdout]     |    ^^^^^^^^^^^^^^^^^^^^^^^^^^^^^
[INFO] [stdout] 
[INFO] [stdout] 
[INFO] [stdout] warning: function `unpack_byte_to_validity_f32x4` is never used
[INFO] [stdout]    --> src/bedvec.rs:308:4
[INFO] [stdout]     |
[INFO] [stdout] 308 | fn unpack_byte_to_validity_f32x4(byte: &u8) -> f32x4 {
[INFO] [stdout]     |    ^^^^^^^^^^^^^^^^^^^^^^^^^^^^^
[INFO] [stdout] 
[INFO] [stdout] 
[INFO] [stdout] warning: type alias `f32x4` is never used
[INFO] [stdout]  --> src/simd.rs:8:10
[INFO] [stdout]   |
[INFO] [stdout] 8 | pub type f32x4 = __m128;
[INFO] [stdout]   |          ^^^^^
[INFO] [stdout] 
[INFO] [stdout] 
[INFO] [stdout] warning: function `f32x8_infty` is never used
[INFO] [stdout]   --> src/simd.rs:16:8
[INFO] [stdout]    |
[INFO] [stdout] 16 | pub fn f32x8_infty() -> f32x8 {
[INFO] [stdout]    |        ^^^^^^^^^^^
[INFO] [stdout] 
[INFO] [stdout] 
[INFO] [stdout] warning: function `add_f32x4` is never used
[INFO] [stdout]   --> src/simd.rs:26:8
[INFO] [stdout]    |
[INFO] [stdout] 26 | pub fn add_f32x4(v: f32x4, w: f32x4) -> f32x4 {
[INFO] [stdout]    |        ^^^^^^^^^
[INFO] [stdout] 
[INFO] [stdout] 
[INFO] [stdout] warning: function `subtract_f32x4` is never used
[INFO] [stdout]   --> src/simd.rs:31:8
[INFO] [stdout]    |
[INFO] [stdout] 31 | pub fn subtract_f32x4(v: f32x4, w: f32x4) -> f32x4 {
[INFO] [stdout]    |        ^^^^^^^^^^^^^^
[INFO] [stdout] 
[INFO] [stdout] 
[INFO] [stdout] warning: function `multiply_f32x4` is never used
[INFO] [stdout]   --> src/simd.rs:41:8
[INFO] [stdout]    |
[INFO] [stdout] 41 | pub fn multiply_f32x4(v: f32x4, w: f32x4) -> f32x4 {
[INFO] [stdout]    |        ^^^^^^^^^^^^^^
[INFO] [stdout] 
[INFO] [stdout] 
[INFO] [stdout] warning: function `min` is never used
[INFO] [stdout]   --> src/simd.rs:46:8
[INFO] [stdout]    |
[INFO] [stdout] 46 | pub fn min(v: f32x8, w: f32x8) -> f32x8 {
[INFO] [stdout]    |        ^^^
[INFO] [stdout] 
[INFO] [stdout] 
[INFO] [stdout] warning: function `unpack_f32x4` is never used
[INFO] [stdout]   --> src/simd.rs:58:8
[INFO] [stdout]    |
[INFO] [stdout] 58 | pub fn unpack_f32x4(v: f32x4) -> [f32; 4] {
[INFO] [stdout]    |        ^^^^^^^^^^^^
[INFO] [stdout] 
[INFO] [stdout] 
[INFO] [stdout] warning: function `f32x4_from_slice` is never used
[INFO] [stdout]   --> src/simd.rs:71:8
[INFO] [stdout]    |
[INFO] [stdout] 71 | pub fn f32x4_from_slice(s: &[f32]) -> f32x4 {
[INFO] [stdout]    |        ^^^^^^^^^^^^^^^^
[INFO] [stdout] 
[INFO] [stdout] 
[INFO] [stdout] warning: function `prefetch` is never used
[INFO] [stdout]    --> src/simd.rs:107:8
[INFO] [stdout]     |
[INFO] [stdout] 107 | pub fn prefetch(p: *const f32x8, offset: isize) {
[INFO] [stdout]     |        ^^^^^^^^
[INFO] [stdout] 
[INFO] [stdout] 
[INFO] [stdout] warning: function `horizontal_min` is never used
[INFO] [stdout]    --> src/simd.rs:141:8
[INFO] [stdout]     |
[INFO] [stdout] 141 | pub fn horizontal_min(v: f32x8) -> f32 {
[INFO] [stdout]     |        ^^^^^^^^^^^^^^
[INFO] [stdout] 
[INFO] [stdout] 
[INFO] [stdout] warning: function `print_vec` is never used
[INFO] [stdout]    --> src/simd.rs:151:8
[INFO] [stdout]     |
[INFO] [stdout] 151 | pub fn print_vec(v: f32x8, padding: usize, precision: usize) {
[INFO] [stdout]     |        ^^^^^^^^^
[INFO] [stdout] 
[INFO] [stdout] 
[INFO] [stdout] warning: function `is_aligned` is never used
[INFO] [stdout]    --> src/simd.rs:165:8
[INFO] [stdout]     |
[INFO] [stdout] 165 | pub fn is_aligned(v: &f32x8) -> bool {
[INFO] [stdout]     |        ^^^^^^^^^^
[INFO] [stdout] 
[INFO] [stdout] 
[INFO] [stdout] warning: 16 warnings emitted
[INFO] [stdout] 
[INFO] [stdout] 
[INFO] [stderr]     Finished dev [unoptimized + debuginfo] target(s) in 1m 38s
[INFO] running `Command { std: "docker" "inspect" "12969b3a77bec1ae5f9011180714f8b3f6ad46a894780637f28474dd55962750", kill_on_drop: false }`
[INFO] running `Command { std: "docker" "rm" "-f" "12969b3a77bec1ae5f9011180714f8b3f6ad46a894780637f28474dd55962750", kill_on_drop: false }`
[INFO] [stdout] 12969b3a77bec1ae5f9011180714f8b3f6ad46a894780637f28474dd55962750
[INFO] running `Command { std: "docker" "create" "-v" "/var/lib/crater-agent-workspace/builds/worker-2-tc2/target:/opt/rustwide/target:rw,Z" "-v" "/var/lib/crater-agent-workspace/builds/worker-2-tc2/source:/opt/rustwide/workdir:ro,Z" "-v" "/var/lib/crater-agent-workspace/cargo-home:/opt/rustwide/cargo-home:ro,Z" "-v" "/var/lib/crater-agent-workspace/rustup-home:/opt/rustwide/rustup-home:ro,Z" "-e" "SOURCE_DIR=/opt/rustwide/workdir" "-e" "CARGO_TARGET_DIR=/opt/rustwide/target" "-e" "CARGO_INCREMENTAL=0" "-e" "RUST_BACKTRACE=full" "-e" "RUSTFLAGS=--cap-lints=warn" "-e" "RUSTDOCFLAGS=--cap-lints=warn" "-e" "CARGO_HOME=/opt/rustwide/cargo-home" "-e" "RUSTUP_HOME=/opt/rustwide/rustup-home" "-w" "/opt/rustwide/workdir" "-m" "1610612736" "--user" "0:0" "--network" "none" "ghcr.io/rust-lang/crates-build-env/linux@sha256:5ff2268d62e97bff2cde7d5815dd6ed5b47097566f13b8d0ca110b04b60e07ed" "/opt/rustwide/cargo-home/bin/cargo" "+beta-2023-04-20" "test" "--frozen" "--no-run" "--message-format=json", kill_on_drop: false }`
[INFO] [stdout] c310506b29eaba455ad92ca25530536c6deb29facc882fc64ac562e87d711352
[INFO] running `Command { std: "docker" "start" "-a" "c310506b29eaba455ad92ca25530536c6deb29facc882fc64ac562e87d711352", kill_on_drop: false }`
[INFO] [stderr]    Compiling num-traits v0.2.14
[INFO] [stderr]    Compiling semver v1.0.7
[INFO] [stderr]    Compiling serde v1.0.136
[INFO] [stderr]    Compiling same-file v1.0.6
[INFO] [stderr]    Compiling memchr v2.4.1
[INFO] [stderr]    Compiling ryu v1.0.9
[INFO] [stderr]    Compiling serde_json v1.0.79
[INFO] [stderr]    Compiling regex-automata v0.1.10
[INFO] [stderr]    Compiling plotters-backend v0.3.2
[INFO] [stderr]    Compiling unicode-width v0.1.9
[INFO] [stderr]    Compiling serde_derive v1.0.136
[INFO] [stderr]    Compiling itoa v1.0.1
[INFO] [stderr]    Compiling itertools v0.10.3
[INFO] [stderr]    Compiling bitflags v1.3.2
[INFO] [stderr]    Compiling half v1.8.2
[INFO] [stderr]    Compiling itoa v0.4.8
[INFO] [stderr]    Compiling regex-syntax v0.6.25
[INFO] [stderr]    Compiling textwrap v0.11.0
[INFO] [stderr]    Compiling walkdir v2.3.2
[INFO] [stderr]    Compiling atty v0.2.14
[INFO] [stderr]    Compiling oorandom v11.1.3
[INFO] [stderr]    Compiling plotters-svg v0.3.1
[INFO] [stderr]    Compiling clap v2.34.0
[INFO] [stderr]    Compiling openblas-build v0.1.1
[INFO] [stderr]    Compiling openblas-src v0.10.4
[INFO] [stderr]    Compiling rustc_version v0.4.0
[INFO] [stderr]    Compiling csv-core v0.1.10
[INFO] [stderr]    Compiling cast v0.2.7
[INFO] [stderr]    Compiling num-integer v0.1.45
[INFO] [stderr]    Compiling num-complex v0.4.1
[INFO] [stderr]    Compiling approx v0.4.0
[INFO] [stderr]    Compiling plotters v0.3.1
[INFO] [stderr]    Compiling regex v1.5.5
[INFO] [stderr]    Compiling criterion-plot v0.4.4
[INFO] [stderr]    Compiling ndarray v0.15.4
[INFO] [stderr]    Compiling bstr v0.2.17
[INFO] [stderr]    Compiling serde_cbor v0.11.2
[INFO] [stderr]    Compiling csv v1.1.6
[INFO] [stderr]    Compiling tinytemplate v1.2.1
[INFO] [stderr]    Compiling criterion v0.3.5
[INFO] [stderr]    Compiling rs-bedvec v0.1.0 (/opt/rustwide/workdir)
[INFO] [stdout] warning: constant `BED_LOOKUP_GENOTYPE` is never used
[INFO] [stdout]  --> src/bed_lookup_tables.rs:4:11
[INFO] [stdout]   |
[INFO] [stdout] 4 | pub const BED_LOOKUP_GENOTYPE: [f32; 1024] = [
[INFO] [stdout]   |           ^^^^^^^^^^^^^^^^^^^
[INFO] [stdout]   |
[INFO] [stdout]   = note: `#[warn(dead_code)]` on by default
[INFO] [stdout] 
[INFO] [stdout] 
[INFO] [stdout] warning: constant `BED_LOOKUP_VALIDITY` is never used
[INFO] [stdout]   --> src/bed_lookup_tables.rs:51:11
[INFO] [stdout]    |
[INFO] [stdout] 51 | pub const BED_LOOKUP_VALIDITY: [f32; 1024] = [
[INFO] [stdout]    |           ^^^^^^^^^^^^^^^^^^^
[INFO] [stdout] 
[INFO] [stdout] 
[INFO] [stdout] warning: function `unpack_byte_to_genotype_f32x4` is never used
[INFO] [stdout]    --> src/bedvec.rs:298:4
[INFO] [stdout]     |
[INFO] [stdout] 298 | fn unpack_byte_to_genotype_f32x4(byte: &u8) -> f32x4 {
[INFO] [stdout]     |    ^^^^^^^^^^^^^^^^^^^^^^^^^^^^^
[INFO] [stdout] 
[INFO] [stdout] 
[INFO] [stdout] warning: function `unpack_byte_to_validity_f32x4` is never used
[INFO] [stdout]    --> src/bedvec.rs:308:4
[INFO] [stdout]     |
[INFO] [stdout] 308 | fn unpack_byte_to_validity_f32x4(byte: &u8) -> f32x4 {
[INFO] [stdout]     |    ^^^^^^^^^^^^^^^^^^^^^^^^^^^^^
[INFO] [stdout] 
[INFO] [stdout] 
[INFO] [stdout] warning: type alias `f32x4` is never used
[INFO] [stdout]  --> src/simd.rs:8:10
[INFO] [stdout]   |
[INFO] [stdout] 8 | pub type f32x4 = __m128;
[INFO] [stdout]   |          ^^^^^
[INFO] [stdout] 
[INFO] [stdout] 
[INFO] [stdout] warning: function `f32x8_infty` is never used
[INFO] [stdout]   --> src/simd.rs:16:8
[INFO] [stdout]    |
[INFO] [stdout] 16 | pub fn f32x8_infty() -> f32x8 {
[INFO] [stdout]    |        ^^^^^^^^^^^
[INFO] [stdout] 
[INFO] [stdout] 
[INFO] [stdout] warning: function `add_f32x4` is never used
[INFO] [stdout]   --> src/simd.rs:26:8
[INFO] [stdout]    |
[INFO] [stdout] 26 | pub fn add_f32x4(v: f32x4, w: f32x4) -> f32x4 {
[INFO] [stdout]    |        ^^^^^^^^^
[INFO] [stdout] 
[INFO] [stdout] 
[INFO] [stdout] warning: function `subtract_f32x4` is never used
[INFO] [stdout]   --> src/simd.rs:31:8
[INFO] [stdout]    |
[INFO] [stdout] 31 | pub fn subtract_f32x4(v: f32x4, w: f32x4) -> f32x4 {
[INFO] [stdout]    |        ^^^^^^^^^^^^^^
[INFO] [stdout] 
[INFO] [stdout] 
[INFO] [stdout] warning: function `multiply_f32x4` is never used
[INFO] [stdout]   --> src/simd.rs:41:8
[INFO] [stdout]    |
[INFO] [stdout] 41 | pub fn multiply_f32x4(v: f32x4, w: f32x4) -> f32x4 {
[INFO] [stdout]    |        ^^^^^^^^^^^^^^
[INFO] [stdout] 
[INFO] [stdout] 
[INFO] [stdout] warning: function `min` is never used
[INFO] [stdout]   --> src/simd.rs:46:8
[INFO] [stdout]    |
[INFO] [stdout] 46 | pub fn min(v: f32x8, w: f32x8) -> f32x8 {
[INFO] [stdout]    |        ^^^
[INFO] [stdout] 
[INFO] [stdout] 
[INFO] [stdout] warning: function `unpack_f32x4` is never used
[INFO] [stdout]   --> src/simd.rs:58:8
[INFO] [stdout]    |
[INFO] [stdout] 58 | pub fn unpack_f32x4(v: f32x4) -> [f32; 4] {
[INFO] [stdout]    |        ^^^^^^^^^^^^
[INFO] [stdout] 
[INFO] [stdout] 
[INFO] [stdout] warning: function `f32x4_from_slice` is never used
[INFO] [stdout]   --> src/simd.rs:71:8
[INFO] [stdout]    |
[INFO] [stdout] 71 | pub fn f32x4_from_slice(s: &[f32]) -> f32x4 {
[INFO] [stdout]    |        ^^^^^^^^^^^^^^^^
[INFO] [stdout] 
[INFO] [stdout] 
[INFO] [stdout] warning: function `prefetch` is never used
[INFO] [stdout]    --> src/simd.rs:107:8
[INFO] [stdout]     |
[INFO] [stdout] 107 | pub fn prefetch(p: *const f32x8, offset: isize) {
[INFO] [stdout]     |        ^^^^^^^^
[INFO] [stdout] 
[INFO] [stdout] 
[INFO] [stdout] warning: function `horizontal_min` is never used
[INFO] [stdout]    --> src/simd.rs:141:8
[INFO] [stdout]     |
[INFO] [stdout] 141 | pub fn horizontal_min(v: f32x8) -> f32 {
[INFO] [stdout]     |        ^^^^^^^^^^^^^^
[INFO] [stdout] 
[INFO] [stdout] 
[INFO] [stdout] warning: function `print_vec` is never used
[INFO] [stdout]    --> src/simd.rs:151:8
[INFO] [stdout]     |
[INFO] [stdout] 151 | pub fn print_vec(v: f32x8, padding: usize, precision: usize) {
[INFO] [stdout]     |        ^^^^^^^^^
[INFO] [stdout] 
[INFO] [stdout] 
[INFO] [stdout] warning: function `is_aligned` is never used
[INFO] [stdout]    --> src/simd.rs:165:8
[INFO] [stdout]     |
[INFO] [stdout] 165 | pub fn is_aligned(v: &f32x8) -> bool {
[INFO] [stdout]     |        ^^^^^^^^^^
[INFO] [stdout] 
[INFO] [stdout] 
[INFO] [stdout] warning: constant `BED_LOOKUP_GENOTYPE` is never used
[INFO] [stdout]  --> src/bed_lookup_tables.rs:4:11
[INFO] [stdout]   |
[INFO] [stdout] 4 | pub const BED_LOOKUP_GENOTYPE: [f32; 1024] = [
[INFO] [stdout]   |           ^^^^^^^^^^^^^^^^^^^
[INFO] [stdout]   |
[INFO] [stdout]   = note: `#[warn(dead_code)]` on by default
[INFO] [stdout] 
[INFO] [stdout] 
[INFO] [stdout] warning: constant `BED_LOOKUP_VALIDITY` is never used
[INFO] [stdout]   --> src/bed_lookup_tables.rs:51:11
[INFO] [stdout]    |
[INFO] [stdout] 51 | pub const BED_LOOKUP_VALIDITY: [f32; 1024] = [
[INFO] [stdout]    |           ^^^^^^^^^^^^^^^^^^^
[INFO] [stdout] 
[INFO] [stdout] 
[INFO] [stdout] warning: function `unpack_byte_to_genotype_f32x4` is never used
[INFO] [stdout]    --> src/bedvec.rs:298:4
[INFO] [stdout]     |
[INFO] [stdout] 298 | fn unpack_byte_to_genotype_f32x4(byte: &u8) -> f32x4 {
[INFO] [stdout]     |    ^^^^^^^^^^^^^^^^^^^^^^^^^^^^^
[INFO] [stdout] 
[INFO] [stdout] 
[INFO] [stdout] warning: function `unpack_byte_to_validity_f32x4` is never used
[INFO] [stdout]    --> src/bedvec.rs:308:4
[INFO] [stdout]     |
[INFO] [stdout] 308 | fn unpack_byte_to_validity_f32x4(byte: &u8) -> f32x4 {
[INFO] [stdout]     |    ^^^^^^^^^^^^^^^^^^^^^^^^^^^^^
[INFO] [stdout] 
[INFO] [stdout] 
[INFO] [stdout] warning: type alias `f32x4` is never used
[INFO] [stdout]  --> src/simd.rs:8:10
[INFO] [stdout]   |
[INFO] [stdout] 8 | pub type f32x4 = __m128;
[INFO] [stdout]   |          ^^^^^
[INFO] [stdout] 
[INFO] [stdout] 
[INFO] [stdout] warning: function `f32x8_infty` is never used
[INFO] [stdout]   --> src/simd.rs:16:8
[INFO] [stdout]    |
[INFO] [stdout] 16 | pub fn f32x8_infty() -> f32x8 {
[INFO] [stdout]    |        ^^^^^^^^^^^
[INFO] [stdout] 
[INFO] [stdout] 
[INFO] [stdout] warning: function `add_f32x4` is never used
[INFO] [stdout]   --> src/simd.rs:26:8
[INFO] [stdout]    |
[INFO] [stdout] 26 | pub fn add_f32x4(v: f32x4, w: f32x4) -> f32x4 {
[INFO] [stdout]    |        ^^^^^^^^^
[INFO] [stdout] 
[INFO] [stdout] 
[INFO] [stdout] warning: function `subtract_f32x4` is never used
[INFO] [stdout]   --> src/simd.rs:31:8
[INFO] [stdout]    |
[INFO] [stdout] 31 | pub fn subtract_f32x4(v: f32x4, w: f32x4) -> f32x4 {
[INFO] [stdout]    |        ^^^^^^^^^^^^^^
[INFO] [stdout] 
[INFO] [stdout] 
[INFO] [stdout] warning: function `multiply_f32x4` is never used
[INFO] [stdout]   --> src/simd.rs:41:8
[INFO] [stdout]    |
[INFO] [stdout] 41 | pub fn multiply_f32x4(v: f32x4, w: f32x4) -> f32x4 {
[INFO] [stdout]    |        ^^^^^^^^^^^^^^
[INFO] [stdout] 
[INFO] [stdout] 
[INFO] [stdout] warning: function `min` is never used
[INFO] [stdout]   --> src/simd.rs:46:8
[INFO] [stdout]    |
[INFO] [stdout] 46 | pub fn min(v: f32x8, w: f32x8) -> f32x8 {
[INFO] [stdout]    |        ^^^
[INFO] [stdout] 
[INFO] [stdout] 
[INFO] [stdout] warning: function `unpack_f32x4` is never used
[INFO] [stdout]   --> src/simd.rs:58:8
[INFO] [stdout]    |
[INFO] [stdout] 58 | pub fn unpack_f32x4(v: f32x4) -> [f32; 4] {
[INFO] [stdout]    |        ^^^^^^^^^^^^
[INFO] [stdout] 
[INFO] [stdout] 
[INFO] [stdout] warning: function `f32x4_from_slice` is never used
[INFO] [stdout]   --> src/simd.rs:71:8
[INFO] [stdout]    |
[INFO] [stdout] 71 | pub fn f32x4_from_slice(s: &[f32]) -> f32x4 {
[INFO] [stdout]    |        ^^^^^^^^^^^^^^^^
[INFO] [stdout] 
[INFO] [stdout] 
[INFO] [stdout] warning: function `prefetch` is never used
[INFO] [stdout]    --> src/simd.rs:107:8
[INFO] [stdout]     |
[INFO] [stdout] 107 | pub fn prefetch(p: *const f32x8, offset: isize) {
[INFO] [stdout]     |        ^^^^^^^^
[INFO] [stdout] 
[INFO] [stdout] 
[INFO] [stdout] warning: function `horizontal_min` is never used
[INFO] [stdout]    --> src/simd.rs:141:8
[INFO] [stdout]     |
[INFO] [stdout] 141 | pub fn horizontal_min(v: f32x8) -> f32 {
[INFO] [stdout]     |        ^^^^^^^^^^^^^^
[INFO] [stdout] 
[INFO] [stdout] 
[INFO] [stdout] warning: function `print_vec` is never used
[INFO] [stdout]    --> src/simd.rs:151:8
[INFO] [stdout]     |
[INFO] [stdout] 151 | pub fn print_vec(v: f32x8, padding: usize, precision: usize) {
[INFO] [stdout]     |        ^^^^^^^^^
[INFO] [stdout] 
[INFO] [stdout] 
[INFO] [stdout] warning: function `is_aligned` is never used
[INFO] [stdout]    --> src/simd.rs:165:8
[INFO] [stdout]     |
[INFO] [stdout] 165 | pub fn is_aligned(v: &f32x8) -> bool {
[INFO] [stdout]     |        ^^^^^^^^^^
[INFO] [stdout] 
[INFO] [stdout] 
[INFO] [stdout] warning: 16 warnings emitted
[INFO] [stdout] 
[INFO] [stdout] 
[INFO] [stdout] warning: 16 warnings emitted
[INFO] [stdout] 
[INFO] [stdout] 
[INFO] [stderr]     Finished test [unoptimized + debuginfo] target(s) in 1m 24s
[INFO] [stderr] warning: the following packages contain code that will be rejected by a future version of Rust: criterion v0.3.5
[INFO] [stderr] note: to see what the problems were, use the option `--future-incompat-report`, or run `cargo report future-incompatibilities --id 1`
[INFO] running `Command { std: "docker" "inspect" "c310506b29eaba455ad92ca25530536c6deb29facc882fc64ac562e87d711352", kill_on_drop: false }`
[INFO] running `Command { std: "docker" "rm" "-f" "c310506b29eaba455ad92ca25530536c6deb29facc882fc64ac562e87d711352", kill_on_drop: false }`
[INFO] [stdout] c310506b29eaba455ad92ca25530536c6deb29facc882fc64ac562e87d711352
[INFO] running `Command { std: "docker" "create" "-v" "/var/lib/crater-agent-workspace/builds/worker-2-tc2/target:/opt/rustwide/target:rw,Z" "-v" "/var/lib/crater-agent-workspace/builds/worker-2-tc2/source:/opt/rustwide/workdir:ro,Z" "-v" "/var/lib/crater-agent-workspace/cargo-home:/opt/rustwide/cargo-home:ro,Z" "-v" "/var/lib/crater-agent-workspace/rustup-home:/opt/rustwide/rustup-home:ro,Z" "-e" "SOURCE_DIR=/opt/rustwide/workdir" "-e" "CARGO_TARGET_DIR=/opt/rustwide/target" "-e" "CARGO_INCREMENTAL=0" "-e" "RUST_BACKTRACE=full" "-e" "RUSTFLAGS=--cap-lints=warn" "-e" "RUSTDOCFLAGS=--cap-lints=warn" "-e" "CARGO_HOME=/opt/rustwide/cargo-home" "-e" "RUSTUP_HOME=/opt/rustwide/rustup-home" "-w" "/opt/rustwide/workdir" "-m" "1610612736" "--user" "0:0" "--network" "none" "ghcr.io/rust-lang/crates-build-env/linux@sha256:5ff2268d62e97bff2cde7d5815dd6ed5b47097566f13b8d0ca110b04b60e07ed" "/opt/rustwide/cargo-home/bin/cargo" "+beta-2023-04-20" "test" "--frozen", kill_on_drop: false }`
[INFO] [stdout] 58e6110b4b80776e3ced0bfec9142a5eea984a90e81a5a719fdc3b8747875f63
[INFO] running `Command { std: "docker" "start" "-a" "58e6110b4b80776e3ced0bfec9142a5eea984a90e81a5a719fdc3b8747875f63", kill_on_drop: false }`
[INFO] [stderr] warning: constant `BED_LOOKUP_GENOTYPE` is never used
[INFO] [stderr]  --> src/bed_lookup_tables.rs:4:11
[INFO] [stderr]   |
[INFO] [stderr] 4 | pub const BED_LOOKUP_GENOTYPE: [f32; 1024] = [
[INFO] [stderr]   |           ^^^^^^^^^^^^^^^^^^^
[INFO] [stderr]   |
[INFO] [stderr]   = note: `#[warn(dead_code)]` on by default
[INFO] [stderr] 
[INFO] [stderr] warning: constant `BED_LOOKUP_VALIDITY` is never used
[INFO] [stderr]   --> src/bed_lookup_tables.rs:51:11
[INFO] [stderr]    |
[INFO] [stderr] 51 | pub const BED_LOOKUP_VALIDITY: [f32; 1024] = [
[INFO] [stderr]    |           ^^^^^^^^^^^^^^^^^^^
[INFO] [stderr] 
[INFO] [stderr] warning: function `unpack_byte_to_genotype_f32x4` is never used
[INFO] [stderr]    --> src/bedvec.rs:298:4
[INFO] [stderr]     |
[INFO] [stderr] 298 | fn unpack_byte_to_genotype_f32x4(byte: &u8) -> f32x4 {
[INFO] [stderr]     |    ^^^^^^^^^^^^^^^^^^^^^^^^^^^^^
[INFO] [stderr] 
[INFO] [stderr] warning: function `unpack_byte_to_validity_f32x4` is never used
[INFO] [stderr]    --> src/bedvec.rs:308:4
[INFO] [stderr]     |
[INFO] [stderr] 308 | fn unpack_byte_to_validity_f32x4(byte: &u8) -> f32x4 {
[INFO] [stderr]     |    ^^^^^^^^^^^^^^^^^^^^^^^^^^^^^
[INFO] [stderr] 
[INFO] [stderr] warning: type alias `f32x4` is never used
[INFO] [stderr]  --> src/simd.rs:8:10
[INFO] [stderr]   |
[INFO] [stderr] 8 | pub type f32x4 = __m128;
[INFO] [stderr]   |          ^^^^^
[INFO] [stderr] 
[INFO] [stderr] warning: function `f32x8_infty` is never used
[INFO] [stderr]   --> src/simd.rs:16:8
[INFO] [stderr]    |
[INFO] [stderr] 16 | pub fn f32x8_infty() -> f32x8 {
[INFO] [stderr]    |        ^^^^^^^^^^^
[INFO] [stderr] 
[INFO] [stderr] warning: function `add_f32x4` is never used
[INFO] [stderr]   --> src/simd.rs:26:8
[INFO] [stderr]    |
[INFO] [stderr] 26 | pub fn add_f32x4(v: f32x4, w: f32x4) -> f32x4 {
[INFO] [stderr]    |        ^^^^^^^^^
[INFO] [stderr] 
[INFO] [stderr] warning: function `subtract_f32x4` is never used
[INFO] [stderr]   --> src/simd.rs:31:8
[INFO] [stderr]    |
[INFO] [stderr] 31 | pub fn subtract_f32x4(v: f32x4, w: f32x4) -> f32x4 {
[INFO] [stderr]    |        ^^^^^^^^^^^^^^
[INFO] [stderr] 
[INFO] [stderr] warning: function `multiply_f32x4` is never used
[INFO] [stderr]   --> src/simd.rs:41:8
[INFO] [stderr]    |
[INFO] [stderr] 41 | pub fn multiply_f32x4(v: f32x4, w: f32x4) -> f32x4 {
[INFO] [stderr]    |        ^^^^^^^^^^^^^^
[INFO] [stderr] 
[INFO] [stderr] warning: function `min` is never used
[INFO] [stderr]   --> src/simd.rs:46:8
[INFO] [stderr]    |
[INFO] [stderr] 46 | pub fn min(v: f32x8, w: f32x8) -> f32x8 {
[INFO] [stderr]    |        ^^^
[INFO] [stderr] 
[INFO] [stderr] warning: function `unpack_f32x4` is never used
[INFO] [stderr]   --> src/simd.rs:58:8
[INFO] [stderr]    |
[INFO] [stderr] 58 | pub fn unpack_f32x4(v: f32x4) -> [f32; 4] {
[INFO] [stderr]    |        ^^^^^^^^^^^^
[INFO] [stderr] 
[INFO] [stderr] warning: function `f32x4_from_slice` is never used
[INFO] [stderr]   --> src/simd.rs:71:8
[INFO] [stderr]    |
[INFO] [stderr] 71 | pub fn f32x4_from_slice(s: &[f32]) -> f32x4 {
[INFO] [stderr]    |        ^^^^^^^^^^^^^^^^
[INFO] [stderr] 
[INFO] [stderr] warning: function `prefetch` is never used
[INFO] [stderr]    --> src/simd.rs:107:8
[INFO] [stderr]     |
[INFO] [stderr] 107 | pub fn prefetch(p: *const f32x8, offset: isize) {
[INFO] [stderr]     |        ^^^^^^^^
[INFO] [stderr] 
[INFO] [stderr] warning: function `horizontal_min` is never used
[INFO] [stderr]    --> src/simd.rs:141:8
[INFO] [stderr]     |
[INFO] [stderr] 141 | pub fn horizontal_min(v: f32x8) -> f32 {
[INFO] [stderr]     |        ^^^^^^^^^^^^^^
[INFO] [stderr] 
[INFO] [stderr] warning: function `print_vec` is never used
[INFO] [stderr]    --> src/simd.rs:151:8
[INFO] [stderr]     |
[INFO] [stderr] 151 | pub fn print_vec(v: f32x8, padding: usize, precision: usize) {
[INFO] [stderr]     |        ^^^^^^^^^
[INFO] [stderr] 
[INFO] [stderr] warning: function `is_aligned` is never used
[INFO] [stderr]    --> src/simd.rs:165:8
[INFO] [stderr]     |
[INFO] [stderr] 165 | pub fn is_aligned(v: &f32x8) -> bool {
[INFO] [stderr]     |        ^^^^^^^^^^
[INFO] [stderr] 
[INFO] [stderr] warning: `rs-bedvec` (lib) generated 16 warnings
[INFO] [stderr] warning: `rs-bedvec` (lib test) generated 16 warnings (16 duplicates)
[INFO] [stderr]     Finished test [unoptimized + debuginfo] target(s) in 0.06s
[INFO] [stderr] warning: the following packages contain code that will be rejected by a future version of Rust: criterion v0.3.5
[INFO] [stderr] note: to see what the problems were, use the option `--future-incompat-report`, or run `cargo report future-incompatibilities --id 1`
[INFO] [stderr]      Running unittests src/lib.rs (/opt/rustwide/target/debug/deps/rs_bedvec-75801f8b7b643bff)
[INFO] [stdout] 
[INFO] [stdout] running 5 tests
[INFO] [stdout] test bedvec::tests::test_bed_vec_cm_stats ... ok
[INFO] [stdout] test bedvec::tests::test_bed_vec_cm_left_multiply ... ok
[INFO] [stdout] test bedvec::tests::test_bed_vec_cm_right_multiply ... ok
[INFO] [stdout] test bedvec::tests::test_bed_vec_cm_left_multiply_simd_v1 ... ok
[INFO] [stdout] test io::tests::test_bed_loading ... FAILED
[INFO] [stdout] 
[INFO] [stdout] failures:
[INFO] [stdout] 
[INFO] [stdout] ---- io::tests::test_bed_loading stdout ----
[INFO] [stdout] thread 'io::tests::test_bed_loading' panicked at 'failed to read .bed file: Os { code: 2, kind: NotFound, message: "No such file or directory" }', src/io.rs:40:51
[INFO] [stdout] stack backtrace:
[INFO] [stdout]    0:     0x55d61c57e6fa - std::backtrace_rs::backtrace::libunwind::trace::h2f05d0192276a8f6
[INFO] [stdout]                                at /rustc/1b7dd2252b99671ce5d1cb9664c5f8636329436d/library/std/src/../../backtrace/src/backtrace/libunwind.rs:93:5
[INFO] [stdout]    1:     0x55d61c57e6fa - std::backtrace_rs::backtrace::trace_unsynchronized::hedc23dff7a1af150
[INFO] [stdout]                                at /rustc/1b7dd2252b99671ce5d1cb9664c5f8636329436d/library/std/src/../../backtrace/src/backtrace/mod.rs:66:5
[INFO] [stdout]    2:     0x55d61c57e6fa - std::sys_common::backtrace::_print_fmt::h17541ef7592f3ce2
[INFO] [stdout]                                at /rustc/1b7dd2252b99671ce5d1cb9664c5f8636329436d/library/std/src/sys_common/backtrace.rs:65:5
[INFO] [stdout]    3:     0x55d61c57e6fa - <std::sys_common::backtrace::_print::DisplayBacktrace as core::fmt::Display>::fmt::h20f75df5ab0c0792
[INFO] [stdout]                                at /rustc/1b7dd2252b99671ce5d1cb9664c5f8636329436d/library/std/src/sys_common/backtrace.rs:44:22
[INFO] [stdout]    4:     0x55d61c5a2fdf - core::fmt::write::h78109e6f466b3af6
[INFO] [stdout]                                at /rustc/1b7dd2252b99671ce5d1cb9664c5f8636329436d/library/core/src/fmt/mod.rs:1254:17
[INFO] [stdout]    5:     0x55d61c57b8a5 - std::io::Write::write_fmt::hd24bfb68a1b35a25
[INFO] [stdout]                                at /rustc/1b7dd2252b99671ce5d1cb9664c5f8636329436d/library/std/src/io/mod.rs:1698:15
[INFO] [stdout]    6:     0x55d61c57e4c5 - std::sys_common::backtrace::_print::h8dac57a9f8fbf9a5
[INFO] [stdout]                                at /rustc/1b7dd2252b99671ce5d1cb9664c5f8636329436d/library/std/src/sys_common/backtrace.rs:47:5
[INFO] [stdout]    7:     0x55d61c57e4c5 - std::sys_common::backtrace::print::hf9ecbf41d1aa712f
[INFO] [stdout]                                at /rustc/1b7dd2252b99671ce5d1cb9664c5f8636329436d/library/std/src/sys_common/backtrace.rs:34:9
[INFO] [stdout]    8:     0x55d61c58017e - std::panicking::default_hook::{{closure}}::h04c07acfc84ca028
[INFO] [stdout]                                at /rustc/1b7dd2252b99671ce5d1cb9664c5f8636329436d/library/std/src/panicking.rs:269:22
[INFO] [stdout]    9:     0x55d61c57feb1 - std::panicking::default_hook::h01f6bb23e1eceb2c
[INFO] [stdout]                                at /rustc/1b7dd2252b99671ce5d1cb9664c5f8636329436d/library/std/src/panicking.rs:285:9
[INFO] [stdout]   10:     0x55d61c4e268b - <alloc::boxed::Box<F,A> as core::ops::function::Fn<Args>>::call::h87fe9f7b2fd49e4c
[INFO] [stdout]                                at /rustc/1b7dd2252b99671ce5d1cb9664c5f8636329436d/library/alloc/src/boxed.rs:1987:9
[INFO] [stdout]   11:     0x55d61c4e268b - test::test_main::{{closure}}::he94d679243a7531b
[INFO] [stdout]                                at /rustc/1b7dd2252b99671ce5d1cb9664c5f8636329436d/library/test/src/lib.rs:134:21
[INFO] [stdout]   12:     0x55d61c580864 - <alloc::boxed::Box<F,A> as core::ops::function::Fn<Args>>::call::h3f2d6d8b14c4769f
[INFO] [stdout]                                at /rustc/1b7dd2252b99671ce5d1cb9664c5f8636329436d/library/alloc/src/boxed.rs:1987:9
[INFO] [stdout]   13:     0x55d61c580864 - std::panicking::rust_panic_with_hook::h2bb3722bbaf2f6df
[INFO] [stdout]                                at /rustc/1b7dd2252b99671ce5d1cb9664c5f8636329436d/library/std/src/panicking.rs:695:13
[INFO] [stdout]   14:     0x55d61c5805d9 - std::panicking::begin_panic_handler::{{closure}}::h91bc7f36a4be011b
[INFO] [stdout]                                at /rustc/1b7dd2252b99671ce5d1cb9664c5f8636329436d/library/std/src/panicking.rs:582:13
[INFO] [stdout]   15:     0x55d61c57eb66 - std::sys_common::backtrace::__rust_end_short_backtrace::h8b3d3717114f9e59
[INFO] [stdout]                                at /rustc/1b7dd2252b99671ce5d1cb9664c5f8636329436d/library/std/src/sys_common/backtrace.rs:150:18
[INFO] [stdout]   16:     0x55d61c580332 - rust_begin_unwind
[INFO] [stdout]                                at /rustc/1b7dd2252b99671ce5d1cb9664c5f8636329436d/library/std/src/panicking.rs:578:5
[INFO] [stdout]   17:     0x55d61c471ba3 - core::panicking::panic_fmt::hfd368e3fbdabea26
[INFO] [stdout]                                at /rustc/1b7dd2252b99671ce5d1cb9664c5f8636329436d/library/core/src/panicking.rs:67:14
[INFO] [stdout]   18:     0x55d61c4720e3 - core::result::unwrap_failed::he54eb4b2f125b26f
[INFO] [stdout]                                at /rustc/1b7dd2252b99671ce5d1cb9664c5f8636329436d/library/core/src/result.rs:1687:5
[INFO] [stdout]   19:     0x55d61c4a3dbe - core::result::Result<T,E>::expect::h1d648e723c8ebeb1
[INFO] [stdout]                                at /rustc/1b7dd2252b99671ce5d1cb9664c5f8636329436d/library/core/src/result.rs:1046:23
[INFO] [stdout]   20:     0x55d61c47cd00 - rs_bedvec::io::BedReader::read_into_bedvec::hf497307724bc8bee
[INFO] [stdout]                                at /opt/rustwide/workdir/src/io.rs:40:21
[INFO] [stdout]   21:     0x55d61c4af00c - rs_bedvec::io::tests::test_bed_loading::h67ec023767eff17a
[INFO] [stdout]                                at /opt/rustwide/workdir/src/io.rs:56:20
[INFO] [stdout]   22:     0x55d61c4aefb7 - rs_bedvec::io::tests::test_bed_loading::{{closure}}::h4d76ee660ab1b6e5
[INFO] [stdout]                                at /opt/rustwide/workdir/src/io.rs:54:27
[INFO] [stdout]   23:     0x55d61c488ab5 - core::ops::function::FnOnce::call_once::h3e67e8576014966b
[INFO] [stdout]                                at /rustc/1b7dd2252b99671ce5d1cb9664c5f8636329436d/library/core/src/ops/function.rs:250:5
[INFO] [stdout]   24:     0x55d61c4e755f - core::ops::function::FnOnce::call_once::ha6a70e79f7481a7e
[INFO] [stdout]                                at /rustc/1b7dd2252b99671ce5d1cb9664c5f8636329436d/library/core/src/ops/function.rs:250:5
[INFO] [stdout]   25:     0x55d61c4e755f - test::__rust_begin_short_backtrace::hce33033019b61e69
[INFO] [stdout]                                at /rustc/1b7dd2252b99671ce5d1cb9664c5f8636329436d/library/test/src/lib.rs:655:18
[INFO] [stdout]   26:     0x55d61c4b4d4c - test::run_test::{{closure}}::h858d3528838ae3e5
[INFO] [stdout]                                at /rustc/1b7dd2252b99671ce5d1cb9664c5f8636329436d/library/test/src/lib.rs:646:30
[INFO] [stdout]   27:     0x55d61c4b4d4c - core::ops::function::FnOnce::call_once{{vtable.shim}}::he8ac2b00f01ae79e
[INFO] [stdout]                                at /rustc/1b7dd2252b99671ce5d1cb9664c5f8636329436d/library/core/src/ops/function.rs:250:5
[INFO] [stdout]   28:     0x55d61c4e6636 - <alloc::boxed::Box<F,A> as core::ops::function::FnOnce<Args>>::call_once::h8093d25b522725ef
[INFO] [stdout]                                at /rustc/1b7dd2252b99671ce5d1cb9664c5f8636329436d/library/alloc/src/boxed.rs:1973:9
[INFO] [stdout]   29:     0x55d61c4e6636 - <core::panic::unwind_safe::AssertUnwindSafe<F> as core::ops::function::FnOnce<()>>::call_once::h5c334c204e4a3913
[INFO] [stdout]                                at /rustc/1b7dd2252b99671ce5d1cb9664c5f8636329436d/library/core/src/panic/unwind_safe.rs:271:9
[INFO] [stdout]   30:     0x55d61c4e6636 - std::panicking::try::do_call::ha8b740c7b9478074
[INFO] [stdout]                                at /rustc/1b7dd2252b99671ce5d1cb9664c5f8636329436d/library/std/src/panicking.rs:485:40
[INFO] [stdout]   31:     0x55d61c4e6636 - std::panicking::try::h5d34f63d0e41b64e
[INFO] [stdout]                                at /rustc/1b7dd2252b99671ce5d1cb9664c5f8636329436d/library/std/src/panicking.rs:449:19
[INFO] [stdout]   32:     0x55d61c4e6636 - std::panic::catch_unwind::hcfbb511e1aa7fc67
[INFO] [stdout]                                at /rustc/1b7dd2252b99671ce5d1cb9664c5f8636329436d/library/std/src/panic.rs:140:14
[INFO] [stdout]   33:     0x55d61c4e6636 - test::run_test_in_process::h9abda90f802eaf21
[INFO] [stdout]                                at /rustc/1b7dd2252b99671ce5d1cb9664c5f8636329436d/library/test/src/lib.rs:678:27
[INFO] [stdout]   34:     0x55d61c4e6636 - test::run_test::run_test_inner::{{closure}}::h0f058de91f6c6edf
[INFO] [stdout]                                at /rustc/1b7dd2252b99671ce5d1cb9664c5f8636329436d/library/test/src/lib.rs:572:39
[INFO] [stdout]   35:     0x55d61c4af555 - test::run_test::run_test_inner::{{closure}}::h5ca48a4c59c6c1fb
[INFO] [stdout]                                at /rustc/1b7dd2252b99671ce5d1cb9664c5f8636329436d/library/test/src/lib.rs:599:37
[INFO] [stdout]   36:     0x55d61c4af555 - std::sys_common::backtrace::__rust_begin_short_backtrace::h32bd51e1495d4a33
[INFO] [stdout]                                at /rustc/1b7dd2252b99671ce5d1cb9664c5f8636329436d/library/std/src/sys_common/backtrace.rs:134:18
[INFO] [stdout]   37:     0x55d61c4b4a91 - std::thread::Builder::spawn_unchecked_::{{closure}}::{{closure}}::hc086fae9b128b2db
[INFO] [stdout]                                at /rustc/1b7dd2252b99671ce5d1cb9664c5f8636329436d/library/std/src/thread/mod.rs:526:17
[INFO] [stdout]   38:     0x55d61c4b4a91 - <core::panic::unwind_safe::AssertUnwindSafe<F> as core::ops::function::FnOnce<()>>::call_once::hb66571888d270d43
[INFO] [stdout]                                at /rustc/1b7dd2252b99671ce5d1cb9664c5f8636329436d/library/core/src/panic/unwind_safe.rs:271:9
[INFO] [stdout]   39:     0x55d61c4b4a91 - std::panicking::try::do_call::h4fa2ef4f6e51fecf
[INFO] [stdout]                                at /rustc/1b7dd2252b99671ce5d1cb9664c5f8636329436d/library/std/src/panicking.rs:485:40
[INFO] [stdout]   40:     0x55d61c4b4a91 - std::panicking::try::h1e9e22b8584489b5
[INFO] [stdout]                                at /rustc/1b7dd2252b99671ce5d1cb9664c5f8636329436d/library/std/src/panicking.rs:449:19
[INFO] [stdout]   41:     0x55d61c4b4a91 - std::panic::catch_unwind::h44698a3de0e0769e
[INFO] [stdout]                                at /rustc/1b7dd2252b99671ce5d1cb9664c5f8636329436d/library/std/src/panic.rs:140:14
[INFO] [stdout]   42:     0x55d61c4b4a91 - std::thread::Builder::spawn_unchecked_::{{closure}}::h50153abde3fe239e
[INFO] [stdout]                                at /rustc/1b7dd2252b99671ce5d1cb9664c5f8636329436d/library/std/src/thread/mod.rs:525:30
[INFO] [stdout]   43:     0x55d61c4b4a91 - core::ops::function::FnOnce::call_once{{vtable.shim}}::hbe5bbf6f38394364
[INFO] [stdout]                                at /rustc/1b7dd2252b99671ce5d1cb9664c5f8636329436d/library/core/src/ops/function.rs:250:5
[INFO] [stdout]   44:     0x55d61c584e15 - <alloc::boxed::Box<F,A> as core::ops::function::FnOnce<Args>>::call_once::h0d83cb2920a49046
[INFO] [stdout]                                at /rustc/1b7dd2252b99671ce5d1cb9664c5f8636329436d/library/alloc/src/boxed.rs:1973:9
[INFO] [stdout]   45:     0x55d61c584e15 - <alloc::boxed::Box<F,A> as core::ops::function::FnOnce<Args>>::call_once::hbe0a008aa7d9ef59
[INFO] [stdout]                                at /rustc/1b7dd2252b99671ce5d1cb9664c5f8636329436d/library/alloc/src/boxed.rs:1973:9
[INFO] [stdout]   46:     0x55d61c584e15 - std::sys::unix::thread::Thread::new::thread_start::h3a466996bdf6b1f9
[INFO] [stdout]                                at /rustc/1b7dd2252b99671ce5d1cb9664c5f8636329436d/library/std/src/sys/unix/thread.rs:108:17
[INFO] [stdout]   47:     0x7f83daff9b43 - <unknown>
[INFO] [stdout]   48:     0x7f83db08abb4 - __clone
[INFO] [stdout]   49:                0x0 - <unknown>
[INFO] [stdout] 
[INFO] [stdout] 
[INFO] [stdout] failures:
[INFO] [stdout]     io::tests::test_bed_loading
[INFO] [stdout] 
[INFO] [stdout] test result: FAILED. 4 passed; 1 failed; 0 ignored; 0 measured; 0 filtered out; finished in 0.01s
[INFO] [stdout] 
[INFO] [stderr] error: test failed, to rerun pass `--lib`
[INFO] running `Command { std: "docker" "inspect" "58e6110b4b80776e3ced0bfec9142a5eea984a90e81a5a719fdc3b8747875f63", kill_on_drop: false }`
[INFO] running `Command { std: "docker" "rm" "-f" "58e6110b4b80776e3ced0bfec9142a5eea984a90e81a5a719fdc3b8747875f63", kill_on_drop: false }`
[INFO] [stdout] 58e6110b4b80776e3ced0bfec9142a5eea984a90e81a5a719fdc3b8747875f63
