[INFO] cloning repository https://github.com/nickbryan/velm
[INFO] running `Command { std: "git" "-c" "credential.helper=" "-c" "credential.helper=/workspace/cargo-home/bin/git-credential-null" "clone" "--bare" "https://github.com/nickbryan/velm" "/workspace/cache/git-repos/https%3A%2F%2Fgithub.com%2Fnickbryan%2Fvelm", kill_on_drop: false }`
[INFO] [stderr] Cloning into bare repository '/workspace/cache/git-repos/https%3A%2F%2Fgithub.com%2Fnickbryan%2Fvelm'...
[INFO] running `Command { std: "git" "rev-parse" "HEAD", kill_on_drop: false }`
[INFO] [stdout] 5f4c3cd150825467f00ed7d1b65302b339f33f4f
[INFO] testing nickbryan/velm against 1.69.0 for beta-1.70-1
[INFO] running `Command { std: "git" "clone" "/workspace/cache/git-repos/https%3A%2F%2Fgithub.com%2Fnickbryan%2Fvelm" "/workspace/builds/worker-4-tc1/source", kill_on_drop: false }`
[INFO] [stderr] Cloning into '/workspace/builds/worker-4-tc1/source'...
[INFO] [stderr] done.
[INFO] validating manifest of git repo https://github.com/nickbryan/velm on toolchain 1.69.0
[INFO] running `Command { std: CARGO_HOME="/workspace/cargo-home" RUSTUP_HOME="/workspace/rustup-home" "/workspace/cargo-home/bin/cargo" "+1.69.0" "metadata" "--manifest-path" "Cargo.toml" "--no-deps", kill_on_drop: false }`
[INFO] started tweaking git repo https://github.com/nickbryan/velm
[INFO] finished tweaking git repo https://github.com/nickbryan/velm
[INFO] tweaked toml for git repo https://github.com/nickbryan/velm written to /workspace/builds/worker-4-tc1/source/Cargo.toml
[INFO] crate git repo https://github.com/nickbryan/velm already has a lockfile, it will not be regenerated
[INFO] running `Command { std: CARGO_HOME="/workspace/cargo-home" RUSTUP_HOME="/workspace/rustup-home" "/workspace/cargo-home/bin/cargo" "+1.69.0" "fetch" "--manifest-path" "Cargo.toml", kill_on_drop: false }`
[INFO] running `Command { std: "docker" "create" "-v" "/var/lib/crater-agent-workspace/builds/worker-4-tc1/target:/opt/rustwide/target:rw,Z" "-v" "/var/lib/crater-agent-workspace/builds/worker-4-tc1/source:/opt/rustwide/workdir:ro,Z" "-v" "/var/lib/crater-agent-workspace/cargo-home:/opt/rustwide/cargo-home:ro,Z" "-v" "/var/lib/crater-agent-workspace/rustup-home:/opt/rustwide/rustup-home:ro,Z" "-e" "SOURCE_DIR=/opt/rustwide/workdir" "-e" "CARGO_TARGET_DIR=/opt/rustwide/target" "-e" "CARGO_HOME=/opt/rustwide/cargo-home" "-e" "RUSTUP_HOME=/opt/rustwide/rustup-home" "-w" "/opt/rustwide/workdir" "-m" "1610612736" "--user" "0:0" "--network" "none" "ghcr.io/rust-lang/crates-build-env/linux@sha256:5ff2268d62e97bff2cde7d5815dd6ed5b47097566f13b8d0ca110b04b60e07ed" "/opt/rustwide/cargo-home/bin/cargo" "+1.69.0" "metadata" "--no-deps" "--format-version=1", kill_on_drop: false }`
[INFO] [stdout] 1e4e3397ddd6415b0c5448710fe0fc086c7e307ddbb558ba843ce892cd11e4a8
[INFO] running `Command { std: "docker" "start" "-a" "1e4e3397ddd6415b0c5448710fe0fc086c7e307ddbb558ba843ce892cd11e4a8", kill_on_drop: false }`
[INFO] running `Command { std: "docker" "inspect" "1e4e3397ddd6415b0c5448710fe0fc086c7e307ddbb558ba843ce892cd11e4a8", kill_on_drop: false }`
[INFO] running `Command { std: "docker" "rm" "-f" "1e4e3397ddd6415b0c5448710fe0fc086c7e307ddbb558ba843ce892cd11e4a8", kill_on_drop: false }`
[INFO] [stdout] 1e4e3397ddd6415b0c5448710fe0fc086c7e307ddbb558ba843ce892cd11e4a8
[INFO] running `Command { std: "docker" "create" "-v" "/var/lib/crater-agent-workspace/builds/worker-4-tc1/target:/opt/rustwide/target:rw,Z" "-v" "/var/lib/crater-agent-workspace/builds/worker-4-tc1/source:/opt/rustwide/workdir:ro,Z" "-v" "/var/lib/crater-agent-workspace/cargo-home:/opt/rustwide/cargo-home:ro,Z" "-v" "/var/lib/crater-agent-workspace/rustup-home:/opt/rustwide/rustup-home:ro,Z" "-e" "SOURCE_DIR=/opt/rustwide/workdir" "-e" "CARGO_TARGET_DIR=/opt/rustwide/target" "-e" "CARGO_INCREMENTAL=0" "-e" "RUST_BACKTRACE=full" "-e" "RUSTFLAGS=--cap-lints=warn" "-e" "RUSTDOCFLAGS=--cap-lints=warn" "-e" "CARGO_HOME=/opt/rustwide/cargo-home" "-e" "RUSTUP_HOME=/opt/rustwide/rustup-home" "-w" "/opt/rustwide/workdir" "-m" "1610612736" "--user" "0:0" "--network" "none" "ghcr.io/rust-lang/crates-build-env/linux@sha256:5ff2268d62e97bff2cde7d5815dd6ed5b47097566f13b8d0ca110b04b60e07ed" "/opt/rustwide/cargo-home/bin/cargo" "+1.69.0" "build" "--frozen" "--message-format=json", kill_on_drop: false }`
[INFO] [stdout] 911c5ec1464e98b973a4e5199c2e656d5ca16ff83af3b294ad87b7794f8cb1cd
[INFO] running `Command { std: "docker" "start" "-a" "911c5ec1464e98b973a4e5199c2e656d5ca16ff83af3b294ad87b7794f8cb1cd", kill_on_drop: false }`
[INFO] [stderr]    Compiling autocfg v1.0.1
[INFO] [stderr]    Compiling proc-macro2 v1.0.32
[INFO] [stderr]    Compiling libc v0.2.106
[INFO] [stderr]    Compiling unicode-xid v0.2.2
[INFO] [stderr]    Compiling syn v1.0.81
[INFO] [stderr]    Compiling cfg-if v1.0.0
[INFO] [stderr]    Compiling memchr v2.3.4
[INFO] [stderr]    Compiling futures-core v0.3.17
[INFO] [stderr]    Compiling log v0.4.14
[INFO] [stderr]    Compiling parking_lot_core v0.8.5
[INFO] [stderr]    Compiling instant v0.1.12
[INFO] [stderr]    Compiling smallvec v1.7.0
[INFO] [stderr]    Compiling proc-macro-hack v0.5.19
[INFO] [stderr]    Compiling pin-project-lite v0.2.7
[INFO] [stderr]    Compiling scopeguard v1.1.0
[INFO] [stderr]    Compiling futures-macro v0.3.17
[INFO] [stderr]    Compiling lock_api v0.4.5
[INFO] [stderr]    Compiling futures-channel v0.3.17
[INFO] [stderr]    Compiling proc-macro-nested v0.1.7
[INFO] [stderr]    Compiling futures-task v0.3.17
[INFO] [stderr]    Compiling tokio v1.13.0
[INFO] [stderr]    Compiling quote v1.0.10
[INFO] [stderr]    Compiling futures-util v0.3.17
[INFO] [stderr]    Compiling signal-hook-registry v1.4.0
[INFO] [stderr]    Compiling mio v0.7.14
[INFO] [stderr]    Compiling signal-hook v0.3.10
[INFO] [stderr]    Compiling version_check v0.9.3
[INFO] [stderr]    Compiling futures-sink v0.3.17
[INFO] [stderr]    Compiling parking_lot v0.11.2
[INFO] [stderr]    Compiling nom v7.0.0
[INFO] [stderr]    Compiling num_cpus v1.13.0
[INFO] [stderr]    Compiling miniz_oxide v0.4.4
[INFO] [stderr]    Compiling bytes v1.1.0
[INFO] [stderr]    Compiling pin-utils v0.1.0
[INFO] [stderr]    Compiling once_cell v1.8.0
[INFO] [stderr]    Compiling slab v0.4.5
[INFO] [stderr]    Compiling cc v1.0.71
[INFO] [stderr]    Compiling futures-io v0.3.17
[INFO] [stderr]    Compiling anyhow v1.0.44
[INFO] [stderr]    Compiling minimal-lexical v0.1.4
[INFO] [stderr]    Compiling adler v1.0.2
[INFO] [stderr]    Compiling gimli v0.24.0
[INFO] [stderr]    Compiling signal-hook-mio v0.2.1
[INFO] [stderr]    Compiling unicode-segmentation v1.8.0
[INFO] [stderr]    Compiling object v0.24.0
[INFO] [stderr]    Compiling rustc-demangle v0.1.21
[INFO] [stderr]    Compiling backtrace v0.3.59
[INFO] [stderr]    Compiling bitflags v1.3.2
[INFO] [stderr]    Compiling velm_webui v0.1.0 (/opt/rustwide/workdir/velm_webui)
[INFO] [stderr]    Compiling crossterm v0.22.1
[INFO] [stderr]    Compiling tokio-macros v1.5.1
[INFO] [stderr]    Compiling thiserror-impl v1.0.30
[INFO] [stderr]    Compiling addr2line v0.15.2
[INFO] [stderr]    Compiling thiserror v1.0.30
[INFO] [stderr]    Compiling futures-executor v0.3.17
[INFO] [stderr]    Compiling futures v0.3.17
[INFO] [stderr]    Compiling tokio-stream v0.1.8
[INFO] [stderr]    Compiling velm_core v0.1.0 (/opt/rustwide/workdir/velm_core)
[INFO] [stdout] warning: method `document_name` is never used
[INFO] [stdout]   --> velm_core/src/component/buffer.rs:29:12
[INFO] [stdout]    |
[INFO] [stdout] 29 |     pub fn document_name(&self) -> String {
[INFO] [stdout]    |            ^^^^^^^^^^^^^
[INFO] [stdout]    |
[INFO] [stdout]    = note: `#[warn(dead_code)]` on by default
[INFO] [stdout] 
[INFO] [stdout] 
[INFO] [stdout] warning: method `lines_in_document` is never used
[INFO] [stdout]   --> velm_core/src/component/buffer.rs:43:12
[INFO] [stdout]    |
[INFO] [stdout] 43 |     pub fn lines_in_document(&self) -> usize {
[INFO] [stdout]    |            ^^^^^^^^^^^^^^^^^
[INFO] [stdout] 
[INFO] [stdout] 
[INFO] [stdout] warning: associated function `open` is never used
[INFO] [stdout]   --> velm_core/src/document.rs:19:12
[INFO] [stdout]    |
[INFO] [stdout] 19 |     pub fn open(filename: &str) -> Result<Self> {
[INFO] [stdout]    |            ^^^^
[INFO] [stdout] 
[INFO] [stdout] 
[INFO] [stdout] warning: method `file_name` is never used
[INFO] [stdout]    --> velm_core/src/document.rs:107:12
[INFO] [stdout]     |
[INFO] [stdout] 107 |     pub fn file_name(&self) -> Option<&String> {
[INFO] [stdout]     |            ^^^^^^^^^
[INFO] [stdout] 
[INFO] [stdout] 
[INFO] [stderr]    Compiling velm_tui v0.1.0 (/opt/rustwide/workdir/velm_tui)
[INFO] [stdout] warning: 4 warnings emitted
[INFO] [stdout] 
[INFO] [stdout] 
[INFO] [stderr]     Finished dev [unoptimized + debuginfo] target(s) in 40.19s
[INFO] running `Command { std: "docker" "inspect" "911c5ec1464e98b973a4e5199c2e656d5ca16ff83af3b294ad87b7794f8cb1cd", kill_on_drop: false }`
[INFO] running `Command { std: "docker" "rm" "-f" "911c5ec1464e98b973a4e5199c2e656d5ca16ff83af3b294ad87b7794f8cb1cd", kill_on_drop: false }`
[INFO] [stdout] 911c5ec1464e98b973a4e5199c2e656d5ca16ff83af3b294ad87b7794f8cb1cd
[INFO] running `Command { std: "docker" "create" "-v" "/var/lib/crater-agent-workspace/builds/worker-4-tc1/target:/opt/rustwide/target:rw,Z" "-v" "/var/lib/crater-agent-workspace/builds/worker-4-tc1/source:/opt/rustwide/workdir:ro,Z" "-v" "/var/lib/crater-agent-workspace/cargo-home:/opt/rustwide/cargo-home:ro,Z" "-v" "/var/lib/crater-agent-workspace/rustup-home:/opt/rustwide/rustup-home:ro,Z" "-e" "SOURCE_DIR=/opt/rustwide/workdir" "-e" "CARGO_TARGET_DIR=/opt/rustwide/target" "-e" "CARGO_INCREMENTAL=0" "-e" "RUST_BACKTRACE=full" "-e" "RUSTFLAGS=--cap-lints=warn" "-e" "RUSTDOCFLAGS=--cap-lints=warn" "-e" "CARGO_HOME=/opt/rustwide/cargo-home" "-e" "RUSTUP_HOME=/opt/rustwide/rustup-home" "-w" "/opt/rustwide/workdir" "-m" "1610612736" "--user" "0:0" "--network" "none" "ghcr.io/rust-lang/crates-build-env/linux@sha256:5ff2268d62e97bff2cde7d5815dd6ed5b47097566f13b8d0ca110b04b60e07ed" "/opt/rustwide/cargo-home/bin/cargo" "+1.69.0" "test" "--frozen" "--no-run" "--message-format=json", kill_on_drop: false }`
[INFO] [stdout] 2feefe21eaac3bd4a765e4964592419500e2078a2248fced0030582a7dc13060
[INFO] running `Command { std: "docker" "start" "-a" "2feefe21eaac3bd4a765e4964592419500e2078a2248fced0030582a7dc13060", kill_on_drop: false }`
[INFO] [stdout] warning: method `document_name` is never used
[INFO] [stdout]   --> velm_core/src/component/buffer.rs:29:12
[INFO] [stdout]    |
[INFO] [stdout] 29 |     pub fn document_name(&self) -> String {
[INFO] [stdout]    |            ^^^^^^^^^^^^^
[INFO] [stdout]    |
[INFO] [stdout]    = note: `#[warn(dead_code)]` on by default
[INFO] [stdout] 
[INFO] [stdout] 
[INFO] [stdout] warning: method `lines_in_document` is never used
[INFO] [stdout]   --> velm_core/src/component/buffer.rs:43:12
[INFO] [stdout]    |
[INFO] [stdout] 43 |     pub fn lines_in_document(&self) -> usize {
[INFO] [stdout]    |            ^^^^^^^^^^^^^^^^^
[INFO] [stdout] 
[INFO] [stdout] 
[INFO] [stderr]    Compiling velm_core v0.1.0 (/opt/rustwide/workdir/velm_core)
[INFO] [stderr]    Compiling velm_webui v0.1.0 (/opt/rustwide/workdir/velm_webui)
[INFO] [stderr]    Compiling velm_tui v0.1.0 (/opt/rustwide/workdir/velm_tui)
[INFO] [stdout] warning: associated function `open` is never used
[INFO] [stdout]   --> velm_core/src/document.rs:19:12
[INFO] [stdout]    |
[INFO] [stdout] 19 |     pub fn open(filename: &str) -> Result<Self> {
[INFO] [stdout]    |            ^^^^
[INFO] [stdout] 
[INFO] [stdout] 
[INFO] [stdout] warning: method `file_name` is never used
[INFO] [stdout]    --> velm_core/src/document.rs:107:12
[INFO] [stdout]     |
[INFO] [stdout] 107 |     pub fn file_name(&self) -> Option<&String> {
[INFO] [stdout]     |            ^^^^^^^^^
[INFO] [stdout] 
[INFO] [stdout] 
[INFO] [stdout] warning: 4 warnings emitted
[INFO] [stdout] 
[INFO] [stdout] 
[INFO] [stdout] warning: method `document_name` is never used
[INFO] [stdout]   --> velm_core/src/component/buffer.rs:29:12
[INFO] [stdout]    |
[INFO] [stdout] 29 |     pub fn document_name(&self) -> String {
[INFO] [stdout]    |            ^^^^^^^^^^^^^
[INFO] [stdout]    |
[INFO] [stdout]    = note: `#[warn(dead_code)]` on by default
[INFO] [stdout] 
[INFO] [stdout] 
[INFO] [stdout] warning: method `lines_in_document` is never used
[INFO] [stdout]   --> velm_core/src/component/buffer.rs:43:12
[INFO] [stdout]    |
[INFO] [stdout] 43 |     pub fn lines_in_document(&self) -> usize {
[INFO] [stdout]    |            ^^^^^^^^^^^^^^^^^
[INFO] [stdout] 
[INFO] [stdout] 
[INFO] [stdout] warning: associated function `open` is never used
[INFO] [stdout]   --> velm_core/src/document.rs:19:12
[INFO] [stdout]    |
[INFO] [stdout] 19 |     pub fn open(filename: &str) -> Result<Self> {
[INFO] [stdout]    |            ^^^^
[INFO] [stdout] 
[INFO] [stdout] 
[INFO] [stdout] warning: method `file_name` is never used
[INFO] [stdout]    --> velm_core/src/document.rs:107:12
[INFO] [stdout]     |
[INFO] [stdout] 107 |     pub fn file_name(&self) -> Option<&String> {
[INFO] [stdout]     |            ^^^^^^^^^
[INFO] [stdout] 
[INFO] [stdout] 
[INFO] [stdout] warning: 4 warnings emitted
[INFO] [stdout] 
[INFO] [stdout] 
[INFO] [stderr]     Finished test [unoptimized + debuginfo] target(s) in 2.18s
[INFO] running `Command { std: "docker" "inspect" "2feefe21eaac3bd4a765e4964592419500e2078a2248fced0030582a7dc13060", kill_on_drop: false }`
[INFO] running `Command { std: "docker" "rm" "-f" "2feefe21eaac3bd4a765e4964592419500e2078a2248fced0030582a7dc13060", kill_on_drop: false }`
[INFO] [stdout] 2feefe21eaac3bd4a765e4964592419500e2078a2248fced0030582a7dc13060
[INFO] running `Command { std: "docker" "create" "-v" "/var/lib/crater-agent-workspace/builds/worker-4-tc1/target:/opt/rustwide/target:rw,Z" "-v" "/var/lib/crater-agent-workspace/builds/worker-4-tc1/source:/opt/rustwide/workdir:ro,Z" "-v" "/var/lib/crater-agent-workspace/cargo-home:/opt/rustwide/cargo-home:ro,Z" "-v" "/var/lib/crater-agent-workspace/rustup-home:/opt/rustwide/rustup-home:ro,Z" "-e" "SOURCE_DIR=/opt/rustwide/workdir" "-e" "CARGO_TARGET_DIR=/opt/rustwide/target" "-e" "CARGO_INCREMENTAL=0" "-e" "RUST_BACKTRACE=full" "-e" "RUSTFLAGS=--cap-lints=warn" "-e" "RUSTDOCFLAGS=--cap-lints=warn" "-e" "CARGO_HOME=/opt/rustwide/cargo-home" "-e" "RUSTUP_HOME=/opt/rustwide/rustup-home" "-w" "/opt/rustwide/workdir" "-m" "1610612736" "--user" "0:0" "--network" "none" "ghcr.io/rust-lang/crates-build-env/linux@sha256:5ff2268d62e97bff2cde7d5815dd6ed5b47097566f13b8d0ca110b04b60e07ed" "/opt/rustwide/cargo-home/bin/cargo" "+1.69.0" "test" "--frozen", kill_on_drop: false }`
[INFO] [stdout] 9ff561924f91cdf2b8c65afd15a2c62843f62fce45cd0c9a2c484572135db6aa
[INFO] running `Command { std: "docker" "start" "-a" "9ff561924f91cdf2b8c65afd15a2c62843f62fce45cd0c9a2c484572135db6aa", kill_on_drop: false }`
[INFO] [stderr] warning: method `document_name` is never used
[INFO] [stderr]   --> velm_core/src/component/buffer.rs:29:12
[INFO] [stderr]    |
[INFO] [stderr] 29 |     pub fn document_name(&self) -> String {
[INFO] [stderr]    |            ^^^^^^^^^^^^^
[INFO] [stderr]    |
[INFO] [stderr]    = note: `#[warn(dead_code)]` on by default
[INFO] [stderr] 
[INFO] [stderr] warning: method `lines_in_document` is never used
[INFO] [stderr]   --> velm_core/src/component/buffer.rs:43:12
[INFO] [stderr]    |
[INFO] [stderr] 43 |     pub fn lines_in_document(&self) -> usize {
[INFO] [stderr]    |            ^^^^^^^^^^^^^^^^^
[INFO] [stderr] 
[INFO] [stderr] warning: associated function `open` is never used
[INFO] [stderr]   --> velm_core/src/document.rs:19:12
[INFO] [stderr]    |
[INFO] [stderr] 19 |     pub fn open(filename: &str) -> Result<Self> {
[INFO] [stderr]    |            ^^^^
[INFO] [stderr] 
[INFO] [stderr] warning: method `file_name` is never used
[INFO] [stderr]    --> velm_core/src/document.rs:107:12
[INFO] [stderr]     |
[INFO] [stderr] 107 |     pub fn file_name(&self) -> Option<&String> {
[INFO] [stderr]     |            ^^^^^^^^^
[INFO] [stderr] 
[INFO] [stderr] warning: `velm_core` (lib) generated 4 warnings
[INFO] [stderr] warning: `velm_core` (lib test) generated 4 warnings (4 duplicates)
[INFO] [stderr]     Finished test [unoptimized + debuginfo] target(s) in 0.08s
[INFO] [stderr]      Running unittests src/lib.rs (/opt/rustwide/target/debug/deps/velm_core-88fa4809ab2e2d2b)
[INFO] [stdout] 
[INFO] [stdout] running 32 tests
[INFO] [stdout] test mode::execute::tests::test_command_for_input ... ok
[INFO] [stdout] test mode::execute::tests::test_quit ... ok
[INFO] [stdout] test row::tests::grapheme_can_be_deleted_at_position ... ok
[INFO] [stdout] test mode::execute::tests::test_save_as ... ok
[INFO] [stdout] test row::tests::character_can_be_inserted_at_position ... ok
[INFO] [stdout] test row::tests::character_can_be_deleted_at_position ... ok
[INFO] [stdout] test row::tests::is_empty_is_true_when_len_is_zero ... ok
[INFO] [stdout] test row::tests::len_is_calculated ... ok
[INFO] [stdout] test row::tests::len_counts_grapheme_clusters_individually ... ok
[INFO] [stdout] test row::tests::row_can_be_appended_to_another_row ... ok
[INFO] [stdout] test mode::execute::tests::test_save ... ok
[INFO] [stdout] test row::tests::to_string_can_take_a_snippet_of_the_row ... ok
[INFO] [stdout] test row::tests::row_can_be_split_at_position ... ok
[INFO] [stdout] test row::tests::row_can_be_converted_to_bytes_for_writing ... ok
[INFO] [stdout] test row::tests::to_string_clamps_to_row_len ... ok
[INFO] [stdout] test row::tests::to_string_converts_tab_to_space ... ok
[INFO] [stdout] test ui::tests::bottom_returns_bottommost_possible_value ... ok
[INFO] [stdout] test ui::tests::bottom_returns_bottommost_possible_value_including_offset ... ok
[INFO] [stdout] test ui::tests::contains_returns_false_if_position_not_contained ... ok
[INFO] [stdout] test ui::tests::contains_returns_true_if_position_contained ... ok
[INFO] [stdout] test ui::tests::left_returns_leftmost_possible_value ... ok
[INFO] [stdout] test ui::tests::left_returns_leftmost_possible_value_including_offset ... ok
[INFO] [stdout] test ui::tests::new_sets_default_position ... ok
[INFO] [stdout] test ui::tests::positioned_sets_position ... ok
[INFO] [stdout] test ui::tests::right_returns_rightmost_possible_value ... ok
[INFO] [stdout] test ui::tests::right_returns_rightmost_possible_value_including_offset ... ok
[INFO] [stdout] test ui::tests::top_returns_topmost_possible_value_including_offset ... ok
[INFO] [stdout] test ui::tests::area_is_calculated ... ok
[INFO] [stdout] test ui::tests::top_returns_topmost_possible_value ... ok
[INFO] [stdout] test row::tests::contents_returns_the_full_row ... ok
[INFO] [stdout] test row::tests::grapheme_can_be_inserted_at_position ... ok
[INFO] [stdout] test row::tests::is_empty_is_false_when_len_is_greater_than_zero ... ok
[INFO] [stdout] 
[INFO] [stdout] test result: ok. 32 passed; 0 failed; 0 ignored; 0 measured; 0 filtered out; finished in 0.01s
[INFO] [stdout] 
[INFO] [stderr]      Running unittests src/lib.rs (/opt/rustwide/target/debug/deps/velm_tui-438cd8bcb55fec27)
[INFO] [stdout] 
[INFO] [stdout] running 1 test
[INFO] [stdout] test tests::crossterm_backend_enters_and_leaves_alternate_screen ... FAILED
[INFO] [stdout] 
[INFO] [stdout] failures:
[INFO] [stdout] 
[INFO] [stdout] ---- tests::crossterm_backend_enters_and_leaves_alternate_screen stdout ----
[INFO] [stdout] thread 'tests::crossterm_backend_enters_and_leaves_alternate_screen' panicked at 'assertion failed: `(left == right)`
[INFO] [stdout]   left: `"\u{1b}[?1049h\u{1b}[?1049l"`,
[INFO] [stdout]  right: `""`', velm_tui/src/lib.rs:247:9
[INFO] [stdout] stack backtrace:
[INFO] [stdout]    0:     0x562041f6855a - std::backtrace_rs::backtrace::libunwind::trace::ha9053a9a07ca49cb
[INFO] [stdout]                                at /rustc/84c898d65adf2f39a5a98507f1fe0ce10a2b8dbc/library/std/src/../../backtrace/src/backtrace/libunwind.rs:93:5
[INFO] [stdout]    1:     0x562041f6855a - std::backtrace_rs::backtrace::trace_unsynchronized::h9c2852a457ad564e
[INFO] [stdout]                                at /rustc/84c898d65adf2f39a5a98507f1fe0ce10a2b8dbc/library/std/src/../../backtrace/src/backtrace/mod.rs:66:5
[INFO] [stdout]    2:     0x562041f6855a - std::sys_common::backtrace::_print_fmt::h457936fbfaa0070f
[INFO] [stdout]                                at /rustc/84c898d65adf2f39a5a98507f1fe0ce10a2b8dbc/library/std/src/sys_common/backtrace.rs:65:5
[INFO] [stdout]    3:     0x562041f6855a - <std::sys_common::backtrace::_print::DisplayBacktrace as core::fmt::Display>::fmt::h5779d7bf7f70cb0c
[INFO] [stdout]                                at /rustc/84c898d65adf2f39a5a98507f1fe0ce10a2b8dbc/library/std/src/sys_common/backtrace.rs:44:22
[INFO] [stdout]    4:     0x562041f8bcee - core::fmt::write::h5a4baaff1bcd3eb5
[INFO] [stdout]                                at /rustc/84c898d65adf2f39a5a98507f1fe0ce10a2b8dbc/library/core/src/fmt/mod.rs:1232:17
[INFO] [stdout]    5:     0x562041f659c5 - std::io::Write::write_fmt::h478f79c628ef31d1
[INFO] [stdout]                                at /rustc/84c898d65adf2f39a5a98507f1fe0ce10a2b8dbc/library/std/src/io/mod.rs:1684:15
[INFO] [stdout]    6:     0x562041f68325 - std::sys_common::backtrace::_print::h5fcdc36060f177e8
[INFO] [stdout]                                at /rustc/84c898d65adf2f39a5a98507f1fe0ce10a2b8dbc/library/std/src/sys_common/backtrace.rs:47:5
[INFO] [stdout]    7:     0x562041f68325 - std::sys_common::backtrace::print::h54ca9458b876c8bf
[INFO] [stdout]                                at /rustc/84c898d65adf2f39a5a98507f1fe0ce10a2b8dbc/library/std/src/sys_common/backtrace.rs:34:9
[INFO] [stdout]    8:     0x562041f6a0ef - std::panicking::default_hook::{{closure}}::hbe471161c7664ed6
[INFO] [stdout]                                at /rustc/84c898d65adf2f39a5a98507f1fe0ce10a2b8dbc/library/std/src/panicking.rs:271:22
[INFO] [stdout]    9:     0x562041f69daf - std::panicking::default_hook::ha3500da57aa4ac4f
[INFO] [stdout]                                at /rustc/84c898d65adf2f39a5a98507f1fe0ce10a2b8dbc/library/std/src/panicking.rs:287:9
[INFO] [stdout]   10:     0x562041f2a947 - <alloc::boxed::Box<F,A> as core::ops::function::Fn<Args>>::call::hdf1b89dd137ece34
[INFO] [stdout]                                at /rustc/84c898d65adf2f39a5a98507f1fe0ce10a2b8dbc/library/alloc/src/boxed.rs:2001:9
[INFO] [stdout]   11:     0x562041f2a947 - test::test_main::{{closure}}::h9081a79f20e75698
[INFO] [stdout]                                at /rustc/84c898d65adf2f39a5a98507f1fe0ce10a2b8dbc/library/test/src/lib.rs:135:21
[INFO] [stdout]   12:     0x562041f6a81d - <alloc::boxed::Box<F,A> as core::ops::function::Fn<Args>>::call::h6507bddc3eebb4a5
[INFO] [stdout]                                at /rustc/84c898d65adf2f39a5a98507f1fe0ce10a2b8dbc/library/alloc/src/boxed.rs:2001:9
[INFO] [stdout]   13:     0x562041f6a81d - std::panicking::rust_panic_with_hook::h50c09d000dc561d2
[INFO] [stdout]                                at /rustc/84c898d65adf2f39a5a98507f1fe0ce10a2b8dbc/library/std/src/panicking.rs:696:13
[INFO] [stdout]   14:     0x562041f6a599 - std::panicking::begin_panic_handler::{{closure}}::h9e2b2176e00e0d9c
[INFO] [stdout]                                at /rustc/84c898d65adf2f39a5a98507f1fe0ce10a2b8dbc/library/std/src/panicking.rs:583:13
[INFO] [stdout]   15:     0x562041f689c6 - std::sys_common::backtrace::__rust_end_short_backtrace::h5739b8e512c09d02
[INFO] [stdout]                                at /rustc/84c898d65adf2f39a5a98507f1fe0ce10a2b8dbc/library/std/src/sys_common/backtrace.rs:150:18
[INFO] [stdout]   16:     0x562041f6a2a2 - rust_begin_unwind
[INFO] [stdout]                                at /rustc/84c898d65adf2f39a5a98507f1fe0ce10a2b8dbc/library/std/src/panicking.rs:579:5
[INFO] [stdout]   17:     0x562041ef8b83 - core::panicking::panic_fmt::hf33a1475b4dc5c3e
[INFO] [stdout]                                at /rustc/84c898d65adf2f39a5a98507f1fe0ce10a2b8dbc/library/core/src/panicking.rs:64:14
[INFO] [stdout]   18:     0x562041ef8e5f - core::panicking::assert_failed_inner::haf9816227b20b6f2
[INFO] [stdout]   19:     0x562041efa2de - core::panicking::assert_failed::hcd75e29ab36937b1
[INFO] [stdout]                                at /rustc/84c898d65adf2f39a5a98507f1fe0ce10a2b8dbc/library/core/src/panicking.rs:211:5
[INFO] [stdout]   20:     0x562041efb410 - velm_tui::tests::crossterm_backend_enters_and_leaves_alternate_screen::h66abddb409021a05
[INFO] [stdout]                                at /opt/rustwide/workdir/velm_tui/src/lib.rs:247:9
[INFO] [stdout]   21:     0x562041efb267 - velm_tui::tests::crossterm_backend_enters_and_leaves_alternate_screen::{{closure}}::h93bfc2f6cc65016f
[INFO] [stdout]                                at /opt/rustwide/workdir/velm_tui/src/lib.rs:241:63
[INFO] [stdout]   22:     0x562041efb555 - core::ops::function::FnOnce::call_once::hf624058a1b897f4a
[INFO] [stdout]                                at /rustc/84c898d65adf2f39a5a98507f1fe0ce10a2b8dbc/library/core/src/ops/function.rs:250:5
[INFO] [stdout]   23:     0x562041f2fd2f - core::ops::function::FnOnce::call_once::h7d969581be7d0075
[INFO] [stdout]                                at /rustc/84c898d65adf2f39a5a98507f1fe0ce10a2b8dbc/library/core/src/ops/function.rs:250:5
[INFO] [stdout]   24:     0x562041f2fd2f - test::__rust_begin_short_backtrace::hca25a52684e56655
[INFO] [stdout]                                at /rustc/84c898d65adf2f39a5a98507f1fe0ce10a2b8dbc/library/test/src/lib.rs:656:18
[INFO] [stdout]   25:     0x562041f0134c - test::run_test::{{closure}}::ha8ac744c4af1a4bb
[INFO] [stdout]                                at /rustc/84c898d65adf2f39a5a98507f1fe0ce10a2b8dbc/library/test/src/lib.rs:647:30
[INFO] [stdout]   26:     0x562041f0134c - core::ops::function::FnOnce::call_once{{vtable.shim}}::h7b411a9ed45bdecf
[INFO] [stdout]                                at /rustc/84c898d65adf2f39a5a98507f1fe0ce10a2b8dbc/library/core/src/ops/function.rs:250:5
[INFO] [stdout]   27:     0x562041f2ecf6 - <alloc::boxed::Box<F,A> as core::ops::function::FnOnce<Args>>::call_once::hd05328869a8ed200
[INFO] [stdout]                                at /rustc/84c898d65adf2f39a5a98507f1fe0ce10a2b8dbc/library/alloc/src/boxed.rs:1987:9
[INFO] [stdout]   28:     0x562041f2ecf6 - <core::panic::unwind_safe::AssertUnwindSafe<F> as core::ops::function::FnOnce<()>>::call_once::h0c601ce20bd5b2be
[INFO] [stdout]                                at /rustc/84c898d65adf2f39a5a98507f1fe0ce10a2b8dbc/library/core/src/panic/unwind_safe.rs:271:9
[INFO] [stdout]   29:     0x562041f2ecf6 - std::panicking::try::do_call::ha4be5c164fe30854
[INFO] [stdout]                                at /rustc/84c898d65adf2f39a5a98507f1fe0ce10a2b8dbc/library/std/src/panicking.rs:487:40
[INFO] [stdout]   30:     0x562041f2ecf6 - std::panicking::try::h604546f3609af05f
[INFO] [stdout]                                at /rustc/84c898d65adf2f39a5a98507f1fe0ce10a2b8dbc/library/std/src/panicking.rs:451:19
[INFO] [stdout]   31:     0x562041f2ecf6 - std::panic::catch_unwind::h5bfa8afe44c9c2f9
[INFO] [stdout]                                at /rustc/84c898d65adf2f39a5a98507f1fe0ce10a2b8dbc/library/std/src/panic.rs:140:14
[INFO] [stdout]   32:     0x562041f2ecf6 - test::run_test_in_process::hd50dee55dd63e6aa
[INFO] [stdout]                                at /rustc/84c898d65adf2f39a5a98507f1fe0ce10a2b8dbc/library/test/src/lib.rs:679:27
[INFO] [stdout]   33:     0x562041f2ecf6 - test::run_test::run_test_inner::{{closure}}::h4aa0f433aa85cea8
[INFO] [stdout]                                at /rustc/84c898d65adf2f39a5a98507f1fe0ce10a2b8dbc/library/test/src/lib.rs:573:39
[INFO] [stdout]   34:     0x562041efb9c1 - test::run_test::run_test_inner::{{closure}}::had56431adf24b4d6
[INFO] [stdout]                                at /rustc/84c898d65adf2f39a5a98507f1fe0ce10a2b8dbc/library/test/src/lib.rs:600:37
[INFO] [stdout]   35:     0x562041efb9c1 - std::sys_common::backtrace::__rust_begin_short_backtrace::ha8d9890e0c73bf13
[INFO] [stdout]                                at /rustc/84c898d65adf2f39a5a98507f1fe0ce10a2b8dbc/library/std/src/sys_common/backtrace.rs:134:18
[INFO] [stdout]   36:     0x562041f013db - std::thread::Builder::spawn_unchecked_::{{closure}}::{{closure}}::h251832bcb4a95327
[INFO] [stdout]                                at /rustc/84c898d65adf2f39a5a98507f1fe0ce10a2b8dbc/library/std/src/thread/mod.rs:560:17
[INFO] [stdout]   37:     0x562041f013db - <core::panic::unwind_safe::AssertUnwindSafe<F> as core::ops::function::FnOnce<()>>::call_once::h8fdff598fa414831
[INFO] [stdout]                                at /rustc/84c898d65adf2f39a5a98507f1fe0ce10a2b8dbc/library/core/src/panic/unwind_safe.rs:271:9
[INFO] [stdout]   38:     0x562041f013db - std::panicking::try::do_call::h455dd2f7764a950f
[INFO] [stdout]                                at /rustc/84c898d65adf2f39a5a98507f1fe0ce10a2b8dbc/library/std/src/panicking.rs:487:40
[INFO] [stdout]   39:     0x562041f013db - std::panicking::try::had6f23b7b73ae72a
[INFO] [stdout]                                at /rustc/84c898d65adf2f39a5a98507f1fe0ce10a2b8dbc/library/std/src/panicking.rs:451:19
[INFO] [stdout]   40:     0x562041f013db - std::panic::catch_unwind::ha6a5ca3915b4dad0
[INFO] [stdout]                                at /rustc/84c898d65adf2f39a5a98507f1fe0ce10a2b8dbc/library/std/src/panic.rs:140:14
[INFO] [stdout]   41:     0x562041f013db - std::thread::Builder::spawn_unchecked_::{{closure}}::h883b72ef75da6231
[INFO] [stdout]                                at /rustc/84c898d65adf2f39a5a98507f1fe0ce10a2b8dbc/library/std/src/thread/mod.rs:559:30
[INFO] [stdout]   42:     0x562041f013db - core::ops::function::FnOnce::call_once{{vtable.shim}}::hb7dff73dc8bd2ccb
[INFO] [stdout]                                at /rustc/84c898d65adf2f39a5a98507f1fe0ce10a2b8dbc/library/core/src/ops/function.rs:250:5
[INFO] [stdout]   43:     0x562041f6eb93 - <alloc::boxed::Box<F,A> as core::ops::function::FnOnce<Args>>::call_once::h39990b24eedef2ab
[INFO] [stdout]                                at /rustc/84c898d65adf2f39a5a98507f1fe0ce10a2b8dbc/library/alloc/src/boxed.rs:1987:9
[INFO] [stdout]   44:     0x562041f6eb93 - <alloc::boxed::Box<F,A> as core::ops::function::FnOnce<Args>>::call_once::h01a027258444143b
[INFO] [stdout]                                at /rustc/84c898d65adf2f39a5a98507f1fe0ce10a2b8dbc/library/alloc/src/boxed.rs:1987:9
[INFO] [stdout]   45:     0x562041f6eb93 - std::sys::unix::thread::Thread::new::thread_start::ha4f1cdd9c25884ba
[INFO] [stdout]                                at /rustc/84c898d65adf2f39a5a98507f1fe0ce10a2b8dbc/library/std/src/sys/unix/thread.rs:108:17
[INFO] [stdout]   46:     0x7fd62c34bb43 - <unknown>
[INFO] [stdout]   47:     0x7fd62c3dcbb4 - __clone
[INFO] [stdout]   48:                0x0 - <unknown>
[INFO] [stdout] 
[INFO] [stdout] 
[INFO] [stdout] failures:
[INFO] [stdout]     tests::crossterm_backend_enters_and_leaves_alternate_screen
[INFO] [stdout] 
[INFO] [stdout] test result: FAILED. 0 passed; 1 failed; 0 ignored; 0 measured; 0 filtered out; finished in 0.03s
[INFO] [stdout] 
[INFO] [stderr] error: test failed, to rerun pass `-p velm_tui --lib`
[INFO] running `Command { std: "docker" "inspect" "9ff561924f91cdf2b8c65afd15a2c62843f62fce45cd0c9a2c484572135db6aa", kill_on_drop: false }`
[INFO] running `Command { std: "docker" "rm" "-f" "9ff561924f91cdf2b8c65afd15a2c62843f62fce45cd0c9a2c484572135db6aa", kill_on_drop: false }`
[INFO] [stdout] 9ff561924f91cdf2b8c65afd15a2c62843f62fce45cd0c9a2c484572135db6aa
