[INFO] cloning repository https://github.com/nicemaker/rust-lambda-graphql
[INFO] running `Command { std: "git" "-c" "credential.helper=" "-c" "credential.helper=/workspace/cargo-home/bin/git-credential-null" "clone" "--bare" "https://github.com/nicemaker/rust-lambda-graphql" "/workspace/cache/git-repos/https%3A%2F%2Fgithub.com%2Fnicemaker%2Frust-lambda-graphql", kill_on_drop: false }`
[INFO] [stderr] Cloning into bare repository '/workspace/cache/git-repos/https%3A%2F%2Fgithub.com%2Fnicemaker%2Frust-lambda-graphql'...
[INFO] running `Command { std: "git" "rev-parse" "HEAD", kill_on_drop: false }`
[INFO] [stdout] 95e7aa6392feb133a381e892d4b3a12b4c05bd1f
[INFO] testing nicemaker/rust-lambda-graphql against beta-2023-04-20 for beta-1.70-1
[INFO] running `Command { std: "git" "clone" "/workspace/cache/git-repos/https%3A%2F%2Fgithub.com%2Fnicemaker%2Frust-lambda-graphql" "/workspace/builds/worker-7-tc2/source", kill_on_drop: false }`
[INFO] [stderr] Cloning into '/workspace/builds/worker-7-tc2/source'...
[INFO] [stderr] done.
[INFO] validating manifest of git repo https://github.com/nicemaker/rust-lambda-graphql on toolchain beta-2023-04-20
[INFO] running `Command { std: CARGO_HOME="/workspace/cargo-home" RUSTUP_HOME="/workspace/rustup-home" "/workspace/cargo-home/bin/cargo" "+beta-2023-04-20" "metadata" "--manifest-path" "Cargo.toml" "--no-deps", kill_on_drop: false }`
[INFO] started tweaking git repo https://github.com/nicemaker/rust-lambda-graphql
[INFO] finished tweaking git repo https://github.com/nicemaker/rust-lambda-graphql
[INFO] tweaked toml for git repo https://github.com/nicemaker/rust-lambda-graphql written to /workspace/builds/worker-7-tc2/source/Cargo.toml
[INFO] crate git repo https://github.com/nicemaker/rust-lambda-graphql already has a lockfile, it will not be regenerated
[INFO] running `Command { std: CARGO_HOME="/workspace/cargo-home" RUSTUP_HOME="/workspace/rustup-home" "/workspace/cargo-home/bin/cargo" "+beta-2023-04-20" "fetch" "--manifest-path" "Cargo.toml", kill_on_drop: false }`
[INFO] [stderr]  Downloading crates ...
[INFO] [stderr]   Downloaded rusoto_core v0.43.0
[INFO] [stderr]   Downloaded simple_logger v1.3.0
[INFO] [stderr]   Downloaded simple-error v0.2.1
[INFO] [stderr]   Downloaded rusoto_s3 v0.43.0
[INFO] [stderr]   Downloaded rusoto_signature v0.43.0
[INFO] [stderr]   Downloaded rusoto_credential v0.43.0
[INFO] [stderr]   Downloaded standback v0.2.8
[INFO] [stderr]   Downloaded juniper v0.14.2
[INFO] [stderr]   Downloaded juniper_codegen v0.14.2
[INFO] [stderr]   Downloaded syn v1.0.27
[INFO] [stderr]   Downloaded ring v0.16.13
[INFO] running `Command { std: "docker" "create" "-v" "/var/lib/crater-agent-workspace/builds/worker-7-tc2/target:/opt/rustwide/target:rw,Z" "-v" "/var/lib/crater-agent-workspace/builds/worker-7-tc2/source:/opt/rustwide/workdir:ro,Z" "-v" "/var/lib/crater-agent-workspace/cargo-home:/opt/rustwide/cargo-home:ro,Z" "-v" "/var/lib/crater-agent-workspace/rustup-home:/opt/rustwide/rustup-home:ro,Z" "-e" "SOURCE_DIR=/opt/rustwide/workdir" "-e" "CARGO_TARGET_DIR=/opt/rustwide/target" "-e" "CARGO_HOME=/opt/rustwide/cargo-home" "-e" "RUSTUP_HOME=/opt/rustwide/rustup-home" "-w" "/opt/rustwide/workdir" "-m" "1610612736" "--user" "0:0" "--network" "none" "ghcr.io/rust-lang/crates-build-env/linux@sha256:5ff2268d62e97bff2cde7d5815dd6ed5b47097566f13b8d0ca110b04b60e07ed" "/opt/rustwide/cargo-home/bin/cargo" "+beta-2023-04-20" "metadata" "--no-deps" "--format-version=1", kill_on_drop: false }`
[INFO] [stdout] 64a374b75fee03fffaffa7d5fd6e28cabe023cca27739e233573d8dbf12890a3
[INFO] running `Command { std: "docker" "start" "-a" "64a374b75fee03fffaffa7d5fd6e28cabe023cca27739e233573d8dbf12890a3", kill_on_drop: false }`
[INFO] running `Command { std: "docker" "inspect" "64a374b75fee03fffaffa7d5fd6e28cabe023cca27739e233573d8dbf12890a3", kill_on_drop: false }`
[INFO] running `Command { std: "docker" "rm" "-f" "64a374b75fee03fffaffa7d5fd6e28cabe023cca27739e233573d8dbf12890a3", kill_on_drop: false }`
[INFO] [stdout] 64a374b75fee03fffaffa7d5fd6e28cabe023cca27739e233573d8dbf12890a3
[INFO] running `Command { std: "docker" "create" "-v" "/var/lib/crater-agent-workspace/builds/worker-7-tc2/target:/opt/rustwide/target:rw,Z" "-v" "/var/lib/crater-agent-workspace/builds/worker-7-tc2/source:/opt/rustwide/workdir:ro,Z" "-v" "/var/lib/crater-agent-workspace/cargo-home:/opt/rustwide/cargo-home:ro,Z" "-v" "/var/lib/crater-agent-workspace/rustup-home:/opt/rustwide/rustup-home:ro,Z" "-e" "SOURCE_DIR=/opt/rustwide/workdir" "-e" "CARGO_TARGET_DIR=/opt/rustwide/target" "-e" "CARGO_INCREMENTAL=0" "-e" "RUST_BACKTRACE=full" "-e" "RUSTFLAGS=--cap-lints=warn" "-e" "RUSTDOCFLAGS=--cap-lints=warn" "-e" "CARGO_HOME=/opt/rustwide/cargo-home" "-e" "RUSTUP_HOME=/opt/rustwide/rustup-home" "-w" "/opt/rustwide/workdir" "-m" "1610612736" "--user" "0:0" "--network" "none" "ghcr.io/rust-lang/crates-build-env/linux@sha256:5ff2268d62e97bff2cde7d5815dd6ed5b47097566f13b8d0ca110b04b60e07ed" "/opt/rustwide/cargo-home/bin/cargo" "+beta-2023-04-20" "build" "--frozen" "--message-format=json", kill_on_drop: false }`
[INFO] [stdout] f70b26470495aefa50baa0ea2167e07ee0021cd93181935809cab9baff266d11
[INFO] running `Command { std: "docker" "start" "-a" "f70b26470495aefa50baa0ea2167e07ee0021cd93181935809cab9baff266d11", kill_on_drop: false }`
[INFO] [stderr]    Compiling libc v0.2.71
[INFO] [stderr]    Compiling cfg-if v0.1.10
[INFO] [stderr]    Compiling proc-macro2 v1.0.17
[INFO] [stderr]    Compiling unicode-xid v0.2.0
[INFO] [stderr]    Compiling syn v1.0.27
[INFO] [stderr]    Compiling autocfg v0.1.7
[INFO] [stderr]    Compiling log v0.4.8
[INFO] [stderr]    Compiling semver-parser v0.7.0
[INFO] [stderr]    Compiling slab v0.4.2
[INFO] [stderr]    Compiling fnv v1.0.6
[INFO] [stderr]    Compiling byteorder v1.3.2
[INFO] [stderr]    Compiling semver v0.9.0
[INFO] [stderr]    Compiling futures v0.1.29
[INFO] [stderr]    Compiling cc v1.0.54
[INFO] [stderr]    Compiling rustc_version v0.2.3
[INFO] [stderr]    Compiling serde v1.0.104
[INFO] [stderr]    Compiling itoa v0.4.4
[INFO] [stderr]    Compiling quote v1.0.2
[INFO] [stderr]    Compiling once_cell v1.4.0
[INFO] [stderr]    Compiling iovec v0.1.4
[INFO] [stderr]    Compiling net2 v0.2.33
[INFO] [stderr]    Compiling either v1.5.3
[INFO] [stderr]    Compiling memchr v2.3.3
[INFO] [stderr]    Compiling indexmap v1.3.0
[INFO] [stderr]    Compiling crossbeam-utils v0.6.6
[INFO] [stderr]    Compiling mio v0.6.21
[INFO] [stderr]    Compiling bytes v0.4.12
[INFO] [stderr]    Compiling scopeguard v1.0.0
[INFO] [stderr]    Compiling futures-core v0.3.5
[INFO] [stderr]    Compiling proc-macro-hack v0.5.16
[INFO] [stderr]    Compiling maybe-uninit v2.0.0
[INFO] [stderr]    Compiling tokio-executor v0.1.9
[INFO] [stderr]    Compiling mio-uds v0.6.7
[INFO] [stderr]    Compiling time v0.1.42
[INFO] [stderr]    Compiling tokio-io v0.1.12
[INFO] [stderr]    Compiling num_cpus v1.11.1
[INFO] [stderr]    Compiling parking_lot_core v0.6.2
[INFO] [stderr]    Compiling num-traits v0.2.10
[INFO] [stderr]    Compiling proc-macro-nested v0.1.4
[INFO] [stderr]    Compiling bytes v0.5.4
[INFO] [stderr]    Compiling try-lock v0.2.2
[INFO] [stderr]    Compiling futures-sink v0.3.5
[INFO] [stderr]    Compiling httparse v1.3.4
[INFO] [stderr]    Compiling smallvec v0.6.13
[INFO] [stderr]    Compiling ring v0.16.13
[INFO] [stderr]    Compiling memoffset v0.5.3
[INFO] [stderr]    Compiling parking_lot v0.9.0
[INFO] [stderr]    Compiling crossbeam-utils v0.7.0
[INFO] [stderr]    Compiling num-integer v0.1.41
[INFO] [stderr]    Compiling arc-swap v0.4.6
[INFO] [stderr]    Compiling typenum v1.12.0
[INFO] [stderr]    Compiling ryu v1.0.2
[INFO] [stderr]    Compiling signal-hook-registry v1.2.0
[INFO] [stderr]    Compiling futures-channel v0.3.5
[INFO] [stderr]    Compiling lock_api v0.3.2
[INFO] [stderr]    Compiling futures-task v0.3.5
[INFO] [stderr]    Compiling crossbeam-epoch v0.8.0
[INFO] [stderr]    Compiling pin-utils v0.1.0
[INFO] [stderr]    Compiling spin v0.5.2
[INFO] [stderr]    Compiling pin-project-lite v0.1.5
[INFO] [stderr]    Compiling untrusted v0.7.1
[INFO] [stderr]    Compiling futures-io v0.3.5
[INFO] [stderr]    Compiling proc-macro2 v0.4.30
[INFO] [stderr]    Compiling tokio-sync v0.1.7
[INFO] [stderr]    Compiling unicode-xid v0.1.0
[INFO] [stderr]    Compiling http v0.2.1
[INFO] [stderr]    Compiling backtrace-sys v0.1.32
[INFO] [stderr]    Compiling generic-array v0.12.3
[INFO] [stderr]    Compiling tokio-reactor v0.1.11
[INFO] [stderr]    Compiling syn v0.15.44
[INFO] [stderr]    Compiling standback v0.2.8
[INFO] [stderr]    Compiling crossbeam-deque v0.7.2
[INFO] [stderr]    Compiling quote v0.6.13
[INFO] [stderr]    Compiling tokio-codec v0.1.1
[INFO] [stderr]    Compiling sct v0.6.0
[INFO] [stderr]    Compiling crossbeam-queue v0.1.2
[INFO] [stderr]    Compiling failure_derive v0.1.6
[INFO] [stderr]    Compiling webpki v0.21.2
[INFO] [stderr]    Compiling tokio-threadpool v0.1.17
[INFO] [stderr]    Compiling synstructure v0.12.3
[INFO] [stderr]    Compiling http-body v0.3.1
[INFO] [stderr]    Compiling want v0.3.0
[INFO] [stderr]    Compiling http v0.1.21
[INFO] [stderr]    Compiling byte-tools v0.3.1
[INFO] [stderr]    Compiling rustc-demangle v0.1.16
[INFO] [stderr]    Compiling tower-service v0.3.0
[INFO] [stderr]    Compiling base64 v0.11.0
[INFO] [stderr]    Compiling serde_derive v1.0.104
[INFO] [stderr]    Compiling pin-project-internal v0.4.17
[INFO] [stderr]    Compiling tokio-macros v0.2.5
[INFO] [stderr]    Compiling futures-macro v0.3.5
[INFO] [stderr]    Compiling version_check v0.9.2
[INFO] [stderr]    Compiling time v0.2.16
[INFO] [stderr]    Compiling synstructure v0.10.2
[INFO] [stderr]    Compiling tokio v0.2.21
[INFO] [stderr]    Compiling rustls v0.17.0
[INFO] [stderr]    Compiling time-macros-impl v0.1.1
[INFO] [stderr]    Compiling backtrace v0.3.40
[INFO] [stderr]    Compiling block-padding v0.1.5
[INFO] [stderr]    Compiling tokio-fs v0.1.6
[INFO] [stderr]    Compiling pin-project v0.4.17
[INFO] [stderr]    Compiling tokio-udp v0.1.5
[INFO] [stderr]    Compiling tokio-uds v0.2.5
[INFO] [stderr]    Compiling futures-util v0.3.5
[INFO] [stderr]    Compiling tokio-tcp v0.1.3
[INFO] [stderr]    Compiling digest v0.8.1
[INFO] [stderr]    Compiling tokio-current-thread v0.1.6
[INFO] [stderr]    Compiling tokio-timer v0.2.12
[INFO] [stderr]    Compiling string v0.2.1
[INFO] [stderr]    Compiling tokio-buf v0.1.1
[INFO] [stderr]    Compiling aho-corasick v0.7.10
[INFO] [stderr]    Compiling dirs-sys v0.3.4
[INFO] [stderr]    Compiling hyper v0.12.35
[INFO] [stderr]    Compiling thread_local v1.0.1
[INFO] [stderr]    Compiling tokio-util v0.3.1
[INFO] [stderr]    Compiling regex-syntax v0.6.18
[INFO] [stderr]    Compiling subtle v1.0.0
[INFO] [stderr]    Compiling percent-encoding v2.1.0
[INFO] [stderr]    Compiling crypto-mac v0.7.0
[INFO] [stderr]    Compiling dirs v2.0.2
[INFO] [stderr]    Compiling tokio v0.1.22
[INFO] [stderr]    Compiling http-body v0.1.0
[INFO] [stderr]    Compiling time-macros v0.1.0
[INFO] [stderr]    Compiling failure v0.1.6
[INFO] [stderr]    Compiling block-buffer v0.7.3
[INFO] [stderr]    Compiling futures-executor v0.3.5
[INFO] [stderr]    Compiling lambda_runtime_errors_derive v0.1.1
[INFO] [stderr]    Compiling futures v0.3.5
[INFO] [stderr]    Compiling async-trait v0.1.31
[INFO] [stderr]    Compiling want v0.2.0
[INFO] [stderr]    Compiling regex v1.3.9
[INFO] [stderr]    Compiling futures-cpupool v0.1.8
[INFO] [stderr]    Compiling zeroize v1.1.0
[INFO] [stderr]    Compiling matches v0.1.8
[INFO] [stderr]    Compiling opaque-debug v0.2.3
[INFO] [stderr]    Compiling shlex v0.1.1
[INFO] [stderr]    Compiling openssl-probe v0.1.2
[INFO] [stderr]    Compiling smallvec v1.0.0
[INFO] [stderr]    Compiling fake-simd v0.1.2
[INFO] [stderr]    Compiling unicode-normalization v0.1.11
[INFO] [stderr]    Compiling rustls-native-certs v0.3.0
[INFO] [stderr]    Compiling sha2 v0.8.2
[INFO] [stderr]    Compiling unicode-bidi v0.3.4
[INFO] [stderr]    Compiling hmac v0.7.1
[INFO] [stderr]    Compiling tokio-rustls v0.13.1
[INFO] [stderr]    Compiling ct-logs v0.6.0
[INFO] [stderr]    Compiling lambda_runtime_core v0.1.2
[INFO] [stderr]    Compiling rusoto_core v0.43.0
[INFO] [stderr]    Compiling md5 v0.7.0
[INFO] [stderr]    Compiling base64 v0.12.1
[INFO] [stderr]    Compiling hex v0.4.2
[INFO] [stderr]    Compiling idna v0.2.0
[INFO] [stderr]    Compiling atty v0.2.13
[INFO] [stderr]    Compiling xml-rs v0.8.3
[INFO] [stderr]    Compiling juniper_codegen v0.14.2
[INFO] [stderr]    Compiling colored v1.9.0
[INFO] [stderr]    Compiling uuid v0.7.4
[INFO] [stderr]    Compiling simple-error v0.2.1
[INFO] [stderr]    Compiling url v2.1.1
[INFO] [stderr]    Compiling serde_json v1.0.44
[INFO] [stderr]    Compiling chrono v0.4.10
[INFO] [stderr]    Compiling h2 v0.2.5
[INFO] [stderr]    Compiling h2 v0.1.26
[INFO] [stderr]    Compiling simple_logger v1.3.0
[INFO] [stderr]    Compiling lambda_runtime_errors v0.1.1
[INFO] [stderr]    Compiling juniper v0.14.2
[INFO] [stderr]    Compiling hyper v0.13.5
[INFO] [stderr]    Compiling lambda_runtime_client v0.2.2
[INFO] [stderr]    Compiling lambda_runtime v0.2.1
[INFO] [stderr]    Compiling rusoto_credential v0.43.0
[INFO] [stderr]    Compiling hyper-rustls v0.20.0
[INFO] [stderr]    Compiling rusoto_signature v0.43.0
[INFO] [stderr]    Compiling rusoto_s3 v0.43.0
[INFO] [stderr]    Compiling rust_lambda_graphql v0.1.0 (/opt/rustwide/workdir)
[INFO] [stdout] warning: unused variable: `e`
[INFO] [stdout]   --> src/s3.rs:50:13
[INFO] [stdout]    |
[INFO] [stdout] 50 |         Err(e) => return String::from("bng-rlgql-5s4e0wl2l"),
[INFO] [stdout]    |             ^ help: if this is intentional, prefix it with an underscore: `_e`
[INFO] [stdout]    |
[INFO] [stdout]    = note: `#[warn(unused_variables)]` on by default
[INFO] [stdout] 
[INFO] [stdout] 
[INFO] [stdout] warning: function `client` is never used
[INFO] [stdout]  --> src/s3.rs:7:4
[INFO] [stdout]   |
[INFO] [stdout] 7 | fn client() -> S3Client {
[INFO] [stdout]   |    ^^^^^^
[INFO] [stdout]   |
[INFO] [stdout]   = note: `#[warn(dead_code)]` on by default
[INFO] [stdout] 
[INFO] [stdout] 
[INFO] [stdout] warning: function `put_object` is never used
[INFO] [stdout]   --> src/s3.rs:18:14
[INFO] [stdout]    |
[INFO] [stdout] 18 | pub async fn put_object(key: String, body: String) {
[INFO] [stdout]    |              ^^^^^^^^^^
[INFO] [stdout] 
[INFO] [stdout] 
[INFO] [stdout] warning: function `get_object` is never used
[INFO] [stdout]   --> src/s3.rs:30:14
[INFO] [stdout]    |
[INFO] [stdout] 30 | pub async fn get_object(key: String) -> String {
[INFO] [stdout]    |              ^^^^^^^^^^
[INFO] [stdout] 
[INFO] [stdout] 
[INFO] [stdout] warning: function `bucket` is never used
[INFO] [stdout]   --> src/s3.rs:47:8
[INFO] [stdout]    |
[INFO] [stdout] 47 | pub fn bucket() -> String {
[INFO] [stdout]    |        ^^^^^^
[INFO] [stdout] 
[INFO] [stdout] 
[INFO] [stdout] warning: function `write` is never used
[INFO] [stdout]  --> src/storage.rs:6:18
[INFO] [stdout]   |
[INFO] [stdout] 6 |     pub async fn write(skills: &Vec<Skill>) {
[INFO] [stdout]   |                  ^^^^^
[INFO] [stdout] 
[INFO] [stdout] 
[INFO] [stdout] warning: function `read` is never used
[INFO] [stdout]   --> src/storage.rs:11:18
[INFO] [stdout]    |
[INFO] [stdout] 11 |     pub async fn read() -> Vec<Skill> {
[INFO] [stdout]    |                  ^^^^
[INFO] [stdout] 
[INFO] [stdout] 
[INFO] [stdout] warning: function `writeOne` is never used
[INFO] [stdout]   --> src/storage.rs:17:18
[INFO] [stdout]    |
[INFO] [stdout] 17 |     pub async fn writeOne(skill: Skill) -> Vec<Skill> {
[INFO] [stdout]    |                  ^^^^^^^^
[INFO] [stdout] 
[INFO] [stdout] 
[INFO] [stdout] warning: function `deleteOne` is never used
[INFO] [stdout]   --> src/storage.rs:25:18
[INFO] [stdout]    |
[INFO] [stdout] 25 |     pub async fn deleteOne(id: String) -> Vec<Skill> {
[INFO] [stdout]    |                  ^^^^^^^^^
[INFO] [stdout] 
[INFO] [stdout] 
[INFO] [stdout] warning: function `writeOne` should have a snake case name
[INFO] [stdout]   --> src/storage.rs:17:18
[INFO] [stdout]    |
[INFO] [stdout] 17 |     pub async fn writeOne(skill: Skill) -> Vec<Skill> {
[INFO] [stdout]    |                  ^^^^^^^^ help: convert the identifier to snake case: `write_one`
[INFO] [stdout]    |
[INFO] [stdout]    = note: `#[warn(non_snake_case)]` on by default
[INFO] [stdout] 
[INFO] [stdout] 
[INFO] [stdout] warning: function `deleteOne` should have a snake case name
[INFO] [stdout]   --> src/storage.rs:25:18
[INFO] [stdout]    |
[INFO] [stdout] 25 |     pub async fn deleteOne(id: String) -> Vec<Skill> {
[INFO] [stdout]    |                  ^^^^^^^^^ help: convert the identifier to snake case: `delete_one`
[INFO] [stdout] 
[INFO] [stdout] 
[INFO] [stdout] warning: 11 warnings emitted
[INFO] [stdout] 
[INFO] [stdout] 
[INFO] [stderr]     Finished dev [unoptimized + debuginfo] target(s) in 37.23s
[INFO] running `Command { std: "docker" "inspect" "f70b26470495aefa50baa0ea2167e07ee0021cd93181935809cab9baff266d11", kill_on_drop: false }`
[INFO] running `Command { std: "docker" "rm" "-f" "f70b26470495aefa50baa0ea2167e07ee0021cd93181935809cab9baff266d11", kill_on_drop: false }`
[INFO] [stdout] f70b26470495aefa50baa0ea2167e07ee0021cd93181935809cab9baff266d11
[INFO] running `Command { std: "docker" "create" "-v" "/var/lib/crater-agent-workspace/builds/worker-7-tc2/target:/opt/rustwide/target:rw,Z" "-v" "/var/lib/crater-agent-workspace/builds/worker-7-tc2/source:/opt/rustwide/workdir:ro,Z" "-v" "/var/lib/crater-agent-workspace/cargo-home:/opt/rustwide/cargo-home:ro,Z" "-v" "/var/lib/crater-agent-workspace/rustup-home:/opt/rustwide/rustup-home:ro,Z" "-e" "SOURCE_DIR=/opt/rustwide/workdir" "-e" "CARGO_TARGET_DIR=/opt/rustwide/target" "-e" "CARGO_INCREMENTAL=0" "-e" "RUST_BACKTRACE=full" "-e" "RUSTFLAGS=--cap-lints=warn" "-e" "RUSTDOCFLAGS=--cap-lints=warn" "-e" "CARGO_HOME=/opt/rustwide/cargo-home" "-e" "RUSTUP_HOME=/opt/rustwide/rustup-home" "-w" "/opt/rustwide/workdir" "-m" "1610612736" "--user" "0:0" "--network" "none" "ghcr.io/rust-lang/crates-build-env/linux@sha256:5ff2268d62e97bff2cde7d5815dd6ed5b47097566f13b8d0ca110b04b60e07ed" "/opt/rustwide/cargo-home/bin/cargo" "+beta-2023-04-20" "test" "--frozen" "--no-run" "--message-format=json", kill_on_drop: false }`
[INFO] [stdout] ac0ffb87d4ef77050a07133d9fe3ce7099f217417050d1780287100512168a7e
[INFO] running `Command { std: "docker" "start" "-a" "ac0ffb87d4ef77050a07133d9fe3ce7099f217417050d1780287100512168a7e", kill_on_drop: false }`
[INFO] [stdout] warning: unused variable: `e`
[INFO] [stdout]   --> src/s3.rs:50:13
[INFO] [stdout]    |
[INFO] [stdout] 50 |         Err(e) => return String::from("bng-rlgql-5s4e0wl2l"),
[INFO] [stdout]    |             ^ help: if this is intentional, prefix it with an underscore: `_e`
[INFO] [stdout]    |
[INFO] [stdout]    = note: `#[warn(unused_variables)]` on by default
[INFO] [stdout] 
[INFO] [stdout] 
[INFO] [stdout] warning: function `client` is never used
[INFO] [stdout]  --> src/s3.rs:7:4
[INFO] [stdout]   |
[INFO] [stdout] 7 | fn client() -> S3Client {
[INFO] [stdout]   |    ^^^^^^
[INFO] [stdout]   |
[INFO] [stdout]   = note: `#[warn(dead_code)]` on by default
[INFO] [stdout] 
[INFO] [stdout] 
[INFO] [stdout] warning: function `put_object` is never used
[INFO] [stdout]   --> src/s3.rs:18:14
[INFO] [stdout]    |
[INFO] [stdout] 18 | pub async fn put_object(key: String, body: String) {
[INFO] [stdout]    |              ^^^^^^^^^^
[INFO] [stdout] 
[INFO] [stdout] 
[INFO] [stdout] warning: function `get_object` is never used
[INFO] [stdout]   --> src/s3.rs:30:14
[INFO] [stdout]    |
[INFO] [stdout] 30 | pub async fn get_object(key: String) -> String {
[INFO] [stdout]    |              ^^^^^^^^^^
[INFO] [stdout] 
[INFO] [stdout] 
[INFO] [stdout] warning: function `bucket` is never used
[INFO] [stdout]   --> src/s3.rs:47:8
[INFO] [stdout]    |
[INFO] [stdout] 47 | pub fn bucket() -> String {
[INFO] [stdout]    |        ^^^^^^
[INFO] [stdout] 
[INFO] [stdout] 
[INFO] [stdout] warning: function `write` is never used
[INFO] [stdout]  --> src/storage.rs:6:18
[INFO] [stdout]   |
[INFO] [stdout] 6 |     pub async fn write(skills: &Vec<Skill>) {
[INFO] [stdout]   |                  ^^^^^
[INFO] [stdout] 
[INFO] [stdout] 
[INFO] [stdout] warning: function `read` is never used
[INFO] [stdout]   --> src/storage.rs:11:18
[INFO] [stdout]    |
[INFO] [stdout] 11 |     pub async fn read() -> Vec<Skill> {
[INFO] [stdout]    |                  ^^^^
[INFO] [stdout] 
[INFO] [stdout] 
[INFO] [stdout] warning: function `writeOne` is never used
[INFO] [stdout]   --> src/storage.rs:17:18
[INFO] [stdout]    |
[INFO] [stdout] 17 |     pub async fn writeOne(skill: Skill) -> Vec<Skill> {
[INFO] [stdout]    |                  ^^^^^^^^
[INFO] [stdout] 
[INFO] [stdout] 
[INFO] [stdout] warning: function `deleteOne` is never used
[INFO] [stdout]   --> src/storage.rs:25:18
[INFO] [stdout]    |
[INFO] [stdout] 25 |     pub async fn deleteOne(id: String) -> Vec<Skill> {
[INFO] [stdout]    |                  ^^^^^^^^^
[INFO] [stdout] 
[INFO] [stdout] 
[INFO] [stdout] warning: function `writeOne` should have a snake case name
[INFO] [stdout]   --> src/storage.rs:17:18
[INFO] [stdout]    |
[INFO] [stdout] 17 |     pub async fn writeOne(skill: Skill) -> Vec<Skill> {
[INFO] [stdout]    |                  ^^^^^^^^ help: convert the identifier to snake case: `write_one`
[INFO] [stdout]    |
[INFO] [stdout]    = note: `#[warn(non_snake_case)]` on by default
[INFO] [stdout] 
[INFO] [stdout] 
[INFO] [stdout] warning: function `deleteOne` should have a snake case name
[INFO] [stdout]   --> src/storage.rs:25:18
[INFO] [stdout]    |
[INFO] [stdout] 25 |     pub async fn deleteOne(id: String) -> Vec<Skill> {
[INFO] [stdout]    |                  ^^^^^^^^^ help: convert the identifier to snake case: `delete_one`
[INFO] [stdout] 
[INFO] [stdout] 
[INFO] [stdout] warning: 11 warnings emitted
[INFO] [stdout] 
[INFO] [stdout] 
[INFO] [stderr]    Compiling rust_lambda_graphql v0.1.0 (/opt/rustwide/workdir)
[INFO] [stdout] warning: unused variable: `e`
[INFO] [stdout]   --> src/s3.rs:50:13
[INFO] [stdout]    |
[INFO] [stdout] 50 |         Err(e) => return String::from("bng-rlgql-5s4e0wl2l"),
[INFO] [stdout]    |             ^ help: if this is intentional, prefix it with an underscore: `_e`
[INFO] [stdout]    |
[INFO] [stdout]    = note: `#[warn(unused_variables)]` on by default
[INFO] [stdout] 
[INFO] [stdout] 
[INFO] [stdout] warning: function `writeOne` is never used
[INFO] [stdout]   --> src/storage.rs:17:18
[INFO] [stdout]    |
[INFO] [stdout] 17 |     pub async fn writeOne(skill: Skill) -> Vec<Skill> {
[INFO] [stdout]    |                  ^^^^^^^^
[INFO] [stdout]    |
[INFO] [stdout]    = note: `#[warn(dead_code)]` on by default
[INFO] [stdout] 
[INFO] [stdout] 
[INFO] [stdout] warning: function `deleteOne` is never used
[INFO] [stdout]   --> src/storage.rs:25:18
[INFO] [stdout]    |
[INFO] [stdout] 25 |     pub async fn deleteOne(id: String) -> Vec<Skill> {
[INFO] [stdout]    |                  ^^^^^^^^^
[INFO] [stdout] 
[INFO] [stdout] 
[INFO] [stdout] warning: function `writeOne` should have a snake case name
[INFO] [stdout]   --> src/storage.rs:17:18
[INFO] [stdout]    |
[INFO] [stdout] 17 |     pub async fn writeOne(skill: Skill) -> Vec<Skill> {
[INFO] [stdout]    |                  ^^^^^^^^ help: convert the identifier to snake case: `write_one`
[INFO] [stdout]    |
[INFO] [stdout]    = note: `#[warn(non_snake_case)]` on by default
[INFO] [stdout] 
[INFO] [stdout] 
[INFO] [stdout] warning: function `deleteOne` should have a snake case name
[INFO] [stdout]   --> src/storage.rs:25:18
[INFO] [stdout]    |
[INFO] [stdout] 25 |     pub async fn deleteOne(id: String) -> Vec<Skill> {
[INFO] [stdout]    |                  ^^^^^^^^^ help: convert the identifier to snake case: `delete_one`
[INFO] [stdout] 
[INFO] [stdout] 
[INFO] [stdout] warning: 5 warnings emitted
[INFO] [stdout] 
[INFO] [stdout] 
[INFO] [stderr]     Finished test [unoptimized + debuginfo] target(s) in 4.49s
[INFO] running `Command { std: "docker" "inspect" "ac0ffb87d4ef77050a07133d9fe3ce7099f217417050d1780287100512168a7e", kill_on_drop: false }`
[INFO] running `Command { std: "docker" "rm" "-f" "ac0ffb87d4ef77050a07133d9fe3ce7099f217417050d1780287100512168a7e", kill_on_drop: false }`
[INFO] [stdout] ac0ffb87d4ef77050a07133d9fe3ce7099f217417050d1780287100512168a7e
[INFO] running `Command { std: "docker" "create" "-v" "/var/lib/crater-agent-workspace/builds/worker-7-tc2/target:/opt/rustwide/target:rw,Z" "-v" "/var/lib/crater-agent-workspace/builds/worker-7-tc2/source:/opt/rustwide/workdir:ro,Z" "-v" "/var/lib/crater-agent-workspace/cargo-home:/opt/rustwide/cargo-home:ro,Z" "-v" "/var/lib/crater-agent-workspace/rustup-home:/opt/rustwide/rustup-home:ro,Z" "-e" "SOURCE_DIR=/opt/rustwide/workdir" "-e" "CARGO_TARGET_DIR=/opt/rustwide/target" "-e" "CARGO_INCREMENTAL=0" "-e" "RUST_BACKTRACE=full" "-e" "RUSTFLAGS=--cap-lints=warn" "-e" "RUSTDOCFLAGS=--cap-lints=warn" "-e" "CARGO_HOME=/opt/rustwide/cargo-home" "-e" "RUSTUP_HOME=/opt/rustwide/rustup-home" "-w" "/opt/rustwide/workdir" "-m" "1610612736" "--user" "0:0" "--network" "none" "ghcr.io/rust-lang/crates-build-env/linux@sha256:5ff2268d62e97bff2cde7d5815dd6ed5b47097566f13b8d0ca110b04b60e07ed" "/opt/rustwide/cargo-home/bin/cargo" "+beta-2023-04-20" "test" "--frozen", kill_on_drop: false }`
[INFO] [stdout] 3e902de8480d0f960b82538664dc9611c7cab6a1e3f045bfb4a12284b92eba94
[INFO] running `Command { std: "docker" "start" "-a" "3e902de8480d0f960b82538664dc9611c7cab6a1e3f045bfb4a12284b92eba94", kill_on_drop: false }`
[INFO] [stderr] warning: unused variable: `e`
[INFO] [stderr]   --> src/s3.rs:50:13
[INFO] [stderr]    |
[INFO] [stderr] 50 |         Err(e) => return String::from("bng-rlgql-5s4e0wl2l"),
[INFO] [stderr]    |             ^ help: if this is intentional, prefix it with an underscore: `_e`
[INFO] [stderr]    |
[INFO] [stderr]    = note: `#[warn(unused_variables)]` on by default
[INFO] [stderr] 
[INFO] [stderr] warning: function `client` is never used
[INFO] [stderr]  --> src/s3.rs:7:4
[INFO] [stderr]   |
[INFO] [stderr] 7 | fn client() -> S3Client {
[INFO] [stderr]   |    ^^^^^^
[INFO] [stderr]   |
[INFO] [stderr]   = note: `#[warn(dead_code)]` on by default
[INFO] [stderr] 
[INFO] [stderr] warning: function `put_object` is never used
[INFO] [stderr]   --> src/s3.rs:18:14
[INFO] [stderr]    |
[INFO] [stderr] 18 | pub async fn put_object(key: String, body: String) {
[INFO] [stderr]    |              ^^^^^^^^^^
[INFO] [stderr] 
[INFO] [stderr] warning: function `get_object` is never used
[INFO] [stderr]   --> src/s3.rs:30:14
[INFO] [stderr]    |
[INFO] [stderr] 30 | pub async fn get_object(key: String) -> String {
[INFO] [stderr]    |              ^^^^^^^^^^
[INFO] [stderr] 
[INFO] [stderr] warning: function `bucket` is never used
[INFO] [stderr]   --> src/s3.rs:47:8
[INFO] [stderr]    |
[INFO] [stderr] 47 | pub fn bucket() -> String {
[INFO] [stderr]    |        ^^^^^^
[INFO] [stderr] 
[INFO] [stderr] warning: function `write` is never used
[INFO] [stderr]  --> src/storage.rs:6:18
[INFO] [stderr]   |
[INFO] [stderr] 6 |     pub async fn write(skills: &Vec<Skill>) {
[INFO] [stderr]   |                  ^^^^^
[INFO] [stderr] 
[INFO] [stderr] warning: function `read` is never used
[INFO] [stderr]   --> src/storage.rs:11:18
[INFO] [stderr]    |
[INFO] [stderr] 11 |     pub async fn read() -> Vec<Skill> {
[INFO] [stderr]    |                  ^^^^
[INFO] [stderr] 
[INFO] [stderr] warning: function `writeOne` is never used
[INFO] [stderr]   --> src/storage.rs:17:18
[INFO] [stderr]    |
[INFO] [stderr] 17 |     pub async fn writeOne(skill: Skill) -> Vec<Skill> {
[INFO] [stderr]    |                  ^^^^^^^^
[INFO] [stderr] 
[INFO] [stderr] warning: function `deleteOne` is never used
[INFO] [stderr]   --> src/storage.rs:25:18
[INFO] [stderr]    |
[INFO] [stderr] 25 |     pub async fn deleteOne(id: String) -> Vec<Skill> {
[INFO] [stderr]    |                  ^^^^^^^^^
[INFO] [stderr] 
[INFO] [stderr] warning: function `writeOne` should have a snake case name
[INFO] [stderr]   --> src/storage.rs:17:18
[INFO] [stderr]    |
[INFO] [stderr] 17 |     pub async fn writeOne(skill: Skill) -> Vec<Skill> {
[INFO] [stderr]    |                  ^^^^^^^^ help: convert the identifier to snake case: `write_one`
[INFO] [stderr]    |
[INFO] [stderr]    = note: `#[warn(non_snake_case)]` on by default
[INFO] [stderr] 
[INFO] [stderr] warning: function `deleteOne` should have a snake case name
[INFO] [stderr]   --> src/storage.rs:25:18
[INFO] [stderr]    |
[INFO] [stderr] 25 |     pub async fn deleteOne(id: String) -> Vec<Skill> {
[INFO] [stderr]    |                  ^^^^^^^^^ help: convert the identifier to snake case: `delete_one`
[INFO] [stderr] 
[INFO] [stderr] warning: function `writeOne` is never used
[INFO] [stderr]   --> src/storage.rs:17:18
[INFO] [stderr]    |
[INFO] [stderr] 17 |     pub async fn writeOne(skill: Skill) -> Vec<Skill> {
[INFO] [stderr]    |                  ^^^^^^^^
[INFO] [stderr]    |
[INFO] [stderr]    = note: `#[warn(dead_code)]` on by default
[INFO] [stderr] 
[INFO] [stderr] warning: `rust_lambda_graphql` (lib) generated 11 warnings (run `cargo fix --lib -p rust_lambda_graphql` to apply 1 suggestion)
[INFO] [stderr] warning: `rust_lambda_graphql` (lib test) generated 5 warnings (4 duplicates)
[INFO] [stderr]     Finished test [unoptimized + debuginfo] target(s) in 0.16s
[INFO] [stderr]      Running unittests src/lib.rs (/opt/rustwide/target/debug/deps/rust_lambda_graphql-97200dc38c015a71)
[INFO] [stdout] 
[INFO] [stdout] running 5 tests
[INFO] [stdout] test tests::assert_me ... ok
[INFO] [stdout] test storage::tests::skill_read ... FAILED
[INFO] [stdout] test s3::tests::read_string ... FAILED
[INFO] [stdout] test s3::tests::write_string ... FAILED
[INFO] [stdout] test storage::tests::skill_write ... FAILED
[INFO] [stdout] 
[INFO] [stdout] failures:
[INFO] [stdout] 
[INFO] [stdout] ---- storage::tests::skill_read stdout ----
[INFO] [stdout] thread 'storage::tests::skill_read' panicked at 'called `Result::unwrap()` on an `Err` value: Credentials(CredentialsError { message: "Couldn't find AWS credentials in environment, credentials file, or IAM role." })', src/s3.rs:38:10
[INFO] [stdout] stack backtrace:
[INFO] [stdout]    0:     0x562bec72ef3a - std::backtrace_rs::backtrace::libunwind::trace::h2f05d0192276a8f6
[INFO] [stdout]                                at /rustc/1b7dd2252b99671ce5d1cb9664c5f8636329436d/library/std/src/../../backtrace/src/backtrace/libunwind.rs:93:5
[INFO] [stdout]    1:     0x562bec72ef3a - std::backtrace_rs::backtrace::trace_unsynchronized::hedc23dff7a1af150
[INFO] [stdout]                                at /rustc/1b7dd2252b99671ce5d1cb9664c5f8636329436d/library/std/src/../../backtrace/src/backtrace/mod.rs:66:5
[INFO] [stdout]    2:     0x562bec72ef3a - std::sys_common::backtrace::_print_fmt::h17541ef7592f3ce2
[INFO] [stdout]                                at /rustc/1b7dd2252b99671ce5d1cb9664c5f8636329436d/library/std/src/sys_common/backtrace.rs:65:5
[INFO] [stdout]    3:     0x562bec72ef3a - <std::sys_common::backtrace::_print::DisplayBacktrace as core::fmt::Display>::fmt::h20f75df5ab0c0792
[INFO] [stdout]                                at /rustc/1b7dd2252b99671ce5d1cb9664c5f8636329436d/library/std/src/sys_common/backtrace.rs:44:22
[INFO] [stdout]    4:     0x562bec75634f - core::fmt::write::h78109e6f466b3af6
[INFO] [stdout]                                at /rustc/1b7dd2252b99671ce5d1cb9664c5f8636329436d/library/core/src/fmt/mod.rs:1254:17
[INFO] [stdout]    5:     0x562bec72b7e5 - std::io::Write::write_fmt::hd24bfb68a1b35a25
[INFO] [stdout]                                at /rustc/1b7dd2252b99671ce5d1cb9664c5f8636329436d/library/std/src/io/mod.rs:1698:15
[INFO] [stdout]    6:     0x562bec72ed05 - std::sys_common::backtrace::_print::h8dac57a9f8fbf9a5
[INFO] [stdout]                                at /rustc/1b7dd2252b99671ce5d1cb9664c5f8636329436d/library/std/src/sys_common/backtrace.rs:47:5
[INFO] [stdout]    7:     0x562bec72ed05 - std::sys_common::backtrace::print::hf9ecbf41d1aa712f
[INFO] [stdout]                                at /rustc/1b7dd2252b99671ce5d1cb9664c5f8636329436d/library/std/src/sys_common/backtrace.rs:34:9
[INFO] [stdout]    8:     0x562bec7309be - std::panicking::default_hook::{{closure}}::h04c07acfc84ca028
[INFO] [stdout]                                at /rustc/1b7dd2252b99671ce5d1cb9664c5f8636329436d/library/std/src/panicking.rs:269:22
[INFO] [stdout]    9:     0x562bec7306f1 - std::panicking::default_hook::h01f6bb23e1eceb2c
[INFO] [stdout]                                at /rustc/1b7dd2252b99671ce5d1cb9664c5f8636329436d/library/std/src/panicking.rs:285:9
[INFO] [stdout]   10:     0x562bec01546b - <alloc::boxed::Box<F,A> as core::ops::function::Fn<Args>>::call::h87fe9f7b2fd49e4c
[INFO] [stdout]                                at /rustc/1b7dd2252b99671ce5d1cb9664c5f8636329436d/library/alloc/src/boxed.rs:1987:9
[INFO] [stdout]   11:     0x562bec01546b - test::test_main::{{closure}}::he94d679243a7531b
[INFO] [stdout]                                at /rustc/1b7dd2252b99671ce5d1cb9664c5f8636329436d/library/test/src/lib.rs:134:21
[INFO] [stdout]   12:     0x562bec7310a4 - <alloc::boxed::Box<F,A> as core::ops::function::Fn<Args>>::call::h3f2d6d8b14c4769f
[INFO] [stdout]                                at /rustc/1b7dd2252b99671ce5d1cb9664c5f8636329436d/library/alloc/src/boxed.rs:1987:9
[INFO] [stdout]   13:     0x562bec7310a4 - std::panicking::rust_panic_with_hook::h2bb3722bbaf2f6df
[INFO] [stdout]                                at /rustc/1b7dd2252b99671ce5d1cb9664c5f8636329436d/library/std/src/panicking.rs:695:13
[INFO] [stdout]   14:     0x562bec730e19 - std::panicking::begin_panic_handler::{{closure}}::h91bc7f36a4be011b
[INFO] [stdout]                                at /rustc/1b7dd2252b99671ce5d1cb9664c5f8636329436d/library/std/src/panicking.rs:582:13
[INFO] [stdout]   15:     0x562bec72f3a6 - std::sys_common::backtrace::__rust_end_short_backtrace::h8b3d3717114f9e59
[INFO] [stdout]                                at /rustc/1b7dd2252b99671ce5d1cb9664c5f8636329436d/library/std/src/sys_common/backtrace.rs:150:18
[INFO] [stdout]   16:     0x562bec730b72 - rust_begin_unwind
[INFO] [stdout]                                at /rustc/1b7dd2252b99671ce5d1cb9664c5f8636329436d/library/std/src/panicking.rs:578:5
[INFO] [stdout]   17:     0x562bebfc2303 - core::panicking::panic_fmt::hfd368e3fbdabea26
[INFO] [stdout]                                at /rustc/1b7dd2252b99671ce5d1cb9664c5f8636329436d/library/core/src/panicking.rs:67:14
[INFO] [stdout]   18:     0x562bebfc28a3 - core::result::unwrap_failed::he54eb4b2f125b26f
[INFO] [stdout]                                at /rustc/1b7dd2252b99671ce5d1cb9664c5f8636329436d/library/core/src/result.rs:1687:5
[INFO] [stdout]   19:     0x562bebfc9e89 - core::result::Result<T,E>::unwrap::h7522dc0981810910
[INFO] [stdout]                                at /rustc/1b7dd2252b99671ce5d1cb9664c5f8636329436d/library/core/src/result.rs:1089:23
[INFO] [stdout]   20:     0x562bebfcc627 - rust_lambda_graphql::s3::get_object::{{closure}}::h3a61b5ffe4689b47
[INFO] [stdout]                                at /opt/rustwide/workdir/src/s3.rs:31:18
[INFO] [stdout]   21:     0x562bebfce36a - rust_lambda_graphql::storage::skills::read::{{closure}}::h01563de4bbc16149
[INFO] [stdout]                                at /opt/rustwide/workdir/src/storage.rs:12:70
[INFO] [stdout]   22:     0x562bebfd37ba - rust_lambda_graphql::storage::tests::skill_read::{{closure}}::hc6abf3c39ded690d
[INFO] [stdout]                                at /opt/rustwide/workdir/src/storage.rs:52:36
[INFO] [stdout]   23:     0x562bebfdc604 - tokio::runtime::basic_scheduler::BasicScheduler<P>::block_on::{{closure}}::{{closure}}::h4783c8d0782d1058
[INFO] [stdout]                                at /opt/rustwide/cargo-home/registry/src/index.crates.io-6f17d22bba15001f/tokio-0.2.21/src/runtime/basic_scheduler.rs:131:58
[INFO] [stdout]   24:     0x562bebfd1fd0 - tokio::coop::with_budget::{{closure}}::h5d5e728739ca277f
[INFO] [stdout]                                at /opt/rustwide/cargo-home/registry/src/index.crates.io-6f17d22bba15001f/tokio-0.2.21/src/coop.rs:127:9
[INFO] [stdout]   25:     0x562bebfc4ca9 - std::thread::local::LocalKey<T>::try_with::he74319ffbbd7d58f
[INFO] [stdout]                                at /rustc/1b7dd2252b99671ce5d1cb9664c5f8636329436d/library/std/src/thread/local.rs:252:16
[INFO] [stdout]   26:     0x562bebfc2f6a - std::thread::local::LocalKey<T>::with::hfbc41d8cd140c056
[INFO] [stdout]                                at /rustc/1b7dd2252b99671ce5d1cb9664c5f8636329436d/library/std/src/thread/local.rs:228:9
[INFO] [stdout]   27:     0x562bebfdbfd0 - tokio::coop::with_budget::h8c7f1ed0ebf99f51
[INFO] [stdout]                                at /opt/rustwide/cargo-home/registry/src/index.crates.io-6f17d22bba15001f/tokio-0.2.21/src/coop.rs:120:5
[INFO] [stdout]   28:     0x562bebfdbfd0 - tokio::coop::budget::h8158e7efeea3044b
[INFO] [stdout]                                at /opt/rustwide/cargo-home/registry/src/index.crates.io-6f17d22bba15001f/tokio-0.2.21/src/coop.rs:96:5
[INFO] [stdout]   29:     0x562bebfdbfd0 - tokio::runtime::basic_scheduler::BasicScheduler<P>::block_on::{{closure}}::h43e88804d454ef88
[INFO] [stdout]                                at /opt/rustwide/cargo-home/registry/src/index.crates.io-6f17d22bba15001f/tokio-0.2.21/src/runtime/basic_scheduler.rs:131:35
[INFO] [stdout]   30:     0x562bebfdd7df - tokio::runtime::basic_scheduler::enter::{{closure}}::h12fb2b84f7751e4c
[INFO] [stdout]                                at /opt/rustwide/cargo-home/registry/src/index.crates.io-6f17d22bba15001f/tokio-0.2.21/src/runtime/basic_scheduler.rs:213:29
[INFO] [stdout]   31:     0x562bebfd2ab1 - tokio::macros::scoped_tls::ScopedKey<T>::set::h94b0ded4040cdecd
[INFO] [stdout]                                at /opt/rustwide/cargo-home/registry/src/index.crates.io-6f17d22bba15001f/tokio-0.2.21/src/macros/scoped_tls.rs:63:9
[INFO] [stdout]   32:     0x562bebfdd725 - tokio::runtime::basic_scheduler::enter::hb944efff3611fcb5
[INFO] [stdout]                                at /opt/rustwide/cargo-home/registry/src/index.crates.io-6f17d22bba15001f/tokio-0.2.21/src/runtime/basic_scheduler.rs:213:5
[INFO] [stdout]   33:     0x562bebfda3f2 - tokio::runtime::basic_scheduler::BasicScheduler<P>::block_on::h7a7163e2d5e9dbe2
[INFO] [stdout]                                at /opt/rustwide/cargo-home/registry/src/index.crates.io-6f17d22bba15001f/tokio-0.2.21/src/runtime/basic_scheduler.rs:123:9
[INFO] [stdout]   34:     0x562bebfd796c - tokio::runtime::Runtime::block_on::{{closure}}::h449ef1f0558a484f
[INFO] [stdout]                                at /opt/rustwide/cargo-home/registry/src/index.crates.io-6f17d22bba15001f/tokio-0.2.21/src/runtime/mod.rs:444:34
[INFO] [stdout]   35:     0x562bebfca6fb - tokio::runtime::context::enter::h465da8d76a646793
[INFO] [stdout]                                at /opt/rustwide/cargo-home/registry/src/index.crates.io-6f17d22bba15001f/tokio-0.2.21/src/runtime/context.rs:72:5
[INFO] [stdout]   36:     0x562bebfcf5fa - tokio::runtime::handle::Handle::enter::h64ba546728b82e85
[INFO] [stdout]                                at /opt/rustwide/cargo-home/registry/src/index.crates.io-6f17d22bba15001f/tokio-0.2.21/src/runtime/handle.rs:76:9
[INFO] [stdout]   37:     0x562bebfd7818 - tokio::runtime::Runtime::block_on::h630ced5bb27fefd6
[INFO] [stdout]                                at /opt/rustwide/cargo-home/registry/src/index.crates.io-6f17d22bba15001f/tokio-0.2.21/src/runtime/mod.rs:441:9
[INFO] [stdout]   38:     0x562bebfd35d0 - rust_lambda_graphql::storage::tests::skill_read::hcc996c946e8035fc
[INFO] [stdout]                                at /opt/rustwide/workdir/src/storage.rs:50:5
[INFO] [stdout]   39:     0x562bebfd34f7 - rust_lambda_graphql::storage::tests::skill_read::{{closure}}::h37feae27df606c01
[INFO] [stdout]                                at /opt/rustwide/workdir/src/storage.rs:50:5
[INFO] [stdout]   40:     0x562bebfc4f15 - core::ops::function::FnOnce::call_once::h808171169e5fa88d
[INFO] [stdout]                                at /rustc/1b7dd2252b99671ce5d1cb9664c5f8636329436d/library/core/src/ops/function.rs:250:5
[INFO] [stdout]   41:     0x562bec01a33f - core::ops::function::FnOnce::call_once::ha6a70e79f7481a7e
[INFO] [stdout]                                at /rustc/1b7dd2252b99671ce5d1cb9664c5f8636329436d/library/core/src/ops/function.rs:250:5
[INFO] [stdout]   42:     0x562bec01a33f - test::__rust_begin_short_backtrace::hce33033019b61e69
[INFO] [stdout]                                at /rustc/1b7dd2252b99671ce5d1cb9664c5f8636329436d/library/test/src/lib.rs:655:18
[INFO] [stdout]   43:     0x562bebfe7b2c - test::run_test::{{closure}}::h858d3528838ae3e5
[INFO] [stdout]                                at /rustc/1b7dd2252b99671ce5d1cb9664c5f8636329436d/library/test/src/lib.rs:646:30
[INFO] [stdout]   44:     0x562bebfe7b2c - core::ops::function::FnOnce::call_once{{vtable.shim}}::he8ac2b00f01ae79e
[INFO] [stdout]                                at /rustc/1b7dd2252b99671ce5d1cb9664c5f8636329436d/library/core/src/ops/function.rs:250:5
[INFO] [stdout]   45:     0x562bec019416 - <alloc::boxed::Box<F,A> as core::ops::function::FnOnce<Args>>::call_once::h8093d25b522725ef
[INFO] [stdout]                                at /rustc/1b7dd2252b99671ce5d1cb9664c5f8636329436d/library/alloc/src/boxed.rs:1973:9
[INFO] [stdout]   46:     0x562bec019416 - <core::panic::unwind_safe::AssertUnwindSafe<F> as core::ops::function::FnOnce<()>>::call_once::h5c334c204e4a3913
[INFO] [stdout]                                at /rustc/1b7dd2252b99671ce5d1cb9664c5f8636329436d/library/core/src/panic/unwind_safe.rs:271:9
[INFO] [stdout]   47:     0x562bec019416 - std::panicking::try::do_call::ha8b740c7b9478074
[INFO] [stdout]                                at /rustc/1b7dd2252b99671ce5d1cb9664c5f8636329436d/library/std/src/panicking.rs:485:40
[INFO] [stdout]   48:     0x562bec019416 - std::panicking::try::h5d34f63d0e41b64e
[INFO] [stdout]                                at /rustc/1b7dd2252b99671ce5d1cb9664c5f8636329436d/library/std/src/panicking.rs:449:19
[INFO] [stdout]   49:     0x562bec019416 - std::panic::catch_unwind::hcfbb511e1aa7fc67
[INFO] [stdout]                                at /rustc/1b7dd2252b99671ce5d1cb9664c5f8636329436d/library/std/src/panic.rs:140:14
[INFO] [stdout]   50:     0x562bec019416 - test::run_test_in_process::h9abda90f802eaf21
[INFO] [stdout]                                at /rustc/1b7dd2252b99671ce5d1cb9664c5f8636329436d/library/test/src/lib.rs:678:27
[INFO] [stdout]   51:     0x562bec019416 - test::run_test::run_test_inner::{{closure}}::h0f058de91f6c6edf
[INFO] [stdout]                                at /rustc/1b7dd2252b99671ce5d1cb9664c5f8636329436d/library/test/src/lib.rs:572:39
[INFO] [stdout]   52:     0x562bebfe2335 - test::run_test::run_test_inner::{{closure}}::h5ca48a4c59c6c1fb
[INFO] [stdout]                                at /rustc/1b7dd2252b99671ce5d1cb9664c5f8636329436d/library/test/src/lib.rs:599:37
[INFO] [stdout]   53:     0x562bebfe2335 - std::sys_common::backtrace::__rust_begin_short_backtrace::h32bd51e1495d4a33
[INFO] [stdout]                                at /rustc/1b7dd2252b99671ce5d1cb9664c5f8636329436d/library/std/src/sys_common/backtrace.rs:134:18
[INFO] [stdout]   54:     0x562bebfe7871 - std::thread::Builder::spawn_unchecked_::{{closure}}::{{closure}}::hc086fae9b128b2db
[INFO] [stdout]                                at /rustc/1b7dd2252b99671ce5d1cb9664c5f8636329436d/library/std/src/thread/mod.rs:526:17
[INFO] [stdout]   55:     0x562bebfe7871 - <core::panic::unwind_safe::AssertUnwindSafe<F> as core::ops::function::FnOnce<()>>::call_once::hb66571888d270d43
[INFO] [stdout]                                at /rustc/1b7dd2252b99671ce5d1cb9664c5f8636329436d/library/core/src/panic/unwind_safe.rs:271:9
[INFO] [stdout]   56:     0x562bebfe7871 - std::panicking::try::do_call::h4fa2ef4f6e51fecf
[INFO] [stdout]                                at /rustc/1b7dd2252b99671ce5d1cb9664c5f8636329436d/library/std/src/panicking.rs:485:40
[INFO] [stdout]   57:     0x562bebfe7871 - std::panicking::try::h1e9e22b8584489b5
[INFO] [stdout]                                at /rustc/1b7dd2252b99671ce5d1cb9664c5f8636329436d/library/std/src/panicking.rs:449:19
[INFO] [stdout]   58:     0x562bebfe7871 - std::panic::catch_unwind::h44698a3de0e0769e
[INFO] [stdout]                                at /rustc/1b7dd2252b99671ce5d1cb9664c5f8636329436d/library/std/src/panic.rs:140:14
[INFO] [stdout]   59:     0x562bebfe7871 - std::thread::Builder::spawn_unchecked_::{{closure}}::h50153abde3fe239e
[INFO] [stdout]                                at /rustc/1b7dd2252b99671ce5d1cb9664c5f8636329436d/library/std/src/thread/mod.rs:525:30
[INFO] [stdout]   60:     0x562bebfe7871 - core::ops::function::FnOnce::call_once{{vtable.shim}}::hbe5bbf6f38394364
[INFO] [stdout]                                at /rustc/1b7dd2252b99671ce5d1cb9664c5f8636329436d/library/core/src/ops/function.rs:250:5
[INFO] [stdout]   61:     0x562bec7356f5 - <alloc::boxed::Box<F,A> as core::ops::function::FnOnce<Args>>::call_once::h0d83cb2920a49046
[INFO] [stdout]                                at /rustc/1b7dd2252b99671ce5d1cb9664c5f8636329436d/library/alloc/src/boxed.rs:1973:9
[INFO] [stdout]   62:     0x562bec7356f5 - <alloc::boxed::Box<F,A> as core::ops::function::FnOnce<Args>>::call_once::hbe0a008aa7d9ef59
[INFO] [stdout]                                at /rustc/1b7dd2252b99671ce5d1cb9664c5f8636329436d/library/alloc/src/boxed.rs:1973:9
[INFO] [stdout]   63:     0x562bec7356f5 - std::sys::unix::thread::Thread::new::thread_start::h3a466996bdf6b1f9
[INFO] [stdout]                                at /rustc/1b7dd2252b99671ce5d1cb9664c5f8636329436d/library/std/src/sys/unix/thread.rs:108:17
[INFO] [stdout]   64:     0x7efc1b84bb43 - <unknown>
[INFO] [stdout]   65:     0x7efc1b8dcbb4 - __clone
[INFO] [stdout]   66:                0x0 - <unknown>
[INFO] [stdout] 
[INFO] [stdout] ---- s3::tests::read_string stdout ----
[INFO] [stdout] thread 's3::tests::read_string' panicked at 'called `Result::unwrap()` on an `Err` value: Credentials(CredentialsError { message: "Couldn't find AWS credentials in environment, credentials file, or IAM role." })', src/s3.rs:38:10
[INFO] [stdout] stack backtrace:
[INFO] [stdout]    0:     0x562bec72ef3a - std::backtrace_rs::backtrace::libunwind::trace::h2f05d0192276a8f6
[INFO] [stdout]                                at /rustc/1b7dd2252b99671ce5d1cb9664c5f8636329436d/library/std/src/../../backtrace/src/backtrace/libunwind.rs:93:5
[INFO] [stdout]    1:     0x562bec72ef3a - std::backtrace_rs::backtrace::trace_unsynchronized::hedc23dff7a1af150
[INFO] [stdout]                                at /rustc/1b7dd2252b99671ce5d1cb9664c5f8636329436d/library/std/src/../../backtrace/src/backtrace/mod.rs:66:5
[INFO] [stdout]    2:     0x562bec72ef3a - std::sys_common::backtrace::_print_fmt::h17541ef7592f3ce2
[INFO] [stdout]                                at /rustc/1b7dd2252b99671ce5d1cb9664c5f8636329436d/library/std/src/sys_common/backtrace.rs:65:5
[INFO] [stdout]    3:     0x562bec72ef3a - <std::sys_common::backtrace::_print::DisplayBacktrace as core::fmt::Display>::fmt::h20f75df5ab0c0792
[INFO] [stdout]                                at /rustc/1b7dd2252b99671ce5d1cb9664c5f8636329436d/library/std/src/sys_common/backtrace.rs:44:22
[INFO] [stdout]    4:     0x562bec75634f - core::fmt::write::h78109e6f466b3af6
[INFO] [stdout]                                at /rustc/1b7dd2252b99671ce5d1cb9664c5f8636329436d/library/core/src/fmt/mod.rs:1254:17
[INFO] [stdout]    5:     0x562bec72b7e5 - std::io::Write::write_fmt::hd24bfb68a1b35a25
[INFO] [stdout]                                at /rustc/1b7dd2252b99671ce5d1cb9664c5f8636329436d/library/std/src/io/mod.rs:1698:15
[INFO] [stdout]    6:     0x562bec72ed05 - std::sys_common::backtrace::_print::h8dac57a9f8fbf9a5
[INFO] [stdout]                                at /rustc/1b7dd2252b99671ce5d1cb9664c5f8636329436d/library/std/src/sys_common/backtrace.rs:47:5
[INFO] [stdout]    7:     0x562bec72ed05 - std::sys_common::backtrace::print::hf9ecbf41d1aa712f
[INFO] [stdout]                                at /rustc/1b7dd2252b99671ce5d1cb9664c5f8636329436d/library/std/src/sys_common/backtrace.rs:34:9
[INFO] [stdout]    8:     0x562bec7309be - std::panicking::default_hook::{{closure}}::h04c07acfc84ca028
[INFO] [stdout]                                at /rustc/1b7dd2252b99671ce5d1cb9664c5f8636329436d/library/std/src/panicking.rs:269:22
[INFO] [stdout]    9:     0x562bec7306f1 - std::panicking::default_hook::h01f6bb23e1eceb2c
[INFO] [stdout]                                at /rustc/1b7dd2252b99671ce5d1cb9664c5f8636329436d/library/std/src/panicking.rs:285:9
[INFO] [stdout]   10:     0x562bec01546b - <alloc::boxed::Box<F,A> as core::ops::function::Fn<Args>>::call::h87fe9f7b2fd49e4c
[INFO] [stdout]                                at /rustc/1b7dd2252b99671ce5d1cb9664c5f8636329436d/library/alloc/src/boxed.rs:1987:9
[INFO] [stdout]   11:     0x562bec01546b - test::test_main::{{closure}}::he94d679243a7531b
[INFO] [stdout]                                at /rustc/1b7dd2252b99671ce5d1cb9664c5f8636329436d/library/test/src/lib.rs:134:21
[INFO] [stdout]   12:     0x562bec7310a4 - <alloc::boxed::Box<F,A> as core::ops::function::Fn<Args>>::call::h3f2d6d8b14c4769f
[INFO] [stdout]                                at /rustc/1b7dd2252b99671ce5d1cb9664c5f8636329436d/library/alloc/src/boxed.rs:1987:9
[INFO] [stdout]   13:     0x562bec7310a4 - std::panicking::rust_panic_with_hook::h2bb3722bbaf2f6df
[INFO] [stdout]                                at /rustc/1b7dd2252b99671ce5d1cb9664c5f8636329436d/library/std/src/panicking.rs:695:13
[INFO] [stdout]   14:     0x562bec730e19 - std::panicking::begin_panic_handler::{{closure}}::h91bc7f36a4be011b
[INFO] [stdout]                                at /rustc/1b7dd2252b99671ce5d1cb9664c5f8636329436d/library/std/src/panicking.rs:582:13
[INFO] [stdout]   15:     0x562bec72f3a6 - std::sys_common::backtrace::__rust_end_short_backtrace::h8b3d3717114f9e59
[INFO] [stdout]                                at /rustc/1b7dd2252b99671ce5d1cb9664c5f8636329436d/library/std/src/sys_common/backtrace.rs:150:18
[INFO] [stdout]   16:     0x562bec730b72 - rust_begin_unwind
[INFO] [stdout]                                at /rustc/1b7dd2252b99671ce5d1cb9664c5f8636329436d/library/std/src/panicking.rs:578:5
[INFO] [stdout]   17:     0x562bebfc2303 - core::panicking::panic_fmt::hfd368e3fbdabea26
[INFO] [stdout]                                at /rustc/1b7dd2252b99671ce5d1cb9664c5f8636329436d/library/core/src/panicking.rs:67:14
[INFO] [stdout]   18:     0x562bebfc28a3 - core::result::unwrap_failed::he54eb4b2f125b26f
[INFO] [stdout]                                at /rustc/1b7dd2252b99671ce5d1cb9664c5f8636329436d/library/core/src/result.rs:1687:5
[INFO] [stdout]   19:     0x562bebfc9e89 - core::result::Result<T,E>::unwrap::h7522dc0981810910
[INFO] [stdout]                                at /rustc/1b7dd2252b99671ce5d1cb9664c5f8636329436d/library/core/src/result.rs:1089:23
[INFO] [stdout]   20:     0x562bebfcc627 - rust_lambda_graphql::s3::get_object::{{closure}}::h3a61b5ffe4689b47
[INFO] [stdout]                                at /opt/rustwide/workdir/src/s3.rs:31:18
[INFO] [stdout]   21:     0x562bebfc9210 - rust_lambda_graphql::s3::tests::read_string::{{closure}}::hbcd3b686cbb5aa03
[INFO] [stdout]                                at /opt/rustwide/workdir/src/s3.rs:65:58
[INFO] [stdout]   22:     0x562bebfdc7b4 - tokio::runtime::basic_scheduler::BasicScheduler<P>::block_on::{{closure}}::{{closure}}::hb631535efe01772f
[INFO] [stdout]                                at /opt/rustwide/cargo-home/registry/src/index.crates.io-6f17d22bba15001f/tokio-0.2.21/src/runtime/basic_scheduler.rs:131:58
[INFO] [stdout]   23:     0x562bebfd1ea0 - tokio::coop::with_budget::{{closure}}::h49eec33daee2560d
[INFO] [stdout]                                at /opt/rustwide/cargo-home/registry/src/index.crates.io-6f17d22bba15001f/tokio-0.2.21/src/coop.rs:127:9
[INFO] [stdout]   24:     0x562bebfc3b89 - std::thread::local::LocalKey<T>::try_with::h5cc06413b375dec3
[INFO] [stdout]                                at /rustc/1b7dd2252b99671ce5d1cb9664c5f8636329436d/library/std/src/thread/local.rs:252:16
[INFO] [stdout]   25:     0x562bebfc2d6a - std::thread::local::LocalKey<T>::with::h79be2740ef31ca08
[INFO] [stdout]                                at /rustc/1b7dd2252b99671ce5d1cb9664c5f8636329436d/library/std/src/thread/local.rs:228:9
[INFO] [stdout]   26:     0x562bebfdaf70 - tokio::coop::with_budget::hff8589973808930c
[INFO] [stdout]                                at /opt/rustwide/cargo-home/registry/src/index.crates.io-6f17d22bba15001f/tokio-0.2.21/src/coop.rs:120:5
[INFO] [stdout]   27:     0x562bebfdaf70 - tokio::coop::budget::h370ba2925ca834f7
[INFO] [stdout]                                at /opt/rustwide/cargo-home/registry/src/index.crates.io-6f17d22bba15001f/tokio-0.2.21/src/coop.rs:96:5
[INFO] [stdout]   28:     0x562bebfdaf70 - tokio::runtime::basic_scheduler::BasicScheduler<P>::block_on::{{closure}}::h1bb785200a7c0559
[INFO] [stdout]                                at /opt/rustwide/cargo-home/registry/src/index.crates.io-6f17d22bba15001f/tokio-0.2.21/src/runtime/basic_scheduler.rs:131:35
[INFO] [stdout]   29:     0x562bebfdd8be - tokio::runtime::basic_scheduler::enter::{{closure}}::h9a4bd991d11d5c0d
[INFO] [stdout]                                at /opt/rustwide/cargo-home/registry/src/index.crates.io-6f17d22bba15001f/tokio-0.2.21/src/runtime/basic_scheduler.rs:213:29
[INFO] [stdout]   30:     0x562bebfd2be3 - tokio::macros::scoped_tls::ScopedKey<T>::set::haa3d98e27f9228d3
[INFO] [stdout]                                at /opt/rustwide/cargo-home/registry/src/index.crates.io-6f17d22bba15001f/tokio-0.2.21/src/macros/scoped_tls.rs:63:9
[INFO] [stdout]   31:     0x562bebfdd001 - tokio::runtime::basic_scheduler::enter::h7243135dea46883e
[INFO] [stdout]                                at /opt/rustwide/cargo-home/registry/src/index.crates.io-6f17d22bba15001f/tokio-0.2.21/src/runtime/basic_scheduler.rs:213:5
[INFO] [stdout]   32:     0x562bebfda370 - tokio::runtime::basic_scheduler::BasicScheduler<P>::block_on::h1a7bce8def9bcd54
[INFO] [stdout]                                at /opt/rustwide/cargo-home/registry/src/index.crates.io-6f17d22bba15001f/tokio-0.2.21/src/runtime/basic_scheduler.rs:123:9
[INFO] [stdout]   33:     0x562bebfd7b98 - tokio::runtime::Runtime::block_on::{{closure}}::hccca7440a5481b06
[INFO] [stdout]                                at /opt/rustwide/cargo-home/registry/src/index.crates.io-6f17d22bba15001f/tokio-0.2.21/src/runtime/mod.rs:444:34
[INFO] [stdout]   34:     0x562bebfca91b - tokio::runtime::context::enter::hdaf15582843e5d4d
[INFO] [stdout]                                at /opt/rustwide/cargo-home/registry/src/index.crates.io-6f17d22bba15001f/tokio-0.2.21/src/runtime/context.rs:72:5
[INFO] [stdout]   35:     0x562bebfcf53c - tokio::runtime::handle::Handle::enter::h3d319f41e059d602
[INFO] [stdout]                                at /opt/rustwide/cargo-home/registry/src/index.crates.io-6f17d22bba15001f/tokio-0.2.21/src/runtime/handle.rs:76:9
[INFO] [stdout]   36:     0x562bebfd78b7 - tokio::runtime::Runtime::block_on::h94fbff508a15e13e
[INFO] [stdout]                                at /opt/rustwide/cargo-home/registry/src/index.crates.io-6f17d22bba15001f/tokio-0.2.21/src/runtime/mod.rs:441:9
[INFO] [stdout]   37:     0x562bebfc8ffe - rust_lambda_graphql::s3::tests::read_string::h5fef7e1f5324abbf
[INFO] [stdout]                                at /opt/rustwide/workdir/src/s3.rs:63:5
[INFO] [stdout]   38:     0x562bebfc8f27 - rust_lambda_graphql::s3::tests::read_string::{{closure}}::h2963b00c318464ee
[INFO] [stdout]                                at /opt/rustwide/workdir/src/s3.rs:63:5
[INFO] [stdout]   39:     0x562bebfc4e95 - core::ops::function::FnOnce::call_once::h2129e176507274f3
[INFO] [stdout]                                at /rustc/1b7dd2252b99671ce5d1cb9664c5f8636329436d/library/core/src/ops/function.rs:250:5
[INFO] [stdout]   40:     0x562bec01a33f - core::ops::function::FnOnce::call_once::ha6a70e79f7481a7e
[INFO] [stdout]                                at /rustc/1b7dd2252b99671ce5d1cb9664c5f8636329436d/library/core/src/ops/function.rs:250:5
[INFO] [stdout]   41:     0x562bec01a33f - test::__rust_begin_short_backtrace::hce33033019b61e69
[INFO] [stdout]                                at /rustc/1b7dd2252b99671ce5d1cb9664c5f8636329436d/library/test/src/lib.rs:655:18
[INFO] [stdout]   42:     0x562bebfe7b2c - test::run_test::{{closure}}::h858d3528838ae3e5
[INFO] [stdout]                                at /rustc/1b7dd2252b99671ce5d1cb9664c5f8636329436d/library/test/src/lib.rs:646:30
[INFO] [stdout]   43:     0x562bebfe7b2c - core::ops::function::FnOnce::call_once{{vtable.shim}}::he8ac2b00f01ae79e
[INFO] [stdout]                                at /rustc/1b7dd2252b99671ce5d1cb9664c5f8636329436d/library/core/src/ops/function.rs:250:5
[INFO] [stdout]   44:     0x562bec019416 - <alloc::boxed::Box<F,A> as core::ops::function::FnOnce<Args>>::call_once::h8093d25b522725ef
[INFO] [stdout]                                at /rustc/1b7dd2252b99671ce5d1cb9664c5f8636329436d/library/alloc/src/boxed.rs:1973:9
[INFO] [stdout]   45:     0x562bec019416 - <core::panic::unwind_safe::AssertUnwindSafe<F> as core::ops::function::FnOnce<()>>::call_once::h5c334c204e4a3913
[INFO] [stdout]                                at /rustc/1b7dd2252b99671ce5d1cb9664c5f8636329436d/library/core/src/panic/unwind_safe.rs:271:9
[INFO] [stdout]   46:     0x562bec019416 - std::panicking::try::do_call::ha8b740c7b9478074
[INFO] [stdout]                                at /rustc/1b7dd2252b99671ce5d1cb9664c5f8636329436d/library/std/src/panicking.rs:485:40
[INFO] [stdout]   47:     0x562bec019416 - std::panicking::try::h5d34f63d0e41b64e
[INFO] [stdout]                                at /rustc/1b7dd2252b99671ce5d1cb9664c5f8636329436d/library/std/src/panicking.rs:449:19
[INFO] [stdout]   48:     0x562bec019416 - std::panic::catch_unwind::hcfbb511e1aa7fc67
[INFO] [stdout]                                at /rustc/1b7dd2252b99671ce5d1cb9664c5f8636329436d/library/std/src/panic.rs:140:14
[INFO] [stdout]   49:     0x562bec019416 - test::run_test_in_process::h9abda90f802eaf21
[INFO] [stdout]                                at /rustc/1b7dd2252b99671ce5d1cb9664c5f8636329436d/library/test/src/lib.rs:678:27
[INFO] [stdout]   50:     0x562bec019416 - test::run_test::run_test_inner::{{closure}}::h0f058de91f6c6edf
[INFO] [stdout]                                at /rustc/1b7dd2252b99671ce5d1cb9664c5f8636329436d/library/test/src/lib.rs:572:39
[INFO] [stdout]   51:     0x562bebfe2335 - test::run_test::run_test_inner::{{closure}}::h5ca48a4c59c6c1fb
[INFO] [stdout]                                at /rustc/1b7dd2252b99671ce5d1cb9664c5f8636329436d/library/test/src/lib.rs:599:37
[INFO] [stdout]   52:     0x562bebfe2335 - std::sys_common::backtrace::__rust_begin_short_backtrace::h32bd51e1495d4a33
[INFO] [stdout]                                at /rustc/1b7dd2252b99671ce5d1cb9664c5f8636329436d/library/std/src/sys_common/backtrace.rs:134:18
[INFO] [stdout]   53:     0x562bebfe7871 - std::thread::Builder::spawn_unchecked_::{{closure}}::{{closure}}::hc086fae9b128b2db
[INFO] [stdout]                                at /rustc/1b7dd2252b99671ce5d1cb9664c5f8636329436d/library/std/src/thread/mod.rs:526:17
[INFO] [stdout]   54:     0x562bebfe7871 - <core::panic::unwind_safe::AssertUnwindSafe<F> as core::ops::function::FnOnce<()>>::call_once::hb66571888d270d43
[INFO] [stdout]                                at /rustc/1b7dd2252b99671ce5d1cb9664c5f8636329436d/library/core/src/panic/unwind_safe.rs:271:9
[INFO] [stdout]   55:     0x562bebfe7871 - std::panicking::try::do_call::h4fa2ef4f6e51fecf
[INFO] [stdout]                                at /rustc/1b7dd2252b99671ce5d1cb9664c5f8636329436d/library/std/src/panicking.rs:485:40
[INFO] [stdout]   56:     0x562bebfe7871 - std::panicking::try::h1e9e22b8584489b5
[INFO] [stdout]                                at /rustc/1b7dd2252b99671ce5d1cb9664c5f8636329436d/library/std/src/panicking.rs:449:19
[INFO] [stdout]   57:     0x562bebfe7871 - std::panic::catch_unwind::h44698a3de0e0769e
[INFO] [stdout]                                at /rustc/1b7dd2252b99671ce5d1cb9664c5f8636329436d/library/std/src/panic.rs:140:14
[INFO] [stdout]   58:     0x562bebfe7871 - std::thread::Builder::spawn_unchecked_::{{closure}}::h50153abde3fe239e
[INFO] [stdout]                                at /rustc/1b7dd2252b99671ce5d1cb9664c5f8636329436d/library/std/src/thread/mod.rs:525:30
[INFO] [stdout]   59:     0x562bebfe7871 - core::ops::function::FnOnce::call_once{{vtable.shim}}::hbe5bbf6f38394364
[INFO] [stdout]                                at /rustc/1b7dd2252b99671ce5d1cb9664c5f8636329436d/library/core/src/ops/function.rs:250:5
[INFO] [stdout]   60:     0x562bec7356f5 - <alloc::boxed::Box<F,A> as core::ops::function::FnOnce<Args>>::call_once::h0d83cb2920a49046
[INFO] [stdout]                                at /rustc/1b7dd2252b99671ce5d1cb9664c5f8636329436d/library/alloc/src/boxed.rs:1973:9
[INFO] [stdout]   61:     0x562bec7356f5 - <alloc::boxed::Box<F,A> as core::ops::function::FnOnce<Args>>::call_once::hbe0a008aa7d9ef59
[INFO] [stdout]                                at /rustc/1b7dd2252b99671ce5d1cb9664c5f8636329436d/library/alloc/src/boxed.rs:1973:9
[INFO] [stdout]   62:     0x562bec7356f5 - std::sys::unix::thread::Thread::new::thread_start::h3a466996bdf6b1f9
[INFO] [stdout]                                at /rustc/1b7dd2252b99671ce5d1cb9664c5f8636329436d/library/std/src/sys/unix/thread.rs:108:17
[INFO] [stdout]   63:     0x7efc1b84bb43 - <unknown>
[INFO] [stdout]   64:     0x7efc1b8dcbb4 - __clone
[INFO] [stdout]   65:                0x0 - <unknown>
[INFO] [stdout] 
[INFO] [stdout] ---- s3::tests::write_string stdout ----
[INFO] [stdout] thread 's3::tests::write_string' panicked at 'called `Result::unwrap()` on an `Err` value: Credentials(CredentialsError { message: "Couldn't find AWS credentials in environment, credentials file, or IAM role." })', src/s3.rs:27:10
[INFO] [stdout] stack backtrace:
[INFO] [stdout]    0:     0x562bec72ef3a - std::backtrace_rs::backtrace::libunwind::trace::h2f05d0192276a8f6
[INFO] [stdout]                                at /rustc/1b7dd2252b99671ce5d1cb9664c5f8636329436d/library/std/src/../../backtrace/src/backtrace/libunwind.rs:93:5
[INFO] [stdout]    1:     0x562bec72ef3a - std::backtrace_rs::backtrace::trace_unsynchronized::hedc23dff7a1af150
[INFO] [stdout]                                at /rustc/1b7dd2252b99671ce5d1cb9664c5f8636329436d/library/std/src/../../backtrace/src/backtrace/mod.rs:66:5
[INFO] [stdout]    2:     0x562bec72ef3a - std::sys_common::backtrace::_print_fmt::h17541ef7592f3ce2
[INFO] [stdout]                                at /rustc/1b7dd2252b99671ce5d1cb9664c5f8636329436d/library/std/src/sys_common/backtrace.rs:65:5
[INFO] [stdout]    3:     0x562bec72ef3a - <std::sys_common::backtrace::_print::DisplayBacktrace as core::fmt::Display>::fmt::h20f75df5ab0c0792
[INFO] [stdout]                                at /rustc/1b7dd2252b99671ce5d1cb9664c5f8636329436d/library/std/src/sys_common/backtrace.rs:44:22
[INFO] [stdout]    4:     0x562bec75634f - core::fmt::write::h78109e6f466b3af6
[INFO] [stdout]                                at /rustc/1b7dd2252b99671ce5d1cb9664c5f8636329436d/library/core/src/fmt/mod.rs:1254:17
[INFO] [stdout]    5:     0x562bec72b7e5 - std::io::Write::write_fmt::hd24bfb68a1b35a25
[INFO] [stdout]                                at /rustc/1b7dd2252b99671ce5d1cb9664c5f8636329436d/library/std/src/io/mod.rs:1698:15
[INFO] [stdout]    6:     0x562bec72ed05 - std::sys_common::backtrace::_print::h8dac57a9f8fbf9a5
[INFO] [stdout]                                at /rustc/1b7dd2252b99671ce5d1cb9664c5f8636329436d/library/std/src/sys_common/backtrace.rs:47:5
[INFO] [stdout]    7:     0x562bec72ed05 - std::sys_common::backtrace::print::hf9ecbf41d1aa712f
[INFO] [stdout]                                at /rustc/1b7dd2252b99671ce5d1cb9664c5f8636329436d/library/std/src/sys_common/backtrace.rs:34:9
[INFO] [stdout]    8:     0x562bec7309be - std::panicking::default_hook::{{closure}}::h04c07acfc84ca028
[INFO] [stdout]                                at /rustc/1b7dd2252b99671ce5d1cb9664c5f8636329436d/library/std/src/panicking.rs:269:22
[INFO] [stdout]    9:     0x562bec7306f1 - std::panicking::default_hook::h01f6bb23e1eceb2c
[INFO] [stdout]                                at /rustc/1b7dd2252b99671ce5d1cb9664c5f8636329436d/library/std/src/panicking.rs:285:9
[INFO] [stdout]   10:     0x562bec01546b - <alloc::boxed::Box<F,A> as core::ops::function::Fn<Args>>::call::h87fe9f7b2fd49e4c
[INFO] [stdout]                                at /rustc/1b7dd2252b99671ce5d1cb9664c5f8636329436d/library/alloc/src/boxed.rs:1987:9
[INFO] [stdout]   11:     0x562bec01546b - test::test_main::{{closure}}::he94d679243a7531b
[INFO] [stdout]                                at /rustc/1b7dd2252b99671ce5d1cb9664c5f8636329436d/library/test/src/lib.rs:134:21
[INFO] [stdout]   12:     0x562bec7310a4 - <alloc::boxed::Box<F,A> as core::ops::function::Fn<Args>>::call::h3f2d6d8b14c4769f
[INFO] [stdout]                                at /rustc/1b7dd2252b99671ce5d1cb9664c5f8636329436d/library/alloc/src/boxed.rs:1987:9
[INFO] [stdout]   13:     0x562bec7310a4 - std::panicking::rust_panic_with_hook::h2bb3722bbaf2f6df
[INFO] [stdout]                                at /rustc/1b7dd2252b99671ce5d1cb9664c5f8636329436d/library/std/src/panicking.rs:695:13
[INFO] [stdout]   14:     0x562bec730e19 - std::panicking::begin_panic_handler::{{closure}}::h91bc7f36a4be011b
[INFO] [stdout]                                at /rustc/1b7dd2252b99671ce5d1cb9664c5f8636329436d/library/std/src/panicking.rs:582:13
[INFO] [stdout]   15:     0x562bec72f3a6 - std::sys_common::backtrace::__rust_end_short_backtrace::h8b3d3717114f9e59
[INFO] [stdout]                                at /rustc/1b7dd2252b99671ce5d1cb9664c5f8636329436d/library/std/src/sys_common/backtrace.rs:150:18
[INFO] [stdout]   16:     0x562bec730b72 - rust_begin_unwind
[INFO] [stdout]                                at /rustc/1b7dd2252b99671ce5d1cb9664c5f8636329436d/library/std/src/panicking.rs:578:5
[INFO] [stdout]   17:     0x562bebfc2303 - core::panicking::panic_fmt::hfd368e3fbdabea26
[INFO] [stdout]                                at /rustc/1b7dd2252b99671ce5d1cb9664c5f8636329436d/library/core/src/panicking.rs:67:14
[INFO] [stdout]   18:     0x562bebfc28a3 - core::result::unwrap_failed::he54eb4b2f125b26f
[INFO] [stdout]                                at /rustc/1b7dd2252b99671ce5d1cb9664c5f8636329436d/library/core/src/result.rs:1687:5
[INFO] [stdout]   19:     0x562bebfc9f5d - core::result::Result<T,E>::unwrap::h847899a9344006d0
[INFO] [stdout]                                at /rustc/1b7dd2252b99671ce5d1cb9664c5f8636329436d/library/core/src/result.rs:1089:23
[INFO] [stdout]   20:     0x562bebfcbe35 - rust_lambda_graphql::s3::put_object::{{closure}}::h080d5bd975784d03
[INFO] [stdout]                                at /opt/rustwide/workdir/src/s3.rs:19:5
[INFO] [stdout]   21:     0x562bebfc8e8e - rust_lambda_graphql::s3::tests::write_string::{{closure}}::h0297c8922d906a66
[INFO] [stdout]                                at /opt/rustwide/workdir/src/s3.rs:60:70
[INFO] [stdout]   22:     0x562bebfdc864 - tokio::runtime::basic_scheduler::BasicScheduler<P>::block_on::{{closure}}::{{closure}}::hd58201f33df883f9
[INFO] [stdout]                                at /opt/rustwide/cargo-home/registry/src/index.crates.io-6f17d22bba15001f/tokio-0.2.21/src/runtime/basic_scheduler.rs:131:58
[INFO] [stdout]   23:     0x562bebfd2820 - tokio::coop::with_budget::{{closure}}::he0093be3db57a45f
[INFO] [stdout]                                at /opt/rustwide/cargo-home/registry/src/index.crates.io-6f17d22bba15001f/tokio-0.2.21/src/coop.rs:127:9
[INFO] [stdout]   24:     0x562bebfc35b9 - std::thread::local::LocalKey<T>::try_with::h4b18aa8aa1080661
[INFO] [stdout]                                at /rustc/1b7dd2252b99671ce5d1cb9664c5f8636329436d/library/std/src/thread/local.rs:252:16
[INFO] [stdout]   25:     0x562bebfc2d0a - std::thread::local::LocalKey<T>::with::h57d52267e0125ea3
[INFO] [stdout]                                at /rustc/1b7dd2252b99671ce5d1cb9664c5f8636329436d/library/std/src/thread/local.rs:228:9
[INFO] [stdout]   26:     0x562bebfdb7a0 - tokio::coop::with_budget::h0f20bb76e732702b
[INFO] [stdout]                                at /opt/rustwide/cargo-home/registry/src/index.crates.io-6f17d22bba15001f/tokio-0.2.21/src/coop.rs:120:5
[INFO] [stdout]   27:     0x562bebfdb7a0 - tokio::coop::budget::h2e6bc928947197f3
[INFO] [stdout]                                at /opt/rustwide/cargo-home/registry/src/index.crates.io-6f17d22bba15001f/tokio-0.2.21/src/coop.rs:96:5
[INFO] [stdout]   28:     0x562bebfdb7a0 - tokio::runtime::basic_scheduler::BasicScheduler<P>::block_on::{{closure}}::h3f72e3672109425f
[INFO] [stdout]                                at /opt/rustwide/cargo-home/registry/src/index.crates.io-6f17d22bba15001f/tokio-0.2.21/src/runtime/basic_scheduler.rs:131:35
[INFO] [stdout]   29:     0x562bebfdd92f - tokio::runtime::basic_scheduler::enter::{{closure}}::hf9afb566a01e6cf2
[INFO] [stdout]                                at /opt/rustwide/cargo-home/registry/src/index.crates.io-6f17d22bba15001f/tokio-0.2.21/src/runtime/basic_scheduler.rs:213:29
[INFO] [stdout]   30:     0x562bebfd2d11 - tokio::macros::scoped_tls::ScopedKey<T>::set::heebaac485845ade9
[INFO] [stdout]                                at /opt/rustwide/cargo-home/registry/src/index.crates.io-6f17d22bba15001f/tokio-0.2.21/src/macros/scoped_tls.rs:63:9
[INFO] [stdout]   31:     0x562bebfdd395 - tokio::runtime::basic_scheduler::enter::h7364cec5cb2f6edf
[INFO] [stdout]                                at /opt/rustwide/cargo-home/registry/src/index.crates.io-6f17d22bba15001f/tokio-0.2.21/src/runtime/basic_scheduler.rs:213:5
[INFO] [stdout]   32:     0x562bebfda3b2 - tokio::runtime::basic_scheduler::BasicScheduler<P>::block_on::h46ab499a8da018d7
[INFO] [stdout]                                at /opt/rustwide/cargo-home/registry/src/index.crates.io-6f17d22bba15001f/tokio-0.2.21/src/runtime/basic_scheduler.rs:123:9
[INFO] [stdout]   33:     0x562bebfd7a2c - tokio::runtime::Runtime::block_on::{{closure}}::h6f8c822a04d5a6df
[INFO] [stdout]                                at /opt/rustwide/cargo-home/registry/src/index.crates.io-6f17d22bba15001f/tokio-0.2.21/src/runtime/mod.rs:444:34
[INFO] [stdout]   34:     0x562bebfca80b - tokio::runtime::context::enter::ha76ceafb349fa681
[INFO] [stdout]                                at /opt/rustwide/cargo-home/registry/src/index.crates.io-6f17d22bba15001f/tokio-0.2.21/src/runtime/context.rs:72:5
[INFO] [stdout]   35:     0x562bebfcf77a - tokio::runtime::handle::Handle::enter::hd9086780b887b78b
[INFO] [stdout]                                at /opt/rustwide/cargo-home/registry/src/index.crates.io-6f17d22bba15001f/tokio-0.2.21/src/runtime/handle.rs:76:9
[INFO] [stdout]   36:     0x562bebfd7868 - tokio::runtime::Runtime::block_on::h6472cc2e6b8dfbe9
[INFO] [stdout]                                at /opt/rustwide/cargo-home/registry/src/index.crates.io-6f17d22bba15001f/tokio-0.2.21/src/runtime/mod.rs:441:9
[INFO] [stdout]   37:     0x562bebfc8be0 - rust_lambda_graphql::s3::tests::write_string::h7bd44e128ffda3bc
[INFO] [stdout]                                at /opt/rustwide/workdir/src/s3.rs:58:5
[INFO] [stdout]   38:     0x562bebfc8b07 - rust_lambda_graphql::s3::tests::write_string::{{closure}}::hfff7bf243d1698bc
[INFO] [stdout]                                at /opt/rustwide/workdir/src/s3.rs:58:5
[INFO] [stdout]   39:     0x562bebfc4ed5 - core::ops::function::FnOnce::call_once::h69da67436800f5fb
[INFO] [stdout]                                at /rustc/1b7dd2252b99671ce5d1cb9664c5f8636329436d/library/core/src/ops/function.rs:250:5
[INFO] [stdout]   40:     0x562bec01a33f - core::ops::function::FnOnce::call_once::ha6a70e79f7481a7e
[INFO] [stdout]                                at /rustc/1b7dd2252b99671ce5d1cb9664c5f8636329436d/library/core/src/ops/function.rs:250:5
[INFO] [stdout]   41:     0x562bec01a33f - test::__rust_begin_short_backtrace::hce33033019b61e69
[INFO] [stdout]                                at /rustc/1b7dd2252b99671ce5d1cb9664c5f8636329436d/library/test/src/lib.rs:655:18
[INFO] [stdout]   42:     0x562bebfe7b2c - test::run_test::{{closure}}::h858d3528838ae3e5
[INFO] [stdout]                                at /rustc/1b7dd2252b99671ce5d1cb9664c5f8636329436d/library/test/src/lib.rs:646:30
[INFO] [stdout]   43:     0x562bebfe7b2c - core::ops::function::FnOnce::call_once{{vtable.shim}}::he8ac2b00f01ae79e
[INFO] [stdout]                                at /rustc/1b7dd2252b99671ce5d1cb9664c5f8636329436d/library/core/src/ops/function.rs:250:5
[INFO] [stdout]   44:     0x562bec019416 - <alloc::boxed::Box<F,A> as core::ops::function::FnOnce<Args>>::call_once::h8093d25b522725ef
[INFO] [stdout]                                at /rustc/1b7dd2252b99671ce5d1cb9664c5f8636329436d/library/alloc/src/boxed.rs:1973:9
[INFO] [stdout]   45:     0x562bec019416 - <core::panic::unwind_safe::AssertUnwindSafe<F> as core::ops::function::FnOnce<()>>::call_once::h5c334c204e4a3913
[INFO] [stdout]                                at /rustc/1b7dd2252b99671ce5d1cb9664c5f8636329436d/library/core/src/panic/unwind_safe.rs:271:9
[INFO] [stdout]   46:     0x562bec019416 - std::panicking::try::do_call::ha8b740c7b9478074
[INFO] [stdout]                                at /rustc/1b7dd2252b99671ce5d1cb9664c5f8636329436d/library/std/src/panicking.rs:485:40
[INFO] [stdout]   47:     0x562bec019416 - std::panicking::try::h5d34f63d0e41b64e
[INFO] [stdout]                                at /rustc/1b7dd2252b99671ce5d1cb9664c5f8636329436d/library/std/src/panicking.rs:449:19
[INFO] [stdout]   48:     0x562bec019416 - std::panic::catch_unwind::hcfbb511e1aa7fc67
[INFO] [stdout]                                at /rustc/1b7dd2252b99671ce5d1cb9664c5f8636329436d/library/std/src/panic.rs:140:14
[INFO] [stdout]   49:     0x562bec019416 - test::run_test_in_process::h9abda90f802eaf21
[INFO] [stdout]                                at /rustc/1b7dd2252b99671ce5d1cb9664c5f8636329436d/library/test/src/lib.rs:678:27
[INFO] [stdout]   50:     0x562bec019416 - test::run_test::run_test_inner::{{closure}}::h0f058de91f6c6edf
[INFO] [stdout]                                at /rustc/1b7dd2252b99671ce5d1cb9664c5f8636329436d/library/test/src/lib.rs:572:39
[INFO] [stdout]   51:     0x562bebfe2335 - test::run_test::run_test_inner::{{closure}}::h5ca48a4c59c6c1fb
[INFO] [stdout]                                at /rustc/1b7dd2252b99671ce5d1cb9664c5f8636329436d/library/test/src/lib.rs:599:37
[INFO] [stdout]   52:     0x562bebfe2335 - std::sys_common::backtrace::__rust_begin_short_backtrace::h32bd51e1495d4a33
[INFO] [stdout]                                at /rustc/1b7dd2252b99671ce5d1cb9664c5f8636329436d/library/std/src/sys_common/backtrace.rs:134:18
[INFO] [stdout]   53:     0x562bebfe7871 - std::thread::Builder::spawn_unchecked_::{{closure}}::{{closure}}::hc086fae9b128b2db
[INFO] [stdout]                                at /rustc/1b7dd2252b99671ce5d1cb9664c5f8636329436d/library/std/src/thread/mod.rs:526:17
[INFO] [stdout]   54:     0x562bebfe7871 - <core::panic::unwind_safe::AssertUnwindSafe<F> as core::ops::function::FnOnce<()>>::call_once::hb66571888d270d43
[INFO] [stdout]                                at /rustc/1b7dd2252b99671ce5d1cb9664c5f8636329436d/library/core/src/panic/unwind_safe.rs:271:9
[INFO] [stdout]   55:     0x562bebfe7871 - std::panicking::try::do_call::h4fa2ef4f6e51fecf
[INFO] [stdout]                                at /rustc/1b7dd2252b99671ce5d1cb9664c5f8636329436d/library/std/src/panicking.rs:485:40
[INFO] [stdout]   56:     0x562bebfe7871 - std::panicking::try::h1e9e22b8584489b5
[INFO] [stdout]                                at /rustc/1b7dd2252b99671ce5d1cb9664c5f8636329436d/library/std/src/panicking.rs:449:19
[INFO] [stdout]   57:     0x562bebfe7871 - std::panic::catch_unwind::h44698a3de0e0769e
[INFO] [stdout]                                at /rustc/1b7dd2252b99671ce5d1cb9664c5f8636329436d/library/std/src/panic.rs:140:14
[INFO] [stdout]   58:     0x562bebfe7871 - std::thread::Builder::spawn_unchecked_::{{closure}}::h50153abde3fe239e
[INFO] [stdout]                                at /rustc/1b7dd2252b99671ce5d1cb9664c5f8636329436d/library/std/src/thread/mod.rs:525:30
[INFO] [stdout]   59:     0x562bebfe7871 - core::ops::function::FnOnce::call_once{{vtable.shim}}::hbe5bbf6f38394364
[INFO] [stdout]                                at /rustc/1b7dd2252b99671ce5d1cb9664c5f8636329436d/library/core/src/ops/function.rs:250:5
[INFO] [stdout]   60:     0x562bec7356f5 - <alloc::boxed::Box<F,A> as core::ops::function::FnOnce<Args>>::call_once::h0d83cb2920a49046
[INFO] [stdout]                                at /rustc/1b7dd2252b99671ce5d1cb9664c5f8636329436d/library/alloc/src/boxed.rs:1973:9
[INFO] [stdout]   61:     0x562bec7356f5 - <alloc::boxed::Box<F,A> as core::ops::function::FnOnce<Args>>::call_once::hbe0a008aa7d9ef59
[INFO] [stdout]                                at /rustc/1b7dd2252b99671ce5d1cb9664c5f8636329436d/library/alloc/src/boxed.rs:1973:9
[INFO] [stdout]   62:     0x562bec7356f5 - std::sys::unix::thread::Thread::new::thread_start::h3a466996bdf6b1f9
[INFO] [stdout]                                at /rustc/1b7dd2252b99671ce5d1cb9664c5f8636329436d/library/std/src/sys/unix/thread.rs:108:17
[INFO] [stdout]   63:     0x7efc1b84bb43 - <unknown>
[INFO] [stdout]   64:     0x7efc1b8dcbb4 - __clone
[INFO] [stdout]   65:                0x0 - <unknown>
[INFO] [stdout] 
[INFO] [stdout] ---- storage::tests::skill_write stdout ----
[INFO] [stdout] thread 'storage::tests::skill_write' panicked at 'called `Result::unwrap()` on an `Err` value: Credentials(CredentialsError { message: "Couldn't find AWS credentials in environment, credentials file, or IAM role." })', src/s3.rs:27:10
[INFO] [stdout] stack backtrace:
[INFO] [stdout]    0:     0x562bec72ef3a - std::backtrace_rs::backtrace::libunwind::trace::h2f05d0192276a8f6
[INFO] [stdout]                                at /rustc/1b7dd2252b99671ce5d1cb9664c5f8636329436d/library/std/src/../../backtrace/src/backtrace/libunwind.rs:93:5
[INFO] [stdout]    1:     0x562bec72ef3a - std::backtrace_rs::backtrace::trace_unsynchronized::hedc23dff7a1af150
[INFO] [stdout]                                at /rustc/1b7dd2252b99671ce5d1cb9664c5f8636329436d/library/std/src/../../backtrace/src/backtrace/mod.rs:66:5
[INFO] [stdout]    2:     0x562bec72ef3a - std::sys_common::backtrace::_print_fmt::h17541ef7592f3ce2
[INFO] [stdout]                                at /rustc/1b7dd2252b99671ce5d1cb9664c5f8636329436d/library/std/src/sys_common/backtrace.rs:65:5
[INFO] [stdout]    3:     0x562bec72ef3a - <std::sys_common::backtrace::_print::DisplayBacktrace as core::fmt::Display>::fmt::h20f75df5ab0c0792
[INFO] [stdout]                                at /rustc/1b7dd2252b99671ce5d1cb9664c5f8636329436d/library/std/src/sys_common/backtrace.rs:44:22
[INFO] [stdout]    4:     0x562bec75634f - core::fmt::write::h78109e6f466b3af6
[INFO] [stdout]                                at /rustc/1b7dd2252b99671ce5d1cb9664c5f8636329436d/library/core/src/fmt/mod.rs:1254:17
[INFO] [stdout]    5:     0x562bec72b7e5 - std::io::Write::write_fmt::hd24bfb68a1b35a25
[INFO] [stdout]                                at /rustc/1b7dd2252b99671ce5d1cb9664c5f8636329436d/library/std/src/io/mod.rs:1698:15
[INFO] [stdout]    6:     0x562bec72ed05 - std::sys_common::backtrace::_print::h8dac57a9f8fbf9a5
[INFO] [stdout]                                at /rustc/1b7dd2252b99671ce5d1cb9664c5f8636329436d/library/std/src/sys_common/backtrace.rs:47:5
[INFO] [stdout]    7:     0x562bec72ed05 - std::sys_common::backtrace::print::hf9ecbf41d1aa712f
[INFO] [stdout]                                at /rustc/1b7dd2252b99671ce5d1cb9664c5f8636329436d/library/std/src/sys_common/backtrace.rs:34:9
[INFO] [stdout]    8:     0x562bec7309be - std::panicking::default_hook::{{closure}}::h04c07acfc84ca028
[INFO] [stdout]                                at /rustc/1b7dd2252b99671ce5d1cb9664c5f8636329436d/library/std/src/panicking.rs:269:22
[INFO] [stdout]    9:     0x562bec7306f1 - std::panicking::default_hook::h01f6bb23e1eceb2c
[INFO] [stdout]                                at /rustc/1b7dd2252b99671ce5d1cb9664c5f8636329436d/library/std/src/panicking.rs:285:9
[INFO] [stdout]   10:     0x562bec01546b - <alloc::boxed::Box<F,A> as core::ops::function::Fn<Args>>::call::h87fe9f7b2fd49e4c
[INFO] [stdout]                                at /rustc/1b7dd2252b99671ce5d1cb9664c5f8636329436d/library/alloc/src/boxed.rs:1987:9
[INFO] [stdout]   11:     0x562bec01546b - test::test_main::{{closure}}::he94d679243a7531b
[INFO] [stdout]                                at /rustc/1b7dd2252b99671ce5d1cb9664c5f8636329436d/library/test/src/lib.rs:134:21
[INFO] [stdout]   12:     0x562bec7310a4 - <alloc::boxed::Box<F,A> as core::ops::function::Fn<Args>>::call::h3f2d6d8b14c4769f
[INFO] [stdout]                                at /rustc/1b7dd2252b99671ce5d1cb9664c5f8636329436d/library/alloc/src/boxed.rs:1987:9
[INFO] [stdout]   13:     0x562bec7310a4 - std::panicking::rust_panic_with_hook::h2bb3722bbaf2f6df
[INFO] [stdout]                                at /rustc/1b7dd2252b99671ce5d1cb9664c5f8636329436d/library/std/src/panicking.rs:695:13
[INFO] [stdout]   14:     0x562bec730e19 - std::panicking::begin_panic_handler::{{closure}}::h91bc7f36a4be011b
[INFO] [stdout]                                at /rustc/1b7dd2252b99671ce5d1cb9664c5f8636329436d/library/std/src/panicking.rs:582:13
[INFO] [stdout]   15:     0x562bec72f3a6 - std::sys_common::backtrace::__rust_end_short_backtrace::h8b3d3717114f9e59
[INFO] [stdout]                                at /rustc/1b7dd2252b99671ce5d1cb9664c5f8636329436d/library/std/src/sys_common/backtrace.rs:150:18
[INFO] [stdout]   16:     0x562bec730b72 - rust_begin_unwind
[INFO] [stdout]                                at /rustc/1b7dd2252b99671ce5d1cb9664c5f8636329436d/library/std/src/panicking.rs:578:5
[INFO] [stdout]   17:     0x562bebfc2303 - core::panicking::panic_fmt::hfd368e3fbdabea26
[INFO] [stdout]                                at /rustc/1b7dd2252b99671ce5d1cb9664c5f8636329436d/library/core/src/panicking.rs:67:14
[INFO] [stdout]   18:     0x562bebfc28a3 - core::result::unwrap_failed::he54eb4b2f125b26f
[INFO] [stdout]                                at /rustc/1b7dd2252b99671ce5d1cb9664c5f8636329436d/library/core/src/result.rs:1687:5
[INFO] [stdout]   19:     0x562bebfc9f5d - core::result::Result<T,E>::unwrap::h847899a9344006d0
[INFO] [stdout]                                at /rustc/1b7dd2252b99671ce5d1cb9664c5f8636329436d/library/core/src/result.rs:1089:23
[INFO] [stdout]   20:     0x562bebfcbe35 - rust_lambda_graphql::s3::put_object::{{closure}}::h080d5bd975784d03
[INFO] [stdout]                                at /opt/rustwide/workdir/src/s3.rs:19:5
[INFO] [stdout]   21:     0x562bebfce10f - rust_lambda_graphql::storage::skills::write::{{closure}}::h6fec22c711f70160
[INFO] [stdout]                                at /opt/rustwide/workdir/src/storage.rs:8:65
[INFO] [stdout]   22:     0x562bebfd345a - rust_lambda_graphql::storage::tests::skill_write::{{closure}}::h251e2ad2e83f452d
[INFO] [stdout]                                at /opt/rustwide/workdir/src/storage.rs:47:9
[INFO] [stdout]   23:     0x562bebfdc814 - tokio::runtime::basic_scheduler::BasicScheduler<P>::block_on::{{closure}}::{{closure}}::hc285c4509b026feb
[INFO] [stdout]                                at /opt/rustwide/cargo-home/registry/src/index.crates.io-6f17d22bba15001f/tokio-0.2.21/src/runtime/basic_scheduler.rs:131:58
[INFO] [stdout]   24:     0x562bebfd1d70 - tokio::coop::with_budget::{{closure}}::h2e69d19e1b1fd1c9
[INFO] [stdout]                                at /opt/rustwide/cargo-home/registry/src/index.crates.io-6f17d22bba15001f/tokio-0.2.21/src/coop.rs:127:9
[INFO] [stdout]   25:     0x562bebfc3899 - std::thread::local::LocalKey<T>::try_with::h5423cbd4ff28b595
[INFO] [stdout]                                at /rustc/1b7dd2252b99671ce5d1cb9664c5f8636329436d/library/std/src/thread/local.rs:252:16
[INFO] [stdout]   26:     0x562bebfc2d9a - std::thread::local::LocalKey<T>::with::h873962131cd26eae
[INFO] [stdout]                                at /rustc/1b7dd2252b99671ce5d1cb9664c5f8636329436d/library/std/src/thread/local.rs:228:9
[INFO] [stdout]   27:     0x562bebfda740 - tokio::coop::with_budget::ha608578510a0c88d
[INFO] [stdout]                                at /opt/rustwide/cargo-home/registry/src/index.crates.io-6f17d22bba15001f/tokio-0.2.21/src/coop.rs:120:5
[INFO] [stdout]   28:     0x562bebfda740 - tokio::coop::budget::he89bc2200602f7c1
[INFO] [stdout]                                at /opt/rustwide/cargo-home/registry/src/index.crates.io-6f17d22bba15001f/tokio-0.2.21/src/coop.rs:96:5
[INFO] [stdout]   29:     0x562bebfda740 - tokio::runtime::basic_scheduler::BasicScheduler<P>::block_on::{{closure}}::h042eb3f36750cf6f
[INFO] [stdout]                                at /opt/rustwide/cargo-home/registry/src/index.crates.io-6f17d22bba15001f/tokio-0.2.21/src/runtime/basic_scheduler.rs:131:35
[INFO] [stdout]   30:     0x562bebfdd84e - tokio::runtime::basic_scheduler::enter::{{closure}}::h3621acf3c67ae865
[INFO] [stdout]                                at /opt/rustwide/cargo-home/registry/src/index.crates.io-6f17d22bba15001f/tokio-0.2.21/src/runtime/basic_scheduler.rs:213:29
[INFO] [stdout]   31:     0x562bebfd2983 - tokio::macros::scoped_tls::ScopedKey<T>::set::h08fab41dade2dd5c
[INFO] [stdout]                                at /opt/rustwide/cargo-home/registry/src/index.crates.io-6f17d22bba15001f/tokio-0.2.21/src/macros/scoped_tls.rs:63:9
[INFO] [stdout]   32:     0x562bebfdcc71 - tokio::runtime::basic_scheduler::enter::h2338e425dddacaa8
[INFO] [stdout]                                at /opt/rustwide/cargo-home/registry/src/index.crates.io-6f17d22bba15001f/tokio-0.2.21/src/runtime/basic_scheduler.rs:213:5
[INFO] [stdout]   33:     0x562bebfda430 - tokio::runtime::basic_scheduler::BasicScheduler<P>::block_on::h8c639808d93f0aad
[INFO] [stdout]                                at /opt/rustwide/cargo-home/registry/src/index.crates.io-6f17d22bba15001f/tokio-0.2.21/src/runtime/basic_scheduler.rs:123:9
[INFO] [stdout]   34:     0x562bebfd7ae8 - tokio::runtime::Runtime::block_on::{{closure}}::hc54f600a692708a9
[INFO] [stdout]                                at /opt/rustwide/cargo-home/registry/src/index.crates.io-6f17d22bba15001f/tokio-0.2.21/src/runtime/mod.rs:444:34
[INFO] [stdout]   35:     0x562bebfca5eb - tokio::runtime::context::enter::h1dd0f652204868f9
[INFO] [stdout]                                at /opt/rustwide/cargo-home/registry/src/index.crates.io-6f17d22bba15001f/tokio-0.2.21/src/runtime/context.rs:72:5
[INFO] [stdout]   36:     0x562bebfcf6bc - tokio::runtime::handle::Handle::enter::h8fe29ea4d05c1ba5
[INFO] [stdout]                                at /opt/rustwide/cargo-home/registry/src/index.crates.io-6f17d22bba15001f/tokio-0.2.21/src/runtime/handle.rs:76:9
[INFO] [stdout]   37:     0x562bebfd77c7 - tokio::runtime::Runtime::block_on::h19d8d7fea3bf1cc7
[INFO] [stdout]                                at /opt/rustwide/cargo-home/registry/src/index.crates.io-6f17d22bba15001f/tokio-0.2.21/src/runtime/mod.rs:441:9
[INFO] [stdout]   38:     0x562bebfd2fde - rust_lambda_graphql::storage::tests::skill_write::h1b4aee883117fe7a
[INFO] [stdout]                                at /opt/rustwide/workdir/src/storage.rs:38:5
[INFO] [stdout]   39:     0x562bebfd2f07 - rust_lambda_graphql::storage::tests::skill_write::{{closure}}::hdc41f4cafed4ed7a
[INFO] [stdout]                                at /opt/rustwide/workdir/src/storage.rs:38:5
[INFO] [stdout]   40:     0x562bebfc4fd5 - core::ops::function::FnOnce::call_once::hd89b54b837655864
[INFO] [stdout]                                at /rustc/1b7dd2252b99671ce5d1cb9664c5f8636329436d/library/core/src/ops/function.rs:250:5
[INFO] [stdout]   41:     0x562bec01a33f - core::ops::function::FnOnce::call_once::ha6a70e79f7481a7e
[INFO] [stdout]                                at /rustc/1b7dd2252b99671ce5d1cb9664c5f8636329436d/library/core/src/ops/function.rs:250:5
[INFO] [stdout]   42:     0x562bec01a33f - test::__rust_begin_short_backtrace::hce33033019b61e69
[INFO] [stdout]                                at /rustc/1b7dd2252b99671ce5d1cb9664c5f8636329436d/library/test/src/lib.rs:655:18
[INFO] [stdout]   43:     0x562bebfe7b2c - test::run_test::{{closure}}::h858d3528838ae3e5
[INFO] [stdout]                                at /rustc/1b7dd2252b99671ce5d1cb9664c5f8636329436d/library/test/src/lib.rs:646:30
[INFO] [stdout]   44:     0x562bebfe7b2c - core::ops::function::FnOnce::call_once{{vtable.shim}}::he8ac2b00f01ae79e
[INFO] [stdout]                                at /rustc/1b7dd2252b99671ce5d1cb9664c5f8636329436d/library/core/src/ops/function.rs:250:5
[INFO] [stdout]   45:     0x562bec019416 - <alloc::boxed::Box<F,A> as core::ops::function::FnOnce<Args>>::call_once::h8093d25b522725ef
[INFO] [stdout]                                at /rustc/1b7dd2252b99671ce5d1cb9664c5f8636329436d/library/alloc/src/boxed.rs:1973:9
[INFO] [stdout]   46:     0x562bec019416 - <core::panic::unwind_safe::AssertUnwindSafe<F> as core::ops::function::FnOnce<()>>::call_once::h5c334c204e4a3913
[INFO] [stdout]                                at /rustc/1b7dd2252b99671ce5d1cb9664c5f8636329436d/library/core/src/panic/unwind_safe.rs:271:9
[INFO] [stdout]   47:     0x562bec019416 - std::panicking::try::do_call::ha8b740c7b9478074
[INFO] [stdout]                                at /rustc/1b7dd2252b99671ce5d1cb9664c5f8636329436d/library/std/src/panicking.rs:485:40
[INFO] [stdout]   48:     0x562bec019416 - std::panicking::try::h5d34f63d0e41b64e
[INFO] [stdout]                                at /rustc/1b7dd2252b99671ce5d1cb9664c5f8636329436d/library/std/src/panicking.rs:449:19
[INFO] [stdout]   49:     0x562bec019416 - std::panic::catch_unwind::hcfbb511e1aa7fc67
[INFO] [stdout]                                at /rustc/1b7dd2252b99671ce5d1cb9664c5f8636329436d/library/std/src/panic.rs:140:14
[INFO] [stdout]   50:     0x562bec019416 - test::run_test_in_process::h9abda90f802eaf21
[INFO] [stdout]                                at /rustc/1b7dd2252b99671ce5d1cb9664c5f8636329436d/library/test/src/lib.rs:678:27
[INFO] [stdout]   51:     0x562bec019416 - test::run_test::run_test_inner::{{closure}}::h0f058de91f6c6edf
[INFO] [stdout]                                at /rustc/1b7dd2252b99671ce5d1cb9664c5f8636329436d/library/test/src/lib.rs:572:39
[INFO] [stdout]   52:     0x562bebfe2335 - test::run_test::run_test_inner::{{closure}}::h5ca48a4c59c6c1fb
[INFO] [stdout]                                at /rustc/1b7dd2252b99671ce5d1cb9664c5f8636329436d/library/test/src/lib.rs:599:37
[INFO] [stdout]   53:     0x562bebfe2335 - std::sys_common::backtrace::__rust_begin_short_backtrace::h32bd51e1495d4a33
[INFO] [stdout]                                at /rustc/1b7dd2252b99671ce5d1cb9664c5f8636329436d/library/std/src/sys_common/backtrace.rs:134:18
[INFO] [stdout]   54:     0x562bebfe7871 - std::thread::Builder::spawn_unchecked_::{{closure}}::{{closure}}::hc086fae9b128b2db
[INFO] [stdout]                                at /rustc/1b7dd2252b99671ce5d1cb9664c5f8636329436d/library/std/src/thread/mod.rs:526:17
[INFO] [stdout]   55:     0x562bebfe7871 - <core::panic::unwind_safe::AssertUnwindSafe<F> as core::ops::function::FnOnce<()>>::call_once::hb66571888d270d43
[INFO] [stdout]                                at /rustc/1b7dd2252b99671ce5d1cb9664c5f8636329436d/library/core/src/panic/unwind_safe.rs:271:9
[INFO] [stdout]   56:     0x562bebfe7871 - std::panicking::try::do_call::h4fa2ef4f6e51fecf
[INFO] [stdout]                                at /rustc/1b7dd2252b99671ce5d1cb9664c5f8636329436d/library/std/src/panicking.rs:485:40
[INFO] [stdout]   57:     0x562bebfe7871 - std::panicking::try::h1e9e22b8584489b5
[INFO] [stdout]                                at /rustc/1b7dd2252b99671ce5d1cb9664c5f8636329436d/library/std/src/panicking.rs:449:19
[INFO] [stdout]   58:     0x562bebfe7871 - std::panic::catch_unwind::h44698a3de0e0769e
[INFO] [stdout]                                at /rustc/1b7dd2252b99671ce5d1cb9664c5f8636329436d/library/std/src/panic.rs:140:14
[INFO] [stdout]   59:     0x562bebfe7871 - std::thread::Builder::spawn_unchecked_::{{closure}}::h50153abde3fe239e
[INFO] [stdout]                                at /rustc/1b7dd2252b99671ce5d1cb9664c5f8636329436d/library/std/src/thread/mod.rs:525:30
[INFO] [stdout]   60:     0x562bebfe7871 - core::ops::function::FnOnce::call_once{{vtable.shim}}::hbe5bbf6f38394364
[INFO] [stdout]                                at /rustc/1b7dd2252b99671ce5d1cb9664c5f8636329436d/library/core/src/ops/function.rs:250:5
[INFO] [stdout]   61:     0x562bec7356f5 - <alloc::boxed::Box<F,A> as core::ops::function::FnOnce<Args>>::call_once::h0d83cb2920a49046
[INFO] [stdout]                                at /rustc/1b7dd2252b99671ce5d1cb9664c5f8636329436d/library/alloc/src/boxed.rs:1973:9
[INFO] [stdout]   62:     0x562bec7356f5 - <alloc::boxed::Box<F,A> as core::ops::function::FnOnce<Args>>::call_once::hbe0a008aa7d9ef59
[INFO] [stdout]                                at /rustc/1b7dd2252b99671ce5d1cb9664c5f8636329436d/library/alloc/src/boxed.rs:1973:9
[INFO] [stdout]   63:     0x562bec7356f5 - std::sys::unix::thread::Thread::new::thread_start::h3a466996bdf6b1f9
[INFO] [stdout]                                at /rustc/1b7dd2252b99671ce5d1cb9664c5f8636329436d/library/std/src/sys/unix/thread.rs:108:17
[INFO] [stdout]   64:     0x7efc1b84bb43 - <unknown>
[INFO] [stdout]   65:     0x7efc1b8dcbb4 - __clone
[INFO] [stdout]   66:                0x0 - <unknown>
[INFO] [stdout] 
[INFO] [stdout] 
[INFO] [stdout] failures:
[INFO] [stdout]     s3::tests::read_string
[INFO] [stdout]     s3::tests::write_string
[INFO] [stdout]     storage::tests::skill_read
[INFO] [stdout]     storage::tests::skill_write
[INFO] [stdout] 
[INFO] [stdout] test result: FAILED. 1 passed; 4 failed; 0 ignored; 0 measured; 0 filtered out; finished in 0.11s
[INFO] [stdout] 
[INFO] [stderr] error: test failed, to rerun pass `--lib`
[INFO] running `Command { std: "docker" "inspect" "3e902de8480d0f960b82538664dc9611c7cab6a1e3f045bfb4a12284b92eba94", kill_on_drop: false }`
[INFO] running `Command { std: "docker" "rm" "-f" "3e902de8480d0f960b82538664dc9611c7cab6a1e3f045bfb4a12284b92eba94", kill_on_drop: false }`
[INFO] [stdout] 3e902de8480d0f960b82538664dc9611c7cab6a1e3f045bfb4a12284b92eba94
