[INFO] cloning repository https://github.com/nearlySplat/wrap
[INFO] running `Command { std: "git" "-c" "credential.helper=" "-c" "credential.helper=/workspace/cargo-home/bin/git-credential-null" "clone" "--bare" "https://github.com/nearlySplat/wrap" "/workspace/cache/git-repos/https%3A%2F%2Fgithub.com%2FnearlySplat%2Fwrap", kill_on_drop: false }`
[INFO] [stderr] Cloning into bare repository '/workspace/cache/git-repos/https%3A%2F%2Fgithub.com%2FnearlySplat%2Fwrap'...
[INFO] running `Command { std: "git" "rev-parse" "HEAD", kill_on_drop: false }`
[INFO] [stdout] a7b88337df64ff78444581775fe280ae31879e73
[INFO] testing nearlySplat/wrap against beta-2023-04-20 for beta-1.70-1
[INFO] running `Command { std: "git" "clone" "/workspace/cache/git-repos/https%3A%2F%2Fgithub.com%2FnearlySplat%2Fwrap" "/workspace/builds/worker-0-tc2/source", kill_on_drop: false }`
[INFO] [stderr] Cloning into '/workspace/builds/worker-0-tc2/source'...
[INFO] [stderr] done.
[INFO] validating manifest of git repo https://github.com/nearlySplat/wrap on toolchain beta-2023-04-20
[INFO] running `Command { std: CARGO_HOME="/workspace/cargo-home" RUSTUP_HOME="/workspace/rustup-home" "/workspace/cargo-home/bin/cargo" "+beta-2023-04-20" "metadata" "--manifest-path" "Cargo.toml" "--no-deps", kill_on_drop: false }`
[INFO] started tweaking git repo https://github.com/nearlySplat/wrap
[INFO] finished tweaking git repo https://github.com/nearlySplat/wrap
[INFO] tweaked toml for git repo https://github.com/nearlySplat/wrap written to /workspace/builds/worker-0-tc2/source/Cargo.toml
[INFO] crate git repo https://github.com/nearlySplat/wrap already has a lockfile, it will not be regenerated
[INFO] running `Command { std: CARGO_HOME="/workspace/cargo-home" RUSTUP_HOME="/workspace/rustup-home" "/workspace/cargo-home/bin/cargo" "+beta-2023-04-20" "fetch" "--manifest-path" "Cargo.toml", kill_on_drop: false }`
[INFO] running `Command { std: "docker" "create" "-v" "/var/lib/crater-agent-workspace/builds/worker-0-tc2/target:/opt/rustwide/target:rw,Z" "-v" "/var/lib/crater-agent-workspace/builds/worker-0-tc2/source:/opt/rustwide/workdir:ro,Z" "-v" "/var/lib/crater-agent-workspace/cargo-home:/opt/rustwide/cargo-home:ro,Z" "-v" "/var/lib/crater-agent-workspace/rustup-home:/opt/rustwide/rustup-home:ro,Z" "-e" "SOURCE_DIR=/opt/rustwide/workdir" "-e" "CARGO_TARGET_DIR=/opt/rustwide/target" "-e" "CARGO_HOME=/opt/rustwide/cargo-home" "-e" "RUSTUP_HOME=/opt/rustwide/rustup-home" "-w" "/opt/rustwide/workdir" "-m" "1610612736" "--user" "0:0" "--network" "none" "ghcr.io/rust-lang/crates-build-env/linux@sha256:5ff2268d62e97bff2cde7d5815dd6ed5b47097566f13b8d0ca110b04b60e07ed" "/opt/rustwide/cargo-home/bin/cargo" "+beta-2023-04-20" "metadata" "--no-deps" "--format-version=1", kill_on_drop: false }`
[INFO] [stdout] 3ead4bee192bbd84f7fcc5943e8a26311282b873f4b32e1c1d54f955496fd545
[INFO] running `Command { std: "docker" "start" "-a" "3ead4bee192bbd84f7fcc5943e8a26311282b873f4b32e1c1d54f955496fd545", kill_on_drop: false }`
[INFO] running `Command { std: "docker" "inspect" "3ead4bee192bbd84f7fcc5943e8a26311282b873f4b32e1c1d54f955496fd545", kill_on_drop: false }`
[INFO] running `Command { std: "docker" "rm" "-f" "3ead4bee192bbd84f7fcc5943e8a26311282b873f4b32e1c1d54f955496fd545", kill_on_drop: false }`
[INFO] [stdout] 3ead4bee192bbd84f7fcc5943e8a26311282b873f4b32e1c1d54f955496fd545
[INFO] running `Command { std: "docker" "create" "-v" "/var/lib/crater-agent-workspace/builds/worker-0-tc2/target:/opt/rustwide/target:rw,Z" "-v" "/var/lib/crater-agent-workspace/builds/worker-0-tc2/source:/opt/rustwide/workdir:ro,Z" "-v" "/var/lib/crater-agent-workspace/cargo-home:/opt/rustwide/cargo-home:ro,Z" "-v" "/var/lib/crater-agent-workspace/rustup-home:/opt/rustwide/rustup-home:ro,Z" "-e" "SOURCE_DIR=/opt/rustwide/workdir" "-e" "CARGO_TARGET_DIR=/opt/rustwide/target" "-e" "CARGO_INCREMENTAL=0" "-e" "RUST_BACKTRACE=full" "-e" "RUSTFLAGS=--cap-lints=warn" "-e" "RUSTDOCFLAGS=--cap-lints=warn" "-e" "CARGO_HOME=/opt/rustwide/cargo-home" "-e" "RUSTUP_HOME=/opt/rustwide/rustup-home" "-w" "/opt/rustwide/workdir" "-m" "1610612736" "--user" "0:0" "--network" "none" "ghcr.io/rust-lang/crates-build-env/linux@sha256:5ff2268d62e97bff2cde7d5815dd6ed5b47097566f13b8d0ca110b04b60e07ed" "/opt/rustwide/cargo-home/bin/cargo" "+beta-2023-04-20" "build" "--frozen" "--message-format=json", kill_on_drop: false }`
[INFO] [stdout] ab59121096cb0f9743d16df005d6b67cc2ceb8c23c121f7e9ef3ce044a2231e7
[INFO] running `Command { std: "docker" "start" "-a" "ab59121096cb0f9743d16df005d6b67cc2ceb8c23c121f7e9ef3ce044a2231e7", kill_on_drop: false }`
[INFO] [stderr]    Compiling wrap v1.0.0 (/opt/rustwide/workdir)
[INFO] [stderr]     Finished dev [unoptimized + debuginfo] target(s) in 0.80s
[INFO] running `Command { std: "docker" "inspect" "ab59121096cb0f9743d16df005d6b67cc2ceb8c23c121f7e9ef3ce044a2231e7", kill_on_drop: false }`
[INFO] running `Command { std: "docker" "rm" "-f" "ab59121096cb0f9743d16df005d6b67cc2ceb8c23c121f7e9ef3ce044a2231e7", kill_on_drop: false }`
[INFO] [stdout] ab59121096cb0f9743d16df005d6b67cc2ceb8c23c121f7e9ef3ce044a2231e7
[INFO] running `Command { std: "docker" "create" "-v" "/var/lib/crater-agent-workspace/builds/worker-0-tc2/target:/opt/rustwide/target:rw,Z" "-v" "/var/lib/crater-agent-workspace/builds/worker-0-tc2/source:/opt/rustwide/workdir:ro,Z" "-v" "/var/lib/crater-agent-workspace/cargo-home:/opt/rustwide/cargo-home:ro,Z" "-v" "/var/lib/crater-agent-workspace/rustup-home:/opt/rustwide/rustup-home:ro,Z" "-e" "SOURCE_DIR=/opt/rustwide/workdir" "-e" "CARGO_TARGET_DIR=/opt/rustwide/target" "-e" "CARGO_INCREMENTAL=0" "-e" "RUST_BACKTRACE=full" "-e" "RUSTFLAGS=--cap-lints=warn" "-e" "RUSTDOCFLAGS=--cap-lints=warn" "-e" "CARGO_HOME=/opt/rustwide/cargo-home" "-e" "RUSTUP_HOME=/opt/rustwide/rustup-home" "-w" "/opt/rustwide/workdir" "-m" "1610612736" "--user" "0:0" "--network" "none" "ghcr.io/rust-lang/crates-build-env/linux@sha256:5ff2268d62e97bff2cde7d5815dd6ed5b47097566f13b8d0ca110b04b60e07ed" "/opt/rustwide/cargo-home/bin/cargo" "+beta-2023-04-20" "test" "--frozen" "--no-run" "--message-format=json", kill_on_drop: false }`
[INFO] [stdout] cac8d88ce5ecdd2c1ec54b675491c32b31c38d24603288e95fa3cdce369c1fe3
[INFO] running `Command { std: "docker" "start" "-a" "cac8d88ce5ecdd2c1ec54b675491c32b31c38d24603288e95fa3cdce369c1fe3", kill_on_drop: false }`
[INFO] [stderr]    Compiling wrap v1.0.0 (/opt/rustwide/workdir)
[INFO] [stderr]     Finished test [unoptimized + debuginfo] target(s) in 0.32s
[INFO] running `Command { std: "docker" "inspect" "cac8d88ce5ecdd2c1ec54b675491c32b31c38d24603288e95fa3cdce369c1fe3", kill_on_drop: false }`
[INFO] running `Command { std: "docker" "rm" "-f" "cac8d88ce5ecdd2c1ec54b675491c32b31c38d24603288e95fa3cdce369c1fe3", kill_on_drop: false }`
[INFO] [stdout] cac8d88ce5ecdd2c1ec54b675491c32b31c38d24603288e95fa3cdce369c1fe3
[INFO] running `Command { std: "docker" "create" "-v" "/var/lib/crater-agent-workspace/builds/worker-0-tc2/target:/opt/rustwide/target:rw,Z" "-v" "/var/lib/crater-agent-workspace/builds/worker-0-tc2/source:/opt/rustwide/workdir:ro,Z" "-v" "/var/lib/crater-agent-workspace/cargo-home:/opt/rustwide/cargo-home:ro,Z" "-v" "/var/lib/crater-agent-workspace/rustup-home:/opt/rustwide/rustup-home:ro,Z" "-e" "SOURCE_DIR=/opt/rustwide/workdir" "-e" "CARGO_TARGET_DIR=/opt/rustwide/target" "-e" "CARGO_INCREMENTAL=0" "-e" "RUST_BACKTRACE=full" "-e" "RUSTFLAGS=--cap-lints=warn" "-e" "RUSTDOCFLAGS=--cap-lints=warn" "-e" "CARGO_HOME=/opt/rustwide/cargo-home" "-e" "RUSTUP_HOME=/opt/rustwide/rustup-home" "-w" "/opt/rustwide/workdir" "-m" "1610612736" "--user" "0:0" "--network" "none" "ghcr.io/rust-lang/crates-build-env/linux@sha256:5ff2268d62e97bff2cde7d5815dd6ed5b47097566f13b8d0ca110b04b60e07ed" "/opt/rustwide/cargo-home/bin/cargo" "+beta-2023-04-20" "test" "--frozen", kill_on_drop: false }`
[INFO] [stdout] e507fd3fb775746cc1aa50fc3abb9fda15a2e72e4c4c835b2cf78d6f45eb3cb7
[INFO] running `Command { std: "docker" "start" "-a" "e507fd3fb775746cc1aa50fc3abb9fda15a2e72e4c4c835b2cf78d6f45eb3cb7", kill_on_drop: false }`
[INFO] [stderr]     Finished test [unoptimized + debuginfo] target(s) in 0.00s
[INFO] [stderr]      Running unittests src/lib.rs (/opt/rustwide/target/debug/deps/wrap-8cf1ec394012e830)
[INFO] [stdout] 
[INFO] [stdout] running 1 test
[INFO] [stdout] test tests::does_it_work ... ok
[INFO] [stdout] 
[INFO] [stdout] test result: ok. 1 passed; 0 failed; 0 ignored; 0 measured; 0 filtered out; finished in 0.00s
[INFO] [stdout] 
[INFO] [stderr]      Running unittests src/main.rs (/opt/rustwide/target/debug/deps/wrap-906c60d3ae16283e)
[INFO] [stdout] 
[INFO] [stdout] running 0 tests
[INFO] [stdout] 
[INFO] [stdout] test result: ok. 0 passed; 0 failed; 0 ignored; 0 measured; 0 filtered out; finished in 0.00s
[INFO] [stdout] 
[INFO] [stderr]    Doc-tests wrap
[INFO] [stdout] 
[INFO] [stdout] running 2 tests
[INFO] [stdout] test src/lib.rs - wrap (line 15) ... FAILED
[INFO] [stdout] test src/lib.rs - wrap (line 29) ... FAILED
[INFO] [stdout] 
[INFO] [stdout] failures:
[INFO] [stdout] 
[INFO] [stdout] ---- src/lib.rs - wrap (line 15) stdout ----
[INFO] [stdout] error[E0423]: expected function, found crate `wrap`
[INFO] [stdout]  --> src/lib.rs:19:16
[INFO] [stdout]   |
[INFO] [stdout] 7 | println!("{}", wrap(file, None));
[INFO] [stdout]   |                ^^^^ not a function
[INFO] [stdout]   |
[INFO] [stdout] help: consider importing this function instead
[INFO] [stdout]   |
[INFO] [stdout] 2 + use wrap::wrap;
[INFO] [stdout]   |
[INFO] [stdout] 
[INFO] [stdout] error: aborting due to previous error
[INFO] [stdout] 
[INFO] [stdout] For more information about this error, try `rustc --explain E0423`.
[INFO] [stdout] Couldn't compile the test.
[INFO] [stdout] ---- src/lib.rs - wrap (line 29) stdout ----
[INFO] [stdout] error: environment variable `WRAP_LINE_SIZE` not defined at compile time
[INFO] [stdout]  --> src/lib.rs:30:13
[INFO] [stdout]   |
[INFO] [stdout] 4 | let limit = env!("WRAP_LINE_SIZE");
[INFO] [stdout]   |             ^^^^^^^^^^^^^^^^^^^^^^
[INFO] [stdout]   |
[INFO] [stdout]   = help: use `std::env::var("WRAP_LINE_SIZE")` to read the variable at run time
[INFO] [stdout]   = note: this error originates in the macro `env` (in Nightly builds, run with -Z macro-backtrace for more info)
[INFO] [stdout] 
[INFO] [stdout] error[E0423]: expected function, found crate `wrap`
[INFO] [stdout]  --> src/lib.rs:32:1
[INFO] [stdout]   |
[INFO] [stdout] 6 | wrap(text, Some(limit))
[INFO] [stdout]   | ^^^^ not a function
[INFO] [stdout]   |
[INFO] [stdout] help: consider importing this function instead
[INFO] [stdout]   |
[INFO] [stdout] 2 + use wrap::wrap;
[INFO] [stdout]   |
[INFO] [stdout] 
[INFO] [stdout] error[E0425]: cannot find value `text` in this scope
[INFO] [stdout]  --> src/lib.rs:32:6
[INFO] [stdout]   |
[INFO] [stdout] 6 | wrap(text, Some(limit))
[INFO] [stdout]   |      ^^^^ not found in this scope
[INFO] [stdout] 
[INFO] [stdout] error: aborting due to 3 previous errors
[INFO] [stdout] 
[INFO] [stdout] Some errors have detailed explanations: E0423, E0425.
[INFO] [stdout] For more information about an error, try `rustc --explain E0423`.
[INFO] [stdout] Couldn't compile the test.
[INFO] [stdout] 
[INFO] [stdout] failures:
[INFO] [stdout]     src/lib.rs - wrap (line 15)
[INFO] [stdout]     src/lib.rs - wrap (line 29)
[INFO] [stdout] 
[INFO] [stdout] test result: FAILED. 0 passed; 2 failed; 0 ignored; 0 measured; 0 filtered out; finished in 0.06s
[INFO] [stdout] 
[INFO] [stderr] error: doctest failed, to rerun pass `--doc`
[INFO] running `Command { std: "docker" "inspect" "e507fd3fb775746cc1aa50fc3abb9fda15a2e72e4c4c835b2cf78d6f45eb3cb7", kill_on_drop: false }`
[INFO] running `Command { std: "docker" "rm" "-f" "e507fd3fb775746cc1aa50fc3abb9fda15a2e72e4c4c835b2cf78d6f45eb3cb7", kill_on_drop: false }`
[INFO] [stdout] e507fd3fb775746cc1aa50fc3abb9fda15a2e72e4c4c835b2cf78d6f45eb3cb7
