[INFO] cloning repository https://github.com/mystor/cargo-no_std-check
[INFO] running `Command { std: "git" "-c" "credential.helper=" "-c" "credential.helper=/workspace/cargo-home/bin/git-credential-null" "clone" "--bare" "https://github.com/mystor/cargo-no_std-check" "/workspace/cache/git-repos/https%3A%2F%2Fgithub.com%2Fmystor%2Fcargo-no_std-check", kill_on_drop: false }`
[INFO] [stderr] Cloning into bare repository '/workspace/cache/git-repos/https%3A%2F%2Fgithub.com%2Fmystor%2Fcargo-no_std-check'...
[INFO] running `Command { std: "git" "rev-parse" "HEAD", kill_on_drop: false }`
[INFO] [stdout] 0ba43bda7c3959a58c879dd9f89a225e0f58195a
[INFO] testing mystor/cargo-no_std-check against beta-2023-04-20 for beta-1.70-1
[INFO] running `Command { std: "git" "clone" "/workspace/cache/git-repos/https%3A%2F%2Fgithub.com%2Fmystor%2Fcargo-no_std-check" "/workspace/builds/worker-6-tc2/source", kill_on_drop: false }`
[INFO] [stderr] Cloning into '/workspace/builds/worker-6-tc2/source'...
[INFO] [stderr] done.
[INFO] validating manifest of git repo https://github.com/mystor/cargo-no_std-check on toolchain beta-2023-04-20
[INFO] running `Command { std: CARGO_HOME="/workspace/cargo-home" RUSTUP_HOME="/workspace/rustup-home" "/workspace/cargo-home/bin/cargo" "+beta-2023-04-20" "metadata" "--manifest-path" "Cargo.toml" "--no-deps", kill_on_drop: false }`
[INFO] started tweaking git repo https://github.com/mystor/cargo-no_std-check
[INFO] finished tweaking git repo https://github.com/mystor/cargo-no_std-check
[INFO] tweaked toml for git repo https://github.com/mystor/cargo-no_std-check written to /workspace/builds/worker-6-tc2/source/Cargo.toml
[INFO] crate git repo https://github.com/mystor/cargo-no_std-check already has a lockfile, it will not be regenerated
[INFO] running `Command { std: CARGO_HOME="/workspace/cargo-home" RUSTUP_HOME="/workspace/rustup-home" "/workspace/cargo-home/bin/cargo" "+beta-2023-04-20" "fetch" "--manifest-path" "Cargo.toml", kill_on_drop: false }`
[INFO] running `Command { std: "docker" "create" "-v" "/var/lib/crater-agent-workspace/builds/worker-6-tc2/target:/opt/rustwide/target:rw,Z" "-v" "/var/lib/crater-agent-workspace/builds/worker-6-tc2/source:/opt/rustwide/workdir:ro,Z" "-v" "/var/lib/crater-agent-workspace/cargo-home:/opt/rustwide/cargo-home:ro,Z" "-v" "/var/lib/crater-agent-workspace/rustup-home:/opt/rustwide/rustup-home:ro,Z" "-e" "SOURCE_DIR=/opt/rustwide/workdir" "-e" "CARGO_TARGET_DIR=/opt/rustwide/target" "-e" "CARGO_HOME=/opt/rustwide/cargo-home" "-e" "RUSTUP_HOME=/opt/rustwide/rustup-home" "-w" "/opt/rustwide/workdir" "-m" "1610612736" "--user" "0:0" "--network" "none" "ghcr.io/rust-lang/crates-build-env/linux@sha256:5ff2268d62e97bff2cde7d5815dd6ed5b47097566f13b8d0ca110b04b60e07ed" "/opt/rustwide/cargo-home/bin/cargo" "+beta-2023-04-20" "metadata" "--no-deps" "--format-version=1", kill_on_drop: false }`
[INFO] [stdout] 1889db485a9eb966fb1b2dd89b42cba7e7578fd322da69d2d7e01993e4021546
[INFO] running `Command { std: "docker" "start" "-a" "1889db485a9eb966fb1b2dd89b42cba7e7578fd322da69d2d7e01993e4021546", kill_on_drop: false }`
[INFO] running `Command { std: "docker" "inspect" "1889db485a9eb966fb1b2dd89b42cba7e7578fd322da69d2d7e01993e4021546", kill_on_drop: false }`
[INFO] running `Command { std: "docker" "rm" "-f" "1889db485a9eb966fb1b2dd89b42cba7e7578fd322da69d2d7e01993e4021546", kill_on_drop: false }`
[INFO] [stdout] 1889db485a9eb966fb1b2dd89b42cba7e7578fd322da69d2d7e01993e4021546
[INFO] running `Command { std: "docker" "create" "-v" "/var/lib/crater-agent-workspace/builds/worker-6-tc2/target:/opt/rustwide/target:rw,Z" "-v" "/var/lib/crater-agent-workspace/builds/worker-6-tc2/source:/opt/rustwide/workdir:ro,Z" "-v" "/var/lib/crater-agent-workspace/cargo-home:/opt/rustwide/cargo-home:ro,Z" "-v" "/var/lib/crater-agent-workspace/rustup-home:/opt/rustwide/rustup-home:ro,Z" "-e" "SOURCE_DIR=/opt/rustwide/workdir" "-e" "CARGO_TARGET_DIR=/opt/rustwide/target" "-e" "CARGO_INCREMENTAL=0" "-e" "RUST_BACKTRACE=full" "-e" "RUSTFLAGS=--cap-lints=warn" "-e" "RUSTDOCFLAGS=--cap-lints=warn" "-e" "CARGO_HOME=/opt/rustwide/cargo-home" "-e" "RUSTUP_HOME=/opt/rustwide/rustup-home" "-w" "/opt/rustwide/workdir" "-m" "1610612736" "--user" "0:0" "--network" "none" "ghcr.io/rust-lang/crates-build-env/linux@sha256:5ff2268d62e97bff2cde7d5815dd6ed5b47097566f13b8d0ca110b04b60e07ed" "/opt/rustwide/cargo-home/bin/cargo" "+beta-2023-04-20" "build" "--frozen" "--message-format=json", kill_on_drop: false }`
[INFO] [stdout] d366b557371f381da9ed423044fd4e6d8f2a8dc7f2aacafb053abab68f0b8bc7
[INFO] running `Command { std: "docker" "start" "-a" "d366b557371f381da9ed423044fd4e6d8f2a8dc7f2aacafb053abab68f0b8bc7", kill_on_drop: false }`
[INFO] [stderr]    Compiling libc v0.2.84
[INFO] [stderr]    Compiling memchr v2.3.4
[INFO] [stderr]    Compiling once_cell v1.5.2
[INFO] [stderr]    Compiling ucd-trie v0.1.3
[INFO] [stderr]    Compiling regex-syntax v0.6.22
[INFO] [stderr]    Compiling lazy_static v1.4.0
[INFO] [stderr]    Compiling anyhow v1.0.38
[INFO] [stderr]    Compiling unicode-width v0.1.8
[INFO] [stderr]    Compiling remove_dir_all v0.5.3
[INFO] [stderr]    Compiling same-file v1.0.6
[INFO] [stderr]    Compiling number_prefix v0.3.0
[INFO] [stderr]    Compiling shell-escape v0.1.5
[INFO] [stderr]    Compiling walkdir v2.3.1
[INFO] [stderr]    Compiling pest v2.1.3
[INFO] [stderr]    Compiling thread_local v1.1.2
[INFO] [stderr]    Compiling aho-corasick v0.7.15
[INFO] [stderr]    Compiling semver-parser v0.10.2
[INFO] [stderr]    Compiling terminal_size v0.1.16
[INFO] [stderr]    Compiling rand v0.4.6
[INFO] [stderr]    Compiling semver v0.11.0
[INFO] [stderr]    Compiling tempdir v0.3.7
[INFO] [stderr]    Compiling rustc_version v0.3.3
[INFO] [stderr]    Compiling regex v1.4.3
[INFO] [stderr]    Compiling console v0.14.0
[INFO] [stderr]    Compiling indicatif v0.15.0
[INFO] [stderr]    Compiling cargo-no-std-check v0.1.3 (/opt/rustwide/workdir)
[INFO] [stderr]     Finished dev [unoptimized + debuginfo] target(s) in 5.03s
[INFO] running `Command { std: "docker" "inspect" "d366b557371f381da9ed423044fd4e6d8f2a8dc7f2aacafb053abab68f0b8bc7", kill_on_drop: false }`
[INFO] running `Command { std: "docker" "rm" "-f" "d366b557371f381da9ed423044fd4e6d8f2a8dc7f2aacafb053abab68f0b8bc7", kill_on_drop: false }`
[INFO] [stdout] d366b557371f381da9ed423044fd4e6d8f2a8dc7f2aacafb053abab68f0b8bc7
[INFO] running `Command { std: "docker" "create" "-v" "/var/lib/crater-agent-workspace/builds/worker-6-tc2/target:/opt/rustwide/target:rw,Z" "-v" "/var/lib/crater-agent-workspace/builds/worker-6-tc2/source:/opt/rustwide/workdir:ro,Z" "-v" "/var/lib/crater-agent-workspace/cargo-home:/opt/rustwide/cargo-home:ro,Z" "-v" "/var/lib/crater-agent-workspace/rustup-home:/opt/rustwide/rustup-home:ro,Z" "-e" "SOURCE_DIR=/opt/rustwide/workdir" "-e" "CARGO_TARGET_DIR=/opt/rustwide/target" "-e" "CARGO_INCREMENTAL=0" "-e" "RUST_BACKTRACE=full" "-e" "RUSTFLAGS=--cap-lints=warn" "-e" "RUSTDOCFLAGS=--cap-lints=warn" "-e" "CARGO_HOME=/opt/rustwide/cargo-home" "-e" "RUSTUP_HOME=/opt/rustwide/rustup-home" "-w" "/opt/rustwide/workdir" "-m" "1610612736" "--user" "0:0" "--network" "none" "ghcr.io/rust-lang/crates-build-env/linux@sha256:5ff2268d62e97bff2cde7d5815dd6ed5b47097566f13b8d0ca110b04b60e07ed" "/opt/rustwide/cargo-home/bin/cargo" "+beta-2023-04-20" "test" "--frozen" "--no-run" "--message-format=json", kill_on_drop: false }`
[INFO] [stdout] f2f64e064c2572e108e6afb2da3730e1ac8fd2926717f8f236eeefd7acdf8b94
[INFO] running `Command { std: "docker" "start" "-a" "f2f64e064c2572e108e6afb2da3730e1ac8fd2926717f8f236eeefd7acdf8b94", kill_on_drop: false }`
[INFO] [stderr]    Compiling autocfg v1.0.1
[INFO] [stderr]    Compiling predicates-core v1.0.2
[INFO] [stderr]    Compiling doc-comment v0.3.3
[INFO] [stderr]    Compiling treeline v0.1.0
[INFO] [stderr]    Compiling difference v2.0.0
[INFO] [stderr]    Compiling normalize-line-endings v0.3.0
[INFO] [stderr]    Compiling wait-timeout v0.2.0
[INFO] [stderr]    Compiling predicates-tree v1.0.2
[INFO] [stderr]    Compiling num-traits v0.2.14
[INFO] [stderr]    Compiling float-cmp v0.8.0
[INFO] [stderr]    Compiling predicates v1.0.7
[INFO] [stderr]    Compiling assert_cmd v1.0.2
[INFO] [stderr]    Compiling cargo-no-std-check v0.1.3 (/opt/rustwide/workdir)
[INFO] [stderr]     Finished test [unoptimized + debuginfo] target(s) in 3.86s
[INFO] running `Command { std: "docker" "inspect" "f2f64e064c2572e108e6afb2da3730e1ac8fd2926717f8f236eeefd7acdf8b94", kill_on_drop: false }`
[INFO] running `Command { std: "docker" "rm" "-f" "f2f64e064c2572e108e6afb2da3730e1ac8fd2926717f8f236eeefd7acdf8b94", kill_on_drop: false }`
[INFO] [stdout] f2f64e064c2572e108e6afb2da3730e1ac8fd2926717f8f236eeefd7acdf8b94
[INFO] running `Command { std: "docker" "create" "-v" "/var/lib/crater-agent-workspace/builds/worker-6-tc2/target:/opt/rustwide/target:rw,Z" "-v" "/var/lib/crater-agent-workspace/builds/worker-6-tc2/source:/opt/rustwide/workdir:ro,Z" "-v" "/var/lib/crater-agent-workspace/cargo-home:/opt/rustwide/cargo-home:ro,Z" "-v" "/var/lib/crater-agent-workspace/rustup-home:/opt/rustwide/rustup-home:ro,Z" "-e" "SOURCE_DIR=/opt/rustwide/workdir" "-e" "CARGO_TARGET_DIR=/opt/rustwide/target" "-e" "CARGO_INCREMENTAL=0" "-e" "RUST_BACKTRACE=full" "-e" "RUSTFLAGS=--cap-lints=warn" "-e" "RUSTDOCFLAGS=--cap-lints=warn" "-e" "CARGO_HOME=/opt/rustwide/cargo-home" "-e" "RUSTUP_HOME=/opt/rustwide/rustup-home" "-w" "/opt/rustwide/workdir" "-m" "1610612736" "--user" "0:0" "--network" "none" "ghcr.io/rust-lang/crates-build-env/linux@sha256:5ff2268d62e97bff2cde7d5815dd6ed5b47097566f13b8d0ca110b04b60e07ed" "/opt/rustwide/cargo-home/bin/cargo" "+beta-2023-04-20" "test" "--frozen", kill_on_drop: false }`
[INFO] [stdout] 48686f3bb758ef26ab6e660f1d3065c52a5c62b6334fed5d7e6030f85c479cf3
[INFO] running `Command { std: "docker" "start" "-a" "48686f3bb758ef26ab6e660f1d3065c52a5c62b6334fed5d7e6030f85c479cf3", kill_on_drop: false }`
[INFO] [stderr]     Finished test [unoptimized + debuginfo] target(s) in 0.03s
[INFO] [stdout] 
[INFO] [stderr]      Running unittests src/main.rs (/opt/rustwide/target/debug/deps/cargo_no_std_check-b601082c0eb3e8ee)
[INFO] [stdout] running 0 tests
[INFO] [stderr]      Running tests/crates.rs (/opt/rustwide/target/debug/deps/crates-c85ebe5abfa858bf)
[INFO] [stdout] 
[INFO] [stdout] test result: ok. 0 passed; 0 failed; 0 ignored; 0 measured; 0 filtered out; finished in 0.00s
[INFO] [stdout] 
[INFO] [stdout] 
[INFO] [stdout] running 9 tests
[INFO] [stdout] test macro_user ... FAILED
[INFO] [stdout] test nostd_dep_externstd ... FAILED
[INFO] [stdout] test check_version ... FAILED
[INFO] [stdout] test externstd ... FAILED
[INFO] [stdout] test withstd ... FAILED
[INFO] [stdout] test nostd_dep_nostd ... FAILED
[INFO] [stdout] test nostd_buildrs ... FAILED
[INFO] [stdout] test nostd_dep_withstd ... FAILED
[INFO] [stdout] test nostd ... FAILED
[INFO] [stdout] 
[INFO] [stdout] failures:
[INFO] [stdout] 
[INFO] [stdout] ---- macro_user stdout ----
[INFO] [stdout] thread 'macro_user' panicked at 'Unexpected failure.
[INFO] [stdout] code-101
[INFO] [stdout] stderr=```error: could not remove build directory
[INFO] [stdout] 
[INFO] [stdout] Caused by:
[INFO] [stdout]   failed to remove directory `/opt/rustwide/target`
[INFO] [stdout] 
[INFO] [stdout] Caused by:
[INFO] [stdout]   Device or resource busy (os error 16)
[INFO] [stdout] ```
[INFO] [stdout] command=`cd "/opt/rustwide/workdir/tests/crates/macro_user" && "cargo" "clean"`
[INFO] [stdout] code=101
[INFO] [stdout] stdout=``````
[INFO] [stdout] stderr=```error: could not remove build directory
[INFO] [stdout] 
[INFO] [stdout] Caused by:
[INFO] [stdout]   failed to remove directory `/opt/rustwide/target`
[INFO] [stdout] 
[INFO] [stdout] Caused by:
[INFO] [stdout]   Device or resource busy (os error 16)
[INFO] [stdout] ```
[INFO] [stdout] ', /opt/rustwide/cargo-home/registry/src/index.crates.io-6f17d22bba15001f/assert_cmd-1.0.2/src/assert.rs:158:13
[INFO] [stdout] stack backtrace:
[INFO] [stdout]    0:     0x55ccb6b1636a - <unknown>
[INFO] [stdout]    1:     0x55ccb6b3b74f - <unknown>
[INFO] [stdout]    2:     0x55ccb6b12db5 - <unknown>
[INFO] [stdout]    3:     0x55ccb6b16135 - <unknown>
[INFO] [stdout]    4:     0x55ccb6b17e6e - <unknown>
[INFO] [stdout]    5:     0x55ccb6b17ba1 - <unknown>
[INFO] [stdout]    6:     0x55ccb6aa231b - <unknown>
[INFO] [stdout]    7:     0x55ccb6b18554 - <unknown>
[INFO] [stdout]    8:     0x55ccb6b182c9 - <unknown>
[INFO] [stdout]    9:     0x55ccb6b167d6 - <unknown>
[INFO] [stdout]   10:     0x55ccb6b18022 - <unknown>
[INFO] [stdout]   11:     0x55ccb6a58f43 - <unknown>
[INFO] [stdout]   12:     0x55ccb6ac2c2a - <unknown>
[INFO] [stdout]   13:     0x55ccb6a679d2 - <unknown>
[INFO] [stdout]   14:     0x55ccb6a59891 - <unknown>
[INFO] [stdout]   15:     0x55ccb6a6788f - <unknown>
[INFO] [stdout]   16:     0x55ccb6a67837 - <unknown>
[INFO] [stdout]   17:     0x55ccb6a68975 - <unknown>
[INFO] [stdout]   18:     0x55ccb6aa71ef - <unknown>
[INFO] [stdout]   19:     0x55ccb6a749dc - <unknown>
[INFO] [stdout]   20:     0x55ccb6aa62c6 - <unknown>
[INFO] [stdout]   21:     0x55ccb6a6f1e5 - <unknown>
[INFO] [stdout]   22:     0x55ccb6a74721 - <unknown>
[INFO] [stdout]   23:     0x55ccb6b1dc45 - <unknown>
[INFO] [stdout]   24:     0x7ffa64f06b43 - <unknown>
[INFO] [stdout]   25:     0x7ffa64f97bb4 - __clone
[INFO] [stdout]   26:                0x0 - <unknown>
[INFO] [stdout] 
[INFO] [stdout] ---- nostd_dep_externstd stdout ----
[INFO] [stdout] thread 'nostd_dep_externstd' panicked at 'Unexpected failure.
[INFO] [stdout] code-101
[INFO] [stdout] stderr=```error: could not remove build directory
[INFO] [stdout] 
[INFO] [stdout] Caused by:
[INFO] [stdout]   failed to remove directory `/opt/rustwide/target`
[INFO] [stdout] 
[INFO] [stdout] Caused by:
[INFO] [stdout]   Device or resource busy (os error 16)
[INFO] [stdout] ```
[INFO] [stdout] command=`cd "/opt/rustwide/workdir/tests/crates/nostd_dep_externstd" && "cargo" "clean"`
[INFO] [stdout] code=101
[INFO] [stdout] stdout=``````
[INFO] [stdout] stderr=```error: could not remove build directory
[INFO] [stdout] 
[INFO] [stdout] Caused by:
[INFO] [stdout]   failed to remove directory `/opt/rustwide/target`
[INFO] [stdout] 
[INFO] [stdout] Caused by:
[INFO] [stdout]   Device or resource busy (os error 16)
[INFO] [stdout] ```
[INFO] [stdout] ', /opt/rustwide/cargo-home/registry/src/index.crates.io-6f17d22bba15001f/assert_cmd-1.0.2/src/assert.rs:158:13
[INFO] [stdout] stack backtrace:
[INFO] [stdout]    0:     0x55ccb6b1636a - <unknown>
[INFO] [stdout]    1:     0x55ccb6b3b74f - <unknown>
[INFO] [stdout]    2:     0x55ccb6b12db5 - <unknown>
[INFO] [stdout]    3:     0x55ccb6b16135 - <unknown>
[INFO] [stdout]    4:     0x55ccb6b17e6e - <unknown>
[INFO] [stdout]    5:     0x55ccb6b17ba1 - <unknown>
[INFO] [stdout]    6:     0x55ccb6aa231b - <unknown>
[INFO] [stdout]    7:     0x55ccb6b18554 - <unknown>
[INFO] [stdout]    8:     0x55ccb6b182c9 - <unknown>
[INFO] [stdout]    9:     0x55ccb6b167d6 - <unknown>
[INFO] [stdout]   10:     0x55ccb6b18022 - <unknown>
[INFO] [stdout]   11:     0x55ccb6a58f43 - <unknown>
[INFO] [stdout]   12:     0x55ccb6ac2c2a - <unknown>
[INFO] [stdout]   13:     0x55ccb6a67392 - <unknown>
[INFO] [stdout]   14:     0x55ccb6a61f31 - <unknown>
[INFO] [stdout]   15:     0x55ccb6a6724f - <unknown>
[INFO] [stdout]   16:     0x55ccb6a671f7 - <unknown>
[INFO] [stdout]   17:     0x55ccb6a68865 - <unknown>
[INFO] [stdout]   18:     0x55ccb6aa71ef - <unknown>
[INFO] [stdout]   19:     0x55ccb6a749dc - <unknown>
[INFO] [stdout]   20:     0x55ccb6aa62c6 - <unknown>
[INFO] [stdout]   21:     0x55ccb6a6f1e5 - <unknown>
[INFO] [stdout]   22:     0x55ccb6a74721 - <unknown>
[INFO] [stdout]   23:     0x55ccb6b1dc45 - <unknown>
[INFO] [stdout]   24:     0x7ffa64f06b43 - <unknown>
[INFO] [stdout]   25:     0x7ffa64f97bb4 - __clone
[INFO] [stdout]   26:                0x0 - <unknown>
[INFO] [stdout] 
[INFO] [stdout] ---- check_version stdout ----
[INFO] [stdout] [tests/crates.rs:36] new_path = "/opt/rustwide/target/debug:/opt/rustwide/cargo-home/bin:/usr/local/sbin:/usr/local/bin:/usr/sbin:/usr/bin:/sbin:/bin"
[INFO] [stdout] [tests/crates.rs:37] temp_home.path() = "/tmp/cargo_home.axiAUAfDRXdx"
[INFO] [stdout] thread 'check_version' panicked at 'Unexpected failure.
[INFO] [stdout] code-101
[INFO] [stdout] stderr=```error: no such command: `no-std-check`
[INFO] [stdout] 
[INFO] [stdout] 	View all installed commands with `cargo --list`
[INFO] [stdout] ```
[INFO] [stdout] command=`CARGO_HOME="/tmp/cargo_home.axiAUAfDRXdx" PATH="/opt/rustwide/target/debug:/opt/rustwide/cargo-home/bin:/usr/local/sbin:/usr/local/bin:/usr/sbin:/usr/bin:/sbin:/bin" "cargo" "no-std-check" "--version"`
[INFO] [stdout] code=101
[INFO] [stdout] stdout=``````
[INFO] [stdout] stderr=```error: no such command: `no-std-check`
[INFO] [stdout] 
[INFO] [stdout] 	View all installed commands with `cargo --list`
[INFO] [stdout] ```
[INFO] [stdout] ', /opt/rustwide/cargo-home/registry/src/index.crates.io-6f17d22bba15001f/assert_cmd-1.0.2/src/assert.rs:158:13
[INFO] [stdout] stack backtrace:
[INFO] [stdout]    0:     0x55ccb6b1636a - <unknown>
[INFO] [stdout]    1:     0x55ccb6b3b74f - <unknown>
[INFO] [stdout]    2:     0x55ccb6b12db5 - <unknown>
[INFO] [stdout]    3:     0x55ccb6b16135 - <unknown>
[INFO] [stdout]    4:     0x55ccb6b17e6e - <unknown>
[INFO] [stdout]    5:     0x55ccb6b17ba1 - <unknown>
[INFO] [stdout]    6:     0x55ccb6aa231b - <unknown>
[INFO] [stdout]    7:     0x55ccb6b18554 - <unknown>
[INFO] [stdout]    8:     0x55ccb6b182c9 - <unknown>
[INFO] [stdout]    9:     0x55ccb6b167d6 - <unknown>
[INFO] [stdout]   10:     0x55ccb6b18022 - <unknown>
[INFO] [stdout]   11:     0x55ccb6a58f43 - <unknown>
[INFO] [stdout]   12:     0x55ccb6ac2c2a - <unknown>
[INFO] [stdout]   13:     0x55ccb6a66470 - <unknown>
[INFO] [stdout]   14:     0x55ccb6a6492c - <unknown>
[INFO] [stdout]   15:     0x55ccb6a661f4 - <unknown>
[INFO] [stdout]   16:     0x55ccb6a661c7 - <unknown>
[INFO] [stdout]   17:     0x55ccb6a687a5 - <unknown>
[INFO] [stdout]   18:     0x55ccb6aa71ef - <unknown>
[INFO] [stdout]   19:     0x55ccb6a749dc - <unknown>
[INFO] [stdout]   20:     0x55ccb6aa62c6 - <unknown>
[INFO] [stdout]   21:     0x55ccb6a6f1e5 - <unknown>
[INFO] [stdout]   22:     0x55ccb6a74721 - <unknown>
[INFO] [stdout]   23:     0x55ccb6b1dc45 - <unknown>
[INFO] [stdout]   24:     0x7ffa64f06b43 - <unknown>
[INFO] [stdout]   25:     0x7ffa64f97bb4 - __clone
[INFO] [stdout]   26:                0x0 - <unknown>
[INFO] [stdout] 
[INFO] [stdout] ---- externstd stdout ----
[INFO] [stdout] thread 'externstd' panicked at 'Unexpected failure.
[INFO] [stdout] code-101
[INFO] [stdout] stderr=```error: could not remove build directory
[INFO] [stdout] 
[INFO] [stdout] Caused by:
[INFO] [stdout]   failed to remove directory `/opt/rustwide/target`
[INFO] [stdout] 
[INFO] [stdout] Caused by:
[INFO] [stdout]   Device or resource busy (os error 16)
[INFO] [stdout] ```
[INFO] [stdout] command=`cd "/opt/rustwide/workdir/tests/crates/externstd" && "cargo" "clean"`
[INFO] [stdout] code=101
[INFO] [stdout] stdout=``````
[INFO] [stdout] stderr=```error: could not remove build directory
[INFO] [stdout] 
[INFO] [stdout] Caused by:
[INFO] [stdout]   failed to remove directory `/opt/rustwide/target`
[INFO] [stdout] 
[INFO] [stdout] Caused by:
[INFO] [stdout]   Device or resource busy (os error 16)
[INFO] [stdout] ```
[INFO] [stdout] ', /opt/rustwide/cargo-home/registry/src/index.crates.io-6f17d22bba15001f/assert_cmd-1.0.2/src/assert.rs:158:13
[INFO] [stdout] stack backtrace:
[INFO] [stdout]    0:     0x55ccb6b1636a - <unknown>
[INFO] [stdout]    1:     0x55ccb6b3b74f - <unknown>
[INFO] [stdout]    2:     0x55ccb6b12db5 - <unknown>
[INFO] [stdout]    3:     0x55ccb6b16135 - <unknown>
[INFO] [stdout]    4:     0x55ccb6b17e6e - <unknown>
[INFO] [stdout]    5:     0x55ccb6b17ba1 - <unknown>
[INFO] [stdout]    6:     0x55ccb6aa231b - <unknown>
[INFO] [stdout]    7:     0x55ccb6b18554 - <unknown>
[INFO] [stdout]    8:     0x55ccb6b182c9 - <unknown>
[INFO] [stdout]    9:     0x55ccb6b167d6 - <unknown>
[INFO] [stdout]   10:     0x55ccb6b18022 - <unknown>
[INFO] [stdout]   11:     0x55ccb6a58f43 - <unknown>
[INFO] [stdout]   12:     0x55ccb6ac2c2a - <unknown>
[INFO] [stdout]   13:     0x55ccb6a66a12 - <unknown>
[INFO] [stdout]   14:     0x55ccb6a5dbe1 - <unknown>
[INFO] [stdout]   15:     0x55ccb6a668cf - <unknown>
[INFO] [stdout]   16:     0x55ccb6a66877 - <unknown>
[INFO] [stdout]   17:     0x55ccb6a688e5 - <unknown>
[INFO] [stdout]   18:     0x55ccb6aa71ef - <unknown>
[INFO] [stdout]   19:     0x55ccb6a749dc - <unknown>
[INFO] [stdout]   20:     0x55ccb6aa62c6 - <unknown>
[INFO] [stdout]   21:     0x55ccb6a6f1e5 - <unknown>
[INFO] [stdout]   22:     0x55ccb6a74721 - <unknown>
[INFO] [stdout]   23:     0x55ccb6b1dc45 - <unknown>
[INFO] [stdout]   24:     0x7ffa64f06b43 - <unknown>
[INFO] [stdout]   25:     0x7ffa64f97bb4 - __clone
[INFO] [stdout]   26:                0x0 - <unknown>
[INFO] [stdout] 
[INFO] [stdout] ---- withstd stdout ----
[INFO] [stdout] thread 'withstd' panicked at 'Unexpected failure.
[INFO] [stdout] code-101
[INFO] [stdout] stderr=```error: could not remove build directory
[INFO] [stdout] 
[INFO] [stdout] Caused by:
[INFO] [stdout]   failed to remove directory `/opt/rustwide/target`
[INFO] [stdout] 
[INFO] [stdout] Caused by:
[INFO] [stdout]   Device or resource busy (os error 16)
[INFO] [stdout] ```
[INFO] [stdout] command=`cd "/opt/rustwide/workdir/tests/crates/withstd" && "cargo" "clean"`
[INFO] [stdout] code=101
[INFO] [stdout] stdout=``````
[INFO] [stdout] stderr=```error: could not remove build directory
[INFO] [stdout] 
[INFO] [stdout] Caused by:
[INFO] [stdout]   failed to remove directory `/opt/rustwide/target`
[INFO] [stdout] 
[INFO] [stdout] Caused by:
[INFO] [stdout]   Device or resource busy (os error 16)
[INFO] [stdout] ```
[INFO] [stdout] ', /opt/rustwide/cargo-home/registry/src/index.crates.io-6f17d22bba15001f/assert_cmd-1.0.2/src/assert.rs:158:13
[INFO] [stdout] stack backtrace:
[INFO] [stdout]    0:     0x55ccb6b1636a - <unknown>
[INFO] [stdout]    1:     0x55ccb6b3b74f - <unknown>
[INFO] [stdout]    2:     0x55ccb6b12db5 - <unknown>
[INFO] [stdout]    3:     0x55ccb6b16135 - <unknown>
[INFO] [stdout]    4:     0x55ccb6b17e6e - <unknown>
[INFO] [stdout]    5:     0x55ccb6b17ba1 - <unknown>
[INFO] [stdout]    6:     0x55ccb6aa231b - <unknown>
[INFO] [stdout]    7:     0x55ccb6b18554 - <unknown>
[INFO] [stdout]    8:     0x55ccb6b182c9 - <unknown>
[INFO] [stdout]    9:     0x55ccb6b167d6 - <unknown>
[INFO] [stdout]   10:     0x55ccb6b18022 - <unknown>
[INFO] [stdout]   11:     0x55ccb6a58f43 - <unknown>
[INFO] [stdout]   12:     0x55ccb6ac2c2a - <unknown>
[INFO] [stdout]   13:     0x55ccb6a66d32 - <unknown>
[INFO] [stdout]   14:     0x55ccb6a5f251 - <unknown>
[INFO] [stdout]   15:     0x55ccb6a66bef - <unknown>
[INFO] [stdout]   16:     0x55ccb6a66b97 - <unknown>
[INFO] [stdout]   17:     0x55ccb6a687e5 - <unknown>
[INFO] [stdout]   18:     0x55ccb6aa71ef - <unknown>
[INFO] [stdout]   19:     0x55ccb6a749dc - <unknown>
[INFO] [stdout]   20:     0x55ccb6aa62c6 - <unknown>
[INFO] [stdout]   21:     0x55ccb6a6f1e5 - <unknown>
[INFO] [stdout]   22:     0x55ccb6a74721 - <unknown>
[INFO] [stdout]   23:     0x55ccb6b1dc45 - <unknown>
[INFO] [stdout]   24:     0x7ffa64f06b43 - <unknown>
[INFO] [stdout]   25:     0x7ffa64f97bb4 - __clone
[INFO] [stdout]   26:                0x0 - <unknown>
[INFO] [stdout] 
[INFO] [stdout] ---- nostd_dep_nostd stdout ----
[INFO] [stdout] thread 'nostd_dep_nostd' panicked at 'Unexpected failure.
[INFO] [stdout] code-101
[INFO] [stdout] stderr=```error: could not remove build directory
[INFO] [stdout] 
[INFO] [stdout] Caused by:
[INFO] [stdout]   failed to remove directory `/opt/rustwide/target`
[INFO] [stdout] 
[INFO] [stdout] Caused by:
[INFO] [stdout]   Device or resource busy (os error 16)
[INFO] [stdout] ```
[INFO] [stdout] command=`cd "/opt/rustwide/workdir/tests/crates/nostd_dep_nostd" && "cargo" "clean"`
[INFO] [stdout] code=101
[INFO] [stdout] stdout=``````
[INFO] [stdout] stderr=```error: could not remove build directory
[INFO] [stdout] 
[INFO] [stdout] Caused by:
[INFO] [stdout]   failed to remove directory `/opt/rustwide/target`
[INFO] [stdout] 
[INFO] [stdout] Caused by:
[INFO] [stdout]   Device or resource busy (os error 16)
[INFO] [stdout] ```
[INFO] [stdout] ', /opt/rustwide/cargo-home/registry/src/index.crates.io-6f17d22bba15001f/assert_cmd-1.0.2/src/assert.rs:158:13
[INFO] [stdout] stack backtrace:
[INFO] [stdout]    0:     0x55ccb6b1636a - <unknown>
[INFO] [stdout]    1:     0x55ccb6b3b74f - <unknown>
[INFO] [stdout]    2:     0x55ccb6b12db5 - <unknown>
[INFO] [stdout]    3:     0x55ccb6b16135 - <unknown>
[INFO] [stdout]    4:     0x55ccb6b17e6e - <unknown>
[INFO] [stdout]    5:     0x55ccb6b17ba1 - <unknown>
[INFO] [stdout]    6:     0x55ccb6aa231b - <unknown>
[INFO] [stdout]    7:     0x55ccb6b18554 - <unknown>
[INFO] [stdout]    8:     0x55ccb6b182c9 - <unknown>
[INFO] [stdout]    9:     0x55ccb6b167d6 - <unknown>
[INFO] [stdout]   10:     0x55ccb6b18022 - <unknown>
[INFO] [stdout]   11:     0x55ccb6a58f43 - <unknown>
[INFO] [stdout]   12:     0x55ccb6ac2c2a - <unknown>
[INFO] [stdout]   13:     0x55ccb6a67052 - <unknown>
[INFO] [stdout]   14:     0x55ccb6a608c1 - <unknown>
[INFO] [stdout]   15:     0x55ccb6a66f0f - <unknown>
[INFO] [stdout]   16:     0x55ccb6a66eb7 - <unknown>
[INFO] [stdout]   17:     0x55ccb6a688a5 - <unknown>
[INFO] [stdout]   18:     0x55ccb6aa71ef - <unknown>
[INFO] [stdout]   19:     0x55ccb6a749dc - <unknown>
[INFO] [stdout]   20:     0x55ccb6aa62c6 - <unknown>
[INFO] [stdout]   21:     0x55ccb6a6f1e5 - <unknown>
[INFO] [stdout]   22:     0x55ccb6a74721 - <unknown>
[INFO] [stdout]   23:     0x55ccb6b1dc45 - <unknown>
[INFO] [stdout]   24:     0x7ffa64f06b43 - <unknown>
[INFO] [stdout]   25:     0x7ffa64f97bb4 - __clone
[INFO] [stdout]   26:                0x0 - <unknown>
[INFO] [stdout] 
[INFO] [stdout] ---- nostd_buildrs stdout ----
[INFO] [stdout] thread 'nostd_buildrs' panicked at 'Unexpected failure.
[INFO] [stdout] code-101
[INFO] [stdout] stderr=```error: could not remove build directory
[INFO] [stdout] 
[INFO] [stdout] Caused by:
[INFO] [stdout]   failed to remove directory `/opt/rustwide/target`
[INFO] [stdout] 
[INFO] [stdout] Caused by:
[INFO] [stdout]   Device or resource busy (os error 16)
[INFO] [stdout] ```
[INFO] [stdout] command=`cd "/opt/rustwide/workdir/tests/crates/nostd_buildrs" && "cargo" "clean"`
[INFO] [stdout] code=101
[INFO] [stdout] stdout=``````
[INFO] [stdout] stderr=```error: could not remove build directory
[INFO] [stdout] 
[INFO] [stdout] Caused by:
[INFO] [stdout]   failed to remove directory `/opt/rustwide/target`
[INFO] [stdout] 
[INFO] [stdout] Caused by:
[INFO] [stdout]   Device or resource busy (os error 16)
[INFO] [stdout] ```
[INFO] [stdout] ', /opt/rustwide/cargo-home/registry/src/index.crates.io-6f17d22bba15001f/assert_cmd-1.0.2/src/assert.rs:158:13
[INFO] [stdout] stack backtrace:
[INFO] [stdout]    0:     0x55ccb6b1636a - <unknown>
[INFO] [stdout]    1:     0x55ccb6b3b74f - <unknown>
[INFO] [stdout]    2:     0x55ccb6b12db5 - <unknown>
[INFO] [stdout]    3:     0x55ccb6b16135 - <unknown>
[INFO] [stdout]    4:     0x55ccb6b17e6e - <unknown>
[INFO] [stdout]    5:     0x55ccb6b17ba1 - <unknown>
[INFO] [stdout]    6:     0x55ccb6aa231b - <unknown>
[INFO] [stdout]    7:     0x55ccb6b18554 - <unknown>
[INFO] [stdout]    8:     0x55ccb6b182c9 - <unknown>
[INFO] [stdout]    9:     0x55ccb6b167d6 - <unknown>
[INFO] [stdout]   10:     0x55ccb6b18022 - <unknown>
[INFO] [stdout]   11:     0x55ccb6a58f43 - <unknown>
[INFO] [stdout]   12:     0x55ccb6ac2c2a - <unknown>
[INFO] [stdout]   13:     0x55ccb6a67d12 - <unknown>
[INFO] [stdout]   14:     0x55ccb6a5af01 - <unknown>
[INFO] [stdout]   15:     0x55ccb6a67bcf - <unknown>
[INFO] [stdout]   16:     0x55ccb6a67b77 - <unknown>
[INFO] [stdout]   17:     0x55ccb6a68725 - <unknown>
[INFO] [stdout]   18:     0x55ccb6aa71ef - <unknown>
[INFO] [stdout]   19:     0x55ccb6a749dc - <unknown>
[INFO] [stdout]   20:     0x55ccb6aa62c6 - <unknown>
[INFO] [stdout]   21:     0x55ccb6a6f1e5 - <unknown>
[INFO] [stdout]   22:     0x55ccb6a74721 - <unknown>
[INFO] [stdout]   23:     0x55ccb6b1dc45 - <unknown>
[INFO] [stdout]   24:     0x7ffa64f06b43 - <unknown>
[INFO] [stdout]   25:     0x7ffa64f97bb4 - __clone
[INFO] [stdout]   26:                0x0 - <unknown>
[INFO] [stdout] 
[INFO] [stdout] ---- nostd_dep_withstd stdout ----
[INFO] [stdout] thread 'nostd_dep_withstd' panicked at 'Unexpected failure.
[INFO] [stdout] code-101
[INFO] [stdout] stderr=```error: could not remove build directory
[INFO] [stdout] 
[INFO] [stdout] Caused by:
[INFO] [stdout]   failed to remove directory `/opt/rustwide/target`
[INFO] [stdout] 
[INFO] [stdout] Caused by:
[INFO] [stdout]   Device or resource busy (os error 16)
[INFO] [stdout] ```
[INFO] [stdout] command=`cd "/opt/rustwide/workdir/tests/crates/nostd_dep_withstd" && "cargo" "clean"`
[INFO] [stdout] code=101
[INFO] [stdout] stdout=``````
[INFO] [stdout] stderr=```error: could not remove build directory
[INFO] [stdout] 
[INFO] [stdout] Caused by:
[INFO] [stdout]   failed to remove directory `/opt/rustwide/target`
[INFO] [stdout] 
[INFO] [stdout] Caused by:
[INFO] [stdout]   Device or resource busy (os error 16)
[INFO] [stdout] ```
[INFO] [stdout] ', /opt/rustwide/cargo-home/registry/src/index.crates.io-6f17d22bba15001f/assert_cmd-1.0.2/src/assert.rs:158:13
[INFO] [stdout] stack backtrace:
[INFO] [stdout]    0:     0x55ccb6b1636a - <unknown>
[INFO] [stdout]    1:     0x55ccb6b3b74f - <unknown>
[INFO] [stdout]    2:     0x55ccb6b12db5 - <unknown>
[INFO] [stdout]    3:     0x55ccb6b16135 - <unknown>
[INFO] [stdout]    4:     0x55ccb6b17e6e - <unknown>
[INFO] [stdout]    5:     0x55ccb6b17ba1 - <unknown>
[INFO] [stdout]    6:     0x55ccb6aa231b - <unknown>
[INFO] [stdout]    7:     0x55ccb6b18554 - <unknown>
[INFO] [stdout]    8:     0x55ccb6b182c9 - <unknown>
[INFO] [stdout]    9:     0x55ccb6b167d6 - <unknown>
[INFO] [stdout]   10:     0x55ccb6b18022 - <unknown>
[INFO] [stdout]   11:     0x55ccb6a58f43 - <unknown>
[INFO] [stdout]   12:     0x55ccb6ac2c2a - <unknown>
[INFO] [stdout]   13:     0x55ccb6a676b2 - <unknown>
[INFO] [stdout]   14:     0x55ccb6a5c571 - <unknown>
[INFO] [stdout]   15:     0x55ccb6a6756f - <unknown>
[INFO] [stdout]   16:     0x55ccb6a67517 - <unknown>
[INFO] [stdout]   17:     0x55ccb6a68935 - <unknown>
[INFO] [stdout]   18:     0x55ccb6aa71ef - <unknown>
[INFO] [stdout]   19:     0x55ccb6a749dc - <unknown>
[INFO] [stdout]   20:     0x55ccb6aa62c6 - <unknown>
[INFO] [stdout]   21:     0x55ccb6a6f1e5 - <unknown>
[INFO] [stdout]   22:     0x55ccb6a74721 - <unknown>
[INFO] [stdout]   23:     0x55ccb6b1dc45 - <unknown>
[INFO] [stdout]   24:     0x7ffa64f06b43 - <unknown>
[INFO] [stdout]   25:     0x7ffa64f97bb4 - __clone
[INFO] [stdout]   26:                0x0 - <unknown>
[INFO] [stdout] 
[INFO] [stdout] ---- nostd stdout ----
[INFO] [stdout] thread 'nostd' panicked at 'Unexpected failure.
[INFO] [stdout] code-101
[INFO] [stdout] stderr=```error: could not remove build directory
[INFO] [stdout] 
[INFO] [stdout] Caused by:
[INFO] [stdout]   failed to remove directory `/opt/rustwide/target`
[INFO] [stdout] 
[INFO] [stdout] Caused by:
[INFO] [stdout]   Device or resource busy (os error 16)
[INFO] [stdout] ```
[INFO] [stdout] command=`cd "/opt/rustwide/workdir/tests/crates/nostd" && "cargo" "clean"`
[INFO] [stdout] code=101
[INFO] [stdout] stdout=``````
[INFO] [stdout] stderr=```error: could not remove build directory
[INFO] [stdout] 
[INFO] [stdout] Caused by:
[INFO] [stdout]   failed to remove directory `/opt/rustwide/target`
[INFO] [stdout] 
[INFO] [stdout] Caused by:
[INFO] [stdout]   Device or resource busy (os error 16)
[INFO] [stdout] ```
[INFO] [stdout] ', /opt/rustwide/cargo-home/registry/src/index.crates.io-6f17d22bba15001f/assert_cmd-1.0.2/src/assert.rs:158:13
[INFO] [stdout] stack backtrace:
[INFO] [stdout]    0:     0x55ccb6b1636a - <unknown>
[INFO] [stdout]    1:     0x55ccb6b3b74f - <unknown>
[INFO] [stdout]    2:     0x55ccb6b12db5 - <unknown>
[INFO] [stdout]    3:     0x55ccb6b16135 - <unknown>
[INFO] [stdout]    4:     0x55ccb6b17e6e - <unknown>
[INFO] [stdout]    5:     0x55ccb6b17ba1 - <unknown>
[INFO] [stdout]    6:     0x55ccb6aa231b - <unknown>
[INFO] [stdout]    7:     0x55ccb6b18554 - <unknown>
[INFO] [stdout]    8:     0x55ccb6b182c9 - <unknown>
[INFO] [stdout]    9:     0x55ccb6b167d6 - <unknown>
[INFO] [stdout]   10:     0x55ccb6b18022 - <unknown>
[INFO] [stdout]   11:     0x55ccb6a58f43 - <unknown>
[INFO] [stdout]   12:     0x55ccb6ac2c2a - <unknown>
[INFO] [stdout]   13:     0x55ccb6a666d2 - <unknown>
[INFO] [stdout]   14:     0x55ccb6a64c11 - <unknown>
[INFO] [stdout]   15:     0x55ccb6a6658f - <unknown>
[INFO] [stdout]   16:     0x55ccb6a66537 - <unknown>
[INFO] [stdout]   17:     0x55ccb6a68765 - <unknown>
[INFO] [stdout]   18:     0x55ccb6aa71ef - <unknown>
[INFO] [stdout]   19:     0x55ccb6a749dc - <unknown>
[INFO] [stdout]   20:     0x55ccb6aa62c6 - <unknown>
[INFO] [stdout]   21:     0x55ccb6a6f1e5 - <unknown>
[INFO] [stdout]   22:     0x55ccb6a74721 - <unknown>
[INFO] [stdout]   23:     0x55ccb6b1dc45 - <unknown>
[INFO] [stdout]   24:     0x7ffa64f06b43 - <unknown>
[INFO] [stdout]   25:     0x7ffa64f97bb4 - __clone
[INFO] [stdout]   26:                0x0 - <unknown>
[INFO] [stdout] 
[INFO] [stdout] 
[INFO] [stdout] failures:
[INFO] [stdout]     check_version
[INFO] [stdout]     externstd
[INFO] [stdout]     macro_user
[INFO] [stdout]     nostd
[INFO] [stdout]     nostd_buildrs
[INFO] [stdout]     nostd_dep_externstd
[INFO] [stdout]     nostd_dep_nostd
[INFO] [stdout]     nostd_dep_withstd
[INFO] [stdout]     withstd
[INFO] [stdout] 
[INFO] [stdout] test result: FAILED. 0 passed; 9 failed; 0 ignored; 0 measured; 0 filtered out; finished in 0.31s
[INFO] [stdout] 
[INFO] [stderr] error: test failed, to rerun pass `--test crates`
[INFO] running `Command { std: "docker" "inspect" "48686f3bb758ef26ab6e660f1d3065c52a5c62b6334fed5d7e6030f85c479cf3", kill_on_drop: false }`
[INFO] running `Command { std: "docker" "rm" "-f" "48686f3bb758ef26ab6e660f1d3065c52a5c62b6334fed5d7e6030f85c479cf3", kill_on_drop: false }`
[INFO] [stdout] 48686f3bb758ef26ab6e660f1d3065c52a5c62b6334fed5d7e6030f85c479cf3
