[INFO] cloning repository https://github.com/museun/brain
[INFO] running `Command { std: "git" "-c" "credential.helper=" "-c" "credential.helper=/workspace/cargo-home/bin/git-credential-null" "clone" "--bare" "https://github.com/museun/brain" "/workspace/cache/git-repos/https%3A%2F%2Fgithub.com%2Fmuseun%2Fbrain", kill_on_drop: false }`
[INFO] [stderr] Cloning into bare repository '/workspace/cache/git-repos/https%3A%2F%2Fgithub.com%2Fmuseun%2Fbrain'...
[INFO] running `Command { std: "git" "rev-parse" "HEAD", kill_on_drop: false }`
[INFO] [stdout] 4da36d7b4d11a2ba76391d428302bd872cf1b5a8
[INFO] testing museun/brain against 1.69.0 for beta-1.70-1
[INFO] running `Command { std: "git" "clone" "/workspace/cache/git-repos/https%3A%2F%2Fgithub.com%2Fmuseun%2Fbrain" "/workspace/builds/worker-7-tc1/source", kill_on_drop: false }`
[INFO] [stderr] Cloning into '/workspace/builds/worker-7-tc1/source'...
[INFO] [stderr] done.
[INFO] validating manifest of git repo https://github.com/museun/brain on toolchain 1.69.0
[INFO] running `Command { std: CARGO_HOME="/workspace/cargo-home" RUSTUP_HOME="/workspace/rustup-home" "/workspace/cargo-home/bin/cargo" "+1.69.0" "metadata" "--manifest-path" "Cargo.toml" "--no-deps", kill_on_drop: false }`
[INFO] started tweaking git repo https://github.com/museun/brain
[INFO] finished tweaking git repo https://github.com/museun/brain
[INFO] tweaked toml for git repo https://github.com/museun/brain written to /workspace/builds/worker-7-tc1/source/Cargo.toml
[INFO] crate git repo https://github.com/museun/brain already has a lockfile, it will not be regenerated
[INFO] running `Command { std: CARGO_HOME="/workspace/cargo-home" RUSTUP_HOME="/workspace/rustup-home" "/workspace/cargo-home/bin/cargo" "+1.69.0" "fetch" "--manifest-path" "Cargo.toml", kill_on_drop: false }`
[INFO] [stderr]  Downloading crates ...
[INFO] [stderr]   Downloaded anyhow v1.0.27
[INFO] [stderr]   Downloaded hashbrown v0.7.1
[INFO] [stderr]   Downloaded proc-macro-hack v0.5.14
[INFO] [stderr]   Downloaded console v0.10.0
[INFO] [stderr]   Downloaded pico-args v0.3.1
[INFO] [stderr]   Downloaded warp v0.2.2
[INFO] [stderr]   Downloaded alto_logger v0.1.2
[INFO] [stderr]   Downloaded ahash v0.3.2
[INFO] [stderr]   Downloaded httptest v0.12.2
[INFO] running `Command { std: "docker" "create" "-v" "/var/lib/crater-agent-workspace/builds/worker-7-tc1/target:/opt/rustwide/target:rw,Z" "-v" "/var/lib/crater-agent-workspace/builds/worker-7-tc1/source:/opt/rustwide/workdir:ro,Z" "-v" "/var/lib/crater-agent-workspace/cargo-home:/opt/rustwide/cargo-home:ro,Z" "-v" "/var/lib/crater-agent-workspace/rustup-home:/opt/rustwide/rustup-home:ro,Z" "-e" "SOURCE_DIR=/opt/rustwide/workdir" "-e" "CARGO_TARGET_DIR=/opt/rustwide/target" "-e" "CARGO_HOME=/opt/rustwide/cargo-home" "-e" "RUSTUP_HOME=/opt/rustwide/rustup-home" "-w" "/opt/rustwide/workdir" "-m" "1610612736" "--user" "0:0" "--network" "none" "ghcr.io/rust-lang/crates-build-env/linux@sha256:5ff2268d62e97bff2cde7d5815dd6ed5b47097566f13b8d0ca110b04b60e07ed" "/opt/rustwide/cargo-home/bin/cargo" "+1.69.0" "metadata" "--no-deps" "--format-version=1", kill_on_drop: false }`
[INFO] [stdout] 6a1ccec0196cb79bed133c4bef717129dd6a79b742289920c276816e645498ff
[INFO] running `Command { std: "docker" "start" "-a" "6a1ccec0196cb79bed133c4bef717129dd6a79b742289920c276816e645498ff", kill_on_drop: false }`
[INFO] running `Command { std: "docker" "inspect" "6a1ccec0196cb79bed133c4bef717129dd6a79b742289920c276816e645498ff", kill_on_drop: false }`
[INFO] running `Command { std: "docker" "rm" "-f" "6a1ccec0196cb79bed133c4bef717129dd6a79b742289920c276816e645498ff", kill_on_drop: false }`
[INFO] [stdout] 6a1ccec0196cb79bed133c4bef717129dd6a79b742289920c276816e645498ff
[INFO] running `Command { std: "docker" "create" "-v" "/var/lib/crater-agent-workspace/builds/worker-7-tc1/target:/opt/rustwide/target:rw,Z" "-v" "/var/lib/crater-agent-workspace/builds/worker-7-tc1/source:/opt/rustwide/workdir:ro,Z" "-v" "/var/lib/crater-agent-workspace/cargo-home:/opt/rustwide/cargo-home:ro,Z" "-v" "/var/lib/crater-agent-workspace/rustup-home:/opt/rustwide/rustup-home:ro,Z" "-e" "SOURCE_DIR=/opt/rustwide/workdir" "-e" "CARGO_TARGET_DIR=/opt/rustwide/target" "-e" "CARGO_INCREMENTAL=0" "-e" "RUST_BACKTRACE=full" "-e" "RUSTFLAGS=--cap-lints=warn" "-e" "RUSTDOCFLAGS=--cap-lints=warn" "-e" "CARGO_HOME=/opt/rustwide/cargo-home" "-e" "RUSTUP_HOME=/opt/rustwide/rustup-home" "-w" "/opt/rustwide/workdir" "-m" "1610612736" "--user" "0:0" "--network" "none" "ghcr.io/rust-lang/crates-build-env/linux@sha256:5ff2268d62e97bff2cde7d5815dd6ed5b47097566f13b8d0ca110b04b60e07ed" "/opt/rustwide/cargo-home/bin/cargo" "+1.69.0" "build" "--frozen" "--message-format=json", kill_on_drop: false }`
[INFO] [stdout] 6d311db1441ed3d453f796593071dea332d4c07bbedb4e5ff7bce7feabf01be2
[INFO] running `Command { std: "docker" "start" "-a" "6d311db1441ed3d453f796593071dea332d4c07bbedb4e5ff7bce7feabf01be2", kill_on_drop: false }`
[INFO] [stderr]    Compiling libc v0.2.68
[INFO] [stderr]    Compiling proc-macro2 v1.0.9
[INFO] [stderr]    Compiling unicode-xid v0.2.0
[INFO] [stderr]    Compiling syn v1.0.17
[INFO] [stderr]    Compiling cfg-if v0.1.10
[INFO] [stderr]    Compiling memchr v2.3.3
[INFO] [stderr]    Compiling proc-macro-hack v0.5.14
[INFO] [stderr]    Compiling autocfg v1.0.0
[INFO] [stderr]    Compiling log v0.4.8
[INFO] [stderr]    Compiling serde v1.0.105
[INFO] [stderr]    Compiling lazy_static v1.4.0
[INFO] [stderr]    Compiling getrandom v0.1.14
[INFO] [stderr]    Compiling futures-core v0.3.4
[INFO] [stderr]    Compiling slab v0.4.2
[INFO] [stderr]    Compiling itoa v0.4.5
[INFO] [stderr]    Compiling fnv v1.0.6
[INFO] [stderr]    Compiling bytes v0.5.4
[INFO] [stderr]    Compiling proc-macro-nested v0.1.4
[INFO] [stderr]    Compiling futures-sink v0.3.4
[INFO] [stderr]    Compiling version_check v0.9.1
[INFO] [stderr]    Compiling typenum v1.11.2
[INFO] [stderr]    Compiling pin-utils v0.1.0-alpha.4
[INFO] [stderr]    Compiling futures-io v0.3.4
[INFO] [stderr]    Compiling futures-channel v0.3.4
[INFO] [stderr]    Compiling futures-task v0.3.4
[INFO] [stderr]    Compiling byteorder v1.3.4
[INFO] [stderr]    Compiling pin-project-lite v0.1.4
[INFO] [stderr]    Compiling indexmap v1.3.2
[INFO] [stderr]    Compiling matches v0.1.8
[INFO] [stderr]    Compiling unicase v2.6.0
[INFO] [stderr]    Compiling smallvec v1.2.0
[INFO] [stderr]    Compiling http v0.2.0
[INFO] [stderr]    Compiling ryu v1.0.3
[INFO] [stderr]    Compiling httparse v1.3.4
[INFO] [stderr]    Compiling hashbrown v0.7.1
[INFO] [stderr]    Compiling unicode-bidi v0.3.4
[INFO] [stderr]    Compiling try-lock v0.2.2
[INFO] [stderr]    Compiling unicode-normalization v0.1.12
[INFO] [stderr]    Compiling mime v0.3.16
[INFO] [stderr]    Compiling byte-tools v0.3.1
[INFO] [stderr]    Compiling percent-encoding v2.1.0
[INFO] [stderr]    Compiling quote v1.0.3
[INFO] [stderr]    Compiling iovec v0.1.4
[INFO] [stderr]    Compiling net2 v0.2.33
[INFO] [stderr]    Compiling num_cpus v1.12.0
[INFO] [stderr]    Compiling time v0.1.42
[INFO] [stderr]    Compiling mio v0.6.21
[INFO] [stderr]    Compiling block-padding v0.1.5
[INFO] [stderr]    Compiling const-random-macro v0.1.8
[INFO] [stderr]    Compiling mime_guess v2.0.3
[INFO] [stderr]    Compiling want v0.3.0
[INFO] [stderr]    Compiling idna v0.2.0
[INFO] [stderr]    Compiling generic-array v0.12.3
[INFO] [stderr]    Compiling dtoa v0.4.5
[INFO] [stderr]    Compiling bitflags v1.2.1
[INFO] [stderr]    Compiling tower-service v0.3.0
[INFO] [stderr]    Compiling rand_core v0.5.1
[INFO] [stderr]    Compiling aho-corasick v0.7.10
[INFO] [stderr]    Compiling thread_local v1.0.1
[INFO] [stderr]    Compiling regex-syntax v0.6.17
[INFO] [stderr]    Compiling snap v1.0.0
[INFO] [stderr]    Compiling encoding_rs v0.8.22
[INFO] [stderr]    Compiling digest v0.8.1
[INFO] [stderr]    Compiling block-buffer v0.7.3
[INFO] [stderr]    Compiling fake-simd v0.1.2
[INFO] [stderr]    Compiling opaque-debug v0.2.3
[INFO] [stderr]    Compiling const-random v0.1.8
[INFO] [stderr]    Compiling url v2.1.1
[INFO] [stderr]    Compiling ppv-lite86 v0.2.6
[INFO] [stderr]    Compiling termios v0.3.1
[INFO] [stderr]    Compiling ahash v0.3.2
[INFO] [stderr]    Compiling sha-1 v0.8.2
[INFO] [stderr]    Compiling clicolors-control v1.0.1
[INFO] [stderr]    Compiling anyhow v1.0.27
[INFO] [stderr]    Compiling base64 v0.12.0
[INFO] [stderr]    Compiling unicode-width v0.1.7
[INFO] [stderr]    Compiling number_prefix v0.3.0
[INFO] [stderr]    Compiling scoped-tls v1.0.0
[INFO] [stderr]    Compiling base64 v0.11.0
[INFO] [stderr]    Compiling rand_chacha v0.2.2
[INFO] [stderr]    Compiling once_cell v1.3.1
[INFO] [stderr]    Compiling http-body v0.3.1
[INFO] [stderr]    Compiling headers-core v0.2.0
[INFO] [stderr]    Compiling headers v0.3.2
[INFO] [stderr]    Compiling rand v0.7.3
[INFO] [stderr]    Compiling termcolor v1.1.0
[INFO] [stderr]    Compiling urlencoding v1.0.0
[INFO] [stderr]    Compiling pico-args v0.3.1
[INFO] [stderr]    Compiling alto_logger v0.1.2
[INFO] [stderr]    Compiling regex v1.3.5
[INFO] [stderr]    Compiling console v0.10.0
[INFO] [stderr]    Compiling indicatif v0.14.0
[INFO] [stderr]    Compiling serde_derive v1.0.105
[INFO] [stderr]    Compiling futures-macro v0.3.4
[INFO] [stderr]    Compiling tokio-macros v0.2.5
[INFO] [stderr]    Compiling pin-project-internal v0.4.8
[INFO] [stderr]    Compiling tokio v0.2.13
[INFO] [stderr]    Compiling futures-util v0.3.4
[INFO] [stderr]    Compiling pin-project v0.4.8
[INFO] [stderr]    Compiling futures-executor v0.3.4
[INFO] [stderr]    Compiling futures v0.3.4
[INFO] [stderr]    Compiling tokio-util v0.2.0
[INFO] [stderr]    Compiling h2 v0.2.2
[INFO] [stderr]    Compiling hyper v0.13.4
[INFO] [stderr]    Compiling serde_urlencoded v0.6.1
[INFO] [stderr]    Compiling serde_json v1.0.48
[INFO] [stderr]    Compiling bincode v1.2.1
[INFO] [stderr]    Compiling toml v0.5.6
[INFO] [stderr]    Compiling types v0.1.0 (/opt/rustwide/workdir/crates/types)
[INFO] [stderr]    Compiling markov v0.1.0 (/opt/rustwide/workdir/crates/markov)
[INFO] [stdout] warning: unnecessary trailing semicolon
[INFO] [stdout]   --> crates/markov/src/markov.rs:32:10
[INFO] [stdout]    |
[INFO] [stdout] 32 |         };
[INFO] [stdout]    |          ^ help: remove this semicolon
[INFO] [stdout]    |
[INFO] [stdout]    = note: `#[warn(redundant_semicolons)]` on by default
[INFO] [stdout] 
[INFO] [stdout] 
[INFO] [stdout] warning: 1 warning emitted
[INFO] [stdout] 
[INFO] [stdout] 
[INFO] [stderr]    Compiling reqwest v0.10.4
[INFO] [stderr]    Compiling warp v0.2.2
[INFO] [stderr]    Compiling client v0.1.0 (/opt/rustwide/workdir/crates/client)
[INFO] [stderr]    Compiling brain v0.1.0 (/opt/rustwide/workdir/crates/brain)
[INFO] [stdout] warning: unnecessary parentheses around match arm expression
[INFO] [stdout]   --> crates/brain/src/args.rs:57:32
[INFO] [stdout]    |
[INFO] [stdout] 57 |         Status::Error(code) => (std::process::exit(code)),
[INFO] [stdout]    |                                ^                        ^
[INFO] [stdout]    |
[INFO] [stdout]    = note: `#[warn(unused_parens)]` on by default
[INFO] [stdout] help: remove these parentheses
[INFO] [stdout]    |
[INFO] [stdout] 57 -         Status::Error(code) => (std::process::exit(code)),
[INFO] [stdout] 57 +         Status::Error(code) => std::process::exit(code),
[INFO] [stdout]    |
[INFO] [stdout] 
[INFO] [stdout] 
[INFO] [stdout] warning: opaque type `impl warp::Filter + warp::filter::FilterBase<Extract = impl Reply, Error = Rejection> + Clone` does not satisfy its associated type bounds
[INFO] [stdout]   --> crates/brain/src/server/routes.rs:9:18
[INFO] [stdout]    |
[INFO] [stdout] 9  | ) -> impl Filter<Extract = impl Reply, Error = Rejection> + Clone {
[INFO] [stdout]    |                  ^^^^^^^^^^^^^^^^^^^^
[INFO] [stdout]    |
[INFO] [stdout]   ::: /opt/rustwide/cargo-home/registry/src/github.com-1ecc6299db9ec823/warp-0.2.2/src/filter/mod.rs:38:19
[INFO] [stdout]    |
[INFO] [stdout] 38 |     type Extract: Tuple; // + Send;
[INFO] [stdout]    |                   ----- this associated type bound is unsatisfied for `impl Reply`
[INFO] [stdout]    |
[INFO] [stdout]    = note: `#[warn(opaque_hidden_inferred_bound)]` on by default
[INFO] [stdout] help: add this bound
[INFO] [stdout]    |
[INFO] [stdout] 9  | ) -> impl Filter<Extract = impl Reply + warp::generic::Tuple, Error = Rejection> + Clone {
[INFO] [stdout]    |                                       ++++++++++++++++++++++
[INFO] [stdout] 
[INFO] [stdout] 
[INFO] [stdout] warning: opaque type `impl warp::Filter + warp::filter::FilterBase<Extract = impl Reply, Error = Rejection> + Clone` does not satisfy its associated type bounds
[INFO] [stdout]   --> crates/brain/src/server/routes.rs:18:50
[INFO] [stdout]    |
[INFO] [stdout] 18 | pub fn train(topics: Arc<Topics>) -> impl Filter<Extract = impl Reply, Error = Rejection> + Clone {
[INFO] [stdout]    |                                                  ^^^^^^^^^^^^^^^^^^^^
[INFO] [stdout]    |
[INFO] [stdout]   ::: /opt/rustwide/cargo-home/registry/src/github.com-1ecc6299db9ec823/warp-0.2.2/src/filter/mod.rs:38:19
[INFO] [stdout]    |
[INFO] [stdout] 38 |     type Extract: Tuple; // + Send;
[INFO] [stdout]    |                   ----- this associated type bound is unsatisfied for `impl Reply`
[INFO] [stdout]    |
[INFO] [stdout] help: add this bound
[INFO] [stdout]    |
[INFO] [stdout] 18 | pub fn train(topics: Arc<Topics>) -> impl Filter<Extract = impl Reply + warp::generic::Tuple, Error = Rejection> + Clone {
[INFO] [stdout]    |                                                                       ++++++++++++++++++++++
[INFO] [stdout] 
[INFO] [stdout] 
[INFO] [stdout] warning: opaque type `impl warp::Filter + warp::filter::FilterBase<Extract = impl Reply, Error = Rejection> + Clone` does not satisfy its associated type bounds
[INFO] [stdout]   --> crates/brain/src/server/routes.rs:27:48
[INFO] [stdout]    |
[INFO] [stdout] 27 | pub fn new(topics: Arc<Topics>) -> impl Filter<Extract = impl Reply, Error = Rejection> + Clone {
[INFO] [stdout]    |                                                ^^^^^^^^^^^^^^^^^^^^
[INFO] [stdout]    |
[INFO] [stdout]   ::: /opt/rustwide/cargo-home/registry/src/github.com-1ecc6299db9ec823/warp-0.2.2/src/filter/mod.rs:38:19
[INFO] [stdout]    |
[INFO] [stdout] 38 |     type Extract: Tuple; // + Send;
[INFO] [stdout]    |                   ----- this associated type bound is unsatisfied for `impl Reply`
[INFO] [stdout]    |
[INFO] [stdout] help: add this bound
[INFO] [stdout]    |
[INFO] [stdout] 27 | pub fn new(topics: Arc<Topics>) -> impl Filter<Extract = impl Reply + warp::generic::Tuple, Error = Rejection> + Clone {
[INFO] [stdout]    |                                                                     ++++++++++++++++++++++
[INFO] [stdout] 
[INFO] [stdout] 
[INFO] [stdout] warning: opaque type `impl warp::Filter + warp::filter::FilterBase<Extract = impl Reply, Error = Rejection> + Clone` does not satisfy its associated type bounds
[INFO] [stdout]   --> crates/brain/src/server/routes.rs:36:49
[INFO] [stdout]    |
[INFO] [stdout] 36 | pub fn save(topics: Arc<Topics>) -> impl Filter<Extract = impl Reply, Error = Rejection> + Clone {
[INFO] [stdout]    |                                                 ^^^^^^^^^^^^^^^^^^^^
[INFO] [stdout]    |
[INFO] [stdout]   ::: /opt/rustwide/cargo-home/registry/src/github.com-1ecc6299db9ec823/warp-0.2.2/src/filter/mod.rs:38:19
[INFO] [stdout]    |
[INFO] [stdout] 38 |     type Extract: Tuple; // + Send;
[INFO] [stdout]    |                   ----- this associated type bound is unsatisfied for `impl Reply`
[INFO] [stdout]    |
[INFO] [stdout] help: add this bound
[INFO] [stdout]    |
[INFO] [stdout] 36 | pub fn save(topics: Arc<Topics>) -> impl Filter<Extract = impl Reply + warp::generic::Tuple, Error = Rejection> + Clone {
[INFO] [stdout]    |                                                                      ++++++++++++++++++++++
[INFO] [stdout] 
[INFO] [stdout] 
[INFO] [stdout] warning: opaque type `impl warp::Filter + warp::filter::FilterBase<Extract = impl Reply, Error = Rejection> + Clone` does not satisfy its associated type bounds
[INFO] [stdout]   --> crates/brain/src/server/routes.rs:44:49
[INFO] [stdout]    |
[INFO] [stdout] 44 | pub fn list(topics: Arc<Topics>) -> impl Filter<Extract = impl Reply, Error = Rejection> + Clone {
[INFO] [stdout]    |                                                 ^^^^^^^^^^^^^^^^^^^^
[INFO] [stdout]    |
[INFO] [stdout]   ::: /opt/rustwide/cargo-home/registry/src/github.com-1ecc6299db9ec823/warp-0.2.2/src/filter/mod.rs:38:19
[INFO] [stdout]    |
[INFO] [stdout] 38 |     type Extract: Tuple; // + Send;
[INFO] [stdout]    |                   ----- this associated type bound is unsatisfied for `impl Reply`
[INFO] [stdout]    |
[INFO] [stdout] help: add this bound
[INFO] [stdout]    |
[INFO] [stdout] 44 | pub fn list(topics: Arc<Topics>) -> impl Filter<Extract = impl Reply + warp::generic::Tuple, Error = Rejection> + Clone {
[INFO] [stdout]    |                                                                      ++++++++++++++++++++++
[INFO] [stdout] 
[INFO] [stdout] 
[INFO] [stdout] warning: 6 warnings emitted
[INFO] [stdout] 
[INFO] [stdout] 
[INFO] [stderr]     Finished dev [unoptimized + debuginfo] target(s) in 23.02s
[INFO] [stderr] warning: the following packages contain code that will be rejected by a future version of Rust: snap v1.0.0
[INFO] [stderr] note: to see what the problems were, use the option `--future-incompat-report`, or run `cargo report future-incompatibilities --id 1`
[INFO] running `Command { std: "docker" "inspect" "6d311db1441ed3d453f796593071dea332d4c07bbedb4e5ff7bce7feabf01be2", kill_on_drop: false }`
[INFO] running `Command { std: "docker" "rm" "-f" "6d311db1441ed3d453f796593071dea332d4c07bbedb4e5ff7bce7feabf01be2", kill_on_drop: false }`
[INFO] [stdout] 6d311db1441ed3d453f796593071dea332d4c07bbedb4e5ff7bce7feabf01be2
[INFO] running `Command { std: "docker" "create" "-v" "/var/lib/crater-agent-workspace/builds/worker-7-tc1/target:/opt/rustwide/target:rw,Z" "-v" "/var/lib/crater-agent-workspace/builds/worker-7-tc1/source:/opt/rustwide/workdir:ro,Z" "-v" "/var/lib/crater-agent-workspace/cargo-home:/opt/rustwide/cargo-home:ro,Z" "-v" "/var/lib/crater-agent-workspace/rustup-home:/opt/rustwide/rustup-home:ro,Z" "-e" "SOURCE_DIR=/opt/rustwide/workdir" "-e" "CARGO_TARGET_DIR=/opt/rustwide/target" "-e" "CARGO_INCREMENTAL=0" "-e" "RUST_BACKTRACE=full" "-e" "RUSTFLAGS=--cap-lints=warn" "-e" "RUSTDOCFLAGS=--cap-lints=warn" "-e" "CARGO_HOME=/opt/rustwide/cargo-home" "-e" "RUSTUP_HOME=/opt/rustwide/rustup-home" "-w" "/opt/rustwide/workdir" "-m" "1610612736" "--user" "0:0" "--network" "none" "ghcr.io/rust-lang/crates-build-env/linux@sha256:5ff2268d62e97bff2cde7d5815dd6ed5b47097566f13b8d0ca110b04b60e07ed" "/opt/rustwide/cargo-home/bin/cargo" "+1.69.0" "test" "--frozen" "--no-run" "--message-format=json", kill_on_drop: false }`
[INFO] [stdout] b7531f1cea903d6aea280f6355490fccd2b878f3d62eafe1fcf485d9019e832c
[INFO] running `Command { std: "docker" "start" "-a" "b7531f1cea903d6aea280f6355490fccd2b878f3d62eafe1fcf485d9019e832c", kill_on_drop: false }`
[INFO] [stderr]    Compiling crossbeam-utils v0.7.2
[INFO] [stderr]    Compiling maybe-uninit v2.0.0
[INFO] [stderr]    Compiling regex-automata v0.1.9
[INFO] [stdout] warning: unnecessary trailing semicolon
[INFO] [stdout]   --> crates/markov/src/markov.rs:32:10
[INFO] [stdout]    |
[INFO] [stdout] 32 |         };
[INFO] [stdout]    |          ^ help: remove this semicolon
[INFO] [stdout]    |
[INFO] [stdout]    = note: `#[warn(redundant_semicolons)]` on by default
[INFO] [stdout] 
[INFO] [stdout] 
[INFO] [stdout] warning: 1 warning emitted
[INFO] [stdout] 
[INFO] [stdout] 
[INFO] [stderr]    Compiling rand v0.4.6
[INFO] [stderr]    Compiling remove_dir_all v0.5.2
[INFO] [stderr]    Compiling markov v0.1.0 (/opt/rustwide/workdir/crates/markov)
[INFO] [stderr]    Compiling types v0.1.0 (/opt/rustwide/workdir/crates/types)
[INFO] [stdout] warning: unnecessary trailing semicolon
[INFO] [stdout]   --> crates/markov/src/markov.rs:32:10
[INFO] [stdout]    |
[INFO] [stdout] 32 |         };
[INFO] [stdout]    |          ^ help: remove this semicolon
[INFO] [stdout]    |
[INFO] [stdout]    = note: `#[warn(redundant_semicolons)]` on by default
[INFO] [stdout] 
[INFO] [stdout] 
[INFO] [stderr]    Compiling bstr v0.2.12
[INFO] [stdout] warning: 1 warning emitted
[INFO] [stdout] 
[INFO] [stdout] 
[INFO] [stderr]    Compiling tempdir v0.3.7
[INFO] [stderr]    Compiling brain v0.1.0 (/opt/rustwide/workdir/crates/brain)
[INFO] [stdout] warning: unnecessary parentheses around match arm expression
[INFO] [stdout]   --> crates/brain/src/args.rs:57:32
[INFO] [stdout]    |
[INFO] [stdout] 57 |         Status::Error(code) => (std::process::exit(code)),
[INFO] [stdout]    |                                ^                        ^
[INFO] [stdout]    |
[INFO] [stdout]    = note: `#[warn(unused_parens)]` on by default
[INFO] [stdout] help: remove these parentheses
[INFO] [stdout]    |
[INFO] [stdout] 57 -         Status::Error(code) => (std::process::exit(code)),
[INFO] [stdout] 57 +         Status::Error(code) => std::process::exit(code),
[INFO] [stdout]    |
[INFO] [stdout] 
[INFO] [stdout] 
[INFO] [stderr]    Compiling crossbeam-channel v0.4.2
[INFO] [stdout] warning: opaque type `impl warp::Filter + warp::filter::FilterBase<Extract = impl Reply, Error = Rejection> + Clone` does not satisfy its associated type bounds
[INFO] [stdout]   --> crates/brain/src/server/routes.rs:9:18
[INFO] [stdout]    |
[INFO] [stdout] 9  | ) -> impl Filter<Extract = impl Reply, Error = Rejection> + Clone {
[INFO] [stdout]    |                  ^^^^^^^^^^^^^^^^^^^^
[INFO] [stdout]    |
[INFO] [stdout]   ::: /opt/rustwide/cargo-home/registry/src/github.com-1ecc6299db9ec823/warp-0.2.2/src/filter/mod.rs:38:19
[INFO] [stdout]    |
[INFO] [stdout] 38 |     type Extract: Tuple; // + Send;
[INFO] [stdout]    |                   ----- this associated type bound is unsatisfied for `impl Reply`
[INFO] [stdout]    |
[INFO] [stdout]    = note: `#[warn(opaque_hidden_inferred_bound)]` on by default
[INFO] [stdout] help: add this bound
[INFO] [stdout]    |
[INFO] [stdout] 9  | ) -> impl Filter<Extract = impl Reply + warp::generic::Tuple, Error = Rejection> + Clone {
[INFO] [stdout]    |                                       ++++++++++++++++++++++
[INFO] [stdout] 
[INFO] [stdout] 
[INFO] [stdout] warning: opaque type `impl warp::Filter + warp::filter::FilterBase<Extract = impl Reply, Error = Rejection> + Clone` does not satisfy its associated type bounds
[INFO] [stdout]   --> crates/brain/src/server/routes.rs:18:50
[INFO] [stdout]    |
[INFO] [stdout] 18 | pub fn train(topics: Arc<Topics>) -> impl Filter<Extract = impl Reply, Error = Rejection> + Clone {
[INFO] [stdout]    |                                                  ^^^^^^^^^^^^^^^^^^^^
[INFO] [stdout]    |
[INFO] [stdout]   ::: /opt/rustwide/cargo-home/registry/src/github.com-1ecc6299db9ec823/warp-0.2.2/src/filter/mod.rs:38:19
[INFO] [stdout]    |
[INFO] [stdout] 38 |     type Extract: Tuple; // + Send;
[INFO] [stdout]    |                   ----- this associated type bound is unsatisfied for `impl Reply`
[INFO] [stdout]    |
[INFO] [stdout] help: add this bound
[INFO] [stdout]    |
[INFO] [stdout] 18 | pub fn train(topics: Arc<Topics>) -> impl Filter<Extract = impl Reply + warp::generic::Tuple, Error = Rejection> + Clone {
[INFO] [stdout]    |                                                                       ++++++++++++++++++++++
[INFO] [stdout] 
[INFO] [stdout] 
[INFO] [stdout] warning: opaque type `impl warp::Filter + warp::filter::FilterBase<Extract = impl Reply, Error = Rejection> + Clone` does not satisfy its associated type bounds
[INFO] [stdout]   --> crates/brain/src/server/routes.rs:27:48
[INFO] [stdout]    |
[INFO] [stdout] 27 | pub fn new(topics: Arc<Topics>) -> impl Filter<Extract = impl Reply, Error = Rejection> + Clone {
[INFO] [stdout]    |                                                ^^^^^^^^^^^^^^^^^^^^
[INFO] [stdout]    |
[INFO] [stdout]   ::: /opt/rustwide/cargo-home/registry/src/github.com-1ecc6299db9ec823/warp-0.2.2/src/filter/mod.rs:38:19
[INFO] [stdout]    |
[INFO] [stdout] 38 |     type Extract: Tuple; // + Send;
[INFO] [stdout]    |                   ----- this associated type bound is unsatisfied for `impl Reply`
[INFO] [stdout]    |
[INFO] [stdout] help: add this bound
[INFO] [stdout]    |
[INFO] [stdout] 27 | pub fn new(topics: Arc<Topics>) -> impl Filter<Extract = impl Reply + warp::generic::Tuple, Error = Rejection> + Clone {
[INFO] [stdout]    |                                                                     ++++++++++++++++++++++
[INFO] [stdout] 
[INFO] [stdout] 
[INFO] [stdout] warning: opaque type `impl warp::Filter + warp::filter::FilterBase<Extract = impl Reply, Error = Rejection> + Clone` does not satisfy its associated type bounds
[INFO] [stdout]   --> crates/brain/src/server/routes.rs:36:49
[INFO] [stdout]    |
[INFO] [stdout] 36 | pub fn save(topics: Arc<Topics>) -> impl Filter<Extract = impl Reply, Error = Rejection> + Clone {
[INFO] [stdout]    |                                                 ^^^^^^^^^^^^^^^^^^^^
[INFO] [stdout]    |
[INFO] [stdout]   ::: /opt/rustwide/cargo-home/registry/src/github.com-1ecc6299db9ec823/warp-0.2.2/src/filter/mod.rs:38:19
[INFO] [stdout]    |
[INFO] [stdout] 38 |     type Extract: Tuple; // + Send;
[INFO] [stdout]    |                   ----- this associated type bound is unsatisfied for `impl Reply`
[INFO] [stdout]    |
[INFO] [stdout] help: add this bound
[INFO] [stdout]    |
[INFO] [stdout] 36 | pub fn save(topics: Arc<Topics>) -> impl Filter<Extract = impl Reply + warp::generic::Tuple, Error = Rejection> + Clone {
[INFO] [stdout]    |                                                                      ++++++++++++++++++++++
[INFO] [stdout] 
[INFO] [stdout] 
[INFO] [stdout] warning: opaque type `impl warp::Filter + warp::filter::FilterBase<Extract = impl Reply, Error = Rejection> + Clone` does not satisfy its associated type bounds
[INFO] [stdout]   --> crates/brain/src/server/routes.rs:44:49
[INFO] [stdout]    |
[INFO] [stdout] 44 | pub fn list(topics: Arc<Topics>) -> impl Filter<Extract = impl Reply, Error = Rejection> + Clone {
[INFO] [stdout]    |                                                 ^^^^^^^^^^^^^^^^^^^^
[INFO] [stdout]    |
[INFO] [stdout]   ::: /opt/rustwide/cargo-home/registry/src/github.com-1ecc6299db9ec823/warp-0.2.2/src/filter/mod.rs:38:19
[INFO] [stdout]    |
[INFO] [stdout] 38 |     type Extract: Tuple; // + Send;
[INFO] [stdout]    |                   ----- this associated type bound is unsatisfied for `impl Reply`
[INFO] [stdout]    |
[INFO] [stdout] help: add this bound
[INFO] [stdout]    |
[INFO] [stdout] 44 | pub fn list(topics: Arc<Topics>) -> impl Filter<Extract = impl Reply + warp::generic::Tuple, Error = Rejection> + Clone {
[INFO] [stdout]    |                                                                      ++++++++++++++++++++++
[INFO] [stdout] 
[INFO] [stdout] 
[INFO] [stderr]    Compiling httptest v0.12.2
[INFO] [stderr]    Compiling client v0.1.0 (/opt/rustwide/workdir/crates/client)
[INFO] [stdout] warning: 6 warnings emitted
[INFO] [stdout] 
[INFO] [stdout] 
[INFO] [stderr]     Finished test [unoptimized + debuginfo] target(s) in 6.17s
[INFO] [stderr] warning: the following packages contain code that will be rejected by a future version of Rust: snap v1.0.0
[INFO] [stderr] note: to see what the problems were, use the option `--future-incompat-report`, or run `cargo report future-incompatibilities --id 1`
[INFO] running `Command { std: "docker" "inspect" "b7531f1cea903d6aea280f6355490fccd2b878f3d62eafe1fcf485d9019e832c", kill_on_drop: false }`
[INFO] running `Command { std: "docker" "rm" "-f" "b7531f1cea903d6aea280f6355490fccd2b878f3d62eafe1fcf485d9019e832c", kill_on_drop: false }`
[INFO] [stdout] b7531f1cea903d6aea280f6355490fccd2b878f3d62eafe1fcf485d9019e832c
[INFO] running `Command { std: "docker" "create" "-v" "/var/lib/crater-agent-workspace/builds/worker-7-tc1/target:/opt/rustwide/target:rw,Z" "-v" "/var/lib/crater-agent-workspace/builds/worker-7-tc1/source:/opt/rustwide/workdir:ro,Z" "-v" "/var/lib/crater-agent-workspace/cargo-home:/opt/rustwide/cargo-home:ro,Z" "-v" "/var/lib/crater-agent-workspace/rustup-home:/opt/rustwide/rustup-home:ro,Z" "-e" "SOURCE_DIR=/opt/rustwide/workdir" "-e" "CARGO_TARGET_DIR=/opt/rustwide/target" "-e" "CARGO_INCREMENTAL=0" "-e" "RUST_BACKTRACE=full" "-e" "RUSTFLAGS=--cap-lints=warn" "-e" "RUSTDOCFLAGS=--cap-lints=warn" "-e" "CARGO_HOME=/opt/rustwide/cargo-home" "-e" "RUSTUP_HOME=/opt/rustwide/rustup-home" "-w" "/opt/rustwide/workdir" "-m" "1610612736" "--user" "0:0" "--network" "none" "ghcr.io/rust-lang/crates-build-env/linux@sha256:5ff2268d62e97bff2cde7d5815dd6ed5b47097566f13b8d0ca110b04b60e07ed" "/opt/rustwide/cargo-home/bin/cargo" "+1.69.0" "test" "--frozen", kill_on_drop: false }`
[INFO] [stdout] c2aa6379415d37fe8557b2a0ed019759a3ac99bb204bf9f86943210e07647235
[INFO] running `Command { std: "docker" "start" "-a" "c2aa6379415d37fe8557b2a0ed019759a3ac99bb204bf9f86943210e07647235", kill_on_drop: false }`
[INFO] [stderr] warning: unnecessary trailing semicolon
[INFO] [stderr]   --> crates/markov/src/markov.rs:32:10
[INFO] [stderr]    |
[INFO] [stderr] 32 |         };
[INFO] [stderr]    |          ^ help: remove this semicolon
[INFO] [stderr]    |
[INFO] [stderr]    = note: `#[warn(redundant_semicolons)]` on by default
[INFO] [stderr] 
[INFO] [stderr] warning: `markov` (lib) generated 1 warning
[INFO] [stderr] warning: `markov` (lib test) generated 1 warning (1 duplicate)
[INFO] [stderr] warning: unnecessary parentheses around match arm expression
[INFO] [stderr]   --> crates/brain/src/args.rs:57:32
[INFO] [stderr]    |
[INFO] [stderr] 57 |         Status::Error(code) => (std::process::exit(code)),
[INFO] [stderr]    |                                ^                        ^
[INFO] [stderr]    |
[INFO] [stderr]    = note: `#[warn(unused_parens)]` on by default
[INFO] [stderr] help: remove these parentheses
[INFO] [stderr]    |
[INFO] [stderr] 57 -         Status::Error(code) => (std::process::exit(code)),
[INFO] [stderr] 57 +         Status::Error(code) => std::process::exit(code),
[INFO] [stderr]    |
[INFO] [stderr] 
[INFO] [stderr] warning: opaque type `impl warp::Filter + warp::filter::FilterBase<Extract = impl Reply, Error = Rejection> + Clone` does not satisfy its associated type bounds
[INFO] [stderr]   --> crates/brain/src/server/routes.rs:9:18
[INFO] [stderr]    |
[INFO] [stderr] 9  | ) -> impl Filter<Extract = impl Reply, Error = Rejection> + Clone {
[INFO] [stderr]    |                  ^^^^^^^^^^^^^^^^^^^^
[INFO] [stderr]    |
[INFO] [stderr]   ::: /opt/rustwide/cargo-home/registry/src/github.com-1ecc6299db9ec823/warp-0.2.2/src/filter/mod.rs:38:19
[INFO] [stderr]    |
[INFO] [stderr] 38 |     type Extract: Tuple; // + Send;
[INFO] [stderr]    |                   ----- this associated type bound is unsatisfied for `impl Reply`
[INFO] [stderr]    |
[INFO] [stderr]    = note: `#[warn(opaque_hidden_inferred_bound)]` on by default
[INFO] [stderr] help: add this bound
[INFO] [stderr]    |
[INFO] [stderr] 9  | ) -> impl Filter<Extract = impl Reply + warp::generic::Tuple, Error = Rejection> + Clone {
[INFO] [stderr]    |                                       ++++++++++++++++++++++
[INFO] [stderr] 
[INFO] [stderr] warning: opaque type `impl warp::Filter + warp::filter::FilterBase<Extract = impl Reply, Error = Rejection> + Clone` does not satisfy its associated type bounds
[INFO] [stderr]   --> crates/brain/src/server/routes.rs:18:50
[INFO] [stderr]    |
[INFO] [stderr] 18 | pub fn train(topics: Arc<Topics>) -> impl Filter<Extract = impl Reply, Error = Rejection> + Clone {
[INFO] [stderr]    |                                                  ^^^^^^^^^^^^^^^^^^^^
[INFO] [stderr]    |
[INFO] [stderr]   ::: /opt/rustwide/cargo-home/registry/src/github.com-1ecc6299db9ec823/warp-0.2.2/src/filter/mod.rs:38:19
[INFO] [stderr]    |
[INFO] [stderr] 38 |     type Extract: Tuple; // + Send;
[INFO] [stderr]    |                   ----- this associated type bound is unsatisfied for `impl Reply`
[INFO] [stderr]    |
[INFO] [stderr] help: add this bound
[INFO] [stderr]    |
[INFO] [stderr] 18 | pub fn train(topics: Arc<Topics>) -> impl Filter<Extract = impl Reply + warp::generic::Tuple, Error = Rejection> + Clone {
[INFO] [stderr]    |                                                                       ++++++++++++++++++++++
[INFO] [stderr] 
[INFO] [stderr] warning: opaque type `impl warp::Filter + warp::filter::FilterBase<Extract = impl Reply, Error = Rejection> + Clone` does not satisfy its associated type bounds
[INFO] [stderr]   --> crates/brain/src/server/routes.rs:27:48
[INFO] [stderr]    |
[INFO] [stderr] 27 | pub fn new(topics: Arc<Topics>) -> impl Filter<Extract = impl Reply, Error = Rejection> + Clone {
[INFO] [stderr]    |                                                ^^^^^^^^^^^^^^^^^^^^
[INFO] [stderr]    |
[INFO] [stderr]   ::: /opt/rustwide/cargo-home/registry/src/github.com-1ecc6299db9ec823/warp-0.2.2/src/filter/mod.rs:38:19
[INFO] [stderr]    |
[INFO] [stderr] 38 |     type Extract: Tuple; // + Send;
[INFO] [stderr]    |                   ----- this associated type bound is unsatisfied for `impl Reply`
[INFO] [stderr]    |
[INFO] [stderr] help: add this bound
[INFO] [stderr]    |
[INFO] [stderr] 27 | pub fn new(topics: Arc<Topics>) -> impl Filter<Extract = impl Reply + warp::generic::Tuple, Error = Rejection> + Clone {
[INFO] [stderr]    |                                                                     ++++++++++++++++++++++
[INFO] [stderr] 
[INFO] [stderr] warning: opaque type `impl warp::Filter + warp::filter::FilterBase<Extract = impl Reply, Error = Rejection> + Clone` does not satisfy its associated type bounds
[INFO] [stderr]   --> crates/brain/src/server/routes.rs:36:49
[INFO] [stderr]    |
[INFO] [stderr] 36 | pub fn save(topics: Arc<Topics>) -> impl Filter<Extract = impl Reply, Error = Rejection> + Clone {
[INFO] [stderr]    |                                                 ^^^^^^^^^^^^^^^^^^^^
[INFO] [stderr]    |
[INFO] [stderr]   ::: /opt/rustwide/cargo-home/registry/src/github.com-1ecc6299db9ec823/warp-0.2.2/src/filter/mod.rs:38:19
[INFO] [stderr]    |
[INFO] [stderr] 38 |     type Extract: Tuple; // + Send;
[INFO] [stderr]    |                   ----- this associated type bound is unsatisfied for `impl Reply`
[INFO] [stderr]    |
[INFO] [stderr] help: add this bound
[INFO] [stderr]    |
[INFO] [stderr] 36 | pub fn save(topics: Arc<Topics>) -> impl Filter<Extract = impl Reply + warp::generic::Tuple, Error = Rejection> + Clone {
[INFO] [stderr]    |                                                                      ++++++++++++++++++++++
[INFO] [stderr] 
[INFO] [stderr] warning: opaque type `impl warp::Filter + warp::filter::FilterBase<Extract = impl Reply, Error = Rejection> + Clone` does not satisfy its associated type bounds
[INFO] [stderr]   --> crates/brain/src/server/routes.rs:44:49
[INFO] [stderr]    |
[INFO] [stderr] 44 | pub fn list(topics: Arc<Topics>) -> impl Filter<Extract = impl Reply, Error = Rejection> + Clone {
[INFO] [stderr]    |                                                 ^^^^^^^^^^^^^^^^^^^^
[INFO] [stderr]    |
[INFO] [stderr]   ::: /opt/rustwide/cargo-home/registry/src/github.com-1ecc6299db9ec823/warp-0.2.2/src/filter/mod.rs:38:19
[INFO] [stderr]    |
[INFO] [stderr] 38 |     type Extract: Tuple; // + Send;
[INFO] [stderr]    |                   ----- this associated type bound is unsatisfied for `impl Reply`
[INFO] [stderr]    |
[INFO] [stderr] help: add this bound
[INFO] [stderr]    |
[INFO] [stderr] 44 | pub fn list(topics: Arc<Topics>) -> impl Filter<Extract = impl Reply + warp::generic::Tuple, Error = Rejection> + Clone {
[INFO] [stderr]    |                                                                      ++++++++++++++++++++++
[INFO] [stderr] 
[INFO] [stderr] warning: `brain` (bin "brain" test) generated 6 warnings (run `cargo fix --bin "brain" --tests` to apply 6 suggestions)
[INFO] [stderr]     Finished test [unoptimized + debuginfo] target(s) in 0.08s
[INFO] [stderr] warning: the following packages contain code that will be rejected by a future version of Rust: snap v1.0.0
[INFO] [stderr] note: to see what the problems were, use the option `--future-incompat-report`, or run `cargo report future-incompatibilities --id 1`
[INFO] [stderr]      Running unittests src/main.rs (/opt/rustwide/target/debug/deps/brain-80fc7d6592f5bfc5)
[INFO] [stdout] 
[INFO] [stdout] running 20 tests
[INFO] [stdout] test server::tests::generate_context_no_state ... ok
[INFO] [stdout] test server::tests::generate_no_state ... ok
[INFO] [stdout] test server::tests::generate_readonly_no_state ... ok
[INFO] [stdout] test server::tests::generate_context ... ok
[INFO] [stdout] test server::tests::generate ... ok
[INFO] [stdout] test server::tests::generate_readonly ... ok
[INFO] [stdout] test server::tests::generate_unknown ... ok
[INFO] [stdout] test server::tests::list_some ... ok
[INFO] [stdout] test server::tests::list_none ... ok
[INFO] [stdout] test server::tests::new_conflict ... ok
[INFO] [stdout] test server::tests::train_no_body ... ok
[INFO] [stdout] test server::tests::train_readonly ... ok
[INFO] [stdout] test server::tests::train_not_allowed ... ok
[INFO] [stdout] test server::tests::save_invalid_method ... ok
[INFO] [stdout] test server::tests::train_success ... ok
[INFO] [stdout] test server::tests::new_success ... ok
[INFO] [stdout] test server::tests::save_rotate ... ok
[INFO] [stdout] test server::tests::new_append ... ok
[INFO] [stdout] test server::tests::save_cannot_rotate ... FAILED
[INFO] [stdout] test server::tests::save_cannnot_save ... FAILED
[INFO] [stdout] 
[INFO] [stdout] failures:
[INFO] [stdout] 
[INFO] [stdout] ---- server::tests::save_cannot_rotate stdout ----
[INFO] [stdout] thread 'server::tests::save_cannot_rotate' panicked at 'assertion failed: `(left == right)`
[INFO] [stdout]   left: `200`,
[INFO] [stdout]  right: `400`', crates/brain/src/server/tests.rs:247:5
[INFO] [stdout] stack backtrace:
[INFO] [stdout]    0:     0x55a57297a37a - std::backtrace_rs::backtrace::libunwind::trace::ha9053a9a07ca49cb
[INFO] [stdout]                                at /rustc/84c898d65adf2f39a5a98507f1fe0ce10a2b8dbc/library/std/src/../../backtrace/src/backtrace/libunwind.rs:93:5
[INFO] [stdout]    1:     0x55a57297a37a - std::backtrace_rs::backtrace::trace_unsynchronized::h9c2852a457ad564e
[INFO] [stdout]                                at /rustc/84c898d65adf2f39a5a98507f1fe0ce10a2b8dbc/library/std/src/../../backtrace/src/backtrace/mod.rs:66:5
[INFO] [stdout]    2:     0x55a57297a37a - std::sys_common::backtrace::_print_fmt::h457936fbfaa0070f
[INFO] [stdout]                                at /rustc/84c898d65adf2f39a5a98507f1fe0ce10a2b8dbc/library/std/src/sys_common/backtrace.rs:65:5
[INFO] [stdout]    3:     0x55a57297a37a - <std::sys_common::backtrace::_print::DisplayBacktrace as core::fmt::Display>::fmt::h5779d7bf7f70cb0c
[INFO] [stdout]                                at /rustc/84c898d65adf2f39a5a98507f1fe0ce10a2b8dbc/library/std/src/sys_common/backtrace.rs:44:22
[INFO] [stdout]    4:     0x55a57299f9ce - core::fmt::write::h5a4baaff1bcd3eb5
[INFO] [stdout]                                at /rustc/84c898d65adf2f39a5a98507f1fe0ce10a2b8dbc/library/core/src/fmt/mod.rs:1232:17
[INFO] [stdout]    5:     0x55a572977225 - std::io::Write::write_fmt::h478f79c628ef31d1
[INFO] [stdout]                                at /rustc/84c898d65adf2f39a5a98507f1fe0ce10a2b8dbc/library/std/src/io/mod.rs:1684:15
[INFO] [stdout]    6:     0x55a57297a145 - std::sys_common::backtrace::_print::h5fcdc36060f177e8
[INFO] [stdout]                                at /rustc/84c898d65adf2f39a5a98507f1fe0ce10a2b8dbc/library/std/src/sys_common/backtrace.rs:47:5
[INFO] [stdout]    7:     0x55a57297a145 - std::sys_common::backtrace::print::h54ca9458b876c8bf
[INFO] [stdout]                                at /rustc/84c898d65adf2f39a5a98507f1fe0ce10a2b8dbc/library/std/src/sys_common/backtrace.rs:34:9
[INFO] [stdout]    8:     0x55a57297bf0f - std::panicking::default_hook::{{closure}}::hbe471161c7664ed6
[INFO] [stdout]                                at /rustc/84c898d65adf2f39a5a98507f1fe0ce10a2b8dbc/library/std/src/panicking.rs:271:22
[INFO] [stdout]    9:     0x55a57297bbcf - std::panicking::default_hook::ha3500da57aa4ac4f
[INFO] [stdout]                                at /rustc/84c898d65adf2f39a5a98507f1fe0ce10a2b8dbc/library/std/src/panicking.rs:287:9
[INFO] [stdout]   10:     0x55a5727b6d57 - <alloc::boxed::Box<F,A> as core::ops::function::Fn<Args>>::call::hdf1b89dd137ece34
[INFO] [stdout]                                at /rustc/84c898d65adf2f39a5a98507f1fe0ce10a2b8dbc/library/alloc/src/boxed.rs:2001:9
[INFO] [stdout]   11:     0x55a5727b6d57 - test::test_main::{{closure}}::h9081a79f20e75698
[INFO] [stdout]                                at /rustc/84c898d65adf2f39a5a98507f1fe0ce10a2b8dbc/library/test/src/lib.rs:135:21
[INFO] [stdout]   12:     0x55a57297c63d - <alloc::boxed::Box<F,A> as core::ops::function::Fn<Args>>::call::h6507bddc3eebb4a5
[INFO] [stdout]                                at /rustc/84c898d65adf2f39a5a98507f1fe0ce10a2b8dbc/library/alloc/src/boxed.rs:2001:9
[INFO] [stdout]   13:     0x55a57297c63d - std::panicking::rust_panic_with_hook::h50c09d000dc561d2
[INFO] [stdout]                                at /rustc/84c898d65adf2f39a5a98507f1fe0ce10a2b8dbc/library/std/src/panicking.rs:696:13
[INFO] [stdout]   14:     0x55a57297c3b9 - std::panicking::begin_panic_handler::{{closure}}::h9e2b2176e00e0d9c
[INFO] [stdout]                                at /rustc/84c898d65adf2f39a5a98507f1fe0ce10a2b8dbc/library/std/src/panicking.rs:583:13
[INFO] [stdout]   15:     0x55a57297a7e6 - std::sys_common::backtrace::__rust_end_short_backtrace::h5739b8e512c09d02
[INFO] [stdout]                                at /rustc/84c898d65adf2f39a5a98507f1fe0ce10a2b8dbc/library/std/src/sys_common/backtrace.rs:150:18
[INFO] [stdout]   16:     0x55a57297c0c2 - rust_begin_unwind
[INFO] [stdout]                                at /rustc/84c898d65adf2f39a5a98507f1fe0ce10a2b8dbc/library/std/src/panicking.rs:579:5
[INFO] [stdout]   17:     0x55a572601763 - core::panicking::panic_fmt::hf33a1475b4dc5c3e
[INFO] [stdout]                                at /rustc/84c898d65adf2f39a5a98507f1fe0ce10a2b8dbc/library/core/src/panicking.rs:64:14
[INFO] [stdout]   18:     0x55a572601a9f - core::panicking::assert_failed_inner::haf9816227b20b6f2
[INFO] [stdout]   19:     0x55a57260e3aa - core::panicking::assert_failed::h2dc4b6e13796ca7f
[INFO] [stdout]                                at /rustc/84c898d65adf2f39a5a98507f1fe0ce10a2b8dbc/library/core/src/panicking.rs:211:5
[INFO] [stdout]   20:     0x55a572704425 - brain::server::tests::save_cannot_rotate::{{closure}}::hc9f08874844cc619
[INFO] [stdout]                                at /opt/rustwide/workdir/crates/brain/src/server/tests.rs:247:5
[INFO] [stdout]   21:     0x55a5726a66c8 - tokio::runtime::basic_scheduler::BasicScheduler<P>::block_on::h1d399a3eadb18604
[INFO] [stdout]                                at /opt/rustwide/cargo-home/registry/src/github.com-1ecc6299db9ec823/tokio-0.2.13/src/runtime/basic_scheduler.rs:138:31
[INFO] [stdout]   22:     0x55a57262a372 - tokio::runtime::Runtime::block_on::{{closure}}::hfbea37293072bc7c
[INFO] [stdout]                                at /opt/rustwide/cargo-home/registry/src/github.com-1ecc6299db9ec823/tokio-0.2.13/src/runtime/mod.rs:413:34
[INFO] [stdout]   23:     0x55a572679f46 - tokio::runtime::context::enter::h7aeb9f23178ff739
[INFO] [stdout]                                at /opt/rustwide/cargo-home/registry/src/github.com-1ecc6299db9ec823/tokio-0.2.13/src/runtime/context.rs:72:5
[INFO] [stdout]   24:     0x55a5726f88da - tokio::runtime::handle::Handle::enter::h8528f053297962bb
[INFO] [stdout]                                at /opt/rustwide/cargo-home/registry/src/github.com-1ecc6299db9ec823/tokio-0.2.13/src/runtime/handle.rs:34:9
[INFO] [stdout]   25:     0x55a572628dbe - tokio::runtime::Runtime::block_on::hcc57cb3b0169cf15
[INFO] [stdout]                                at /opt/rustwide/cargo-home/registry/src/github.com-1ecc6299db9ec823/tokio-0.2.13/src/runtime/mod.rs:410:9
[INFO] [stdout]   26:     0x55a572703930 - brain::server::tests::save_cannot_rotate::h80acbd54e1bbe14b
[INFO] [stdout]                                at /opt/rustwide/workdir/crates/brain/src/server/tests.rs:228:1
[INFO] [stdout]   27:     0x55a572703817 - brain::server::tests::save_cannot_rotate::{{closure}}::h82ef1fa5baa739f9
[INFO] [stdout]                                at /opt/rustwide/workdir/crates/brain/src/server/tests.rs:228:1
[INFO] [stdout]   28:     0x55a572666005 - core::ops::function::FnOnce::call_once::h98d6d85e397cbeab
[INFO] [stdout]                                at /rustc/84c898d65adf2f39a5a98507f1fe0ce10a2b8dbc/library/core/src/ops/function.rs:250:5
[INFO] [stdout]   29:     0x55a5727bc13f - core::ops::function::FnOnce::call_once::h7d969581be7d0075
[INFO] [stdout]                                at /rustc/84c898d65adf2f39a5a98507f1fe0ce10a2b8dbc/library/core/src/ops/function.rs:250:5
[INFO] [stdout]   30:     0x55a5727bc13f - test::__rust_begin_short_backtrace::hca25a52684e56655
[INFO] [stdout]                                at /rustc/84c898d65adf2f39a5a98507f1fe0ce10a2b8dbc/library/test/src/lib.rs:656:18
[INFO] [stdout]   31:     0x55a57278d75c - test::run_test::{{closure}}::ha8ac744c4af1a4bb
[INFO] [stdout]                                at /rustc/84c898d65adf2f39a5a98507f1fe0ce10a2b8dbc/library/test/src/lib.rs:647:30
[INFO] [stdout]   32:     0x55a57278d75c - core::ops::function::FnOnce::call_once{{vtable.shim}}::h7b411a9ed45bdecf
[INFO] [stdout]                                at /rustc/84c898d65adf2f39a5a98507f1fe0ce10a2b8dbc/library/core/src/ops/function.rs:250:5
[INFO] [stdout]   33:     0x55a5727bb106 - <alloc::boxed::Box<F,A> as core::ops::function::FnOnce<Args>>::call_once::hd05328869a8ed200
[INFO] [stdout]                                at /rustc/84c898d65adf2f39a5a98507f1fe0ce10a2b8dbc/library/alloc/src/boxed.rs:1987:9
[INFO] [stdout]   34:     0x55a5727bb106 - <core::panic::unwind_safe::AssertUnwindSafe<F> as core::ops::function::FnOnce<()>>::call_once::h0c601ce20bd5b2be
[INFO] [stdout]                                at /rustc/84c898d65adf2f39a5a98507f1fe0ce10a2b8dbc/library/core/src/panic/unwind_safe.rs:271:9
[INFO] [stdout]   35:     0x55a5727bb106 - std::panicking::try::do_call::ha4be5c164fe30854
[INFO] [stdout]                                at /rustc/84c898d65adf2f39a5a98507f1fe0ce10a2b8dbc/library/std/src/panicking.rs:487:40
[INFO] [stdout]   36:     0x55a5727bb106 - std::panicking::try::h604546f3609af05f
[INFO] [stdout]                                at /rustc/84c898d65adf2f39a5a98507f1fe0ce10a2b8dbc/library/std/src/panicking.rs:451:19
[INFO] [stdout]   37:     0x55a5727bb106 - std::panic::catch_unwind::h5bfa8afe44c9c2f9
[INFO] [stdout]                                at /rustc/84c898d65adf2f39a5a98507f1fe0ce10a2b8dbc/library/std/src/panic.rs:140:14
[INFO] [stdout]   38:     0x55a5727bb106 - test::run_test_in_process::hd50dee55dd63e6aa
[INFO] [stdout]                                at /rustc/84c898d65adf2f39a5a98507f1fe0ce10a2b8dbc/library/test/src/lib.rs:679:27
[INFO] [stdout]   39:     0x55a5727bb106 - test::run_test::run_test_inner::{{closure}}::h4aa0f433aa85cea8
[INFO] [stdout]                                at /rustc/84c898d65adf2f39a5a98507f1fe0ce10a2b8dbc/library/test/src/lib.rs:573:39
[INFO] [stdout]   40:     0x55a572787dd1 - test::run_test::run_test_inner::{{closure}}::had56431adf24b4d6
[INFO] [stdout]                                at /rustc/84c898d65adf2f39a5a98507f1fe0ce10a2b8dbc/library/test/src/lib.rs:600:37
[INFO] [stdout]   41:     0x55a572787dd1 - std::sys_common::backtrace::__rust_begin_short_backtrace::ha8d9890e0c73bf13
[INFO] [stdout]                                at /rustc/84c898d65adf2f39a5a98507f1fe0ce10a2b8dbc/library/std/src/sys_common/backtrace.rs:134:18
[INFO] [stdout]   42:     0x55a57278d7eb - std::thread::Builder::spawn_unchecked_::{{closure}}::{{closure}}::h251832bcb4a95327
[INFO] [stdout]                                at /rustc/84c898d65adf2f39a5a98507f1fe0ce10a2b8dbc/library/std/src/thread/mod.rs:560:17
[INFO] [stdout]   43:     0x55a57278d7eb - <core::panic::unwind_safe::AssertUnwindSafe<F> as core::ops::function::FnOnce<()>>::call_once::h8fdff598fa414831
[INFO] [stdout]                                at /rustc/84c898d65adf2f39a5a98507f1fe0ce10a2b8dbc/library/core/src/panic/unwind_safe.rs:271:9
[INFO] [stdout]   44:     0x55a57278d7eb - std::panicking::try::do_call::h455dd2f7764a950f
[INFO] [stdout]                                at /rustc/84c898d65adf2f39a5a98507f1fe0ce10a2b8dbc/library/std/src/panicking.rs:487:40
[INFO] [stdout]   45:     0x55a57278d7eb - std::panicking::try::had6f23b7b73ae72a
[INFO] [stdout]                                at /rustc/84c898d65adf2f39a5a98507f1fe0ce10a2b8dbc/library/std/src/panicking.rs:451:19
[INFO] [stdout]   46:     0x55a57278d7eb - std::panic::catch_unwind::ha6a5ca3915b4dad0
[INFO] [stdout]                                at /rustc/84c898d65adf2f39a5a98507f1fe0ce10a2b8dbc/library/std/src/panic.rs:140:14
[INFO] [stdout]   47:     0x55a57278d7eb - std::thread::Builder::spawn_unchecked_::{{closure}}::h883b72ef75da6231
[INFO] [stdout]                                at /rustc/84c898d65adf2f39a5a98507f1fe0ce10a2b8dbc/library/std/src/thread/mod.rs:559:30
[INFO] [stdout]   48:     0x55a57278d7eb - core::ops::function::FnOnce::call_once{{vtable.shim}}::hb7dff73dc8bd2ccb
[INFO] [stdout]                                at /rustc/84c898d65adf2f39a5a98507f1fe0ce10a2b8dbc/library/core/src/ops/function.rs:250:5
[INFO] [stdout]   49:     0x55a5729814a3 - <alloc::boxed::Box<F,A> as core::ops::function::FnOnce<Args>>::call_once::h39990b24eedef2ab
[INFO] [stdout]                                at /rustc/84c898d65adf2f39a5a98507f1fe0ce10a2b8dbc/library/alloc/src/boxed.rs:1987:9
[INFO] [stdout]   50:     0x55a5729814a3 - <alloc::boxed::Box<F,A> as core::ops::function::FnOnce<Args>>::call_once::h01a027258444143b
[INFO] [stdout]                                at /rustc/84c898d65adf2f39a5a98507f1fe0ce10a2b8dbc/library/alloc/src/boxed.rs:1987:9
[INFO] [stdout]   51:     0x55a5729814a3 - std::sys::unix::thread::Thread::new::thread_start::ha4f1cdd9c25884ba
[INFO] [stdout]                                at /rustc/84c898d65adf2f39a5a98507f1fe0ce10a2b8dbc/library/std/src/sys/unix/thread.rs:108:17
[INFO] [stdout]   52:     0x7f2fec805b43 - <unknown>
[INFO] [stdout]   53:     0x7f2fec896bb4 - __clone
[INFO] [stdout]   54:                0x0 - <unknown>
[INFO] [stdout] 
[INFO] [stdout] ---- server::tests::save_cannnot_save stdout ----
[INFO] [stdout] thread 'server::tests::save_cannnot_save' panicked at 'assertion failed: `(left == right)`
[INFO] [stdout]   left: `200`,
[INFO] [stdout]  right: `400`', crates/brain/src/server/tests.rs:311:5
[INFO] [stdout] stack backtrace:
[INFO] [stdout]    0:     0x55a57297a37a - std::backtrace_rs::backtrace::libunwind::trace::ha9053a9a07ca49cb
[INFO] [stdout]                                at /rustc/84c898d65adf2f39a5a98507f1fe0ce10a2b8dbc/library/std/src/../../backtrace/src/backtrace/libunwind.rs:93:5
[INFO] [stdout]    1:     0x55a57297a37a - std::backtrace_rs::backtrace::trace_unsynchronized::h9c2852a457ad564e
[INFO] [stdout]                                at /rustc/84c898d65adf2f39a5a98507f1fe0ce10a2b8dbc/library/std/src/../../backtrace/src/backtrace/mod.rs:66:5
[INFO] [stdout]    2:     0x55a57297a37a - std::sys_common::backtrace::_print_fmt::h457936fbfaa0070f
[INFO] [stdout]                                at /rustc/84c898d65adf2f39a5a98507f1fe0ce10a2b8dbc/library/std/src/sys_common/backtrace.rs:65:5
[INFO] [stdout]    3:     0x55a57297a37a - <std::sys_common::backtrace::_print::DisplayBacktrace as core::fmt::Display>::fmt::h5779d7bf7f70cb0c
[INFO] [stdout]                                at /rustc/84c898d65adf2f39a5a98507f1fe0ce10a2b8dbc/library/std/src/sys_common/backtrace.rs:44:22
[INFO] [stdout]    4:     0x55a57299f9ce - core::fmt::write::h5a4baaff1bcd3eb5
[INFO] [stdout]                                at /rustc/84c898d65adf2f39a5a98507f1fe0ce10a2b8dbc/library/core/src/fmt/mod.rs:1232:17
[INFO] [stdout]    5:     0x55a572977225 - std::io::Write::write_fmt::h478f79c628ef31d1
[INFO] [stdout]                                at /rustc/84c898d65adf2f39a5a98507f1fe0ce10a2b8dbc/library/std/src/io/mod.rs:1684:15
[INFO] [stdout]    6:     0x55a57297a145 - std::sys_common::backtrace::_print::h5fcdc36060f177e8
[INFO] [stdout]                                at /rustc/84c898d65adf2f39a5a98507f1fe0ce10a2b8dbc/library/std/src/sys_common/backtrace.rs:47:5
[INFO] [stdout]    7:     0x55a57297a145 - std::sys_common::backtrace::print::h54ca9458b876c8bf
[INFO] [stdout]                                at /rustc/84c898d65adf2f39a5a98507f1fe0ce10a2b8dbc/library/std/src/sys_common/backtrace.rs:34:9
[INFO] [stdout]    8:     0x55a57297bf0f - std::panicking::default_hook::{{closure}}::hbe471161c7664ed6
[INFO] [stdout]                                at /rustc/84c898d65adf2f39a5a98507f1fe0ce10a2b8dbc/library/std/src/panicking.rs:271:22
[INFO] [stdout]    9:     0x55a57297bbcf - std::panicking::default_hook::ha3500da57aa4ac4f
[INFO] [stdout]                                at /rustc/84c898d65adf2f39a5a98507f1fe0ce10a2b8dbc/library/std/src/panicking.rs:287:9
[INFO] [stdout]   10:     0x55a5727b6d57 - <alloc::boxed::Box<F,A> as core::ops::function::Fn<Args>>::call::hdf1b89dd137ece34
[INFO] [stdout]                                at /rustc/84c898d65adf2f39a5a98507f1fe0ce10a2b8dbc/library/alloc/src/boxed.rs:2001:9
[INFO] [stdout]   11:     0x55a5727b6d57 - test::test_main::{{closure}}::h9081a79f20e75698
[INFO] [stdout]                                at /rustc/84c898d65adf2f39a5a98507f1fe0ce10a2b8dbc/library/test/src/lib.rs:135:21
[INFO] [stdout]   12:     0x55a57297c63d - <alloc::boxed::Box<F,A> as core::ops::function::Fn<Args>>::call::h6507bddc3eebb4a5
[INFO] [stdout]                                at /rustc/84c898d65adf2f39a5a98507f1fe0ce10a2b8dbc/library/alloc/src/boxed.rs:2001:9
[INFO] [stdout]   13:     0x55a57297c63d - std::panicking::rust_panic_with_hook::h50c09d000dc561d2
[INFO] [stdout]                                at /rustc/84c898d65adf2f39a5a98507f1fe0ce10a2b8dbc/library/std/src/panicking.rs:696:13
[INFO] [stdout]   14:     0x55a57297c3b9 - std::panicking::begin_panic_handler::{{closure}}::h9e2b2176e00e0d9c
[INFO] [stdout]                                at /rustc/84c898d65adf2f39a5a98507f1fe0ce10a2b8dbc/library/std/src/panicking.rs:583:13
[INFO] [stdout]   15:     0x55a57297a7e6 - std::sys_common::backtrace::__rust_end_short_backtrace::h5739b8e512c09d02
[INFO] [stdout]                                at /rustc/84c898d65adf2f39a5a98507f1fe0ce10a2b8dbc/library/std/src/sys_common/backtrace.rs:150:18
[INFO] [stdout]   16:     0x55a57297c0c2 - rust_begin_unwind
[INFO] [stdout]                                at /rustc/84c898d65adf2f39a5a98507f1fe0ce10a2b8dbc/library/std/src/panicking.rs:579:5
[INFO] [stdout]   17:     0x55a572601763 - core::panicking::panic_fmt::hf33a1475b4dc5c3e
[INFO] [stdout]                                at /rustc/84c898d65adf2f39a5a98507f1fe0ce10a2b8dbc/library/core/src/panicking.rs:64:14
[INFO] [stdout]   18:     0x55a572601a9f - core::panicking::assert_failed_inner::haf9816227b20b6f2
[INFO] [stdout]   19:     0x55a57260e3aa - core::panicking::assert_failed::h2dc4b6e13796ca7f
[INFO] [stdout]                                at /rustc/84c898d65adf2f39a5a98507f1fe0ce10a2b8dbc/library/core/src/panicking.rs:211:5
[INFO] [stdout]   20:     0x55a5727067a5 - brain::server::tests::save_cannnot_save::{{closure}}::h75781c69d7134e8d
[INFO] [stdout]                                at /opt/rustwide/workdir/crates/brain/src/server/tests.rs:311:5
[INFO] [stdout]   21:     0x55a5726a8718 - tokio::runtime::basic_scheduler::BasicScheduler<P>::block_on::h7e5760f29a370e01
[INFO] [stdout]                                at /opt/rustwide/cargo-home/registry/src/github.com-1ecc6299db9ec823/tokio-0.2.13/src/runtime/basic_scheduler.rs:138:31
[INFO] [stdout]   22:     0x55a572628ef2 - tokio::runtime::Runtime::block_on::{{closure}}::h05cdeb517608b834
[INFO] [stdout]                                at /opt/rustwide/cargo-home/registry/src/github.com-1ecc6299db9ec823/tokio-0.2.13/src/runtime/mod.rs:413:34
[INFO] [stdout]   23:     0x55a5726796c6 - tokio::runtime::context::enter::h2c0289c69e6ecf7e
[INFO] [stdout]                                at /opt/rustwide/cargo-home/registry/src/github.com-1ecc6299db9ec823/tokio-0.2.13/src/runtime/context.rs:72:5
[INFO] [stdout]   24:     0x55a5726f8eda - tokio::runtime::handle::Handle::enter::hf0cbb2a4638f7a81
[INFO] [stdout]                                at /opt/rustwide/cargo-home/registry/src/github.com-1ecc6299db9ec823/tokio-0.2.13/src/runtime/handle.rs:34:9
[INFO] [stdout]   25:     0x55a5726287be - tokio::runtime::Runtime::block_on::h0dfc0dd707c6b1f4
[INFO] [stdout]                                at /opt/rustwide/cargo-home/registry/src/github.com-1ecc6299db9ec823/tokio-0.2.13/src/runtime/mod.rs:410:9
[INFO] [stdout]   26:     0x55a572705a60 - brain::server::tests::save_cannnot_save::h8ed407bfe65c0667
[INFO] [stdout]                                at /opt/rustwide/workdir/crates/brain/src/server/tests.rs:287:1
[INFO] [stdout]   27:     0x55a572705947 - brain::server::tests::save_cannnot_save::{{closure}}::h1ef98c45f0b36ad7
[INFO] [stdout]                                at /opt/rustwide/workdir/crates/brain/src/server/tests.rs:287:1
[INFO] [stdout]   28:     0x55a572666545 - core::ops::function::FnOnce::call_once::he782e8b04179c5ad
[INFO] [stdout]                                at /rustc/84c898d65adf2f39a5a98507f1fe0ce10a2b8dbc/library/core/src/ops/function.rs:250:5
[INFO] [stdout]   29:     0x55a5727bc13f - core::ops::function::FnOnce::call_once::h7d969581be7d0075
[INFO] [stdout]                                at /rustc/84c898d65adf2f39a5a98507f1fe0ce10a2b8dbc/library/core/src/ops/function.rs:250:5
[INFO] [stdout]   30:     0x55a5727bc13f - test::__rust_begin_short_backtrace::hca25a52684e56655
[INFO] [stdout]                                at /rustc/84c898d65adf2f39a5a98507f1fe0ce10a2b8dbc/library/test/src/lib.rs:656:18
[INFO] [stdout]   31:     0x55a57278d75c - test::run_test::{{closure}}::ha8ac744c4af1a4bb
[INFO] [stdout]                                at /rustc/84c898d65adf2f39a5a98507f1fe0ce10a2b8dbc/library/test/src/lib.rs:647:30
[INFO] [stdout]   32:     0x55a57278d75c - core::ops::function::FnOnce::call_once{{vtable.shim}}::h7b411a9ed45bdecf
[INFO] [stdout]                                at /rustc/84c898d65adf2f39a5a98507f1fe0ce10a2b8dbc/library/core/src/ops/function.rs:250:5
[INFO] [stdout]   33:     0x55a5727bb106 - <alloc::boxed::Box<F,A> as core::ops::function::FnOnce<Args>>::call_once::hd05328869a8ed200
[INFO] [stdout]                                at /rustc/84c898d65adf2f39a5a98507f1fe0ce10a2b8dbc/library/alloc/src/boxed.rs:1987:9
[INFO] [stdout]   34:     0x55a5727bb106 - <core::panic::unwind_safe::AssertUnwindSafe<F> as core::ops::function::FnOnce<()>>::call_once::h0c601ce20bd5b2be
[INFO] [stdout]                                at /rustc/84c898d65adf2f39a5a98507f1fe0ce10a2b8dbc/library/core/src/panic/unwind_safe.rs:271:9
[INFO] [stdout]   35:     0x55a5727bb106 - std::panicking::try::do_call::ha4be5c164fe30854
[INFO] [stdout]                                at /rustc/84c898d65adf2f39a5a98507f1fe0ce10a2b8dbc/library/std/src/panicking.rs:487:40
[INFO] [stdout]   36:     0x55a5727bb106 - std::panicking::try::h604546f3609af05f
[INFO] [stdout]                                at /rustc/84c898d65adf2f39a5a98507f1fe0ce10a2b8dbc/library/std/src/panicking.rs:451:19
[INFO] [stdout]   37:     0x55a5727bb106 - std::panic::catch_unwind::h5bfa8afe44c9c2f9
[INFO] [stdout]                                at /rustc/84c898d65adf2f39a5a98507f1fe0ce10a2b8dbc/library/std/src/panic.rs:140:14
[INFO] [stdout]   38:     0x55a5727bb106 - test::run_test_in_process::hd50dee55dd63e6aa
[INFO] [stdout]                                at /rustc/84c898d65adf2f39a5a98507f1fe0ce10a2b8dbc/library/test/src/lib.rs:679:27
[INFO] [stdout]   39:     0x55a5727bb106 - test::run_test::run_test_inner::{{closure}}::h4aa0f433aa85cea8
[INFO] [stdout]                                at /rustc/84c898d65adf2f39a5a98507f1fe0ce10a2b8dbc/library/test/src/lib.rs:573:39
[INFO] [stdout]   40:     0x55a572787dd1 - test::run_test::run_test_inner::{{closure}}::had56431adf24b4d6
[INFO] [stdout]                                at /rustc/84c898d65adf2f39a5a98507f1fe0ce10a2b8dbc/library/test/src/lib.rs:600:37
[INFO] [stdout]   41:     0x55a572787dd1 - std::sys_common::backtrace::__rust_begin_short_backtrace::ha8d9890e0c73bf13
[INFO] [stdout]                                at /rustc/84c898d65adf2f39a5a98507f1fe0ce10a2b8dbc/library/std/src/sys_common/backtrace.rs:134:18
[INFO] [stdout]   42:     0x55a57278d7eb - std::thread::Builder::spawn_unchecked_::{{closure}}::{{closure}}::h251832bcb4a95327
[INFO] [stdout]                                at /rustc/84c898d65adf2f39a5a98507f1fe0ce10a2b8dbc/library/std/src/thread/mod.rs:560:17
[INFO] [stdout]   43:     0x55a57278d7eb - <core::panic::unwind_safe::AssertUnwindSafe<F> as core::ops::function::FnOnce<()>>::call_once::h8fdff598fa414831
[INFO] [stdout]                                at /rustc/84c898d65adf2f39a5a98507f1fe0ce10a2b8dbc/library/core/src/panic/unwind_safe.rs:271:9
[INFO] [stdout]   44:     0x55a57278d7eb - std::panicking::try::do_call::h455dd2f7764a950f
[INFO] [stdout]                                at /rustc/84c898d65adf2f39a5a98507f1fe0ce10a2b8dbc/library/std/src/panicking.rs:487:40
[INFO] [stdout]   45:     0x55a57278d7eb - std::panicking::try::had6f23b7b73ae72a
[INFO] [stdout]                                at /rustc/84c898d65adf2f39a5a98507f1fe0ce10a2b8dbc/library/std/src/panicking.rs:451:19
[INFO] [stdout]   46:     0x55a57278d7eb - std::panic::catch_unwind::ha6a5ca3915b4dad0
[INFO] [stdout]                                at /rustc/84c898d65adf2f39a5a98507f1fe0ce10a2b8dbc/library/std/src/panic.rs:140:14
[INFO] [stdout]   47:     0x55a57278d7eb - std::thread::Builder::spawn_unchecked_::{{closure}}::h883b72ef75da6231
[INFO] [stdout]                                at /rustc/84c898d65adf2f39a5a98507f1fe0ce10a2b8dbc/library/std/src/thread/mod.rs:559:30
[INFO] [stdout]   48:     0x55a57278d7eb - core::ops::function::FnOnce::call_once{{vtable.shim}}::hb7dff73dc8bd2ccb
[INFO] [stdout]                                at /rustc/84c898d65adf2f39a5a98507f1fe0ce10a2b8dbc/library/core/src/ops/function.rs:250:5
[INFO] [stdout]   49:     0x55a5729814a3 - <alloc::boxed::Box<F,A> as core::ops::function::FnOnce<Args>>::call_once::h39990b24eedef2ab
[INFO] [stdout]                                at /rustc/84c898d65adf2f39a5a98507f1fe0ce10a2b8dbc/library/alloc/src/boxed.rs:1987:9
[INFO] [stdout]   50:     0x55a5729814a3 - <alloc::boxed::Box<F,A> as core::ops::function::FnOnce<Args>>::call_once::h01a027258444143b
[INFO] [stdout]                                at /rustc/84c898d65adf2f39a5a98507f1fe0ce10a2b8dbc/library/alloc/src/boxed.rs:1987:9
[INFO] [stdout]   51:     0x55a5729814a3 - std::sys::unix::thread::Thread::new::thread_start::ha4f1cdd9c25884ba
[INFO] [stdout]                                at /rustc/84c898d65adf2f39a5a98507f1fe0ce10a2b8dbc/library/std/src/sys/unix/thread.rs:108:17
[INFO] [stdout]   52:     0x7f2fec805b43 - <unknown>
[INFO] [stdout]   53:     0x7f2fec896bb4 - __clone
[INFO] [stdout]   54:                0x0 - <unknown>
[INFO] [stdout] 
[INFO] [stdout] 
[INFO] [stdout] failures:
[INFO] [stdout]     server::tests::save_cannnot_save
[INFO] [stdout]     server::tests::save_cannot_rotate
[INFO] [stdout] 
[INFO] [stdout] test result: FAILED. 18 passed; 2 failed; 0 ignored; 0 measured; 0 filtered out; finished in 0.04s
[INFO] [stdout] 
[INFO] [stderr] error: test failed, to rerun pass `-p brain --bin brain`
[INFO] running `Command { std: "docker" "inspect" "c2aa6379415d37fe8557b2a0ed019759a3ac99bb204bf9f86943210e07647235", kill_on_drop: false }`
[INFO] running `Command { std: "docker" "rm" "-f" "c2aa6379415d37fe8557b2a0ed019759a3ac99bb204bf9f86943210e07647235", kill_on_drop: false }`
[INFO] [stdout] c2aa6379415d37fe8557b2a0ed019759a3ac99bb204bf9f86943210e07647235
