[INFO] cloning repository https://github.com/mtimmerkamp/adventofcode2020
[INFO] running `Command { std: "git" "-c" "credential.helper=" "-c" "credential.helper=/workspace/cargo-home/bin/git-credential-null" "clone" "--bare" "https://github.com/mtimmerkamp/adventofcode2020" "/workspace/cache/git-repos/https%3A%2F%2Fgithub.com%2Fmtimmerkamp%2Fadventofcode2020", kill_on_drop: false }`
[INFO] [stderr] Cloning into bare repository '/workspace/cache/git-repos/https%3A%2F%2Fgithub.com%2Fmtimmerkamp%2Fadventofcode2020'...
[INFO] running `Command { std: "git" "rev-parse" "HEAD", kill_on_drop: false }`
[INFO] [stdout] fa0cab01e94fe1cb38b56bfd9ae9d3ef78b878cc
[INFO] testing mtimmerkamp/adventofcode2020 against beta-2023-04-20 for beta-1.70-1
[INFO] running `Command { std: "git" "clone" "/workspace/cache/git-repos/https%3A%2F%2Fgithub.com%2Fmtimmerkamp%2Fadventofcode2020" "/workspace/builds/worker-1-tc2/source", kill_on_drop: false }`
[INFO] [stderr] Cloning into '/workspace/builds/worker-1-tc2/source'...
[INFO] [stderr] done.
[INFO] validating manifest of git repo https://github.com/mtimmerkamp/adventofcode2020 on toolchain beta-2023-04-20
[INFO] running `Command { std: CARGO_HOME="/workspace/cargo-home" RUSTUP_HOME="/workspace/rustup-home" "/workspace/cargo-home/bin/cargo" "+beta-2023-04-20" "metadata" "--manifest-path" "Cargo.toml" "--no-deps", kill_on_drop: false }`
[INFO] started tweaking git repo https://github.com/mtimmerkamp/adventofcode2020
[INFO] finished tweaking git repo https://github.com/mtimmerkamp/adventofcode2020
[INFO] tweaked toml for git repo https://github.com/mtimmerkamp/adventofcode2020 written to /workspace/builds/worker-1-tc2/source/Cargo.toml
[INFO] crate git repo https://github.com/mtimmerkamp/adventofcode2020 already has a lockfile, it will not be regenerated
[INFO] running `Command { std: CARGO_HOME="/workspace/cargo-home" RUSTUP_HOME="/workspace/rustup-home" "/workspace/cargo-home/bin/cargo" "+beta-2023-04-20" "fetch" "--manifest-path" "Cargo.toml", kill_on_drop: false }`
[INFO] [stderr]     Blocking waiting for file lock on package cache
[INFO] running `Command { std: "docker" "create" "-v" "/var/lib/crater-agent-workspace/builds/worker-1-tc2/target:/opt/rustwide/target:rw,Z" "-v" "/var/lib/crater-agent-workspace/builds/worker-1-tc2/source:/opt/rustwide/workdir:ro,Z" "-v" "/var/lib/crater-agent-workspace/cargo-home:/opt/rustwide/cargo-home:ro,Z" "-v" "/var/lib/crater-agent-workspace/rustup-home:/opt/rustwide/rustup-home:ro,Z" "-e" "SOURCE_DIR=/opt/rustwide/workdir" "-e" "CARGO_TARGET_DIR=/opt/rustwide/target" "-e" "CARGO_HOME=/opt/rustwide/cargo-home" "-e" "RUSTUP_HOME=/opt/rustwide/rustup-home" "-w" "/opt/rustwide/workdir" "-m" "1610612736" "--user" "0:0" "--network" "none" "ghcr.io/rust-lang/crates-build-env/linux@sha256:5ff2268d62e97bff2cde7d5815dd6ed5b47097566f13b8d0ca110b04b60e07ed" "/opt/rustwide/cargo-home/bin/cargo" "+beta-2023-04-20" "metadata" "--no-deps" "--format-version=1", kill_on_drop: false }`
[INFO] [stdout] 42d3ed0ec36ddad4fca046428032bfff991c71f4df10a0525e9f57e8613719c5
[INFO] running `Command { std: "docker" "start" "-a" "42d3ed0ec36ddad4fca046428032bfff991c71f4df10a0525e9f57e8613719c5", kill_on_drop: false }`
[INFO] running `Command { std: "docker" "inspect" "42d3ed0ec36ddad4fca046428032bfff991c71f4df10a0525e9f57e8613719c5", kill_on_drop: false }`
[INFO] running `Command { std: "docker" "rm" "-f" "42d3ed0ec36ddad4fca046428032bfff991c71f4df10a0525e9f57e8613719c5", kill_on_drop: false }`
[INFO] [stdout] 42d3ed0ec36ddad4fca046428032bfff991c71f4df10a0525e9f57e8613719c5
[INFO] running `Command { std: "docker" "create" "-v" "/var/lib/crater-agent-workspace/builds/worker-1-tc2/target:/opt/rustwide/target:rw,Z" "-v" "/var/lib/crater-agent-workspace/builds/worker-1-tc2/source:/opt/rustwide/workdir:ro,Z" "-v" "/var/lib/crater-agent-workspace/cargo-home:/opt/rustwide/cargo-home:ro,Z" "-v" "/var/lib/crater-agent-workspace/rustup-home:/opt/rustwide/rustup-home:ro,Z" "-e" "SOURCE_DIR=/opt/rustwide/workdir" "-e" "CARGO_TARGET_DIR=/opt/rustwide/target" "-e" "CARGO_INCREMENTAL=0" "-e" "RUST_BACKTRACE=full" "-e" "RUSTFLAGS=--cap-lints=warn" "-e" "RUSTDOCFLAGS=--cap-lints=warn" "-e" "CARGO_HOME=/opt/rustwide/cargo-home" "-e" "RUSTUP_HOME=/opt/rustwide/rustup-home" "-w" "/opt/rustwide/workdir" "-m" "1610612736" "--user" "0:0" "--network" "none" "ghcr.io/rust-lang/crates-build-env/linux@sha256:5ff2268d62e97bff2cde7d5815dd6ed5b47097566f13b8d0ca110b04b60e07ed" "/opt/rustwide/cargo-home/bin/cargo" "+beta-2023-04-20" "build" "--frozen" "--message-format=json", kill_on_drop: false }`
[INFO] [stdout] 59f3d2502426a3c0ba4e62b150fd842b9a773edfa8d793a9a3a1d4d7eb51a858
[INFO] running `Command { std: "docker" "start" "-a" "59f3d2502426a3c0ba4e62b150fd842b9a773edfa8d793a9a3a1d4d7eb51a858", kill_on_drop: false }`
[INFO] [stderr]    Compiling lazy_static v1.4.0
[INFO] [stderr]    Compiling adventofcode2020 v0.1.0 (/opt/rustwide/workdir)
[INFO] [stdout] warning: unnecessary trailing semicolon
[INFO] [stdout]   --> src/bin/day16.rs:60:6
[INFO] [stdout]    |
[INFO] [stdout] 60 |     };
[INFO] [stdout]    |      ^ help: remove this semicolon
[INFO] [stdout]    |
[INFO] [stdout]    = note: `#[warn(redundant_semicolons)]` on by default
[INFO] [stdout] 
[INFO] [stdout] 
[INFO] [stdout] warning: unreachable expression
[INFO] [stdout]    --> src/bin/day20.rs:280:13
[INFO] [stdout]     |
[INFO] [stdout] 279 |             panic!("Not implemented");
[INFO] [stdout]     |             ------------------------- any code following this expression is unreachable
[INFO] [stdout] 280 |             (-1, -1)
[INFO] [stdout]     |             ^^^^^^^^ unreachable expression
[INFO] [stdout]     |
[INFO] [stdout]     = note: `#[warn(unreachable_code)]` on by default
[INFO] [stdout] 
[INFO] [stdout] 
[INFO] [stdout] warning: value assigned to `id` is never read
[INFO] [stdout]    --> src/bin/day20.rs:219:17
[INFO] [stdout]     |
[INFO] [stdout] 219 |                 id = 0;
[INFO] [stdout]     |                 ^^
[INFO] [stdout]     |
[INFO] [stdout]     = help: maybe it is overwritten before being read?
[INFO] [stdout]     = note: `#[warn(unused_assignments)]` on by default
[INFO] [stdout] 
[INFO] [stdout] 
[INFO] [stdout] warning: enum `Position` is never used
[INFO] [stdout]  --> src/bin/day20.rs:8:6
[INFO] [stdout]   |
[INFO] [stdout] 8 | enum Position {
[INFO] [stdout]   |      ^^^^^^^^
[INFO] [stdout]   |
[INFO] [stdout]   = note: `#[warn(dead_code)]` on by default
[INFO] [stdout] 
[INFO] [stdout] 
[INFO] [stdout] warning: function `get_offset` is never used
[INFO] [stdout]   --> src/bin/day20.rs:15:4
[INFO] [stdout]    |
[INFO] [stdout] 15 | fn get_offset(pos: Position) -> (isize, isize) {
[INFO] [stdout]    |    ^^^^^^^^^^
[INFO] [stdout] 
[INFO] [stdout] 
[INFO] [stdout] warning: methods `flip_horizontal`, `flip_vertical`, `rotate`, and `touches` are never used
[INFO] [stdout]    --> src/bin/day20.rs:54:8
[INFO] [stdout]     |
[INFO] [stdout] 32  | impl Tile {
[INFO] [stdout]     | --------- methods in this implementation
[INFO] [stdout] ...
[INFO] [stdout] 54  |     fn flip_horizontal(&mut self) {
[INFO] [stdout]     |        ^^^^^^^^^^^^^^^
[INFO] [stdout] ...
[INFO] [stdout] 64  |     fn flip_vertical(&mut self) {
[INFO] [stdout]     |        ^^^^^^^^^^^^^
[INFO] [stdout] ...
[INFO] [stdout] 74  |     fn rotate(&mut self, angle: u8) {
[INFO] [stdout]     |        ^^^^^^
[INFO] [stdout] ...
[INFO] [stdout] 140 |     fn touches(&self, other: &Tile) -> Option<Position> {
[INFO] [stdout]     |        ^^^^^^^
[INFO] [stdout] 
[INFO] [stdout] 
[INFO] [stdout] warning: field `direction` is never read
[INFO] [stdout]   --> src/bin/day05.rs:18:5
[INFO] [stdout]    |
[INFO] [stdout] 17 | struct SeatRoutingError {
[INFO] [stdout]    |        ---------------- field in this struct
[INFO] [stdout] 18 |     direction: Direction,
[INFO] [stdout]    |     ^^^^^^^^^
[INFO] [stdout]    |
[INFO] [stdout]    = note: `SeatRoutingError` has a derived impl for the trait `Debug`, but this is intentionally ignored during dead code analysis
[INFO] [stdout]    = note: `#[warn(dead_code)]` on by default
[INFO] [stdout] 
[INFO] [stdout] 
[INFO] [stdout] warning: field `country_id` is never read
[INFO] [stdout]   --> src/bin/day04.rs:21:5
[INFO] [stdout]    |
[INFO] [stdout] 13 | struct Passport{
[INFO] [stdout]    |        -------- field in this struct
[INFO] [stdout] ...
[INFO] [stdout] 21 |     country_id: Option<String>,
[INFO] [stdout]    |     ^^^^^^^^^^
[INFO] [stdout]    |
[INFO] [stdout]    = note: `Passport` has a derived impl for the trait `Debug`, but this is intentionally ignored during dead code analysis
[INFO] [stdout]    = note: `#[warn(dead_code)]` on by default
[INFO] [stdout] 
[INFO] [stdout] 
[INFO] [stdout] warning: panic message is not a string literal
[INFO] [stdout]    --> src/bin/day05.rs:168:30
[INFO] [stdout]     |
[INFO] [stdout] 168 |             Err(e) => panic!(e),
[INFO] [stdout]     |                              ^
[INFO] [stdout]     |
[INFO] [stdout]     = note: this usage of `panic!()` is deprecated; it will be a hard error in Rust 2021
[INFO] [stdout]     = note: for more information, see <https://doc.rust-lang.org/nightly/edition-guide/rust-2021/panic-macro-consistency.html>
[INFO] [stdout]     = note: `#[warn(non_fmt_panics)]` on by default
[INFO] [stdout] help: add a "{:?}" format string to use the `Debug` implementation of `SeatRoutingError`
[INFO] [stdout]     |
[INFO] [stdout] 168 |             Err(e) => panic!("{:?}", e),
[INFO] [stdout]     |                              +++++++
[INFO] [stdout] help: or use std::panic::panic_any instead
[INFO] [stdout]     |
[INFO] [stdout] 168 |             Err(e) => std::panic::panic_any(e),
[INFO] [stdout]     |                       ~~~~~~~~~~~~~~~~~~~~~
[INFO] [stdout] 
[INFO] [stdout] 
[INFO] [stdout] warning: field `kind` is never read
[INFO] [stdout]   --> src/bin/day12.rs:78:5
[INFO] [stdout]    |
[INFO] [stdout] 77 | struct ActionParseError{
[INFO] [stdout]    |        ---------------- field in this struct
[INFO] [stdout] 78 |     kind: ActionErrorKind,
[INFO] [stdout]    |     ^^^^
[INFO] [stdout]    |
[INFO] [stdout]    = note: `ActionParseError` has a derived impl for the trait `Debug`, but this is intentionally ignored during dead code analysis
[INFO] [stdout]    = note: `#[warn(dead_code)]` on by default
[INFO] [stdout] 
[INFO] [stdout] 
[INFO] [stdout] warning: field `kind` is never read
[INFO] [stdout]   --> src/bin/day08.rs:43:5
[INFO] [stdout]    |
[INFO] [stdout] 42 | struct InstructionError {
[INFO] [stdout]    |        ---------------- field in this struct
[INFO] [stdout] 43 |     kind: InstructionErrorKind,
[INFO] [stdout]    |     ^^^^
[INFO] [stdout]    |
[INFO] [stdout]    = note: `InstructionError` has a derived impl for the trait `Debug`, but this is intentionally ignored during dead code analysis
[INFO] [stdout]    = note: `#[warn(dead_code)]` on by default
[INFO] [stdout] 
[INFO] [stdout] 
[INFO] [stdout] warning: field `kind` is never read
[INFO] [stdout]   --> src/bin/day08.rs:87:5
[INFO] [stdout]    |
[INFO] [stdout] 86 | struct ProcessorError {
[INFO] [stdout]    |        -------------- field in this struct
[INFO] [stdout] 87 |     kind: ProcessorErrorKind,
[INFO] [stdout]    |     ^^^^
[INFO] [stdout]    |
[INFO] [stdout]    = note: `ProcessorError` has a derived impl for the trait `Debug`, but this is intentionally ignored during dead code analysis
[INFO] [stdout] 
[INFO] [stdout] 
[INFO] [stdout] warning: 1 warning emitted
[INFO] [stdout] 
[INFO] [stdout] 
[INFO] [stdout] warning: 5 warnings emitted
[INFO] [stdout] 
[INFO] [stdout] 
[INFO] [stdout] warning: 2 warnings emitted
[INFO] [stdout] 
[INFO] [stdout] 
[INFO] [stdout] warning: 1 warning emitted
[INFO] [stdout] 
[INFO] [stdout] 
[INFO] [stdout] warning: 2 warnings emitted
[INFO] [stdout] 
[INFO] [stdout] 
[INFO] [stdout] warning: 1 warning emitted
[INFO] [stdout] 
[INFO] [stdout] 
[INFO] [stderr]     Finished dev [unoptimized + debuginfo] target(s) in 3.00s
[INFO] running `Command { std: "docker" "inspect" "59f3d2502426a3c0ba4e62b150fd842b9a773edfa8d793a9a3a1d4d7eb51a858", kill_on_drop: false }`
[INFO] running `Command { std: "docker" "rm" "-f" "59f3d2502426a3c0ba4e62b150fd842b9a773edfa8d793a9a3a1d4d7eb51a858", kill_on_drop: false }`
[INFO] [stdout] 59f3d2502426a3c0ba4e62b150fd842b9a773edfa8d793a9a3a1d4d7eb51a858
[INFO] running `Command { std: "docker" "create" "-v" "/var/lib/crater-agent-workspace/builds/worker-1-tc2/target:/opt/rustwide/target:rw,Z" "-v" "/var/lib/crater-agent-workspace/builds/worker-1-tc2/source:/opt/rustwide/workdir:ro,Z" "-v" "/var/lib/crater-agent-workspace/cargo-home:/opt/rustwide/cargo-home:ro,Z" "-v" "/var/lib/crater-agent-workspace/rustup-home:/opt/rustwide/rustup-home:ro,Z" "-e" "SOURCE_DIR=/opt/rustwide/workdir" "-e" "CARGO_TARGET_DIR=/opt/rustwide/target" "-e" "CARGO_INCREMENTAL=0" "-e" "RUST_BACKTRACE=full" "-e" "RUSTFLAGS=--cap-lints=warn" "-e" "RUSTDOCFLAGS=--cap-lints=warn" "-e" "CARGO_HOME=/opt/rustwide/cargo-home" "-e" "RUSTUP_HOME=/opt/rustwide/rustup-home" "-w" "/opt/rustwide/workdir" "-m" "1610612736" "--user" "0:0" "--network" "none" "ghcr.io/rust-lang/crates-build-env/linux@sha256:5ff2268d62e97bff2cde7d5815dd6ed5b47097566f13b8d0ca110b04b60e07ed" "/opt/rustwide/cargo-home/bin/cargo" "+beta-2023-04-20" "test" "--frozen" "--no-run" "--message-format=json", kill_on_drop: false }`
[INFO] [stdout] 44825fced6a095d7df303e5e2919faf1c8405225716123d3ad7df1e23db53534
[INFO] running `Command { std: "docker" "start" "-a" "44825fced6a095d7df303e5e2919faf1c8405225716123d3ad7df1e23db53534", kill_on_drop: false }`
[INFO] [stderr]    Compiling adventofcode2020 v0.1.0 (/opt/rustwide/workdir)
[INFO] [stdout] warning: unnecessary trailing semicolon
[INFO] [stdout]   --> src/bin/day16.rs:60:6
[INFO] [stdout]    |
[INFO] [stdout] 60 |     };
[INFO] [stdout]    |      ^ help: remove this semicolon
[INFO] [stdout]    |
[INFO] [stdout]    = note: `#[warn(redundant_semicolons)]` on by default
[INFO] [stdout] 
[INFO] [stdout] 
[INFO] [stdout] warning: field `kind` is never read
[INFO] [stdout]   --> src/bin/day12.rs:78:5
[INFO] [stdout]    |
[INFO] [stdout] 77 | struct ActionParseError{
[INFO] [stdout]    |        ---------------- field in this struct
[INFO] [stdout] 78 |     kind: ActionErrorKind,
[INFO] [stdout]    |     ^^^^
[INFO] [stdout]    |
[INFO] [stdout]    = note: `ActionParseError` has a derived impl for the trait `Debug`, but this is intentionally ignored during dead code analysis
[INFO] [stdout]    = note: `#[warn(dead_code)]` on by default
[INFO] [stdout] 
[INFO] [stdout] 
[INFO] [stdout] warning: field `kind` is never read
[INFO] [stdout]   --> src/bin/day08.rs:43:5
[INFO] [stdout]    |
[INFO] [stdout] 42 | struct InstructionError {
[INFO] [stdout]    |        ---------------- field in this struct
[INFO] [stdout] 43 |     kind: InstructionErrorKind,
[INFO] [stdout]    |     ^^^^
[INFO] [stdout]    |
[INFO] [stdout]    = note: `InstructionError` has a derived impl for the trait `Debug`, but this is intentionally ignored during dead code analysis
[INFO] [stdout]    = note: `#[warn(dead_code)]` on by default
[INFO] [stdout] 
[INFO] [stdout] 
[INFO] [stdout] warning: field `kind` is never read
[INFO] [stdout]   --> src/bin/day08.rs:87:5
[INFO] [stdout]    |
[INFO] [stdout] 86 | struct ProcessorError {
[INFO] [stdout]    |        -------------- field in this struct
[INFO] [stdout] 87 |     kind: ProcessorErrorKind,
[INFO] [stdout]    |     ^^^^
[INFO] [stdout]    |
[INFO] [stdout]    = note: `ProcessorError` has a derived impl for the trait `Debug`, but this is intentionally ignored during dead code analysis
[INFO] [stdout] 
[INFO] [stdout] 
[INFO] [stdout] warning: field `direction` is never read
[INFO] [stdout]   --> src/bin/day05.rs:18:5
[INFO] [stdout]    |
[INFO] [stdout] 17 | struct SeatRoutingError {
[INFO] [stdout]    |        ---------------- field in this struct
[INFO] [stdout] 18 |     direction: Direction,
[INFO] [stdout]    |     ^^^^^^^^^
[INFO] [stdout]    |
[INFO] [stdout]    = note: `SeatRoutingError` has a derived impl for the trait `Debug`, but this is intentionally ignored during dead code analysis
[INFO] [stdout]    = note: `#[warn(dead_code)]` on by default
[INFO] [stdout] 
[INFO] [stdout] 
[INFO] [stdout] warning: panic message is not a string literal
[INFO] [stdout]    --> src/bin/day05.rs:168:30
[INFO] [stdout]     |
[INFO] [stdout] 168 |             Err(e) => panic!(e),
[INFO] [stdout]     |                              ^
[INFO] [stdout]     |
[INFO] [stdout]     = note: this usage of `panic!()` is deprecated; it will be a hard error in Rust 2021
[INFO] [stdout]     = note: for more information, see <https://doc.rust-lang.org/nightly/edition-guide/rust-2021/panic-macro-consistency.html>
[INFO] [stdout]     = note: `#[warn(non_fmt_panics)]` on by default
[INFO] [stdout] help: add a "{:?}" format string to use the `Debug` implementation of `SeatRoutingError`
[INFO] [stdout]     |
[INFO] [stdout] 168 |             Err(e) => panic!("{:?}", e),
[INFO] [stdout]     |                              +++++++
[INFO] [stdout] help: or use std::panic::panic_any instead
[INFO] [stdout]     |
[INFO] [stdout] 168 |             Err(e) => std::panic::panic_any(e),
[INFO] [stdout]     |                       ~~~~~~~~~~~~~~~~~~~~~
[INFO] [stdout] 
[INFO] [stdout] 
[INFO] [stdout] warning: field `country_id` is never read
[INFO] [stdout]   --> src/bin/day04.rs:21:5
[INFO] [stdout]    |
[INFO] [stdout] 13 | struct Passport{
[INFO] [stdout]    |        -------- field in this struct
[INFO] [stdout] ...
[INFO] [stdout] 21 |     country_id: Option<String>,
[INFO] [stdout]    |     ^^^^^^^^^^
[INFO] [stdout]    |
[INFO] [stdout]    = note: `Passport` has a derived impl for the trait `Debug`, but this is intentionally ignored during dead code analysis
[INFO] [stdout]    = note: `#[warn(dead_code)]` on by default
[INFO] [stdout] 
[INFO] [stdout] 
[INFO] [stdout] warning: 2 warnings emitted
[INFO] [stdout] 
[INFO] [stdout] 
[INFO] [stdout] warning: 1 warning emitted
[INFO] [stdout] 
[INFO] [stdout] 
[INFO] [stdout] warning: unreachable expression
[INFO] [stdout]    --> src/bin/day20.rs:280:13
[INFO] [stdout]     |
[INFO] [stdout] 279 |             panic!("Not implemented");
[INFO] [stdout]     |             ------------------------- any code following this expression is unreachable
[INFO] [stdout] 280 |             (-1, -1)
[INFO] [stdout]     |             ^^^^^^^^ unreachable expression
[INFO] [stdout]     |
[INFO] [stdout]     = note: `#[warn(unreachable_code)]` on by default
[INFO] [stdout] 
[INFO] [stdout] 
[INFO] [stdout] warning: value assigned to `id` is never read
[INFO] [stdout]    --> src/bin/day20.rs:219:17
[INFO] [stdout]     |
[INFO] [stdout] 219 |                 id = 0;
[INFO] [stdout]     |                 ^^
[INFO] [stdout]     |
[INFO] [stdout]     = help: maybe it is overwritten before being read?
[INFO] [stdout]     = note: `#[warn(unused_assignments)]` on by default
[INFO] [stdout] 
[INFO] [stdout] 
[INFO] [stdout] warning: enum `Position` is never used
[INFO] [stdout]  --> src/bin/day20.rs:8:6
[INFO] [stdout]   |
[INFO] [stdout] 8 | enum Position {
[INFO] [stdout]   |      ^^^^^^^^
[INFO] [stdout]   |
[INFO] [stdout]   = note: `#[warn(dead_code)]` on by default
[INFO] [stdout] 
[INFO] [stdout] 
[INFO] [stdout] warning: function `get_offset` is never used
[INFO] [stdout]   --> src/bin/day20.rs:15:4
[INFO] [stdout]    |
[INFO] [stdout] 15 | fn get_offset(pos: Position) -> (isize, isize) {
[INFO] [stdout]    |    ^^^^^^^^^^
[INFO] [stdout] 
[INFO] [stdout] 
[INFO] [stdout] warning: methods `flip_horizontal`, `flip_vertical`, `rotate`, and `touches` are never used
[INFO] [stdout]    --> src/bin/day20.rs:54:8
[INFO] [stdout]     |
[INFO] [stdout] 32  | impl Tile {
[INFO] [stdout]     | --------- methods in this implementation
[INFO] [stdout] ...
[INFO] [stdout] 54  |     fn flip_horizontal(&mut self) {
[INFO] [stdout]     |        ^^^^^^^^^^^^^^^
[INFO] [stdout] ...
[INFO] [stdout] 64  |     fn flip_vertical(&mut self) {
[INFO] [stdout]     |        ^^^^^^^^^^^^^
[INFO] [stdout] ...
[INFO] [stdout] 74  |     fn rotate(&mut self, angle: u8) {
[INFO] [stdout]     |        ^^^^^^
[INFO] [stdout] ...
[INFO] [stdout] 140 |     fn touches(&self, other: &Tile) -> Option<Position> {
[INFO] [stdout]     |        ^^^^^^^
[INFO] [stdout] 
[INFO] [stdout] 
[INFO] [stdout] warning: 1 warning emitted
[INFO] [stdout] 
[INFO] [stdout] 
[INFO] [stdout] warning: 2 warnings emitted
[INFO] [stdout] 
[INFO] [stdout] 
[INFO] [stdout] warning: 1 warning emitted
[INFO] [stdout] 
[INFO] [stdout] 
[INFO] [stdout] warning: 5 warnings emitted
[INFO] [stdout] 
[INFO] [stdout] 
[INFO] [stderr]     Finished test [unoptimized + debuginfo] target(s) in 2.79s
[INFO] running `Command { std: "docker" "inspect" "44825fced6a095d7df303e5e2919faf1c8405225716123d3ad7df1e23db53534", kill_on_drop: false }`
[INFO] running `Command { std: "docker" "rm" "-f" "44825fced6a095d7df303e5e2919faf1c8405225716123d3ad7df1e23db53534", kill_on_drop: false }`
[INFO] [stdout] 44825fced6a095d7df303e5e2919faf1c8405225716123d3ad7df1e23db53534
[INFO] running `Command { std: "docker" "create" "-v" "/var/lib/crater-agent-workspace/builds/worker-1-tc2/target:/opt/rustwide/target:rw,Z" "-v" "/var/lib/crater-agent-workspace/builds/worker-1-tc2/source:/opt/rustwide/workdir:ro,Z" "-v" "/var/lib/crater-agent-workspace/cargo-home:/opt/rustwide/cargo-home:ro,Z" "-v" "/var/lib/crater-agent-workspace/rustup-home:/opt/rustwide/rustup-home:ro,Z" "-e" "SOURCE_DIR=/opt/rustwide/workdir" "-e" "CARGO_TARGET_DIR=/opt/rustwide/target" "-e" "CARGO_INCREMENTAL=0" "-e" "RUST_BACKTRACE=full" "-e" "RUSTFLAGS=--cap-lints=warn" "-e" "RUSTDOCFLAGS=--cap-lints=warn" "-e" "CARGO_HOME=/opt/rustwide/cargo-home" "-e" "RUSTUP_HOME=/opt/rustwide/rustup-home" "-w" "/opt/rustwide/workdir" "-m" "1610612736" "--user" "0:0" "--network" "none" "ghcr.io/rust-lang/crates-build-env/linux@sha256:5ff2268d62e97bff2cde7d5815dd6ed5b47097566f13b8d0ca110b04b60e07ed" "/opt/rustwide/cargo-home/bin/cargo" "+beta-2023-04-20" "test" "--frozen", kill_on_drop: false }`
[INFO] [stdout] 6a852b7fb1c5e00a20fc51cd085706b7fe57667b6037ce49eeba3f7930b6b491
[INFO] running `Command { std: "docker" "start" "-a" "6a852b7fb1c5e00a20fc51cd085706b7fe57667b6037ce49eeba3f7930b6b491", kill_on_drop: false }`
[INFO] [stderr] warning: field `kind` is never read
[INFO] [stderr]   --> src/bin/day12.rs:78:5
[INFO] [stderr]    |
[INFO] [stderr] 77 | struct ActionParseError{
[INFO] [stderr]    |        ---------------- field in this struct
[INFO] [stderr] 78 |     kind: ActionErrorKind,
[INFO] [stderr]    |     ^^^^
[INFO] [stderr]    |
[INFO] [stderr]    = note: `ActionParseError` has a derived impl for the trait `Debug`, but this is intentionally ignored during dead code analysis
[INFO] [stderr]    = note: `#[warn(dead_code)]` on by default
[INFO] [stderr] 
[INFO] [stderr] warning: `adventofcode2020` (bin "day12" test) generated 1 warning
[INFO] [stderr] warning: unnecessary trailing semicolon
[INFO] [stderr]   --> src/bin/day16.rs:60:6
[INFO] [stderr]    |
[INFO] [stderr] 60 |     };
[INFO] [stderr]    |      ^ help: remove this semicolon
[INFO] [stderr]    |
[INFO] [stderr]    = note: `#[warn(redundant_semicolons)]` on by default
[INFO] [stderr] 
[INFO] [stderr] warning: `adventofcode2020` (bin "day16" test) generated 1 warning
[INFO] [stderr] warning: field `country_id` is never read
[INFO] [stderr]   --> src/bin/day04.rs:21:5
[INFO] [stderr]    |
[INFO] [stderr] 13 | struct Passport{
[INFO] [stderr]    |        -------- field in this struct
[INFO] [stderr] ...
[INFO] [stderr] 21 |     country_id: Option<String>,
[INFO] [stderr]    |     ^^^^^^^^^^
[INFO] [stderr]    |
[INFO] [stderr]    = note: `Passport` has a derived impl for the trait `Debug`, but this is intentionally ignored during dead code analysis
[INFO] [stderr]    = note: `#[warn(dead_code)]` on by default
[INFO] [stderr] 
[INFO] [stderr] warning: `adventofcode2020` (bin "day04" test) generated 1 warning
[INFO] [stderr] warning: field `kind` is never read
[INFO] [stderr]   --> src/bin/day08.rs:43:5
[INFO] [stderr]    |
[INFO] [stderr] 42 | struct InstructionError {
[INFO] [stderr]    |        ---------------- field in this struct
[INFO] [stderr] 43 |     kind: InstructionErrorKind,
[INFO] [stderr]    |     ^^^^
[INFO] [stderr]    |
[INFO] [stderr]    = note: `InstructionError` has a derived impl for the trait `Debug`, but this is intentionally ignored during dead code analysis
[INFO] [stderr]    = note: `#[warn(dead_code)]` on by default
[INFO] [stderr] 
[INFO] [stderr] warning: field `kind` is never read
[INFO] [stderr]   --> src/bin/day08.rs:87:5
[INFO] [stderr]    |
[INFO] [stderr] 86 | struct ProcessorError {
[INFO] [stderr]    |        -------------- field in this struct
[INFO] [stderr] 87 |     kind: ProcessorErrorKind,
[INFO] [stderr]    |     ^^^^
[INFO] [stderr]    |
[INFO] [stderr]    = note: `ProcessorError` has a derived impl for the trait `Debug`, but this is intentionally ignored during dead code analysis
[INFO] [stderr] 
[INFO] [stderr] warning: `adventofcode2020` (bin "day08" test) generated 2 warnings
[INFO] [stderr] warning: unreachable expression
[INFO] [stderr]    --> src/bin/day20.rs:280:13
[INFO] [stderr]     |
[INFO] [stderr] 279 |             panic!("Not implemented");
[INFO] [stderr]     |             ------------------------- any code following this expression is unreachable
[INFO] [stderr] 280 |             (-1, -1)
[INFO] [stderr]     |             ^^^^^^^^ unreachable expression
[INFO] [stderr]     |
[INFO] [stderr]     = note: `#[warn(unreachable_code)]` on by default
[INFO] [stderr] 
[INFO] [stderr] warning: value assigned to `id` is never read
[INFO] [stderr]    --> src/bin/day20.rs:219:17
[INFO] [stderr]     |
[INFO] [stderr] 219 |                 id = 0;
[INFO] [stderr]     |                 ^^
[INFO] [stderr]     |
[INFO] [stderr]     = help: maybe it is overwritten before being read?
[INFO] [stderr]     = note: `#[warn(unused_assignments)]` on by default
[INFO] [stderr] 
[INFO] [stderr] warning: enum `Position` is never used
[INFO] [stderr]  --> src/bin/day20.rs:8:6
[INFO] [stderr]   |
[INFO] [stderr] 8 | enum Position {
[INFO] [stderr]   |      ^^^^^^^^
[INFO] [stderr]   |
[INFO] [stderr]   = note: `#[warn(dead_code)]` on by default
[INFO] [stderr] 
[INFO] [stderr] warning: function `get_offset` is never used
[INFO] [stderr]   --> src/bin/day20.rs:15:4
[INFO] [stderr]    |
[INFO] [stderr] 15 | fn get_offset(pos: Position) -> (isize, isize) {
[INFO] [stderr]    |    ^^^^^^^^^^
[INFO] [stderr] 
[INFO] [stderr] warning: methods `flip_horizontal`, `flip_vertical`, `rotate`, and `touches` are never used
[INFO] [stderr]    --> src/bin/day20.rs:54:8
[INFO] [stderr]     |
[INFO] [stderr] 32  | impl Tile {
[INFO] [stderr]     | --------- methods in this implementation
[INFO] [stderr] ...
[INFO] [stderr] 54  |     fn flip_horizontal(&mut self) {
[INFO] [stderr]     |        ^^^^^^^^^^^^^^^
[INFO] [stderr] ...
[INFO] [stderr] 64  |     fn flip_vertical(&mut self) {
[INFO] [stderr]     |        ^^^^^^^^^^^^^
[INFO] [stderr] ...
[INFO] [stderr] 74  |     fn rotate(&mut self, angle: u8) {
[INFO] [stderr]     |        ^^^^^^
[INFO] [stderr] ...
[INFO] [stderr] 140 |     fn touches(&self, other: &Tile) -> Option<Position> {
[INFO] [stderr]     |        ^^^^^^^
[INFO] [stderr] 
[INFO] [stderr] warning: `adventofcode2020` (bin "day20" test) generated 5 warnings
[INFO] [stderr] warning: field `direction` is never read
[INFO] [stderr]   --> src/bin/day05.rs:18:5
[INFO] [stderr]    |
[INFO] [stderr] 17 | struct SeatRoutingError {
[INFO] [stderr]    |        ---------------- field in this struct
[INFO] [stderr] 18 |     direction: Direction,
[INFO] [stderr]    |     ^^^^^^^^^
[INFO] [stderr]    |
[INFO] [stderr]    = note: `SeatRoutingError` has a derived impl for the trait `Debug`, but this is intentionally ignored during dead code analysis
[INFO] [stderr]    = note: `#[warn(dead_code)]` on by default
[INFO] [stderr] 
[INFO] [stderr] warning: panic message is not a string literal
[INFO] [stderr]    --> src/bin/day05.rs:168:30
[INFO] [stderr]     |
[INFO] [stderr] 168 |             Err(e) => panic!(e),
[INFO] [stderr]     |                              ^
[INFO] [stderr]     |
[INFO] [stderr]     = note: this usage of `panic!()` is deprecated; it will be a hard error in Rust 2021
[INFO] [stderr]     = note: for more information, see <https://doc.rust-lang.org/nightly/edition-guide/rust-2021/panic-macro-consistency.html>
[INFO] [stderr]     = note: `#[warn(non_fmt_panics)]` on by default
[INFO] [stderr] help: add a "{:?}" format string to use the `Debug` implementation of `SeatRoutingError`
[INFO] [stderr]     |
[INFO] [stderr] 168 |             Err(e) => panic!("{:?}", e),
[INFO] [stderr]     |                              +++++++
[INFO] [stderr] help: or use std::panic::panic_any instead
[INFO] [stderr]     |
[INFO] [stderr] 168 |             Err(e) => std::panic::panic_any(e),
[INFO] [stderr]     |                       ~~~~~~~~~~~~~~~~~~~~~
[INFO] [stderr] 
[INFO] [stderr] warning: `adventofcode2020` (bin "day05" test) generated 2 warnings (run `cargo fix --bin "day05" --tests` to apply 1 suggestion)
[INFO] [stderr]     Finished test [unoptimized + debuginfo] target(s) in 0.01s
[INFO] [stderr]      Running unittests src/bin/day01.rs (/opt/rustwide/target/debug/deps/day01-2db763f7f3898d6d)
[INFO] [stderr]      Running unittests src/bin/day02.rs (/opt/rustwide/target/debug/deps/day02-5820769ee96340aa)
[INFO] [stdout] 
[INFO] [stdout] running 0 tests
[INFO] [stdout] 
[INFO] [stdout] test result: ok. 0 passed; 0 failed; 0 ignored; 0 measured; 0 filtered out; finished in 0.00s
[INFO] [stdout] 
[INFO] [stderr]      Running unittests src/bin/day03.rs (/opt/rustwide/target/debug/deps/day03-8ad3835dd781074d)
[INFO] [stdout] 
[INFO] [stdout] running 2 tests
[INFO] [stdout] test tests02::test_count_correct_passwords ... ok
[INFO] [stdout] test tests02::test_count_correct_passwords2 ... ok
[INFO] [stdout] 
[INFO] [stdout] test result: ok. 2 passed; 0 failed; 0 ignored; 0 measured; 0 filtered out; finished in 0.00s
[INFO] [stdout] 
[INFO] [stdout] 
[INFO] [stdout] running 2 tests
[INFO] [stdout] test tests03::test01 ... ok
[INFO] [stdout] test tests03::test02 ... ok
[INFO] [stdout] 
[INFO] [stdout] test result: ok. 2 passed; 0 failed; 0 ignored; 0 measured; 0 filtered out; finished in 0.00s
[INFO] [stdout] 
[INFO] [stderr]      Running unittests src/bin/day04.rs (/opt/rustwide/target/debug/deps/day04-edd84de37e0ae684)
[INFO] [stdout] 
[INFO] [stdout] running 3 tests
[INFO] [stdout] test tests04::test02_valid ... ok
[INFO] [stdout] test tests04::test02_invalid ... ok
[INFO] [stdout] test tests04::test01 ... ok
[INFO] [stdout] 
[INFO] [stdout] test result: ok. 3 passed; 0 failed; 0 ignored; 0 measured; 0 filtered out; finished in 0.01s
[INFO] [stdout] 
[INFO] [stderr]      Running unittests src/bin/day05.rs (/opt/rustwide/target/debug/deps/day05-704a57e85984b424)
[INFO] [stdout] 
[INFO] [stderr]      Running unittests src/bin/day06.rs (/opt/rustwide/target/debug/deps/day06-a72ca3b46b724337)
[INFO] [stdout] running 1 test
[INFO] [stdout] test tests05::test01 ... ok
[INFO] [stdout] 
[INFO] [stdout] test result: ok. 1 passed; 0 failed; 0 ignored; 0 measured; 0 filtered out; finished in 0.00s
[INFO] [stdout] 
[INFO] [stdout] 
[INFO] [stdout] running 2 tests
[INFO] [stdout] test tests06::test01 ... ok
[INFO] [stdout] test tests06::test02 ... ok
[INFO] [stdout] 
[INFO] [stdout] test result: ok. 2 passed; 0 failed; 0 ignored; 0 measured; 0 filtered out; finished in 0.00s
[INFO] [stdout] 
[INFO] [stderr]      Running unittests src/bin/day07.rs (/opt/rustwide/target/debug/deps/day07-e8dcf36c5a5cff9f)
[INFO] [stdout] 
[INFO] [stdout] running 3 tests
[INFO] [stdout] test tests07::test03 ... ok
[INFO] [stdout] test tests07::test01 ... ok
[INFO] [stdout] test tests07::test02 ... ok
[INFO] [stdout] 
[INFO] [stdout] test result: ok. 3 passed; 0 failed; 0 ignored; 0 measured; 0 filtered out; finished in 0.00s
[INFO] [stdout] 
[INFO] [stderr]      Running unittests src/bin/day08.rs (/opt/rustwide/target/debug/deps/day08-805fc280a3edb0cf)
[INFO] [stdout] 
[INFO] [stdout] running 2 tests
[INFO] [stdout] test tests08::test01 ... ok
[INFO] [stdout] test tests08::test02 ... ok
[INFO] [stdout] 
[INFO] [stdout] test result: ok. 2 passed; 0 failed; 0 ignored; 0 measured; 0 filtered out; finished in 0.00s
[INFO] [stdout] 
[INFO] [stderr]      Running unittests src/bin/day09.rs (/opt/rustwide/target/debug/deps/day09-cd7c049d53c27778)
[INFO] [stdout] 
[INFO] [stdout] running 2 tests
[INFO] [stdout] test tests09::test01 ... ok
[INFO] [stdout] test tests09::test02 ... ok
[INFO] [stdout] 
[INFO] [stdout] test result: ok. 2 passed; 0 failed; 0 ignored; 0 measured; 0 filtered out; finished in 0.00s
[INFO] [stdout] 
[INFO] [stderr]      Running unittests src/bin/day10.rs (/opt/rustwide/target/debug/deps/day10-8bd9504df78ae86d)
[INFO] [stdout] 
[INFO] [stdout] running 2 tests
[INFO] [stdout] test tests10::test01 ... ok
[INFO] [stdout] test tests10::test02 ... ok
[INFO] [stdout] 
[INFO] [stdout] test result: ok. 2 passed; 0 failed; 0 ignored; 0 measured; 0 filtered out; finished in 0.00s
[INFO] [stdout] 
[INFO] [stderr]      Running unittests src/bin/day11.rs (/opt/rustwide/target/debug/deps/day11-db115179a88804cc)
[INFO] [stdout] 
[INFO] [stdout] running 4 tests
[INFO] [stdout] test tests11::test01 ... ok
[INFO] [stdout] test tests11::test02 ... ok
[INFO] [stdout] test tests11::test04 ... ok
[INFO] [stdout] test tests11::test03 ... ok
[INFO] [stdout] 
[INFO] [stdout] test result: ok. 4 passed; 0 failed; 0 ignored; 0 measured; 0 filtered out; finished in 0.01s
[INFO] [stdout] 
[INFO] [stderr]      Running unittests src/bin/day12.rs (/opt/rustwide/target/debug/deps/day12-26cc3023f526a00b)
[INFO] [stdout] 
[INFO] [stdout] running 5 tests
[INFO] [stdout] test tests12::test02 ... ok
[INFO] [stdout] test tests12::test03 ... ok
[INFO] [stdout] test tests12::test04 ... ok
[INFO] [stdout] test tests12::test01 ... ok
[INFO] [stderr]      Running unittests src/bin/day13.rs (/opt/rustwide/target/debug/deps/day13-d523fe5a06398b6c)
[INFO] [stdout] test tests12::test_direction ... ok
[INFO] [stdout] 
[INFO] [stdout] test result: ok. 5 passed; 0 failed; 0 ignored; 0 measured; 0 filtered out; finished in 0.01s
[INFO] [stdout] 
[INFO] [stdout] 
[INFO] [stdout] running 2 tests
[INFO] [stdout] test tests13::test02 ... ok
[INFO] [stdout] test tests13::test01 ... ok
[INFO] [stdout] 
[INFO] [stdout] test result: ok. 2 passed; 0 failed; 0 ignored; 0 measured; 0 filtered out; finished in 0.01s
[INFO] [stdout] 
[INFO] [stderr]      Running unittests src/bin/day14.rs (/opt/rustwide/target/debug/deps/day14-2e7eca4bccfaf696)
[INFO] [stdout] 
[INFO] [stdout] running 2 tests
[INFO] [stdout] test tests14::test01 ... ok
[INFO] [stdout] test tests14::test02 ... ok
[INFO] [stdout] 
[INFO] [stdout] test result: ok. 2 passed; 0 failed; 0 ignored; 0 measured; 0 filtered out; finished in 0.00s
[INFO] [stdout] 
[INFO] [stderr]      Running unittests src/bin/day15.rs (/opt/rustwide/target/debug/deps/day15-d650acab737855a3)
[INFO] [stdout] 
[INFO] [stdout] running 2 tests
[INFO] [stdout] test tests15::test02 ... ok
[INFO] [stdout] test tests15::test01 ... ok
[INFO] [stdout] 
[INFO] [stdout] test result: ok. 2 passed; 0 failed; 0 ignored; 0 measured; 0 filtered out; finished in 0.02s
[INFO] [stdout] 
[INFO] [stderr]      Running unittests src/bin/day16.rs (/opt/rustwide/target/debug/deps/day16-54942da1f9f7211e)
[INFO] [stdout] 
[INFO] [stdout] running 1 test
[INFO] [stdout] test tests16::test01 ... ok
[INFO] [stdout] 
[INFO] [stdout] test result: ok. 1 passed; 0 failed; 0 ignored; 0 measured; 0 filtered out; finished in 0.00s
[INFO] [stdout] 
[INFO] [stderr]      Running unittests src/bin/day17.rs (/opt/rustwide/target/debug/deps/day17-d1384d67e305a335)
[INFO] [stdout] 
[INFO] [stdout] running 1 test
[INFO] [stdout] test tests17::test01 ... ok
[INFO] [stdout] 
[INFO] [stdout] test result: ok. 1 passed; 0 failed; 0 ignored; 0 measured; 0 filtered out; finished in 0.08s
[INFO] [stdout] 
[INFO] [stderr]      Running unittests src/bin/day18.rs (/opt/rustwide/target/debug/deps/day18-0e609342fe33bde2)
[INFO] [stdout] 
[INFO] [stdout] running 2 tests
[INFO] [stdout] test tests18::test01 ... ok
[INFO] [stdout] test tests18::test02 ... ok
[INFO] [stdout] 
[INFO] [stdout] test result: ok. 2 passed; 0 failed; 0 ignored; 0 measured; 0 filtered out; finished in 0.01s
[INFO] [stdout] 
[INFO] [stderr]      Running unittests src/bin/day19.rs (/opt/rustwide/target/debug/deps/day19-60c51380b4286a99)
[INFO] [stderr]      Running unittests src/bin/day20.rs (/opt/rustwide/target/debug/deps/day20-bcb9fa37768e3d3a)
[INFO] [stdout] 
[INFO] [stdout] running 0 tests
[INFO] [stdout] 
[INFO] [stdout] test result: ok. 0 passed; 0 failed; 0 ignored; 0 measured; 0 filtered out; finished in 0.00s
[INFO] [stdout] 
[INFO] [stdout] 
[INFO] [stdout] running 3 tests
[INFO] [stdout] test tests20::test01 ... ok
[INFO] [stdout] test tests20::test02 ... FAILED
[INFO] [stdout] test tests20::test01_sol ... ok
[INFO] [stdout] 
[INFO] [stdout] failures:
[INFO] [stdout] 
[INFO] [stdout] ---- tests20::test02 stdout ----
[INFO] [stdout] Tile { id: 1171, data: [[true, true, true, true, false, false, false, true, true, false], [true, false, false, true, true, false, true, false, false, true], [true, true, false, true, false, false, true, false, true, false], [false, true, true, true, false, true, true, true, true, false], [false, false, true, true, true, false, true, true, true, true], [false, true, true, false, false, false, false, true, true, false], [false, true, false, false, false, true, true, true, true, false], [true, false, true, true, false, true, true, true, true, false], [true, true, true, true, false, false, true, false, false, false], [false, false, false, false, false, true, true, false, false, false]] }
[INFO] [stdout] Tile { id: 2473, data: [[true, false, false, false, false, true, true, true, true, false], [true, false, false, true, false, true, true, false, false, false], [true, false, true, true, false, false, true, false, false, false], [true, true, true, true, true, true, false, true, false, true], [false, true, false, false, false, true, false, true, false, true], [false, true, true, true, true, true, true, true, true, true], [false, true, true, true, false, true, false, false, true, false], [true, true, true, true, true, true, true, true, false, true], [true, true, false, false, false, true, true, false, true, false], [false, false, true, true, true, false, true, false, true, false]] }
[INFO] [stdout] thread 'tests20::test02' panicked at 'Not implemented', src/bin/day20.rs:279:13
[INFO] [stdout] stack backtrace:
[INFO] [stdout]    0:     0x555f06a1ee4a - std::backtrace_rs::backtrace::libunwind::trace::h2f05d0192276a8f6
[INFO] [stdout]                                at /rustc/1b7dd2252b99671ce5d1cb9664c5f8636329436d/library/std/src/../../backtrace/src/backtrace/libunwind.rs:93:5
[INFO] [stdout]    1:     0x555f06a1ee4a - std::backtrace_rs::backtrace::trace_unsynchronized::hedc23dff7a1af150
[INFO] [stdout]                                at /rustc/1b7dd2252b99671ce5d1cb9664c5f8636329436d/library/std/src/../../backtrace/src/backtrace/mod.rs:66:5
[INFO] [stdout]    2:     0x555f06a1ee4a - std::sys_common::backtrace::_print_fmt::h17541ef7592f3ce2
[INFO] [stdout]                                at /rustc/1b7dd2252b99671ce5d1cb9664c5f8636329436d/library/std/src/sys_common/backtrace.rs:65:5
[INFO] [stdout]    3:     0x555f06a1ee4a - <std::sys_common::backtrace::_print::DisplayBacktrace as core::fmt::Display>::fmt::h20f75df5ab0c0792
[INFO] [stdout]                                at /rustc/1b7dd2252b99671ce5d1cb9664c5f8636329436d/library/std/src/sys_common/backtrace.rs:44:22
[INFO] [stdout]    4:     0x555f06a42acf - core::fmt::write::h78109e6f466b3af6
[INFO] [stdout]                                at /rustc/1b7dd2252b99671ce5d1cb9664c5f8636329436d/library/core/src/fmt/mod.rs:1254:17
[INFO] [stdout]    5:     0x555f06a1c195 - std::io::Write::write_fmt::hd24bfb68a1b35a25
[INFO] [stdout]                                at /rustc/1b7dd2252b99671ce5d1cb9664c5f8636329436d/library/std/src/io/mod.rs:1698:15
[INFO] [stdout]    6:     0x555f06a1ec15 - std::sys_common::backtrace::_print::h8dac57a9f8fbf9a5
[INFO] [stdout]                                at /rustc/1b7dd2252b99671ce5d1cb9664c5f8636329436d/library/std/src/sys_common/backtrace.rs:47:5
[INFO] [stdout]    7:     0x555f06a1ec15 - std::sys_common::backtrace::print::hf9ecbf41d1aa712f
[INFO] [stdout]                                at /rustc/1b7dd2252b99671ce5d1cb9664c5f8636329436d/library/std/src/sys_common/backtrace.rs:34:9
[INFO] [stdout]    8:     0x555f06a208ce - std::panicking::default_hook::{{closure}}::h04c07acfc84ca028
[INFO] [stdout]                                at /rustc/1b7dd2252b99671ce5d1cb9664c5f8636329436d/library/std/src/panicking.rs:269:22
[INFO] [stdout]    9:     0x555f06a20601 - std::panicking::default_hook::h01f6bb23e1eceb2c
[INFO] [stdout]                                at /rustc/1b7dd2252b99671ce5d1cb9664c5f8636329436d/library/std/src/panicking.rs:285:9
[INFO] [stdout]   10:     0x555f069f3f9b - <alloc::boxed::Box<F,A> as core::ops::function::Fn<Args>>::call::h87fe9f7b2fd49e4c
[INFO] [stdout]                                at /rustc/1b7dd2252b99671ce5d1cb9664c5f8636329436d/library/alloc/src/boxed.rs:1987:9
[INFO] [stdout]   11:     0x555f069f3f9b - test::test_main::{{closure}}::he94d679243a7531b
[INFO] [stdout]                                at /rustc/1b7dd2252b99671ce5d1cb9664c5f8636329436d/library/test/src/lib.rs:134:21
[INFO] [stdout]   12:     0x555f06a20fb4 - <alloc::boxed::Box<F,A> as core::ops::function::Fn<Args>>::call::h3f2d6d8b14c4769f
[INFO] [stdout]                                at /rustc/1b7dd2252b99671ce5d1cb9664c5f8636329436d/library/alloc/src/boxed.rs:1987:9
[INFO] [stdout]   13:     0x555f06a20fb4 - std::panicking::rust_panic_with_hook::h2bb3722bbaf2f6df
[INFO] [stdout]                                at /rustc/1b7dd2252b99671ce5d1cb9664c5f8636329436d/library/std/src/panicking.rs:695:13
[INFO] [stdout]   14:     0x555f069be076 - std::panicking::begin_panic::{{closure}}::hf9c0432faffd786d
[INFO] [stdout]                                at /rustc/1b7dd2252b99671ce5d1cb9664c5f8636329436d/library/std/src/panicking.rs:611:9
[INFO] [stdout]   15:     0x555f069b2519 - std::sys_common::backtrace::__rust_end_short_backtrace::ha02c57cfdb4e4f02
[INFO] [stdout]                                at /rustc/1b7dd2252b99671ce5d1cb9664c5f8636329436d/library/std/src/sys_common/backtrace.rs:150:18
[INFO] [stdout]   16:     0x555f069bdfc3 - std::panicking::begin_panic::hd01e63620240e3fa
[INFO] [stdout]                                at /rustc/1b7dd2252b99671ce5d1cb9664c5f8636329436d/library/std/src/panicking.rs:610:12
[INFO] [stdout]   17:     0x555f069bcbe3 - day20::part2::hd1c145e6f66767d1
[INFO] [stdout]                                at /opt/rustwide/workdir/src/bin/day20.rs:279:13
[INFO] [stdout]   18:     0x555f069beefd - day20::tests20::test02::hc7476270c2edbaa0
[INFO] [stdout]                                at /opt/rustwide/workdir/src/bin/day20.rs:326:20
[INFO] [stdout]   19:     0x555f069beeb7 - day20::tests20::test02::{{closure}}::h1eab3a45a3c63e0e
[INFO] [stdout]                                at /opt/rustwide/workdir/src/bin/day20.rs:324:17
[INFO] [stdout]   20:     0x555f069bf725 - core::ops::function::FnOnce::call_once::haa9354505db73076
[INFO] [stdout]                                at /rustc/1b7dd2252b99671ce5d1cb9664c5f8636329436d/library/core/src/ops/function.rs:250:5
[INFO] [stdout]   21:     0x555f069f8e6f - core::ops::function::FnOnce::call_once::ha6a70e79f7481a7e
[INFO] [stdout]                                at /rustc/1b7dd2252b99671ce5d1cb9664c5f8636329436d/library/core/src/ops/function.rs:250:5
[INFO] [stdout]   22:     0x555f069f8e6f - test::__rust_begin_short_backtrace::hce33033019b61e69
[INFO] [stdout]                                at /rustc/1b7dd2252b99671ce5d1cb9664c5f8636329436d/library/test/src/lib.rs:655:18
[INFO] [stdout]   23:     0x555f069c665c - test::run_test::{{closure}}::h858d3528838ae3e5
[INFO] [stdout]                                at /rustc/1b7dd2252b99671ce5d1cb9664c5f8636329436d/library/test/src/lib.rs:646:30
[INFO] [stdout]   24:     0x555f069c665c - core::ops::function::FnOnce::call_once{{vtable.shim}}::he8ac2b00f01ae79e
[INFO] [stdout]                                at /rustc/1b7dd2252b99671ce5d1cb9664c5f8636329436d/library/core/src/ops/function.rs:250:5
[INFO] [stdout]   25:     0x555f069f7f46 - <alloc::boxed::Box<F,A> as core::ops::function::FnOnce<Args>>::call_once::h8093d25b522725ef
[INFO] [stdout]                                at /rustc/1b7dd2252b99671ce5d1cb9664c5f8636329436d/library/alloc/src/boxed.rs:1973:9
[INFO] [stdout]   26:     0x555f069f7f46 - <core::panic::unwind_safe::AssertUnwindSafe<F> as core::ops::function::FnOnce<()>>::call_once::h5c334c204e4a3913
[INFO] [stdout]                                at /rustc/1b7dd2252b99671ce5d1cb9664c5f8636329436d/library/core/src/panic/unwind_safe.rs:271:9
[INFO] [stdout]   27:     0x555f069f7f46 - std::panicking::try::do_call::ha8b740c7b9478074
[INFO] [stdout]                                at /rustc/1b7dd2252b99671ce5d1cb9664c5f8636329436d/library/std/src/panicking.rs:485:40
[INFO] [stdout]   28:     0x555f069f7f46 - std::panicking::try::h5d34f63d0e41b64e
[INFO] [stdout]                                at /rustc/1b7dd2252b99671ce5d1cb9664c5f8636329436d/library/std/src/panicking.rs:449:19
[INFO] [stdout]   29:     0x555f069f7f46 - std::panic::catch_unwind::hcfbb511e1aa7fc67
[INFO] [stdout]                                at /rustc/1b7dd2252b99671ce5d1cb9664c5f8636329436d/library/std/src/panic.rs:140:14
[INFO] [stdout]   30:     0x555f069f7f46 - test::run_test_in_process::h9abda90f802eaf21
[INFO] [stdout]                                at /rustc/1b7dd2252b99671ce5d1cb9664c5f8636329436d/library/test/src/lib.rs:678:27
[INFO] [stdout]   31:     0x555f069f7f46 - test::run_test::run_test_inner::{{closure}}::h0f058de91f6c6edf
[INFO] [stdout]                                at /rustc/1b7dd2252b99671ce5d1cb9664c5f8636329436d/library/test/src/lib.rs:572:39
[INFO] [stdout]   32:     0x555f069c0e65 - test::run_test::run_test_inner::{{closure}}::h5ca48a4c59c6c1fb
[INFO] [stdout]                                at /rustc/1b7dd2252b99671ce5d1cb9664c5f8636329436d/library/test/src/lib.rs:599:37
[INFO] [stdout]   33:     0x555f069c0e65 - std::sys_common::backtrace::__rust_begin_short_backtrace::h32bd51e1495d4a33
[INFO] [stdout]                                at /rustc/1b7dd2252b99671ce5d1cb9664c5f8636329436d/library/std/src/sys_common/backtrace.rs:134:18
[INFO] [stdout]   34:     0x555f069c63a1 - std::thread::Builder::spawn_unchecked_::{{closure}}::{{closure}}::hc086fae9b128b2db
[INFO] [stdout]                                at /rustc/1b7dd2252b99671ce5d1cb9664c5f8636329436d/library/std/src/thread/mod.rs:526:17
[INFO] [stdout]   35:     0x555f069c63a1 - <core::panic::unwind_safe::AssertUnwindSafe<F> as core::ops::function::FnOnce<()>>::call_once::hb66571888d270d43
[INFO] [stdout]                                at /rustc/1b7dd2252b99671ce5d1cb9664c5f8636329436d/library/core/src/panic/unwind_safe.rs:271:9
[INFO] [stdout]   36:     0x555f069c63a1 - std::panicking::try::do_call::h4fa2ef4f6e51fecf
[INFO] [stdout]                                at /rustc/1b7dd2252b99671ce5d1cb9664c5f8636329436d/library/std/src/panicking.rs:485:40
[INFO] [stdout]   37:     0x555f069c63a1 - std::panicking::try::h1e9e22b8584489b5
[INFO] [stdout]                                at /rustc/1b7dd2252b99671ce5d1cb9664c5f8636329436d/library/std/src/panicking.rs:449:19
[INFO] [stdout]   38:     0x555f069c63a1 - std::panic::catch_unwind::h44698a3de0e0769e
[INFO] [stdout]                                at /rustc/1b7dd2252b99671ce5d1cb9664c5f8636329436d/library/std/src/panic.rs:140:14
[INFO] [stdout]   39:     0x555f069c63a1 - std::thread::Builder::spawn_unchecked_::{{closure}}::h50153abde3fe239e
[INFO] [stdout]                                at /rustc/1b7dd2252b99671ce5d1cb9664c5f8636329436d/library/std/src/thread/mod.rs:525:30
[INFO] [stdout]   40:     0x555f069c63a1 - core::ops::function::FnOnce::call_once{{vtable.shim}}::hbe5bbf6f38394364
[INFO] [stdout]                                at /rustc/1b7dd2252b99671ce5d1cb9664c5f8636329436d/library/core/src/ops/function.rs:250:5
[INFO] [stdout]   41:     0x555f06a254b5 - <alloc::boxed::Box<F,A> as core::ops::function::FnOnce<Args>>::call_once::h0d83cb2920a49046
[INFO] [stdout]                                at /rustc/1b7dd2252b99671ce5d1cb9664c5f8636329436d/library/alloc/src/boxed.rs:1973:9
[INFO] [stdout]   42:     0x555f06a254b5 - <alloc::boxed::Box<F,A> as core::ops::function::FnOnce<Args>>::call_once::hbe0a008aa7d9ef59
[INFO] [stdout]                                at /rustc/1b7dd2252b99671ce5d1cb9664c5f8636329436d/library/alloc/src/boxed.rs:1973:9
[INFO] [stdout]   43:     0x555f06a254b5 - std::sys::unix::thread::Thread::new::thread_start::h3a466996bdf6b1f9
[INFO] [stdout]                                at /rustc/1b7dd2252b99671ce5d1cb9664c5f8636329436d/library/std/src/sys/unix/thread.rs:108:17
[INFO] [stdout]   44:     0x7fcfab670b43 - <unknown>
[INFO] [stdout]   45:     0x7fcfab701bb4 - __clone
[INFO] [stdout]   46:                0x0 - <unknown>
[INFO] [stdout] 
[INFO] [stdout] 
[INFO] [stdout] failures:
[INFO] [stdout]     tests20::test02
[INFO] [stdout] 
[INFO] [stdout] test result: FAILED. 2 passed; 1 failed; 0 ignored; 0 measured; 0 filtered out; finished in 0.14s
[INFO] [stdout] 
[INFO] [stderr] error: test failed, to rerun pass `--bin day20`
[INFO] running `Command { std: "docker" "inspect" "6a852b7fb1c5e00a20fc51cd085706b7fe57667b6037ce49eeba3f7930b6b491", kill_on_drop: false }`
[INFO] running `Command { std: "docker" "rm" "-f" "6a852b7fb1c5e00a20fc51cd085706b7fe57667b6037ce49eeba3f7930b6b491", kill_on_drop: false }`
[INFO] [stdout] 6a852b7fb1c5e00a20fc51cd085706b7fe57667b6037ce49eeba3f7930b6b491
