[INFO] cloning repository https://github.com/mrlhumphreys/salieri
[INFO] running `Command { std: "git" "-c" "credential.helper=" "-c" "credential.helper=/workspace/cargo-home/bin/git-credential-null" "clone" "--bare" "https://github.com/mrlhumphreys/salieri" "/workspace/cache/git-repos/https%3A%2F%2Fgithub.com%2Fmrlhumphreys%2Fsalieri", kill_on_drop: false }`
[INFO] [stderr] Cloning into bare repository '/workspace/cache/git-repos/https%3A%2F%2Fgithub.com%2Fmrlhumphreys%2Fsalieri'...
[INFO] running `Command { std: "git" "rev-parse" "HEAD", kill_on_drop: false }`
[INFO] [stdout] a04f70c247f94280551c83671066ea6e7395564a
[INFO] testing mrlhumphreys/salieri against 1.69.0 for beta-1.70-1
[INFO] running `Command { std: "git" "clone" "/workspace/cache/git-repos/https%3A%2F%2Fgithub.com%2Fmrlhumphreys%2Fsalieri" "/workspace/builds/worker-2-tc1/source", kill_on_drop: false }`
[INFO] [stderr] Cloning into '/workspace/builds/worker-2-tc1/source'...
[INFO] [stderr] done.
[INFO] validating manifest of git repo https://github.com/mrlhumphreys/salieri on toolchain 1.69.0
[INFO] running `Command { std: CARGO_HOME="/workspace/cargo-home" RUSTUP_HOME="/workspace/rustup-home" "/workspace/cargo-home/bin/cargo" "+1.69.0" "metadata" "--manifest-path" "Cargo.toml" "--no-deps", kill_on_drop: false }`
[INFO] started tweaking git repo https://github.com/mrlhumphreys/salieri
[INFO] finished tweaking git repo https://github.com/mrlhumphreys/salieri
[INFO] tweaked toml for git repo https://github.com/mrlhumphreys/salieri written to /workspace/builds/worker-2-tc1/source/Cargo.toml
[INFO] crate git repo https://github.com/mrlhumphreys/salieri already has a lockfile, it will not be regenerated
[INFO] running `Command { std: CARGO_HOME="/workspace/cargo-home" RUSTUP_HOME="/workspace/rustup-home" "/workspace/cargo-home/bin/cargo" "+1.69.0" "fetch" "--manifest-path" "Cargo.toml", kill_on_drop: false }`
[INFO] [stderr]  Downloading crates ...
[INFO] [stderr]   Downloaded actix-http v3.2.2
[INFO] [stderr]   Downloaded actix-cors v0.6.2
[INFO] [stderr]   Downloaded actix-web v4.2.1
[INFO] running `Command { std: "docker" "create" "-v" "/var/lib/crater-agent-workspace/builds/worker-2-tc1/target:/opt/rustwide/target:rw,Z" "-v" "/var/lib/crater-agent-workspace/builds/worker-2-tc1/source:/opt/rustwide/workdir:ro,Z" "-v" "/var/lib/crater-agent-workspace/cargo-home:/opt/rustwide/cargo-home:ro,Z" "-v" "/var/lib/crater-agent-workspace/rustup-home:/opt/rustwide/rustup-home:ro,Z" "-e" "SOURCE_DIR=/opt/rustwide/workdir" "-e" "CARGO_TARGET_DIR=/opt/rustwide/target" "-e" "CARGO_HOME=/opt/rustwide/cargo-home" "-e" "RUSTUP_HOME=/opt/rustwide/rustup-home" "-w" "/opt/rustwide/workdir" "-m" "1610612736" "--user" "0:0" "--network" "none" "ghcr.io/rust-lang/crates-build-env/linux@sha256:5ff2268d62e97bff2cde7d5815dd6ed5b47097566f13b8d0ca110b04b60e07ed" "/opt/rustwide/cargo-home/bin/cargo" "+1.69.0" "metadata" "--no-deps" "--format-version=1", kill_on_drop: false }`
[INFO] [stdout] 3464b14c6208fa7aadb916fa339661d23211f597f46466e99da2f13eb33f1cf7
[INFO] running `Command { std: "docker" "start" "-a" "3464b14c6208fa7aadb916fa339661d23211f597f46466e99da2f13eb33f1cf7", kill_on_drop: false }`
[INFO] running `Command { std: "docker" "inspect" "3464b14c6208fa7aadb916fa339661d23211f597f46466e99da2f13eb33f1cf7", kill_on_drop: false }`
[INFO] running `Command { std: "docker" "rm" "-f" "3464b14c6208fa7aadb916fa339661d23211f597f46466e99da2f13eb33f1cf7", kill_on_drop: false }`
[INFO] [stdout] 3464b14c6208fa7aadb916fa339661d23211f597f46466e99da2f13eb33f1cf7
[INFO] running `Command { std: "docker" "create" "-v" "/var/lib/crater-agent-workspace/builds/worker-2-tc1/target:/opt/rustwide/target:rw,Z" "-v" "/var/lib/crater-agent-workspace/builds/worker-2-tc1/source:/opt/rustwide/workdir:ro,Z" "-v" "/var/lib/crater-agent-workspace/cargo-home:/opt/rustwide/cargo-home:ro,Z" "-v" "/var/lib/crater-agent-workspace/rustup-home:/opt/rustwide/rustup-home:ro,Z" "-e" "SOURCE_DIR=/opt/rustwide/workdir" "-e" "CARGO_TARGET_DIR=/opt/rustwide/target" "-e" "CARGO_INCREMENTAL=0" "-e" "RUST_BACKTRACE=full" "-e" "RUSTFLAGS=--cap-lints=warn" "-e" "RUSTDOCFLAGS=--cap-lints=warn" "-e" "CARGO_HOME=/opt/rustwide/cargo-home" "-e" "RUSTUP_HOME=/opt/rustwide/rustup-home" "-w" "/opt/rustwide/workdir" "-m" "1610612736" "--user" "0:0" "--network" "none" "ghcr.io/rust-lang/crates-build-env/linux@sha256:5ff2268d62e97bff2cde7d5815dd6ed5b47097566f13b8d0ca110b04b60e07ed" "/opt/rustwide/cargo-home/bin/cargo" "+1.69.0" "build" "--frozen" "--message-format=json", kill_on_drop: false }`
[INFO] [stdout] d370845d5d14672a5f3249c831be71d8d5d8f43f770467eb171df0700851ccd2
[INFO] running `Command { std: "docker" "start" "-a" "d370845d5d14672a5f3249c831be71d8d5d8f43f770467eb171df0700851ccd2", kill_on_drop: false }`
[INFO] [stderr]    Compiling libc v0.2.132
[INFO] [stderr]    Compiling cfg-if v1.0.0
[INFO] [stderr]    Compiling autocfg v1.1.0
[INFO] [stderr]    Compiling version_check v0.9.4
[INFO] [stderr]    Compiling log v0.4.17
[INFO] [stderr]    Compiling memchr v2.5.0
[INFO] [stderr]    Compiling pin-project-lite v0.2.9
[INFO] [stderr]    Compiling futures-core v0.3.24
[INFO] [stderr]    Compiling bytes v1.2.1
[INFO] [stderr]    Compiling proc-macro2 v1.0.43
[INFO] [stderr]    Compiling parking_lot_core v0.9.3
[INFO] [stderr]    Compiling once_cell v1.14.0
[INFO] [stderr]    Compiling lock_api v0.4.8
[INFO] [stderr]    Compiling quote v1.0.21
[INFO] [stderr]    Compiling smallvec v1.9.0
[INFO] [stderr]    Compiling unicode-ident v1.0.4
[INFO] [stderr]    Compiling itoa v1.0.3
[INFO] [stderr]    Compiling tokio v1.21.1
[INFO] [stderr]    Compiling typenum v1.15.0
[INFO] [stderr]    Compiling syn v1.0.99
[INFO] [stderr]    Compiling generic-array v0.14.6
[INFO] [stderr]    Compiling futures-task v0.3.24
[INFO] [stderr]    Compiling jobserver v0.1.24
[INFO] [stderr]    Compiling socket2 v0.4.7
[INFO] [stderr]    Compiling signal-hook-registry v1.4.0
[INFO] [stderr]    Compiling cc v1.0.73
[INFO] [stderr]    Compiling parking_lot v0.12.1
[INFO] [stderr]    Compiling mio v0.8.4
[INFO] [stderr]    Compiling tracing-core v0.1.29
[INFO] [stderr]    Compiling futures-util v0.3.24
[INFO] [stderr]    Compiling serde v1.0.144
[INFO] [stderr]    Compiling tracing v0.1.36
[INFO] [stderr]    Compiling getrandom v0.2.7
[INFO] [stderr]    Compiling pin-utils v0.1.0
[INFO] [stderr]    Compiling futures-sink v0.3.24
[INFO] [stderr]    Compiling percent-encoding v2.2.0
[INFO] [stderr]    Compiling http v0.2.8
[INFO] [stderr]    Compiling zstd-sys v2.0.1+zstd.1.5.2
[INFO] [stderr]    Compiling slab v0.4.7
[INFO] [stderr]    Compiling indexmap v1.9.1
[INFO] [stderr]    Compiling alloc-no-stdlib v2.0.4
[INFO] [stderr]    Compiling local-waker v0.1.3
[INFO] [stderr]    Compiling zstd-safe v5.0.2+zstd.1.5.2
[INFO] [stderr]    Compiling crc32fast v1.3.2
[INFO] [stderr]    Compiling tinyvec_macros v0.1.0
[INFO] [stderr]    Compiling tinyvec v1.6.0
[INFO] [stderr]    Compiling alloc-stdlib v0.2.2
[INFO] [stderr]    Compiling block-buffer v0.10.3
[INFO] [stderr]    Compiling crypto-common v0.1.6
[INFO] [stderr]    Compiling rand_core v0.6.3
[INFO] [stderr]    Compiling aho-corasick v0.7.19
[INFO] [stderr]    Compiling bytestring v1.1.0
[INFO] [stderr]    Compiling ahash v0.7.6
[INFO] [stderr]    Compiling adler v1.0.2
[INFO] [stderr]    Compiling httparse v1.8.0
[INFO] [stderr]    Compiling regex-syntax v0.6.27
[INFO] [stderr]    Compiling encoding_rs v0.8.31
[INFO] [stderr]    Compiling paste v1.0.9
[INFO] [stderr]    Compiling hashbrown v0.12.3
[INFO] [stderr]    Compiling ppv-lite86 v0.2.16
[INFO] [stderr]    Compiling tokio-util v0.7.4
[INFO] [stderr]    Compiling actix-service v2.0.2
[INFO] [stderr]    Compiling rand_chacha v0.3.1
[INFO] [stderr]    Compiling miniz_oxide v0.5.4
[INFO] [stderr]    Compiling unicode-normalization v0.1.21
[INFO] [stderr]    Compiling digest v0.10.3
[INFO] [stderr]    Compiling brotli-decompressor v2.3.2
[INFO] [stderr]    Compiling actix-utils v3.0.0
[INFO] [stderr]    Compiling regex v1.6.0
[INFO] [stderr]    Compiling form_urlencoded v1.1.0
[INFO] [stderr]    Compiling cookie v0.16.0
[INFO] [stderr]    Compiling convert_case v0.4.0
[INFO] [stderr]    Compiling firestorm v0.5.1
[INFO] [stderr]    Compiling time-macros v0.2.4
[INFO] [stderr]    Compiling serde_json v1.0.85
[INFO] [stderr]    Compiling actix-macros v0.2.3
[INFO] [stderr]    Compiling num_threads v0.1.6
[INFO] [stderr]    Compiling cpufeatures v0.2.5
[INFO] [stderr]    Compiling bitflags v1.3.2
[INFO] [stderr]    Compiling unicode-bidi v0.3.8
[INFO] [stderr]    Compiling ryu v1.0.11
[INFO] [stderr]    Compiling actix-codec v0.5.0
[INFO] [stderr]    Compiling actix-rt v2.7.0
[INFO] [stderr]    Compiling idna v0.3.0
[INFO] [stderr]    Compiling actix-router v0.5.0
[INFO] [stderr]    Compiling sha1 v0.10.4
[INFO] [stderr]    Compiling derive_more v0.99.17
[INFO] [stderr]    Compiling brotli v3.3.4
[INFO] [stderr]    Compiling time v0.3.14
[INFO] [stderr]    Compiling flate2 v1.0.24
[INFO] [stderr]    Compiling h2 v0.3.14
[INFO] [stderr]    Compiling rand v0.8.5
[INFO] [stderr]    Compiling local-channel v0.1.3
[INFO] [stderr]    Compiling num_cpus v1.13.1
[INFO] [stderr]    Compiling httpdate v1.0.2
[INFO] [stderr]    Compiling mime v0.3.16
[INFO] [stderr]    Compiling base64 v0.13.0
[INFO] [stderr]    Compiling language-tags v0.3.2
[INFO] [stderr]    Compiling actix-web-codegen v4.1.0
[INFO] [stderr]    Compiling actix-server v2.1.1
[INFO] [stderr]    Compiling url v2.3.1
[INFO] [stderr]    Compiling serde_urlencoded v0.7.1
[INFO] [stderr]    Compiling zstd v0.11.2+zstd.1.5.2
[INFO] [stderr]    Compiling actix-http v3.2.2
[INFO] [stderr]    Compiling actix-web v4.2.1
[INFO] [stderr]    Compiling actix-cors v0.6.2
[INFO] [stderr]    Compiling salieri v0.1.0 (/opt/rustwide/workdir)
[INFO] [stderr]     Finished dev [unoptimized + debuginfo] target(s) in 1m 13s
[INFO] running `Command { std: "docker" "inspect" "d370845d5d14672a5f3249c831be71d8d5d8f43f770467eb171df0700851ccd2", kill_on_drop: false }`
[INFO] running `Command { std: "docker" "rm" "-f" "d370845d5d14672a5f3249c831be71d8d5d8f43f770467eb171df0700851ccd2", kill_on_drop: false }`
[INFO] [stdout] d370845d5d14672a5f3249c831be71d8d5d8f43f770467eb171df0700851ccd2
[INFO] running `Command { std: "docker" "create" "-v" "/var/lib/crater-agent-workspace/builds/worker-2-tc1/target:/opt/rustwide/target:rw,Z" "-v" "/var/lib/crater-agent-workspace/builds/worker-2-tc1/source:/opt/rustwide/workdir:ro,Z" "-v" "/var/lib/crater-agent-workspace/cargo-home:/opt/rustwide/cargo-home:ro,Z" "-v" "/var/lib/crater-agent-workspace/rustup-home:/opt/rustwide/rustup-home:ro,Z" "-e" "SOURCE_DIR=/opt/rustwide/workdir" "-e" "CARGO_TARGET_DIR=/opt/rustwide/target" "-e" "CARGO_INCREMENTAL=0" "-e" "RUST_BACKTRACE=full" "-e" "RUSTFLAGS=--cap-lints=warn" "-e" "RUSTDOCFLAGS=--cap-lints=warn" "-e" "CARGO_HOME=/opt/rustwide/cargo-home" "-e" "RUSTUP_HOME=/opt/rustwide/rustup-home" "-w" "/opt/rustwide/workdir" "-m" "1610612736" "--user" "0:0" "--network" "none" "ghcr.io/rust-lang/crates-build-env/linux@sha256:5ff2268d62e97bff2cde7d5815dd6ed5b47097566f13b8d0ca110b04b60e07ed" "/opt/rustwide/cargo-home/bin/cargo" "+1.69.0" "test" "--frozen" "--no-run" "--message-format=json", kill_on_drop: false }`
[INFO] [stdout] eb4b6c588bf4e52b72747d117f6a1e241aa7fd1c484d1261ad220feaa72ea227
[INFO] running `Command { std: "docker" "start" "-a" "eb4b6c588bf4e52b72747d117f6a1e241aa7fd1c484d1261ad220feaa72ea227", kill_on_drop: false }`
[INFO] [stderr]    Compiling salieri v0.1.0 (/opt/rustwide/workdir)
[INFO] [stderr]     Finished test [unoptimized + debuginfo] target(s) in 6.46s
[INFO] running `Command { std: "docker" "inspect" "eb4b6c588bf4e52b72747d117f6a1e241aa7fd1c484d1261ad220feaa72ea227", kill_on_drop: false }`
[INFO] running `Command { std: "docker" "rm" "-f" "eb4b6c588bf4e52b72747d117f6a1e241aa7fd1c484d1261ad220feaa72ea227", kill_on_drop: false }`
[INFO] [stdout] eb4b6c588bf4e52b72747d117f6a1e241aa7fd1c484d1261ad220feaa72ea227
[INFO] running `Command { std: "docker" "create" "-v" "/var/lib/crater-agent-workspace/builds/worker-2-tc1/target:/opt/rustwide/target:rw,Z" "-v" "/var/lib/crater-agent-workspace/builds/worker-2-tc1/source:/opt/rustwide/workdir:ro,Z" "-v" "/var/lib/crater-agent-workspace/cargo-home:/opt/rustwide/cargo-home:ro,Z" "-v" "/var/lib/crater-agent-workspace/rustup-home:/opt/rustwide/rustup-home:ro,Z" "-e" "SOURCE_DIR=/opt/rustwide/workdir" "-e" "CARGO_TARGET_DIR=/opt/rustwide/target" "-e" "CARGO_INCREMENTAL=0" "-e" "RUST_BACKTRACE=full" "-e" "RUSTFLAGS=--cap-lints=warn" "-e" "RUSTDOCFLAGS=--cap-lints=warn" "-e" "CARGO_HOME=/opt/rustwide/cargo-home" "-e" "RUSTUP_HOME=/opt/rustwide/rustup-home" "-w" "/opt/rustwide/workdir" "-m" "1610612736" "--user" "0:0" "--network" "none" "ghcr.io/rust-lang/crates-build-env/linux@sha256:5ff2268d62e97bff2cde7d5815dd6ed5b47097566f13b8d0ca110b04b60e07ed" "/opt/rustwide/cargo-home/bin/cargo" "+1.69.0" "test" "--frozen", kill_on_drop: false }`
[INFO] [stdout] 3536979f91e0d9365e8f04cb25b24a033a6287bdfc4f48d75df75b6bf763cf79
[INFO] running `Command { std: "docker" "start" "-a" "3536979f91e0d9365e8f04cb25b24a033a6287bdfc4f48d75df75b6bf763cf79", kill_on_drop: false }`
[INFO] [stderr]     Finished test [unoptimized + debuginfo] target(s) in 0.12s
[INFO] [stderr]      Running unittests src/main.rs (/opt/rustwide/target/debug/deps/salieri-34484e8ffecb391b)
[INFO] [stdout] 
[INFO] [stdout] running 218 tests
[INFO] [stdout] test backgammon::mcts::node::tests::add_result_not_win_test ... ok
[INFO] [stdout] test backgammon::mcts::tests::recommended_move_test ... ok
[INFO] [stdout] test backgammon::mcts::node::tests::add_result_win_test ... ok
[INFO] [stdout] test backgammon::mcts::tests::expansion_test ... ok
[INFO] [stdout] test backgammon::mcts::tests::backpropagation_test ... ok
[INFO] [stdout] test backgammon::openings::tests::fetch_test ... ok
[INFO] [stdout] test backgammon::state::bar::tests::parsing_above_10_test ... ok
[INFO] [stdout] test backgammon::mcts::tests::simulate_test ... ok
[INFO] [stdout] test backgammon::minimax::tests::evaluate_move_phase_test ... ok
[INFO] [stdout] test backgammon::mcts::tests::selection_test ... ok
[INFO] [stdout] test backgammon::state::bar::tests::parsing_bar_full_test ... ok
[INFO] [stdout] test backgammon::state::bar::tests::pop_piece_invalid_test ... ok
[INFO] [stdout] test backgammon::state::bar::tests::parsing_above_15_test ... ok
[INFO] [stdout] test backgammon::state::dice_set::tests::parsing_dice_set_test ... ok
[INFO] [stdout] test backgammon::state::bar::tests::push_piece_test ... ok
[INFO] [stdout] test backgammon::state::bar::tests::pop_piece_valid_test ... ok
[INFO] [stdout] test backgammon::state::dice_set::tests::parsing_double_dice_set_test ... ok
[INFO] [stdout] test backgammon::state::die::tests::parsing_char_test ... ok
[INFO] [stdout] test backgammon::state::die::tests::mark_used_test ... ok
[INFO] [stdout] test backgammon::mcts::tests::upper_confidence_bound_test ... ok
[INFO] [stdout] test backgammon::state::bar::tests::parsing_bar_empty_test ... ok
[INFO] [stdout] test backgammon::state::die::tests::parsing_blank_test ... ok
[INFO] [stdout] test backgammon::state::dice_set::tests::parsing_three_die_test ... ok
[INFO] [stdout] test backgammon::state::die::tests::parsing_die_number_test ... ok
[INFO] [stdout] test backgammon::state::game_state::tests::back_point_number_player_1_test ... ok
[INFO] [stdout] test backgammon::state::die::tests::parsing_high_number_test ... ok
[INFO] [stdout] test backgammon::state::dice_set::tests::parsing_one_die_test ... ok
[INFO] [stdout] test backgammon::state::game_state::tests::bar_move_step_test ... ok
[INFO] [stdout] test backgammon::state::game_state::tests::no_winner_test ... ok
[INFO] [stdout] test backgammon::state::game_state::tests::back_point_number_none_test ... ok
[INFO] [stdout] test backgammon::state::game_state::tests::beyond_off_board_move_step_not_back_point_test ... ok
[INFO] [stdout] test backgammon::state::game_state::tests::off_board_move_step_not_bearing_off_test ... ok
[INFO] [stdout] test backgammon::state::game_state::tests::back_point_number_player_2_test ... ok
[INFO] [stdout] test backgammon::state::game_state::tests::off_board_move_step_bearing_off_test ... ok
[INFO] [stdout] test backgammon::state::game_state::tests::off_boarding_test ... ok
[INFO] [stdout] test backgammon::state::game_state::tests::not_bearing_off_test ... ok
[INFO] [stdout] test backgammon::state::game_state::tests::not_on_bar_test ... ok
[INFO] [stdout] test backgammon::state::game_state::tests::beyond_off_board_move_step_back_point_test ... ok
[INFO] [stdout] test backgammon::state::game_state::tests::on_bar_test ... ok
[INFO] [stdout] test backgammon::state::game_state::tests::perform_move_step_valid_test ... ok
[INFO] [stdout] test backgammon::state::game_state::tests::bearing_off_test ... ok
[INFO] [stdout] test backgammon::state::game_state::tests::parse_test ... ok
[INFO] [stdout] test backgammon::state::game_state::tests::perform_move_invalid_test ... ok
[INFO] [stdout] test backgammon::state::game_state::tests::perform_move_step_invalid_die_number_test ... ok
[INFO] [stdout] test backgammon::state::game_state::tests::peform_set_roll_double_test ... ok
[INFO] [stdout] test backgammon::state::game_state::tests::perform_move_valid_test ... ok
[INFO] [stdout] test backgammon::state::game_state::tests::perform_move_step_invalid_test ... ok
[INFO] [stdout] test backgammon::state::game_state::tests::perform_set_roll_test ... ok
[INFO] [stdout] test backgammon::state::game_state::tests::pop_piece_from_off_board_test ... ok
[INFO] [stdout] test backgammon::state::game_state::tests::push_piece_on_blot_test ... ok
[INFO] [stdout] test backgammon::state::game_state::tests::push_piece_on_off_board_test ... ok
[INFO] [stdout] test backgammon::state::game_state::tests::pop_piece_from_point_test ... ok
[INFO] [stdout] test backgammon::state::game_state::tests::push_piece_on_point_test ... ok
[INFO] [stdout] test backgammon::state::game_state::tests::push_piece_with_invalid_point_test ... ok
[INFO] [stdout] test backgammon::state::game_state::tests::push_piece_with_no_point_specified_test ... ok
[INFO] [stdout] test backgammon::state::game_state::tests::undo_move_step_invalid_test ... ok
[INFO] [stdout] test backgammon::state::game_state::tests::possible_moves_test ... ok
[INFO] [stdout] test backgammon::state::game_state::tests::point_to_point_move_step_test ... ok
[INFO] [stdout] test backgammon::state::game_state::tests::pop_piece_from_bar_test ... ok
[INFO] [stdout] test backgammon::state::game_state::tests::undo_move_step_valid_test ... ok
[INFO] [stdout] test backgammon::state::game_state::tests::push_piece_on_bar_test ... ok
[INFO] [stdout] test backgammon::state::game_state::tests::undo_move_invalid_test ... ok
[INFO] [stdout] test backgammon::state::game_state::tests::undo_move_step_invalid_die_number_test ... ok
[INFO] [stdout] test backgammon::state::game_state::tests::undo_move_valid_test ... ok
[INFO] [stdout] test backgammon::state::game_state::tests::winner_test ... ok
[INFO] [stdout] test backgammon::state::mov::tests::beyond_off_board_move_step_invalid_test ... ok
[INFO] [stdout] test backgammon::state::mov::tests::location_format_off_board_test ... ok
[INFO] [stdout] test backgammon::state::mov::tests::bar_move_step_invalid_test ... ok
[INFO] [stdout] test backgammon::state::mov::tests::bar_move_step_prime_test ... ok
[INFO] [stdout] test backgammon::state::mov::tests::bar_move_step_valid_test ... ok
[INFO] [stdout] test backgammon::state::mov::tests::beyond_off_board_move_step_valid_test ... ok
[INFO] [stdout] test backgammon::state::mov::tests::move_format_test ... ok
[INFO] [stdout] test backgammon::state::mov::tests::build_move_step_test ... ok
[INFO] [stdout] test backgammon::state::mov::tests::location_format_bar_test ... ok
[INFO] [stdout] test backgammon::state::mov::tests::move_step_format_test ... ok
[INFO] [stdout] test backgammon::state::mov::tests::location_format_point_test ... ok
[INFO] [stdout] test backgammon::state::mov::tests::off_board_move_step_test ... ok
[INFO] [stdout] test backgammon::state::mov::tests::point_to_point_move_step_invalid_test ... ok
[INFO] [stdout] test backgammon::state::mov::tests::point_to_point_move_step_prime_test ... ok
[INFO] [stdout] test backgammon::state::off_board::tests::parsing_above_15_test ... ok
[INFO] [stdout] test backgammon::state::mov::tests::point_to_point_move_step_valid_test ... ok
[INFO] [stdout] test backgammon::state::off_board::tests::parsing_off_board_empty_test ... ok
[INFO] [stdout] test backgammon::state::off_board::tests::pop_piece_valid_test ... ok
[INFO] [stdout] test backgammon::state::off_board::tests::push_piece_test ... ok
[INFO] [stdout] test backgammon::state::point::tests::blot_test ... ok
[INFO] [stdout] test backgammon::state::point::tests::home_player_1_test ... ok
[INFO] [stdout] test backgammon::state::point::tests::home_player_2_test ... ok
[INFO] [stdout] test backgammon::state::point::tests::not_blot_test ... ok
[INFO] [stdout] test backgammon::state::point::tests::not_home_player_1_test ... ok
[INFO] [stdout] test backgammon::state::off_board::tests::parsing_above_10_test ... ok
[INFO] [stdout] test backgammon::state::point::tests::not_prime_test ... ok
[INFO] [stdout] test backgammon::state::point::tests::occupied_by_opponent_empty_test ... ok
[INFO] [stdout] test backgammon::state::point::tests::not_home_player_2_test ... ok
[INFO] [stdout] test backgammon::state::point::tests::occupied_by_player_empty_test ... ok
[INFO] [stdout] test backgammon::state::point::tests::home_player_x_test ... ok
[INFO] [stdout] test backgammon::state::point::tests::parsing_above_10_test ... ok
[INFO] [stdout] test backgammon::state::off_board::tests::pop_piece_invalid_test ... ok
[INFO] [stdout] test backgammon::state::off_board::tests::parsing_off_board_full_test ... ok
[INFO] [stdout] test backgammon::state::point::tests::occupied_by_player_with_opponent_test ... ok
[INFO] [stdout] test backgammon::state::point::tests::occupied_by_player_with_player_test ... ok
[INFO] [stdout] test backgammon::state::point::tests::occupied_by_opponent_with_opponent_test ... ok
[INFO] [stdout] test backgammon::state::point::tests::occupied_by_opponent_with_player_test ... ok
[INFO] [stdout] test backgammon::state::point::tests::parsing_point_empty_test ... ok
[INFO] [stdout] test backgammon::state::point::tests::parsing_above_15_test ... ok
[INFO] [stdout] test backgammon::state::point::tests::parsing_point_player_two_test ... ok
[INFO] [stdout] test backgammon::state::point::tests::parsing_with_both_players_on_point_test ... ok
[INFO] [stdout] test backgammon::state::point::tests::pop_piece_invalid_test ... ok
[INFO] [stdout] test backgammon::state::point::tests::push_empty_test ... ok
[INFO] [stdout] test backgammon::state::point::tests::push_prime_test ... ok
[INFO] [stdout] test backgammon::state::point_set::tests::parse_long_test ... ok
[INFO] [stdout] test backgammon::state::point::tests::pop_piece_valid_test ... ok
[INFO] [stdout] test backgammon::state::point_set::tests::parse_short_test ... ok
[INFO] [stdout] test backgammon::state::point::tests::prime_test ... ok
[INFO] [stdout] test backgammon_controller::tests::minimax_invalid_test ... ok
[INFO] [stdout] test backgammon::state::point::tests::push_blot_test ... ok
[INFO] [stdout] test backgammon_controller::tests::opening_no_moves_test ... ok
[INFO] [stdout] test backgammon_controller::tests::mcts_invalid_test ... ok
[INFO] [stdout] test backgammon::state::point::tests::parsing_point_player_one_test ... ok
[INFO] [stdout] test checkers::mcts::tests::backpropagation_test ... ok
[INFO] [stdout] test checkers::mcts::tests::expansion_test ... ok
[INFO] [stdout] test backgammon::state::point_set::tests::parse_test ... ok
[INFO] [stdout] test checkers::mcts::node::tests::add_result_not_win_test ... ok
[INFO] [stdout] test checkers::mcts::node::tests::add_result_win_test ... ok
[INFO] [stdout] test checkers::mcts::tests::simulate_test ... ok
[INFO] [stdout] test backgammon_controller::tests::mcts_valid_test ... ok
[INFO] [stdout] test checkers::mcts::tests::upper_confidence_bound_test ... ok
[INFO] [stdout] test checkers::mcts::tests::selection_test ... ok
[INFO] [stdout] test checkers::openings::tests::fetch ... ok
[INFO] [stdout] test checkers::state::game_state::tests::parsing ... ok
[INFO] [stdout] test checkers::mcts::tests::recommended_move_test ... ok
[INFO] [stdout] test checkers::state::game_state::tests::parsing_invalid ... ok
[INFO] [stdout] test checkers::state::game_state::tests::parsing_example_b ... ok
[INFO] [stdout] test backgammon_controller::tests::opening_valid_test ... FAILED
[INFO] [stdout] test checkers::state::game_state::tests::perform_undo_with_demote ... ok
[INFO] [stdout] test checkers::state::game_state::tests::perform_move_with_promote ... ok
[INFO] [stdout] test checkers::state::game_state::tests::perform_undo ... ok
[INFO] [stdout] test checkers::state::game_state::tests::possible_moves_test ... ok
[INFO] [stdout] test checkers::state::game_state::tests::winner_none_test ... ok
[INFO] [stdout] test checkers::state::game_state::tests::winner_some_test ... ok
[INFO] [stdout] test checkers::state::game_state::tests::possible_moves_for_player_test ... ok
[INFO] [stdout] test checkers::state::game_state::tests::perform_move_test ... ok
[INFO] [stdout] test checkers::state::mov::tests::legs ... ok
[INFO] [stdout] test checkers::state::mov::tests::format_jump ... ok
[INFO] [stdout] test checkers::state::game_state::tests::possible_moves_b_test ... ok
[INFO] [stdout] test checkers::state::square::tests::fetch_branching_jump_legs ... ok
[INFO] [stdout] test checkers::state::square::tests::fetch_branching_jumps_test ... ok
[INFO] [stdout] test checkers::state::mov::tests::format_move ... ok
[INFO] [stdout] test checkers::state::square::tests::demote_piece ... ok
[INFO] [stdout] test checkers::state::point::tests::adding ... ok
[INFO] [stdout] test checkers::state::square::tests::fetch_moves ... ok
[INFO] [stdout] test checkers::state::square::tests::moving_any_and_square_is_in_same_row_as_origin ... ok
[INFO] [stdout] test checkers::state::square::tests::moving_any_and_square_is_up_from_origin ... ok
[INFO] [stdout] test checkers::state::square::tests::fetch_jump_legs ... ok
[INFO] [stdout] test checkers::state::square::tests::fetch_jumps_test ... ok
[INFO] [stdout] test checkers::state::square::tests::moving_down_and_square_is_down_from_origin ... ok
[INFO] [stdout] test checkers::state::square::tests::moving_any_and_square_is_down_from_origin ... ok
[INFO] [stdout] test checkers::minimax::tests::evaluate_test ... ok
[INFO] [stdout] test checkers::state::square::tests::moving_down_and_square_is_in_same_row_as_origin ... ok
[INFO] [stdout] test checkers::state::square::tests::moving_up_and_square_is_down_from_origin ... ok
[INFO] [stdout] test checkers::state::square::tests::moving_down_and_square_is_up_from_origin ... ok
[INFO] [stdout] test checkers::state::square::tests::occupied_by_player_other_player ... ok
[INFO] [stdout] test checkers::state::square::tests::occupied_by_player_own_player ... ok
[INFO] [stdout] test checkers::state::square::tests::moving_up_and_square_is_up_from_origin ... ok
[INFO] [stdout] test checkers::state::square::tests::occupied_by_player_unoccupied ... ok
[INFO] [stdout] test checkers::state::square::tests::parsing_square_invalid ... ok
[INFO] [stdout] test checkers::state::square::tests::moving_up_and_square_is_on_same_row_as_origin ... ok
[INFO] [stdout] test checkers::state::square::tests::parsing_square_occupied ... ok
[INFO] [stdout] test checkers::state::square::tests::parsing_square_unoccupied ... ok
[INFO] [stdout] test checkers::state::square::tests::parsing_square_with_index ... ok
[INFO] [stdout] test checkers::state::square::tests::pieces_can_jump ... ok
[INFO] [stdout] test checkers::state::square::tests::pieces_cannot_jump_backwards ... ok
[INFO] [stdout] test checkers::state::square::tests::pieces_cannot_jump_over_friendly ... ok
[INFO] [stdout] test checkers::state::square::tests::promote_piece ... ok
[INFO] [stdout] test checkers::state::square_set::tests::demote_piece ... ok
[INFO] [stdout] test checkers::state::square_set::tests::fetch_jumps ... ok
[INFO] [stdout] test checkers::state::square_set::tests::fetch_moves ... ok
[INFO] [stdout] test checkers::state::square_set::tests::fetching_between_diagonal ... ok
[INFO] [stdout] test checkers::state::square_set::tests::fetching_by_x_and_y ... ok
[INFO] [stdout] test checkers::state::square_set::tests::fetching_first ... ok
[INFO] [stdout] test checkers::state::square_set::tests::parsing_square_set ... ok
[INFO] [stdout] test checkers::state::square_set::tests::perform_move_jump ... ok
[INFO] [stdout] test checkers::state::square_set::tests::perform_move_move ... ok
[INFO] [stdout] test checkers::state::square_set::tests::promote_piece ... ok
[INFO] [stdout] test checkers::state::square_set::tests::undo_move_jump ... ok
[INFO] [stdout] test checkers::state::square_set::tests::undo_move_move ... ok
[INFO] [stdout] test checkers::state::vector::tests::different_dx_and_dy_and_x_and_y ... ok
[INFO] [stdout] test checkers::state::square::tests::pieces_can_move ... ok
[INFO] [stdout] test checkers::state::vector::tests::direction_orthogonal ... ok
[INFO] [stdout] test checkers::state::vector::tests::direction_other ... ok
[INFO] [stdout] test checkers::state::vector::tests::direction_unit_test ... ok
[INFO] [stdout] test checkers::state::vector::tests::same_dx_and_dy ... ok
[INFO] [stdout] test checkers::state::vector::tests::same_points ... ok
[INFO] [stdout] test checkers::state::vector::tests::same_y_or_x ... ok
[INFO] [stdout] test checkers_controller::tests::mcts_invalid_game_state_test ... ok
[INFO] [stdout] test checkers_controller::tests::minimax_invalid_game_state_test ... ok
[INFO] [stdout] test checkers::state::vector::tests::direction_diagonal ... ok
[INFO] [stdout] test checkers::state::square_set::tests::fetching_between_l_shape ... ok
[INFO] [stdout] test checkers_controller::tests::opening_no_moves_test ... ok
[INFO] [stdout] test checkers::state::square::tests::pieces_cannot_jump_over_empty ... ok
[INFO] [stdout] test checkers_controller::tests::minimax_no_moves_test ... ok
[INFO] [stdout] test checkers_controller::tests::opening_valid_test ... ok
[INFO] [stdout] test tests::test_backgammon_body_with_invalid_params ... ok
[INFO] [stdout] test tests::test_backgammon_status_with_invalid_params ... ok
[INFO] [stdout] test tests::test_checkers_body_with_invalid_params ... ok
[INFO] [stdout] test tests::test_backgammon_body_with_valid_params ... ok
[INFO] [stdout] test tests::test_checkers_status_with_invalid_params ... ok
[INFO] [stdout] test tests::test_backgammon_status_with_valid_params ... ok
[INFO] [stdout] test backgammon::minimax::tests::recommended_move_test ... ok
[INFO] [stdout] test tests::test_index_body ... ok
[INFO] [stdout] test tests::test_index_status ... ok
[INFO] [stdout] test tests::test_invalid_game_type_body ... ok
[INFO] [stdout] test tests::test_invalid_game_type_status ... ok
[INFO] [stdout] test checkers::minimax::tests::recommended_move_test ... ok
[INFO] [stdout] test backgammon_controller::tests::minimax_valid_test ... ok
[INFO] [stdout] test checkers_controller::tests::minimax_valid_test ... ok
[INFO] [stdout] test tests::test_checkers_body_with_valid_params ... ok
[INFO] [stdout] test tests::test_checkers_status_with_valid_params ... ok
[INFO] [stdout] test checkers_controller::tests::mcts_valid_test ... ok
[INFO] [stdout] 
[INFO] [stdout] failures:
[INFO] [stdout] 
[INFO] [stdout] ---- backgammon_controller::tests::opening_valid_test stdout ----
[INFO] [stdout] thread 'backgammon_controller::tests::opening_valid_test' panicked at 'assertion failed: `(left == right)`
[INFO] [stdout]   left: `b"4-6: 8/2 6/2\n"`,
[INFO] [stdout]  right: `"4-6: 24/18 13/9\n"`', src/backgammon_controller.rs:72:25
[INFO] [stdout] stack backtrace:
[INFO] [stdout]    0:     0x55d412cb713a - std::backtrace_rs::backtrace::libunwind::trace::ha9053a9a07ca49cb
[INFO] [stdout]                                at /rustc/84c898d65adf2f39a5a98507f1fe0ce10a2b8dbc/library/std/src/../../backtrace/src/backtrace/libunwind.rs:93:5
[INFO] [stdout]    1:     0x55d412cb713a - std::backtrace_rs::backtrace::trace_unsynchronized::h9c2852a457ad564e
[INFO] [stdout]                                at /rustc/84c898d65adf2f39a5a98507f1fe0ce10a2b8dbc/library/std/src/../../backtrace/src/backtrace/mod.rs:66:5
[INFO] [stdout]    2:     0x55d412cb713a - std::sys_common::backtrace::_print_fmt::h457936fbfaa0070f
[INFO] [stdout]                                at /rustc/84c898d65adf2f39a5a98507f1fe0ce10a2b8dbc/library/std/src/sys_common/backtrace.rs:65:5
[INFO] [stdout]    3:     0x55d412cb713a - <std::sys_common::backtrace::_print::DisplayBacktrace as core::fmt::Display>::fmt::h5779d7bf7f70cb0c
[INFO] [stdout]                                at /rustc/84c898d65adf2f39a5a98507f1fe0ce10a2b8dbc/library/std/src/sys_common/backtrace.rs:44:22
[INFO] [stdout]    4:     0x55d412cdd59e - core::fmt::write::h5a4baaff1bcd3eb5
[INFO] [stdout]                                at /rustc/84c898d65adf2f39a5a98507f1fe0ce10a2b8dbc/library/core/src/fmt/mod.rs:1232:17
[INFO] [stdout]    5:     0x55d412cb4485 - std::io::Write::write_fmt::h478f79c628ef31d1
[INFO] [stdout]                                at /rustc/84c898d65adf2f39a5a98507f1fe0ce10a2b8dbc/library/std/src/io/mod.rs:1684:15
[INFO] [stdout]    6:     0x55d412cb6f05 - std::sys_common::backtrace::_print::h5fcdc36060f177e8
[INFO] [stdout]                                at /rustc/84c898d65adf2f39a5a98507f1fe0ce10a2b8dbc/library/std/src/sys_common/backtrace.rs:47:5
[INFO] [stdout]    7:     0x55d412cb6f05 - std::sys_common::backtrace::print::h54ca9458b876c8bf
[INFO] [stdout]                                at /rustc/84c898d65adf2f39a5a98507f1fe0ce10a2b8dbc/library/std/src/sys_common/backtrace.rs:34:9
[INFO] [stdout]    8:     0x55d412cb8ccf - std::panicking::default_hook::{{closure}}::hbe471161c7664ed6
[INFO] [stdout]                                at /rustc/84c898d65adf2f39a5a98507f1fe0ce10a2b8dbc/library/std/src/panicking.rs:271:22
[INFO] [stdout]    9:     0x55d412cb898f - std::panicking::default_hook::ha3500da57aa4ac4f
[INFO] [stdout]                                at /rustc/84c898d65adf2f39a5a98507f1fe0ce10a2b8dbc/library/std/src/panicking.rs:287:9
[INFO] [stdout]   10:     0x55d412945fd7 - <alloc::boxed::Box<F,A> as core::ops::function::Fn<Args>>::call::hdf1b89dd137ece34
[INFO] [stdout]                                at /rustc/84c898d65adf2f39a5a98507f1fe0ce10a2b8dbc/library/alloc/src/boxed.rs:2001:9
[INFO] [stdout]   11:     0x55d412945fd7 - test::test_main::{{closure}}::h9081a79f20e75698
[INFO] [stdout]                                at /rustc/84c898d65adf2f39a5a98507f1fe0ce10a2b8dbc/library/test/src/lib.rs:135:21
[INFO] [stdout]   12:     0x55d412cb93fd - <alloc::boxed::Box<F,A> as core::ops::function::Fn<Args>>::call::h6507bddc3eebb4a5
[INFO] [stdout]                                at /rustc/84c898d65adf2f39a5a98507f1fe0ce10a2b8dbc/library/alloc/src/boxed.rs:2001:9
[INFO] [stdout]   13:     0x55d412cb93fd - std::panicking::rust_panic_with_hook::h50c09d000dc561d2
[INFO] [stdout]                                at /rustc/84c898d65adf2f39a5a98507f1fe0ce10a2b8dbc/library/std/src/panicking.rs:696:13
[INFO] [stdout]   14:     0x55d412cb9179 - std::panicking::begin_panic_handler::{{closure}}::h9e2b2176e00e0d9c
[INFO] [stdout]                                at /rustc/84c898d65adf2f39a5a98507f1fe0ce10a2b8dbc/library/std/src/panicking.rs:583:13
[INFO] [stdout]   15:     0x55d412cb75a6 - std::sys_common::backtrace::__rust_end_short_backtrace::h5739b8e512c09d02
[INFO] [stdout]                                at /rustc/84c898d65adf2f39a5a98507f1fe0ce10a2b8dbc/library/std/src/sys_common/backtrace.rs:150:18
[INFO] [stdout]   16:     0x55d412cb8e82 - rust_begin_unwind
[INFO] [stdout]                                at /rustc/84c898d65adf2f39a5a98507f1fe0ce10a2b8dbc/library/std/src/panicking.rs:579:5
[INFO] [stdout]   17:     0x55d41283b0c3 - core::panicking::panic_fmt::hf33a1475b4dc5c3e
[INFO] [stdout]                                at /rustc/84c898d65adf2f39a5a98507f1fe0ce10a2b8dbc/library/core/src/panicking.rs:64:14
[INFO] [stdout]   18:     0x55d41283b3ff - core::panicking::assert_failed_inner::haf9816227b20b6f2
[INFO] [stdout]   19:     0x55d4128c690e - core::panicking::assert_failed::h8ad9022628f8c3e7
[INFO] [stdout]                                at /rustc/84c898d65adf2f39a5a98507f1fe0ce10a2b8dbc/library/core/src/panicking.rs:211:5
[INFO] [stdout]   20:     0x55d412915990 - salieri::backgammon_controller::tests::opening_valid_test::hd84aadc47a98bdc6
[INFO] [stdout]                                at /opt/rustwide/workdir/src/backgammon_controller.rs:72:25
[INFO] [stdout]   21:     0x55d412915677 - salieri::backgammon_controller::tests::opening_valid_test::{{closure}}::hc021c48a5bdaca96
[INFO] [stdout]                                at /opt/rustwide/workdir/src/backgammon_controller.rs:66:29
[INFO] [stdout]   22:     0x55d4128bd9c5 - core::ops::function::FnOnce::call_once::h19cdacd81d06de68
[INFO] [stdout]                                at /rustc/84c898d65adf2f39a5a98507f1fe0ce10a2b8dbc/library/core/src/ops/function.rs:250:5
[INFO] [stdout]   23:     0x55d41294b3bf - core::ops::function::FnOnce::call_once::h7d969581be7d0075
[INFO] [stdout]                                at /rustc/84c898d65adf2f39a5a98507f1fe0ce10a2b8dbc/library/core/src/ops/function.rs:250:5
[INFO] [stdout]   24:     0x55d41294b3bf - test::__rust_begin_short_backtrace::hca25a52684e56655
[INFO] [stdout]                                at /rustc/84c898d65adf2f39a5a98507f1fe0ce10a2b8dbc/library/test/src/lib.rs:656:18
[INFO] [stdout]   25:     0x55d41291c9dc - test::run_test::{{closure}}::ha8ac744c4af1a4bb
[INFO] [stdout]                                at /rustc/84c898d65adf2f39a5a98507f1fe0ce10a2b8dbc/library/test/src/lib.rs:647:30
[INFO] [stdout]   26:     0x55d41291c9dc - core::ops::function::FnOnce::call_once{{vtable.shim}}::h7b411a9ed45bdecf
[INFO] [stdout]                                at /rustc/84c898d65adf2f39a5a98507f1fe0ce10a2b8dbc/library/core/src/ops/function.rs:250:5
[INFO] [stdout]   27:     0x55d41294a386 - <alloc::boxed::Box<F,A> as core::ops::function::FnOnce<Args>>::call_once::hd05328869a8ed200
[INFO] [stdout]                                at /rustc/84c898d65adf2f39a5a98507f1fe0ce10a2b8dbc/library/alloc/src/boxed.rs:1987:9
[INFO] [stdout]   28:     0x55d41294a386 - <core::panic::unwind_safe::AssertUnwindSafe<F> as core::ops::function::FnOnce<()>>::call_once::h0c601ce20bd5b2be
[INFO] [stdout]                                at /rustc/84c898d65adf2f39a5a98507f1fe0ce10a2b8dbc/library/core/src/panic/unwind_safe.rs:271:9
[INFO] [stdout]   29:     0x55d41294a386 - std::panicking::try::do_call::ha4be5c164fe30854
[INFO] [stdout]                                at /rustc/84c898d65adf2f39a5a98507f1fe0ce10a2b8dbc/library/std/src/panicking.rs:487:40
[INFO] [stdout]   30:     0x55d41294a386 - std::panicking::try::h604546f3609af05f
[INFO] [stdout]                                at /rustc/84c898d65adf2f39a5a98507f1fe0ce10a2b8dbc/library/std/src/panicking.rs:451:19
[INFO] [stdout]   31:     0x55d41294a386 - std::panic::catch_unwind::h5bfa8afe44c9c2f9
[INFO] [stdout]                                at /rustc/84c898d65adf2f39a5a98507f1fe0ce10a2b8dbc/library/std/src/panic.rs:140:14
[INFO] [stdout]   32:     0x55d41294a386 - test::run_test_in_process::hd50dee55dd63e6aa
[INFO] [stdout]                                at /rustc/84c898d65adf2f39a5a98507f1fe0ce10a2b8dbc/library/test/src/lib.rs:679:27
[INFO] [stdout]   33:     0x55d41294a386 - test::run_test::run_test_inner::{{closure}}::h4aa0f433aa85cea8
[INFO] [stdout]                                at /rustc/84c898d65adf2f39a5a98507f1fe0ce10a2b8dbc/library/test/src/lib.rs:573:39
[INFO] [stdout]   34:     0x55d412917051 - test::run_test::run_test_inner::{{closure}}::had56431adf24b4d6
[INFO] [stdout]                                at /rustc/84c898d65adf2f39a5a98507f1fe0ce10a2b8dbc/library/test/src/lib.rs:600:37
[INFO] [stdout]   35:     0x55d412917051 - std::sys_common::backtrace::__rust_begin_short_backtrace::ha8d9890e0c73bf13
[INFO] [stdout]                                at /rustc/84c898d65adf2f39a5a98507f1fe0ce10a2b8dbc/library/std/src/sys_common/backtrace.rs:134:18
[INFO] [stdout]   36:     0x55d41291ca6b - std::thread::Builder::spawn_unchecked_::{{closure}}::{{closure}}::h251832bcb4a95327
[INFO] [stdout]                                at /rustc/84c898d65adf2f39a5a98507f1fe0ce10a2b8dbc/library/std/src/thread/mod.rs:560:17
[INFO] [stdout]   37:     0x55d41291ca6b - <core::panic::unwind_safe::AssertUnwindSafe<F> as core::ops::function::FnOnce<()>>::call_once::h8fdff598fa414831
[INFO] [stdout]                                at /rustc/84c898d65adf2f39a5a98507f1fe0ce10a2b8dbc/library/core/src/panic/unwind_safe.rs:271:9
[INFO] [stdout]   38:     0x55d41291ca6b - std::panicking::try::do_call::h455dd2f7764a950f
[INFO] [stdout]                                at /rustc/84c898d65adf2f39a5a98507f1fe0ce10a2b8dbc/library/std/src/panicking.rs:487:40
[INFO] [stdout]   39:     0x55d41291ca6b - std::panicking::try::had6f23b7b73ae72a
[INFO] [stdout]                                at /rustc/84c898d65adf2f39a5a98507f1fe0ce10a2b8dbc/library/std/src/panicking.rs:451:19
[INFO] [stdout]   40:     0x55d41291ca6b - std::panic::catch_unwind::ha6a5ca3915b4dad0
[INFO] [stdout]                                at /rustc/84c898d65adf2f39a5a98507f1fe0ce10a2b8dbc/library/std/src/panic.rs:140:14
[INFO] [stdout]   41:     0x55d41291ca6b - std::thread::Builder::spawn_unchecked_::{{closure}}::h883b72ef75da6231
[INFO] [stdout]                                at /rustc/84c898d65adf2f39a5a98507f1fe0ce10a2b8dbc/library/std/src/thread/mod.rs:559:30
[INFO] [stdout]   42:     0x55d41291ca6b - core::ops::function::FnOnce::call_once{{vtable.shim}}::hb7dff73dc8bd2ccb
[INFO] [stdout]                                at /rustc/84c898d65adf2f39a5a98507f1fe0ce10a2b8dbc/library/core/src/ops/function.rs:250:5
[INFO] [stdout]   43:     0x55d412cbd813 - <alloc::boxed::Box<F,A> as core::ops::function::FnOnce<Args>>::call_once::h39990b24eedef2ab
[INFO] [stdout]                                at /rustc/84c898d65adf2f39a5a98507f1fe0ce10a2b8dbc/library/alloc/src/boxed.rs:1987:9
[INFO] [stdout]   44:     0x55d412cbd813 - <alloc::boxed::Box<F,A> as core::ops::function::FnOnce<Args>>::call_once::h01a027258444143b
[INFO] [stdout]                                at /rustc/84c898d65adf2f39a5a98507f1fe0ce10a2b8dbc/library/alloc/src/boxed.rs:1987:9
[INFO] [stdout]   45:     0x55d412cbd813 - std::sys::unix::thread::Thread::new::thread_start::ha4f1cdd9c25884ba
[INFO] [stdout]                                at /rustc/84c898d65adf2f39a5a98507f1fe0ce10a2b8dbc/library/std/src/sys/unix/thread.rs:108:17
[INFO] [stdout]   46:     0x7f0e0ee04b43 - <unknown>
[INFO] [stdout]   47:     0x7f0e0ee95bb4 - __clone
[INFO] [stdout]   48:                0x0 - <unknown>
[INFO] [stdout] 
[INFO] [stdout] 
[INFO] [stdout] failures:
[INFO] [stdout]     backgammon_controller::tests::opening_valid_test
[INFO] [stdout] 
[INFO] [stdout] test result: FAILED. 217 passed; 1 failed; 0 ignored; 0 measured; 0 filtered out; finished in 1.34s
[INFO] [stdout] 
[INFO] [stderr] error: test failed, to rerun pass `--bin salieri`
[INFO] running `Command { std: "docker" "inspect" "3536979f91e0d9365e8f04cb25b24a033a6287bdfc4f48d75df75b6bf763cf79", kill_on_drop: false }`
[INFO] running `Command { std: "docker" "rm" "-f" "3536979f91e0d9365e8f04cb25b24a033a6287bdfc4f48d75df75b6bf763cf79", kill_on_drop: false }`
[INFO] [stdout] 3536979f91e0d9365e8f04cb25b24a033a6287bdfc4f48d75df75b6bf763cf79
