[INFO] cloning repository https://github.com/mrbaco/talkback
[INFO] running `Command { std: "git" "-c" "credential.helper=" "-c" "credential.helper=/workspace/cargo-home/bin/git-credential-null" "clone" "--bare" "https://github.com/mrbaco/talkback" "/workspace/cache/git-repos/https%3A%2F%2Fgithub.com%2Fmrbaco%2Ftalkback", kill_on_drop: false }`
[INFO] [stderr] Cloning into bare repository '/workspace/cache/git-repos/https%3A%2F%2Fgithub.com%2Fmrbaco%2Ftalkback'...
[INFO] running `Command { std: "git" "rev-parse" "HEAD", kill_on_drop: false }`
[INFO] [stdout] 74e658973c1b83080ef2bbd9f576433f0cfec69f
[INFO] testing mrbaco/talkback against 1.69.0 for beta-1.70-1
[INFO] running `Command { std: "git" "clone" "/workspace/cache/git-repos/https%3A%2F%2Fgithub.com%2Fmrbaco%2Ftalkback" "/workspace/builds/worker-5-tc1/source", kill_on_drop: false }`
[INFO] [stderr] Cloning into '/workspace/builds/worker-5-tc1/source'...
[INFO] [stderr] done.
[INFO] validating manifest of git repo https://github.com/mrbaco/talkback on toolchain 1.69.0
[INFO] running `Command { std: CARGO_HOME="/workspace/cargo-home" RUSTUP_HOME="/workspace/rustup-home" "/workspace/cargo-home/bin/cargo" "+1.69.0" "metadata" "--manifest-path" "Cargo.toml" "--no-deps", kill_on_drop: false }`
[INFO] started tweaking git repo https://github.com/mrbaco/talkback
[INFO] finished tweaking git repo https://github.com/mrbaco/talkback
[INFO] tweaked toml for git repo https://github.com/mrbaco/talkback written to /workspace/builds/worker-5-tc1/source/Cargo.toml
[INFO] crate git repo https://github.com/mrbaco/talkback already has a lockfile, it will not be regenerated
[INFO] running `Command { std: CARGO_HOME="/workspace/cargo-home" RUSTUP_HOME="/workspace/rustup-home" "/workspace/cargo-home/bin/cargo" "+1.69.0" "fetch" "--manifest-path" "Cargo.toml", kill_on_drop: false }`
[INFO] running `Command { std: "docker" "create" "-v" "/var/lib/crater-agent-workspace/builds/worker-5-tc1/target:/opt/rustwide/target:rw,Z" "-v" "/var/lib/crater-agent-workspace/builds/worker-5-tc1/source:/opt/rustwide/workdir:ro,Z" "-v" "/var/lib/crater-agent-workspace/cargo-home:/opt/rustwide/cargo-home:ro,Z" "-v" "/var/lib/crater-agent-workspace/rustup-home:/opt/rustwide/rustup-home:ro,Z" "-e" "SOURCE_DIR=/opt/rustwide/workdir" "-e" "CARGO_TARGET_DIR=/opt/rustwide/target" "-e" "CARGO_HOME=/opt/rustwide/cargo-home" "-e" "RUSTUP_HOME=/opt/rustwide/rustup-home" "-w" "/opt/rustwide/workdir" "-m" "1610612736" "--user" "0:0" "--network" "none" "ghcr.io/rust-lang/crates-build-env/linux@sha256:5ff2268d62e97bff2cde7d5815dd6ed5b47097566f13b8d0ca110b04b60e07ed" "/opt/rustwide/cargo-home/bin/cargo" "+1.69.0" "metadata" "--no-deps" "--format-version=1", kill_on_drop: false }`
[INFO] [stdout] a9e563b0845896e85e1e02ac33429398f58acca69be9b161a06db330dde93e12
[INFO] running `Command { std: "docker" "start" "-a" "a9e563b0845896e85e1e02ac33429398f58acca69be9b161a06db330dde93e12", kill_on_drop: false }`
[INFO] running `Command { std: "docker" "inspect" "a9e563b0845896e85e1e02ac33429398f58acca69be9b161a06db330dde93e12", kill_on_drop: false }`
[INFO] running `Command { std: "docker" "rm" "-f" "a9e563b0845896e85e1e02ac33429398f58acca69be9b161a06db330dde93e12", kill_on_drop: false }`
[INFO] [stdout] a9e563b0845896e85e1e02ac33429398f58acca69be9b161a06db330dde93e12
[INFO] running `Command { std: "docker" "create" "-v" "/var/lib/crater-agent-workspace/builds/worker-5-tc1/target:/opt/rustwide/target:rw,Z" "-v" "/var/lib/crater-agent-workspace/builds/worker-5-tc1/source:/opt/rustwide/workdir:ro,Z" "-v" "/var/lib/crater-agent-workspace/cargo-home:/opt/rustwide/cargo-home:ro,Z" "-v" "/var/lib/crater-agent-workspace/rustup-home:/opt/rustwide/rustup-home:ro,Z" "-e" "SOURCE_DIR=/opt/rustwide/workdir" "-e" "CARGO_TARGET_DIR=/opt/rustwide/target" "-e" "CARGO_INCREMENTAL=0" "-e" "RUST_BACKTRACE=full" "-e" "RUSTFLAGS=--cap-lints=warn" "-e" "RUSTDOCFLAGS=--cap-lints=warn" "-e" "CARGO_HOME=/opt/rustwide/cargo-home" "-e" "RUSTUP_HOME=/opt/rustwide/rustup-home" "-w" "/opt/rustwide/workdir" "-m" "1610612736" "--user" "0:0" "--network" "none" "ghcr.io/rust-lang/crates-build-env/linux@sha256:5ff2268d62e97bff2cde7d5815dd6ed5b47097566f13b8d0ca110b04b60e07ed" "/opt/rustwide/cargo-home/bin/cargo" "+1.69.0" "build" "--frozen" "--message-format=json", kill_on_drop: false }`
[INFO] [stdout] 39afe5005bc72c8cbf685bd3526911f38674acf12cbb3f94f7270007cf052552
[INFO] running `Command { std: "docker" "start" "-a" "39afe5005bc72c8cbf685bd3526911f38674acf12cbb3f94f7270007cf052552", kill_on_drop: false }`
[INFO] [stderr]    Compiling md5 v0.7.0
[INFO] [stderr]    Compiling talkback v0.1.0 (/opt/rustwide/workdir)
[INFO] [stderr]     Finished dev [unoptimized + debuginfo] target(s) in 0.79s
[INFO] running `Command { std: "docker" "inspect" "39afe5005bc72c8cbf685bd3526911f38674acf12cbb3f94f7270007cf052552", kill_on_drop: false }`
[INFO] running `Command { std: "docker" "rm" "-f" "39afe5005bc72c8cbf685bd3526911f38674acf12cbb3f94f7270007cf052552", kill_on_drop: false }`
[INFO] [stdout] 39afe5005bc72c8cbf685bd3526911f38674acf12cbb3f94f7270007cf052552
[INFO] running `Command { std: "docker" "create" "-v" "/var/lib/crater-agent-workspace/builds/worker-5-tc1/target:/opt/rustwide/target:rw,Z" "-v" "/var/lib/crater-agent-workspace/builds/worker-5-tc1/source:/opt/rustwide/workdir:ro,Z" "-v" "/var/lib/crater-agent-workspace/cargo-home:/opt/rustwide/cargo-home:ro,Z" "-v" "/var/lib/crater-agent-workspace/rustup-home:/opt/rustwide/rustup-home:ro,Z" "-e" "SOURCE_DIR=/opt/rustwide/workdir" "-e" "CARGO_TARGET_DIR=/opt/rustwide/target" "-e" "CARGO_INCREMENTAL=0" "-e" "RUST_BACKTRACE=full" "-e" "RUSTFLAGS=--cap-lints=warn" "-e" "RUSTDOCFLAGS=--cap-lints=warn" "-e" "CARGO_HOME=/opt/rustwide/cargo-home" "-e" "RUSTUP_HOME=/opt/rustwide/rustup-home" "-w" "/opt/rustwide/workdir" "-m" "1610612736" "--user" "0:0" "--network" "none" "ghcr.io/rust-lang/crates-build-env/linux@sha256:5ff2268d62e97bff2cde7d5815dd6ed5b47097566f13b8d0ca110b04b60e07ed" "/opt/rustwide/cargo-home/bin/cargo" "+1.69.0" "test" "--frozen" "--no-run" "--message-format=json", kill_on_drop: false }`
[INFO] [stdout] d15f0accaa90d1bae6389fedc6d328cbca63e3a3df23035f5ae0020bd7ddbb06
[INFO] running `Command { std: "docker" "start" "-a" "d15f0accaa90d1bae6389fedc6d328cbca63e3a3df23035f5ae0020bd7ddbb06", kill_on_drop: false }`
[INFO] [stderr]    Compiling talkback v0.1.0 (/opt/rustwide/workdir)
[INFO] [stderr]     Finished test [unoptimized + debuginfo] target(s) in 0.70s
[INFO] running `Command { std: "docker" "inspect" "d15f0accaa90d1bae6389fedc6d328cbca63e3a3df23035f5ae0020bd7ddbb06", kill_on_drop: false }`
[INFO] running `Command { std: "docker" "rm" "-f" "d15f0accaa90d1bae6389fedc6d328cbca63e3a3df23035f5ae0020bd7ddbb06", kill_on_drop: false }`
[INFO] [stdout] d15f0accaa90d1bae6389fedc6d328cbca63e3a3df23035f5ae0020bd7ddbb06
[INFO] running `Command { std: "docker" "create" "-v" "/var/lib/crater-agent-workspace/builds/worker-5-tc1/target:/opt/rustwide/target:rw,Z" "-v" "/var/lib/crater-agent-workspace/builds/worker-5-tc1/source:/opt/rustwide/workdir:ro,Z" "-v" "/var/lib/crater-agent-workspace/cargo-home:/opt/rustwide/cargo-home:ro,Z" "-v" "/var/lib/crater-agent-workspace/rustup-home:/opt/rustwide/rustup-home:ro,Z" "-e" "SOURCE_DIR=/opt/rustwide/workdir" "-e" "CARGO_TARGET_DIR=/opt/rustwide/target" "-e" "CARGO_INCREMENTAL=0" "-e" "RUST_BACKTRACE=full" "-e" "RUSTFLAGS=--cap-lints=warn" "-e" "RUSTDOCFLAGS=--cap-lints=warn" "-e" "CARGO_HOME=/opt/rustwide/cargo-home" "-e" "RUSTUP_HOME=/opt/rustwide/rustup-home" "-w" "/opt/rustwide/workdir" "-m" "1610612736" "--user" "0:0" "--network" "none" "ghcr.io/rust-lang/crates-build-env/linux@sha256:5ff2268d62e97bff2cde7d5815dd6ed5b47097566f13b8d0ca110b04b60e07ed" "/opt/rustwide/cargo-home/bin/cargo" "+1.69.0" "test" "--frozen", kill_on_drop: false }`
[INFO] [stdout] ad70c8d9bfded33288ac9c0df163df6f7a970edf6a343d8bd77643d14d49028d
[INFO] running `Command { std: "docker" "start" "-a" "ad70c8d9bfded33288ac9c0df163df6f7a970edf6a343d8bd77643d14d49028d", kill_on_drop: false }`
[INFO] [stderr]     Finished test [unoptimized + debuginfo] target(s) in 0.00s
[INFO] [stderr]      Running unittests src/main.rs (/opt/rustwide/target/debug/deps/talkback-95dac5784ba16e5d)
[INFO] [stdout] 
[INFO] [stdout] running 6 tests
[INFO] [stdout] test tests::auth_error ... FAILED
[INFO] [stdout] test tests::new_session_with_user_and_message ... FAILED
[INFO] [stdout] test tests::register_error ... FAILED
[INFO] [stderr] thread panicked while panicking. aborting.
[INFO] [stdout] test tests::users_storage ... FAILED
[INFO] [stderr] error: test failed, to rerun pass `--bin talkback`
[INFO] [stderr] 
[INFO] [stderr] Caused by:
[INFO] [stderr]   process didn't exit successfully: `/opt/rustwide/target/debug/deps/talkback-95dac5784ba16e5d` (signal: 6, SIGABRT: process abort signal)
[INFO] running `Command { std: "docker" "inspect" "ad70c8d9bfded33288ac9c0df163df6f7a970edf6a343d8bd77643d14d49028d", kill_on_drop: false }`
[INFO] running `Command { std: "docker" "rm" "-f" "ad70c8d9bfded33288ac9c0df163df6f7a970edf6a343d8bd77643d14d49028d", kill_on_drop: false }`
[INFO] [stdout] ad70c8d9bfded33288ac9c0df163df6f7a970edf6a343d8bd77643d14d49028d
