[INFO] cloning repository https://github.com/mozilla/dump_syms
[INFO] running `Command { std: "git" "-c" "credential.helper=" "-c" "credential.helper=/workspace/cargo-home/bin/git-credential-null" "clone" "--bare" "https://github.com/mozilla/dump_syms" "/workspace/cache/git-repos/https%3A%2F%2Fgithub.com%2Fmozilla%2Fdump_syms", kill_on_drop: false }`
[INFO] [stderr] Cloning into bare repository '/workspace/cache/git-repos/https%3A%2F%2Fgithub.com%2Fmozilla%2Fdump_syms'...
[INFO] running `Command { std: "git" "rev-parse" "HEAD", kill_on_drop: false }`
[INFO] [stdout] fa4caf72ff6ca07c0bbf29cecf693c6294193563
[INFO] testing mozilla/dump_syms against 1.69.0 for beta-1.70-1
[INFO] running `Command { std: "git" "clone" "/workspace/cache/git-repos/https%3A%2F%2Fgithub.com%2Fmozilla%2Fdump_syms" "/workspace/builds/worker-6-tc1/source", kill_on_drop: false }`
[INFO] [stderr] Cloning into '/workspace/builds/worker-6-tc1/source'...
[INFO] [stderr] done.
[INFO] validating manifest of git repo https://github.com/mozilla/dump_syms on toolchain 1.69.0
[INFO] running `Command { std: CARGO_HOME="/workspace/cargo-home" RUSTUP_HOME="/workspace/rustup-home" "/workspace/cargo-home/bin/cargo" "+1.69.0" "metadata" "--manifest-path" "Cargo.toml" "--no-deps", kill_on_drop: false }`
[INFO] started tweaking git repo https://github.com/mozilla/dump_syms
[INFO] finished tweaking git repo https://github.com/mozilla/dump_syms
[INFO] tweaked toml for git repo https://github.com/mozilla/dump_syms written to /workspace/builds/worker-6-tc1/source/Cargo.toml
[INFO] crate git repo https://github.com/mozilla/dump_syms already has a lockfile, it will not be regenerated
[INFO] running `Command { std: CARGO_HOME="/workspace/cargo-home" RUSTUP_HOME="/workspace/rustup-home" "/workspace/cargo-home/bin/cargo" "+1.69.0" "fetch" "--manifest-path" "Cargo.toml", kill_on_drop: false }`
[INFO] [stderr]     Blocking waiting for file lock on package cache
[INFO] [stderr]  Downloading crates ...
[INFO] [stderr]   Downloaded symbolic-common v12.1.1
[INFO] [stderr]   Downloaded symbolic-ppdb v12.1.1
[INFO] [stderr]   Downloaded pdb-addr2line v0.10.4
[INFO] [stderr]   Downloaded inplace-vec-builder v0.1.1
[INFO] [stderr]   Downloaded binary-merge v0.1.2
[INFO] [stderr]   Downloaded range-collections v0.2.4
[INFO] [stderr]   Downloaded elsa v1.7.0
[INFO] [stderr]   Downloaded dmsort v1.0.2
[INFO] [stderr]   Downloaded pdb v0.8.0
[INFO] [stderr]   Downloaded lzxd v0.1.4
[INFO] [stderr]   Downloaded symbolic-cfi v12.1.1
[INFO] [stderr]   Downloaded lzma-rs v0.3.0
[INFO] [stderr]   Downloaded symbolic v12.1.1
[INFO] [stderr]   Downloaded cab v0.4.1
[INFO] [stderr]   Downloaded watto v0.1.0
[INFO] [stderr]   Downloaded symbolic-demangle v12.1.1
[INFO] [stderr]   Downloaded symbolic-debuginfo v12.1.1
[INFO] running `Command { std: "docker" "create" "-v" "/var/lib/crater-agent-workspace/builds/worker-6-tc1/target:/opt/rustwide/target:rw,Z" "-v" "/var/lib/crater-agent-workspace/builds/worker-6-tc1/source:/opt/rustwide/workdir:ro,Z" "-v" "/var/lib/crater-agent-workspace/cargo-home:/opt/rustwide/cargo-home:ro,Z" "-v" "/var/lib/crater-agent-workspace/rustup-home:/opt/rustwide/rustup-home:ro,Z" "-e" "SOURCE_DIR=/opt/rustwide/workdir" "-e" "CARGO_TARGET_DIR=/opt/rustwide/target" "-e" "CARGO_HOME=/opt/rustwide/cargo-home" "-e" "RUSTUP_HOME=/opt/rustwide/rustup-home" "-w" "/opt/rustwide/workdir" "-m" "1610612736" "--user" "0:0" "--network" "none" "ghcr.io/rust-lang/crates-build-env/linux@sha256:97d61d7686bf65f8ecb15491ab51835e82dc9176a96a831f143a431b191fc501" "/opt/rustwide/cargo-home/bin/cargo" "+1.69.0" "metadata" "--no-deps" "--format-version=1", kill_on_drop: false }`
[INFO] [stdout] 6101f38eb5bc7701390449bbd3b45ed043e53074fbf096f6c6b6f8f20214e9a8
[INFO] running `Command { std: "docker" "start" "-a" "6101f38eb5bc7701390449bbd3b45ed043e53074fbf096f6c6b6f8f20214e9a8", kill_on_drop: false }`
[INFO] running `Command { std: "docker" "inspect" "6101f38eb5bc7701390449bbd3b45ed043e53074fbf096f6c6b6f8f20214e9a8", kill_on_drop: false }`
[INFO] running `Command { std: "docker" "rm" "-f" "6101f38eb5bc7701390449bbd3b45ed043e53074fbf096f6c6b6f8f20214e9a8", kill_on_drop: false }`
[INFO] [stdout] 6101f38eb5bc7701390449bbd3b45ed043e53074fbf096f6c6b6f8f20214e9a8
[INFO] running `Command { std: "docker" "create" "-v" "/var/lib/crater-agent-workspace/builds/worker-6-tc1/target:/opt/rustwide/target:rw,Z" "-v" "/var/lib/crater-agent-workspace/builds/worker-6-tc1/source:/opt/rustwide/workdir:ro,Z" "-v" "/var/lib/crater-agent-workspace/cargo-home:/opt/rustwide/cargo-home:ro,Z" "-v" "/var/lib/crater-agent-workspace/rustup-home:/opt/rustwide/rustup-home:ro,Z" "-e" "SOURCE_DIR=/opt/rustwide/workdir" "-e" "CARGO_TARGET_DIR=/opt/rustwide/target" "-e" "CARGO_INCREMENTAL=0" "-e" "RUST_BACKTRACE=full" "-e" "RUSTFLAGS=--cap-lints=warn" "-e" "RUSTDOCFLAGS=--cap-lints=warn" "-e" "CARGO_HOME=/opt/rustwide/cargo-home" "-e" "RUSTUP_HOME=/opt/rustwide/rustup-home" "-w" "/opt/rustwide/workdir" "-m" "1610612736" "--user" "0:0" "--network" "none" "ghcr.io/rust-lang/crates-build-env/linux@sha256:97d61d7686bf65f8ecb15491ab51835e82dc9176a96a831f143a431b191fc501" "/opt/rustwide/cargo-home/bin/cargo" "+1.69.0" "build" "--frozen" "--message-format=json", kill_on_drop: false }`
[INFO] [stdout] ca391aaaa34d875c44e155a55dc23acf3c4568b3b24f9ffd2638189b0655ac30
[INFO] running `Command { std: "docker" "start" "-a" "ca391aaaa34d875c44e155a55dc23acf3c4568b3b24f9ffd2638189b0655ac30", kill_on_drop: false }`
[INFO] [stderr]     Blocking waiting for file lock on package cache
[INFO] [stderr]    Compiling libc v0.2.139
[INFO] [stderr]    Compiling cfg-if v1.0.0
[INFO] [stderr]    Compiling autocfg v1.1.0
[INFO] [stderr]    Compiling proc-macro2 v1.0.50
[INFO] [stderr]    Compiling quote v1.0.23
[INFO] [stderr]    Compiling unicode-ident v1.0.6
[INFO] [stderr]    Compiling syn v1.0.107
[INFO] [stderr]    Compiling once_cell v1.17.1
[INFO] [stderr]    Compiling serde_derive v1.0.155
[INFO] [stderr]    Compiling version_check v0.9.4
[INFO] [stderr]    Compiling serde v1.0.155
[INFO] [stderr]    Compiling memchr v2.5.0
[INFO] [stderr]    Compiling log v0.4.17
[INFO] [stderr]    Compiling itoa v1.0.5
[INFO] [stderr]    Compiling cc v1.0.79
[INFO] [stderr]    Compiling pin-project-lite v0.2.9
[INFO] [stderr]    Compiling futures-core v0.3.27
[INFO] [stderr]    Compiling smallvec v1.10.0
[INFO] [stderr]    Compiling crc32fast v1.3.2
[INFO] [stderr]    Compiling futures-channel v0.3.27
[INFO] [stderr]    Compiling futures-sink v0.3.27
[INFO] [stderr]    Compiling uuid v1.3.0
[INFO] [stderr]    Compiling tinyvec_macros v0.1.1
[INFO] [stderr]    Compiling indexmap v1.9.2
[INFO] [stderr]    Compiling slab v0.4.7
[INFO] [stderr]    Compiling bytes v1.4.0
[INFO] [stderr]    Compiling stable_deref_trait v1.2.0
[INFO] [stderr]    Compiling ahash v0.7.6
[INFO] [stderr]    Compiling futures-task v0.3.27
[INFO] [stderr]    Compiling bitflags v1.3.2
[INFO] [stderr]    Compiling tinyvec v1.6.0
[INFO] [stderr]    Compiling tokio v1.25.0
[INFO] [stderr]    Compiling lock_api v0.4.9
[INFO] [stderr]    Compiling thiserror v1.0.38
[INFO] [stderr]    Compiling futures-util v0.3.27
[INFO] [stderr]    Compiling spin v0.5.2
[INFO] [stderr]    Compiling adler v1.0.2
[INFO] [stderr]    Compiling percent-encoding v2.2.0
[INFO] [stderr]    Compiling untrusted v0.7.1
[INFO] [stderr]    Compiling parking_lot_core v0.9.6
[INFO] [stderr]    Compiling form_urlencoded v1.1.0
[INFO] [stderr]    Compiling miniz_oxide v0.6.2
[INFO] [stderr]    Compiling ryu v1.0.12
[INFO] [stderr]    Compiling crossbeam-utils v0.8.14
[INFO] [stderr]    Compiling pin-utils v0.1.0
[INFO] [stderr]    Compiling futures-io v0.3.27
[INFO] [stderr]    Compiling typenum v1.16.0
[INFO] [stderr]    Compiling unicode-bidi v0.3.10
[INFO] [stderr]    Compiling generic-array v0.14.6
[INFO] [stderr]    Compiling tracing-core v0.1.30
[INFO] [stderr]    Compiling serde_json v1.0.94
[INFO] [stderr]    Compiling siphasher v0.3.10
[INFO] [stderr]    Compiling ring v0.16.20
[INFO] [stderr]    Compiling radium v0.7.0
[INFO] [stderr]    Compiling byteorder v1.4.3
[INFO] [stderr]    Compiling fallible-iterator v0.2.0
[INFO] [stderr]    Compiling phf_shared v0.10.0
[INFO] [stderr]    Compiling http v0.2.8
[INFO] [stderr]    Compiling unicode-normalization v0.1.22
[INFO] [stderr]    Compiling memoffset v0.7.1
[INFO] [stderr]    Compiling getrandom v0.2.8
[INFO] [stderr]    Compiling mio v0.8.5
[INFO] [stderr]    Compiling num_cpus v1.15.0
[INFO] [stderr]    Compiling socket2 v0.4.7
[INFO] [stderr]    Compiling flate2 v1.0.25
[INFO] [stderr]    Compiling idna v0.3.0
[INFO] [stderr]    Compiling memmap2 v0.5.8
[INFO] [stderr]    Compiling tracing v0.1.37
[INFO] [stderr]    Compiling parking_lot v0.12.1
[INFO] [stderr]    Compiling inplace-vec-builder v0.1.1
[INFO] [stderr]    Compiling binary-merge v0.1.2
[INFO] [stderr]    Compiling minimal-lexical v0.2.1
[INFO] [stderr]    Compiling precomputed-hash v0.1.1
[INFO] [stderr]    Compiling io-lifetimes v1.0.4
[INFO] [stderr]    Compiling new_debug_unreachable v1.0.4
[INFO] [stderr]    Compiling tap v1.0.1
[INFO] [stderr]    Compiling rustls v0.20.8
[INFO] [stderr]    Compiling arrayvec v0.7.2
[INFO] [stderr]    Compiling httparse v1.8.0
[INFO] [stderr]    Compiling url v2.3.1
[INFO] [stderr]    Compiling leb128 v0.2.5
[INFO] [stderr]    Compiling nom v7.1.3
[INFO] [stderr]    Compiling wyz v0.5.1
[INFO] [stderr]    Compiling range-collections v0.2.4
[INFO] [stderr]    Compiling brownstone v3.0.0
[INFO] [stderr]    Compiling aho-corasick v0.7.20
[INFO] [stderr]    Compiling elsa v1.7.0
[INFO] [stderr]    Compiling crossbeam-epoch v0.9.13
[INFO] [stderr]    Compiling try-lock v0.2.4
[INFO] [stderr]    Compiling funty v2.0.0
[INFO] [stderr]    Compiling rustix v0.36.7
[INFO] [stderr]    Compiling regex-syntax v0.6.28
[INFO] [stderr]    Compiling maybe-owned v0.3.4
[INFO] [stderr]    Compiling time-core v0.1.0
[INFO] [stderr]    Compiling cpp_demangle v0.4.0
[INFO] [stderr]    Compiling indent_write v2.2.0
[INFO] [stderr]    Compiling joinery v2.1.0
[INFO] [stderr]    Compiling plain v0.2.3
[INFO] [stderr]    Compiling time-macros v0.2.6
[INFO] [stderr]    Compiling want v0.3.0
[INFO] [stderr]    Compiling http-body v0.4.5
[INFO] [stderr]    Compiling zip v0.6.4
[INFO] [stderr]    Compiling gimli v0.27.1
[INFO] [stderr]    Compiling bitvec v1.0.1
[INFO] [stderr]    Compiling symbolic-demangle v12.1.1
[INFO] [stderr]    Compiling linux-raw-sys v0.1.4
[INFO] [stderr]    Compiling num_threads v0.1.6
[INFO] [stderr]    Compiling crossbeam-queue v0.3.8
[INFO] [stderr]    Compiling tower-service v0.3.2
[INFO] [stderr]    Compiling httpdate v1.0.2
[INFO] [stderr]    Compiling dmsort v1.0.2
[INFO] [stderr]    Compiling block-buffer v0.10.3
[INFO] [stderr]    Compiling nom-supreme v0.8.0
[INFO] [stderr]    Compiling crypto-common v0.1.6
[INFO] [stderr]    Compiling msvc-demangler v0.9.0
[INFO] [stderr]    Compiling base64 v0.21.0
[INFO] [stderr]    Compiling anyhow v1.0.69
[INFO] [stderr]    Compiling regex v1.7.1
[INFO] [stderr]    Compiling time v0.3.17
[INFO] [stderr]    Compiling webpki v0.22.0
[INFO] [stderr]    Compiling sct v0.7.0
[INFO] [stderr]    Compiling crc-catalog v2.2.0
[INFO] [stderr]    Compiling termcolor v1.1.3
[INFO] [stderr]    Compiling os_str_bytes v6.4.1
[INFO] [stderr]    Compiling rustc-demangle v0.1.21
[INFO] [stderr]    Compiling tokio-util v0.7.4
[INFO] [stderr]    Compiling clap_lex v0.3.1
[INFO] [stderr]    Compiling webpki-roots v0.22.6
[INFO] [stderr]    Compiling is-terminal v0.4.2
[INFO] [stderr]    Compiling crc v3.0.1
[INFO] [stderr]    Compiling rustls-pemfile v1.0.2
[INFO] [stderr]    Compiling crossbeam-deque v0.8.2
[INFO] [stderr]    Compiling digest v0.10.6
[INFO] [stderr]    Compiling crossbeam-channel v0.5.6
[INFO] [stderr]    Compiling dirs-sys v0.3.7
[INFO] [stderr]    Compiling encoding_rs v0.8.32
[INFO] [stderr]    Compiling strsim v0.10.0
[INFO] [stderr]    Compiling lzxd v0.1.4
[INFO] [stderr]    Compiling cpufeatures v0.2.5
[INFO] [stderr]    Compiling ipnet v2.7.1
[INFO] [stderr]    Compiling mime v0.3.16
[INFO] [stderr]    Compiling cab v0.4.1
[INFO] [stderr]    Compiling scroll_derive v0.11.0
[INFO] [stderr]    Compiling thiserror-impl v1.0.38
[INFO] [stderr]    Compiling futures-macro v0.3.27
[INFO] [stderr]    Compiling crossbeam v0.8.2
[INFO] [stderr]    Compiling clap v4.1.8
[INFO] [stderr]    Compiling sha2 v0.10.6
[INFO] [stderr]    Compiling dirs v4.0.0
[INFO] [stderr]    Compiling lzma-rs v0.3.0
[INFO] [stderr]    Compiling simplelog v0.12.1
[INFO] [stderr]    Compiling tokio-rustls v0.23.4
[INFO] [stderr]    Compiling scroll v0.11.0
[INFO] [stderr]    Compiling pdb v0.8.0
[INFO] [stderr]    Compiling goblin v0.6.1
[INFO] [stderr]    Compiling watto v0.1.0
[INFO] [stderr]    Compiling pdb-addr2line v0.10.4
[INFO] [stderr]    Compiling futures-executor v0.3.27
[INFO] [stderr]    Compiling futures v0.3.27
[INFO] [stderr]    Compiling hashbrown v0.12.3
[INFO] [stderr]    Compiling debugid v0.8.0
[INFO] [stderr]    Compiling string_cache v0.8.4
[INFO] [stderr]    Compiling serde_urlencoded v0.7.1
[INFO] [stderr]    Compiling symbolic-common v12.1.1
[INFO] [stderr]    Compiling elementtree v1.2.3
[INFO] [stderr]    Compiling h2 v0.3.15
[INFO] [stderr]    Compiling wasmparser v0.95.0
[INFO] [stderr]    Compiling symbolic-ppdb v12.1.1
[INFO] [stderr]    Compiling hyper v0.14.24
[INFO] [stderr]    Compiling symbolic-debuginfo v12.1.1
[INFO] [stderr]    Compiling hyper-rustls v0.23.2
[INFO] [stderr]    Compiling reqwest v0.11.14
[INFO] [stderr]    Compiling symbolic-cfi v12.1.1
[INFO] [stderr]    Compiling symbolic v12.1.1
[INFO] [stderr]    Compiling dump_syms v2.2.1 (/opt/rustwide/workdir)
[INFO] [stderr]     Finished dev [unoptimized + debuginfo] target(s) in 45.55s
[INFO] running `Command { std: "docker" "inspect" "ca391aaaa34d875c44e155a55dc23acf3c4568b3b24f9ffd2638189b0655ac30", kill_on_drop: false }`
[INFO] running `Command { std: "docker" "rm" "-f" "ca391aaaa34d875c44e155a55dc23acf3c4568b3b24f9ffd2638189b0655ac30", kill_on_drop: false }`
[INFO] [stdout] ca391aaaa34d875c44e155a55dc23acf3c4568b3b24f9ffd2638189b0655ac30
[INFO] running `Command { std: "docker" "create" "-v" "/var/lib/crater-agent-workspace/builds/worker-6-tc1/target:/opt/rustwide/target:rw,Z" "-v" "/var/lib/crater-agent-workspace/builds/worker-6-tc1/source:/opt/rustwide/workdir:ro,Z" "-v" "/var/lib/crater-agent-workspace/cargo-home:/opt/rustwide/cargo-home:ro,Z" "-v" "/var/lib/crater-agent-workspace/rustup-home:/opt/rustwide/rustup-home:ro,Z" "-e" "SOURCE_DIR=/opt/rustwide/workdir" "-e" "CARGO_TARGET_DIR=/opt/rustwide/target" "-e" "CARGO_INCREMENTAL=0" "-e" "RUST_BACKTRACE=full" "-e" "RUSTFLAGS=--cap-lints=warn" "-e" "RUSTDOCFLAGS=--cap-lints=warn" "-e" "CARGO_HOME=/opt/rustwide/cargo-home" "-e" "RUSTUP_HOME=/opt/rustwide/rustup-home" "-w" "/opt/rustwide/workdir" "-m" "1610612736" "--user" "0:0" "--network" "none" "ghcr.io/rust-lang/crates-build-env/linux@sha256:97d61d7686bf65f8ecb15491ab51835e82dc9176a96a831f143a431b191fc501" "/opt/rustwide/cargo-home/bin/cargo" "+1.69.0" "test" "--frozen" "--no-run" "--message-format=json", kill_on_drop: false }`
[INFO] [stdout] c16d4610c7d546c47be9901b86998cf00eaa4c95e24baab70b78a87eb710db5e
[INFO] running `Command { std: "docker" "start" "-a" "c16d4610c7d546c47be9901b86998cf00eaa4c95e24baab70b78a87eb710db5e", kill_on_drop: false }`
[INFO] [stderr]    Compiling fastrand v1.8.0
[INFO] [stderr]    Compiling fxhash v0.2.1
[INFO] [stderr]    Compiling tempfile v3.4.0
[INFO] [stderr]    Compiling dump_syms v2.2.1 (/opt/rustwide/workdir)
[INFO] [stderr]     Finished test [unoptimized + debuginfo] target(s) in 9.05s
[INFO] running `Command { std: "docker" "inspect" "c16d4610c7d546c47be9901b86998cf00eaa4c95e24baab70b78a87eb710db5e", kill_on_drop: false }`
[INFO] running `Command { std: "docker" "rm" "-f" "c16d4610c7d546c47be9901b86998cf00eaa4c95e24baab70b78a87eb710db5e", kill_on_drop: false }`
[INFO] [stdout] c16d4610c7d546c47be9901b86998cf00eaa4c95e24baab70b78a87eb710db5e
[INFO] running `Command { std: "docker" "create" "-v" "/var/lib/crater-agent-workspace/builds/worker-6-tc1/target:/opt/rustwide/target:rw,Z" "-v" "/var/lib/crater-agent-workspace/builds/worker-6-tc1/source:/opt/rustwide/workdir:ro,Z" "-v" "/var/lib/crater-agent-workspace/cargo-home:/opt/rustwide/cargo-home:ro,Z" "-v" "/var/lib/crater-agent-workspace/rustup-home:/opt/rustwide/rustup-home:ro,Z" "-e" "SOURCE_DIR=/opt/rustwide/workdir" "-e" "CARGO_TARGET_DIR=/opt/rustwide/target" "-e" "CARGO_INCREMENTAL=0" "-e" "RUST_BACKTRACE=full" "-e" "RUSTFLAGS=--cap-lints=warn" "-e" "RUSTDOCFLAGS=--cap-lints=warn" "-e" "CARGO_HOME=/opt/rustwide/cargo-home" "-e" "RUSTUP_HOME=/opt/rustwide/rustup-home" "-w" "/opt/rustwide/workdir" "-m" "1610612736" "--user" "0:0" "--network" "none" "ghcr.io/rust-lang/crates-build-env/linux@sha256:97d61d7686bf65f8ecb15491ab51835e82dc9176a96a831f143a431b191fc501" "/opt/rustwide/cargo-home/bin/cargo" "+1.69.0" "test" "--frozen", kill_on_drop: false }`
[INFO] [stdout] a381257ab2931553c1787441201d7584ae02548bdc5281184fafd58c4d747997
[INFO] running `Command { std: "docker" "start" "-a" "a381257ab2931553c1787441201d7584ae02548bdc5281184fafd58c4d747997", kill_on_drop: false }`
[INFO] [stderr]     Finished test [unoptimized + debuginfo] target(s) in 0.28s
[INFO] [stderr]      Running unittests src/lib.rs (/opt/rustwide/target/debug/deps/dump_syms-313708efe1f20ba9)
[INFO] [stdout] 
[INFO] [stdout] running 21 tests
[INFO] [stdout] test common::tests::test_normalize_anonymous_namespace ... ok
[INFO] [stdout] test line::test::no_overflow_when_lines_spill_out_of_function ... ok
[INFO] [stdout] test platform::test::test_linux ... ok
[INFO] [stdout] test platform::test::test_win ... ok
[INFO] [stdout] test mapping::tests::test_path_mapping_generator ... ok
[INFO] [stdout] test inline_origins::test::test_bad_chars ... ok
[INFO] [stdout] test common::tests::test_fix_symbol_name ... ok
[INFO] [stdout] test inline_origins::test::test_demangle ... ok
[INFO] [stdout] test mapping::tests::test_path_mapping_file ... ok
[INFO] [stdout] test windows::pdb::tests::test_basic32_dwarf ... ok
[INFO] [stdout] test windows::pdb::tests::test_basic64_dwarf ... ok
[INFO] [stdout] test windows::pdb::tests::test_mozwer ... ok
[INFO] [stdout] test windows::pdb::tests::test_ntdll ... FAILED
[INFO] [stdout] test windows::pdb::tests::test_oleaut32 ... FAILED
[INFO] [stdout] test windows::pdb::tests::test_dump_syms_regtest64 ... ok
[INFO] [stdout] test windows::pdb::tests::test_basic32_min ... ok
[INFO] [stdout] test windows::pdb::tests::test_win_mapping ... ok
[INFO] [stdout] test windows::pdb::tests::test_basic_opt64 ... ok
[INFO] [stdout] test windows::pdb::tests::test_basic64 ... ok
[INFO] [stdout] test windows::pdb::tests::test_basic_opt32 ... ok
[INFO] [stdout] test windows::pdb::tests::test_basic32 ... ok
[INFO] [stdout] 
[INFO] [stdout] failures:
[INFO] [stdout] 
[INFO] [stdout] ---- windows::pdb::tests::test_ntdll stdout ----
[INFO] [stdout] thread 'windows::pdb::tests::test_ntdll' panicked at 'GET request: reqwest::Error { kind: Request, url: Url { scheme: "https", cannot_be_a_base: false, username: "", password: None, host: Some(Domain("msdl.microsoft.com")), port: None, path: "/download/symbols/ntdll.dll/5D6AA5581AD000/ntdll.dll", query: None, fragment: None }, source: hyper::Error(Connect, ConnectError("dns error", Custom { kind: Uncategorized, error: "failed to lookup address information: Temporary failure in name resolution" })) }', src/windows/pdb.rs:99:56
[INFO] [stdout] stack backtrace:
[INFO] [stdout]    0:     0x5618caaa4f7a - std::backtrace_rs::backtrace::libunwind::trace::ha9053a9a07ca49cb
[INFO] [stdout]                                at /rustc/84c898d65adf2f39a5a98507f1fe0ce10a2b8dbc/library/std/src/../../backtrace/src/backtrace/libunwind.rs:93:5
[INFO] [stdout]    1:     0x5618caaa4f7a - std::backtrace_rs::backtrace::trace_unsynchronized::h9c2852a457ad564e
[INFO] [stdout]                                at /rustc/84c898d65adf2f39a5a98507f1fe0ce10a2b8dbc/library/std/src/../../backtrace/src/backtrace/mod.rs:66:5
[INFO] [stdout]    2:     0x5618caaa4f7a - std::sys_common::backtrace::_print_fmt::h457936fbfaa0070f
[INFO] [stdout]                                at /rustc/84c898d65adf2f39a5a98507f1fe0ce10a2b8dbc/library/std/src/sys_common/backtrace.rs:65:5
[INFO] [stdout]    3:     0x5618caaa4f7a - <std::sys_common::backtrace::_print::DisplayBacktrace as core::fmt::Display>::fmt::h5779d7bf7f70cb0c
[INFO] [stdout]                                at /rustc/84c898d65adf2f39a5a98507f1fe0ce10a2b8dbc/library/std/src/sys_common/backtrace.rs:44:22
[INFO] [stdout]    4:     0x5618caacd10e - core::fmt::write::h5a4baaff1bcd3eb5
[INFO] [stdout]                                at /rustc/84c898d65adf2f39a5a98507f1fe0ce10a2b8dbc/library/core/src/fmt/mod.rs:1232:17
[INFO] [stdout]    5:     0x5618caaa1005 - std::io::Write::write_fmt::h478f79c628ef31d1
[INFO] [stdout]                                at /rustc/84c898d65adf2f39a5a98507f1fe0ce10a2b8dbc/library/std/src/io/mod.rs:1684:15
[INFO] [stdout]    6:     0x5618caaa4d45 - std::sys_common::backtrace::_print::h5fcdc36060f177e8
[INFO] [stdout]                                at /rustc/84c898d65adf2f39a5a98507f1fe0ce10a2b8dbc/library/std/src/sys_common/backtrace.rs:47:5
[INFO] [stdout]    7:     0x5618caaa4d45 - std::sys_common::backtrace::print::h54ca9458b876c8bf
[INFO] [stdout]                                at /rustc/84c898d65adf2f39a5a98507f1fe0ce10a2b8dbc/library/std/src/sys_common/backtrace.rs:34:9
[INFO] [stdout]    8:     0x5618caaa6b0f - std::panicking::default_hook::{{closure}}::hbe471161c7664ed6
[INFO] [stdout]                                at /rustc/84c898d65adf2f39a5a98507f1fe0ce10a2b8dbc/library/std/src/panicking.rs:271:22
[INFO] [stdout]    9:     0x5618caaa67cf - std::panicking::default_hook::ha3500da57aa4ac4f
[INFO] [stdout]                                at /rustc/84c898d65adf2f39a5a98507f1fe0ce10a2b8dbc/library/std/src/panicking.rs:287:9
[INFO] [stdout]   10:     0x5618c9d5caa7 - <alloc::boxed::Box<F,A> as core::ops::function::Fn<Args>>::call::hdf1b89dd137ece34
[INFO] [stdout]                                at /rustc/84c898d65adf2f39a5a98507f1fe0ce10a2b8dbc/library/alloc/src/boxed.rs:2001:9
[INFO] [stdout]   11:     0x5618c9d5caa7 - test::test_main::{{closure}}::h9081a79f20e75698
[INFO] [stdout]                                at /rustc/84c898d65adf2f39a5a98507f1fe0ce10a2b8dbc/library/test/src/lib.rs:135:21
[INFO] [stdout]   12:     0x5618caaa723d - <alloc::boxed::Box<F,A> as core::ops::function::Fn<Args>>::call::h6507bddc3eebb4a5
[INFO] [stdout]                                at /rustc/84c898d65adf2f39a5a98507f1fe0ce10a2b8dbc/library/alloc/src/boxed.rs:2001:9
[INFO] [stdout]   13:     0x5618caaa723d - std::panicking::rust_panic_with_hook::h50c09d000dc561d2
[INFO] [stdout]                                at /rustc/84c898d65adf2f39a5a98507f1fe0ce10a2b8dbc/library/std/src/panicking.rs:696:13
[INFO] [stdout]   14:     0x5618caaa6fb9 - std::panicking::begin_panic_handler::{{closure}}::h9e2b2176e00e0d9c
[INFO] [stdout]                                at /rustc/84c898d65adf2f39a5a98507f1fe0ce10a2b8dbc/library/std/src/panicking.rs:583:13
[INFO] [stdout]   15:     0x5618caaa53e6 - std::sys_common::backtrace::__rust_end_short_backtrace::h5739b8e512c09d02
[INFO] [stdout]                                at /rustc/84c898d65adf2f39a5a98507f1fe0ce10a2b8dbc/library/std/src/sys_common/backtrace.rs:150:18
[INFO] [stdout]   16:     0x5618caaa6cc2 - rust_begin_unwind
[INFO] [stdout]                                at /rustc/84c898d65adf2f39a5a98507f1fe0ce10a2b8dbc/library/std/src/panicking.rs:579:5
[INFO] [stdout]   17:     0x5618c9c3d643 - core::panicking::panic_fmt::hf33a1475b4dc5c3e
[INFO] [stdout]                                at /rustc/84c898d65adf2f39a5a98507f1fe0ce10a2b8dbc/library/core/src/panicking.rs:64:14
[INFO] [stdout]   18:     0x5618c9c3daf3 - core::result::unwrap_failed::hdff5465d74574b44
[INFO] [stdout]                                at /rustc/84c898d65adf2f39a5a98507f1fe0ce10a2b8dbc/library/core/src/result.rs:1750:5
[INFO] [stdout]   19:     0x5618c9c9f792 - core::result::Result<T,E>::expect::h9cbe7ee31d3e2bb5
[INFO] [stdout]                                at /rustc/84c898d65adf2f39a5a98507f1fe0ce10a2b8dbc/library/core/src/result.rs:1047:23
[INFO] [stdout]   20:     0x5618c9c8b054 - dump_syms::windows::pdb::tests::dl_from_server::h435810b7e08f8a42
[INFO] [stdout]                                at /opt/rustwide/workdir/src/windows/pdb.rs:99:28
[INFO] [stdout]   21:     0x5618c9c8b265 - dump_syms::windows::pdb::tests::get_data_from_server::hb8dfb5bb1440cce5
[INFO] [stdout]                                at /opt/rustwide/workdir/src/windows/pdb.rs:108:22
[INFO] [stdout]   22:     0x5618c9c8f179 - dump_syms::windows::pdb::tests::test_file::haccd2850508ae3b6
[INFO] [stdout]                                at /opt/rustwide/workdir/src/windows/pdb.rs:339:13
[INFO] [stdout]   23:     0x5618c9c920a3 - dump_syms::windows::pdb::tests::test_ntdll::h37d40140d55c4537
[INFO] [stdout]                                at /opt/rustwide/workdir/src/windows/pdb.rs:476:9
[INFO] [stdout]   24:     0x5618c9c91fc7 - dump_syms::windows::pdb::tests::test_ntdll::{{closure}}::hf3489df39ab41451
[INFO] [stdout]                                at /opt/rustwide/workdir/src/windows/pdb.rs:475:21
[INFO] [stdout]   25:     0x5618c9cfd335 - core::ops::function::FnOnce::call_once::ha91ff3c8df56f19a
[INFO] [stdout]                                at /rustc/84c898d65adf2f39a5a98507f1fe0ce10a2b8dbc/library/core/src/ops/function.rs:250:5
[INFO] [stdout]   26:     0x5618c9d61e8f - core::ops::function::FnOnce::call_once::h7d969581be7d0075
[INFO] [stdout]                                at /rustc/84c898d65adf2f39a5a98507f1fe0ce10a2b8dbc/library/core/src/ops/function.rs:250:5
[INFO] [stdout]   27:     0x5618c9d61e8f - test::__rust_begin_short_backtrace::hca25a52684e56655
[INFO] [stdout]                                at /rustc/84c898d65adf2f39a5a98507f1fe0ce10a2b8dbc/library/test/src/lib.rs:656:18
[INFO] [stdout]   28:     0x5618c9d334ac - test::run_test::{{closure}}::ha8ac744c4af1a4bb
[INFO] [stdout]                                at /rustc/84c898d65adf2f39a5a98507f1fe0ce10a2b8dbc/library/test/src/lib.rs:647:30
[INFO] [stdout]   29:     0x5618c9d334ac - core::ops::function::FnOnce::call_once{{vtable.shim}}::h7b411a9ed45bdecf
[INFO] [stdout]                                at /rustc/84c898d65adf2f39a5a98507f1fe0ce10a2b8dbc/library/core/src/ops/function.rs:250:5
[INFO] [stdout]   30:     0x5618c9d60e56 - <alloc::boxed::Box<F,A> as core::ops::function::FnOnce<Args>>::call_once::hd05328869a8ed200
[INFO] [stdout]                                at /rustc/84c898d65adf2f39a5a98507f1fe0ce10a2b8dbc/library/alloc/src/boxed.rs:1987:9
[INFO] [stdout]   31:     0x5618c9d60e56 - <core::panic::unwind_safe::AssertUnwindSafe<F> as core::ops::function::FnOnce<()>>::call_once::h0c601ce20bd5b2be
[INFO] [stdout]                                at /rustc/84c898d65adf2f39a5a98507f1fe0ce10a2b8dbc/library/core/src/panic/unwind_safe.rs:271:9
[INFO] [stdout]   32:     0x5618c9d60e56 - std::panicking::try::do_call::ha4be5c164fe30854
[INFO] [stdout]                                at /rustc/84c898d65adf2f39a5a98507f1fe0ce10a2b8dbc/library/std/src/panicking.rs:487:40
[INFO] [stdout]   33:     0x5618c9d60e56 - std::panicking::try::h604546f3609af05f
[INFO] [stdout]                                at /rustc/84c898d65adf2f39a5a98507f1fe0ce10a2b8dbc/library/std/src/panicking.rs:451:19
[INFO] [stdout]   34:     0x5618c9d60e56 - std::panic::catch_unwind::h5bfa8afe44c9c2f9
[INFO] [stdout]                                at /rustc/84c898d65adf2f39a5a98507f1fe0ce10a2b8dbc/library/std/src/panic.rs:140:14
[INFO] [stdout]   35:     0x5618c9d60e56 - test::run_test_in_process::hd50dee55dd63e6aa
[INFO] [stdout]                                at /rustc/84c898d65adf2f39a5a98507f1fe0ce10a2b8dbc/library/test/src/lib.rs:679:27
[INFO] [stdout]   36:     0x5618c9d60e56 - test::run_test::run_test_inner::{{closure}}::h4aa0f433aa85cea8
[INFO] [stdout]                                at /rustc/84c898d65adf2f39a5a98507f1fe0ce10a2b8dbc/library/test/src/lib.rs:573:39
[INFO] [stdout]   37:     0x5618c9d2db21 - test::run_test::run_test_inner::{{closure}}::had56431adf24b4d6
[INFO] [stdout]                                at /rustc/84c898d65adf2f39a5a98507f1fe0ce10a2b8dbc/library/test/src/lib.rs:600:37
[INFO] [stdout]   38:     0x5618c9d2db21 - std::sys_common::backtrace::__rust_begin_short_backtrace::ha8d9890e0c73bf13
[INFO] [stdout]                                at /rustc/84c898d65adf2f39a5a98507f1fe0ce10a2b8dbc/library/std/src/sys_common/backtrace.rs:134:18
[INFO] [stdout]   39:     0x5618c9d3353b - std::thread::Builder::spawn_unchecked_::{{closure}}::{{closure}}::h251832bcb4a95327
[INFO] [stdout]                                at /rustc/84c898d65adf2f39a5a98507f1fe0ce10a2b8dbc/library/std/src/thread/mod.rs:560:17
[INFO] [stdout]   40:     0x5618c9d3353b - <core::panic::unwind_safe::AssertUnwindSafe<F> as core::ops::function::FnOnce<()>>::call_once::h8fdff598fa414831
[INFO] [stdout]                                at /rustc/84c898d65adf2f39a5a98507f1fe0ce10a2b8dbc/library/core/src/panic/unwind_safe.rs:271:9
[INFO] [stdout]   41:     0x5618c9d3353b - std::panicking::try::do_call::h455dd2f7764a950f
[INFO] [stdout]                                at /rustc/84c898d65adf2f39a5a98507f1fe0ce10a2b8dbc/library/std/src/panicking.rs:487:40
[INFO] [stdout]   42:     0x5618c9d3353b - std::panicking::try::had6f23b7b73ae72a
[INFO] [stdout]                                at /rustc/84c898d65adf2f39a5a98507f1fe0ce10a2b8dbc/library/std/src/panicking.rs:451:19
[INFO] [stdout]   43:     0x5618c9d3353b - std::panic::catch_unwind::ha6a5ca3915b4dad0
[INFO] [stdout]                                at /rustc/84c898d65adf2f39a5a98507f1fe0ce10a2b8dbc/library/std/src/panic.rs:140:14
[INFO] [stdout]   44:     0x5618c9d3353b - std::thread::Builder::spawn_unchecked_::{{closure}}::h883b72ef75da6231
[INFO] [stdout]                                at /rustc/84c898d65adf2f39a5a98507f1fe0ce10a2b8dbc/library/std/src/thread/mod.rs:559:30
[INFO] [stdout]   45:     0x5618c9d3353b - core::ops::function::FnOnce::call_once{{vtable.shim}}::hb7dff73dc8bd2ccb
[INFO] [stdout]                                at /rustc/84c898d65adf2f39a5a98507f1fe0ce10a2b8dbc/library/core/src/ops/function.rs:250:5
[INFO] [stdout]   46:     0x5618caaabba3 - <alloc::boxed::Box<F,A> as core::ops::function::FnOnce<Args>>::call_once::h39990b24eedef2ab
[INFO] [stdout]                                at /rustc/84c898d65adf2f39a5a98507f1fe0ce10a2b8dbc/library/alloc/src/boxed.rs:1987:9
[INFO] [stdout]   47:     0x5618caaabba3 - <alloc::boxed::Box<F,A> as core::ops::function::FnOnce<Args>>::call_once::h01a027258444143b
[INFO] [stdout]                                at /rustc/84c898d65adf2f39a5a98507f1fe0ce10a2b8dbc/library/alloc/src/boxed.rs:1987:9
[INFO] [stdout]   48:     0x5618caaabba3 - std::sys::unix::thread::Thread::new::thread_start::ha4f1cdd9c25884ba
[INFO] [stdout]                                at /rustc/84c898d65adf2f39a5a98507f1fe0ce10a2b8dbc/library/std/src/sys/unix/thread.rs:108:17
[INFO] [stdout]   49:     0x7f1972fc7b43 - <unknown>
[INFO] [stdout]   50:     0x7f1973058bb4 - __clone
[INFO] [stdout]   51:                0x0 - <unknown>
[INFO] [stdout] 
[INFO] [stdout] ---- windows::pdb::tests::test_oleaut32 stdout ----
[INFO] [stdout] thread 'windows::pdb::tests::test_oleaut32' panicked at 'GET request: reqwest::Error { kind: Request, url: Url { scheme: "https", cannot_be_a_base: false, username: "", password: None, host: Some(Domain("msdl.microsoft.com")), port: None, path: "/download/symbols/oleaut32.dll/BCDE805BC4000/oleaut32.dll", query: None, fragment: None }, source: hyper::Error(Connect, ConnectError("dns error", Custom { kind: Uncategorized, error: "failed to lookup address information: Temporary failure in name resolution" })) }', src/windows/pdb.rs:99:56
[INFO] [stdout] stack backtrace:
[INFO] [stdout]    0:     0x5618caaa4f7a - std::backtrace_rs::backtrace::libunwind::trace::ha9053a9a07ca49cb
[INFO] [stdout]                                at /rustc/84c898d65adf2f39a5a98507f1fe0ce10a2b8dbc/library/std/src/../../backtrace/src/backtrace/libunwind.rs:93:5
[INFO] [stdout]    1:     0x5618caaa4f7a - std::backtrace_rs::backtrace::trace_unsynchronized::h9c2852a457ad564e
[INFO] [stdout]                                at /rustc/84c898d65adf2f39a5a98507f1fe0ce10a2b8dbc/library/std/src/../../backtrace/src/backtrace/mod.rs:66:5
[INFO] [stdout]    2:     0x5618caaa4f7a - std::sys_common::backtrace::_print_fmt::h457936fbfaa0070f
[INFO] [stdout]                                at /rustc/84c898d65adf2f39a5a98507f1fe0ce10a2b8dbc/library/std/src/sys_common/backtrace.rs:65:5
[INFO] [stdout]    3:     0x5618caaa4f7a - <std::sys_common::backtrace::_print::DisplayBacktrace as core::fmt::Display>::fmt::h5779d7bf7f70cb0c
[INFO] [stdout]                                at /rustc/84c898d65adf2f39a5a98507f1fe0ce10a2b8dbc/library/std/src/sys_common/backtrace.rs:44:22
[INFO] [stdout]    4:     0x5618caacd10e - core::fmt::write::h5a4baaff1bcd3eb5
[INFO] [stdout]                                at /rustc/84c898d65adf2f39a5a98507f1fe0ce10a2b8dbc/library/core/src/fmt/mod.rs:1232:17
[INFO] [stdout]    5:     0x5618caaa1005 - std::io::Write::write_fmt::h478f79c628ef31d1
[INFO] [stdout]                                at /rustc/84c898d65adf2f39a5a98507f1fe0ce10a2b8dbc/library/std/src/io/mod.rs:1684:15
[INFO] [stdout]    6:     0x5618caaa4d45 - std::sys_common::backtrace::_print::h5fcdc36060f177e8
[INFO] [stdout]                                at /rustc/84c898d65adf2f39a5a98507f1fe0ce10a2b8dbc/library/std/src/sys_common/backtrace.rs:47:5
[INFO] [stdout]    7:     0x5618caaa4d45 - std::sys_common::backtrace::print::h54ca9458b876c8bf
[INFO] [stdout]                                at /rustc/84c898d65adf2f39a5a98507f1fe0ce10a2b8dbc/library/std/src/sys_common/backtrace.rs:34:9
[INFO] [stdout]    8:     0x5618caaa6b0f - std::panicking::default_hook::{{closure}}::hbe471161c7664ed6
[INFO] [stdout]                                at /rustc/84c898d65adf2f39a5a98507f1fe0ce10a2b8dbc/library/std/src/panicking.rs:271:22
[INFO] [stdout]    9:     0x5618caaa67cf - std::panicking::default_hook::ha3500da57aa4ac4f
[INFO] [stdout]                                at /rustc/84c898d65adf2f39a5a98507f1fe0ce10a2b8dbc/library/std/src/panicking.rs:287:9
[INFO] [stdout]   10:     0x5618c9d5caa7 - <alloc::boxed::Box<F,A> as core::ops::function::Fn<Args>>::call::hdf1b89dd137ece34
[INFO] [stdout]                                at /rustc/84c898d65adf2f39a5a98507f1fe0ce10a2b8dbc/library/alloc/src/boxed.rs:2001:9
[INFO] [stdout]   11:     0x5618c9d5caa7 - test::test_main::{{closure}}::h9081a79f20e75698
[INFO] [stdout]                                at /rustc/84c898d65adf2f39a5a98507f1fe0ce10a2b8dbc/library/test/src/lib.rs:135:21
[INFO] [stdout]   12:     0x5618caaa723d - <alloc::boxed::Box<F,A> as core::ops::function::Fn<Args>>::call::h6507bddc3eebb4a5
[INFO] [stdout]                                at /rustc/84c898d65adf2f39a5a98507f1fe0ce10a2b8dbc/library/alloc/src/boxed.rs:2001:9
[INFO] [stdout]   13:     0x5618caaa723d - std::panicking::rust_panic_with_hook::h50c09d000dc561d2
[INFO] [stdout]                                at /rustc/84c898d65adf2f39a5a98507f1fe0ce10a2b8dbc/library/std/src/panicking.rs:696:13
[INFO] [stdout]   14:     0x5618caaa6fb9 - std::panicking::begin_panic_handler::{{closure}}::h9e2b2176e00e0d9c
[INFO] [stdout]                                at /rustc/84c898d65adf2f39a5a98507f1fe0ce10a2b8dbc/library/std/src/panicking.rs:583:13
[INFO] [stdout]   15:     0x5618caaa53e6 - std::sys_common::backtrace::__rust_end_short_backtrace::h5739b8e512c09d02
[INFO] [stdout]                                at /rustc/84c898d65adf2f39a5a98507f1fe0ce10a2b8dbc/library/std/src/sys_common/backtrace.rs:150:18
[INFO] [stdout]   16:     0x5618caaa6cc2 - rust_begin_unwind
[INFO] [stdout]                                at /rustc/84c898d65adf2f39a5a98507f1fe0ce10a2b8dbc/library/std/src/panicking.rs:579:5
[INFO] [stdout]   17:     0x5618c9c3d643 - core::panicking::panic_fmt::hf33a1475b4dc5c3e
[INFO] [stdout]                                at /rustc/84c898d65adf2f39a5a98507f1fe0ce10a2b8dbc/library/core/src/panicking.rs:64:14
[INFO] [stdout]   18:     0x5618c9c3daf3 - core::result::unwrap_failed::hdff5465d74574b44
[INFO] [stdout]                                at /rustc/84c898d65adf2f39a5a98507f1fe0ce10a2b8dbc/library/core/src/result.rs:1750:5
[INFO] [stdout]   19:     0x5618c9c9f792 - core::result::Result<T,E>::expect::h9cbe7ee31d3e2bb5
[INFO] [stdout]                                at /rustc/84c898d65adf2f39a5a98507f1fe0ce10a2b8dbc/library/core/src/result.rs:1047:23
[INFO] [stdout]   20:     0x5618c9c8b054 - dump_syms::windows::pdb::tests::dl_from_server::h435810b7e08f8a42
[INFO] [stdout]                                at /opt/rustwide/workdir/src/windows/pdb.rs:99:28
[INFO] [stdout]   21:     0x5618c9c8b265 - dump_syms::windows::pdb::tests::get_data_from_server::hb8dfb5bb1440cce5
[INFO] [stdout]                                at /opt/rustwide/workdir/src/windows/pdb.rs:108:22
[INFO] [stdout]   22:     0x5618c9c8f179 - dump_syms::windows::pdb::tests::test_file::haccd2850508ae3b6
[INFO] [stdout]                                at /opt/rustwide/workdir/src/windows/pdb.rs:339:13
[INFO] [stdout]   23:     0x5618c9c921d3 - dump_syms::windows::pdb::tests::test_oleaut32::hbca9bfc41511efa6
[INFO] [stdout]                                at /opt/rustwide/workdir/src/windows/pdb.rs:484:9
[INFO] [stdout]   24:     0x5618c9c920f7 - dump_syms::windows::pdb::tests::test_oleaut32::{{closure}}::hb45cb454d2ccbee8
[INFO] [stdout]                                at /opt/rustwide/workdir/src/windows/pdb.rs:483:24
[INFO] [stdout]   25:     0x5618c9cfd555 - core::ops::function::FnOnce::call_once::hd9bbbc857710cda6
[INFO] [stdout]                                at /rustc/84c898d65adf2f39a5a98507f1fe0ce10a2b8dbc/library/core/src/ops/function.rs:250:5
[INFO] [stdout]   26:     0x5618c9d61e8f - core::ops::function::FnOnce::call_once::h7d969581be7d0075
[INFO] [stdout]                                at /rustc/84c898d65adf2f39a5a98507f1fe0ce10a2b8dbc/library/core/src/ops/function.rs:250:5
[INFO] [stdout]   27:     0x5618c9d61e8f - test::__rust_begin_short_backtrace::hca25a52684e56655
[INFO] [stdout]                                at /rustc/84c898d65adf2f39a5a98507f1fe0ce10a2b8dbc/library/test/src/lib.rs:656:18
[INFO] [stdout]   28:     0x5618c9d334ac - test::run_test::{{closure}}::ha8ac744c4af1a4bb
[INFO] [stdout]                                at /rustc/84c898d65adf2f39a5a98507f1fe0ce10a2b8dbc/library/test/src/lib.rs:647:30
[INFO] [stdout]   29:     0x5618c9d334ac - core::ops::function::FnOnce::call_once{{vtable.shim}}::h7b411a9ed45bdecf
[INFO] [stdout]                                at /rustc/84c898d65adf2f39a5a98507f1fe0ce10a2b8dbc/library/core/src/ops/function.rs:250:5
[INFO] [stdout]   30:     0x5618c9d60e56 - <alloc::boxed::Box<F,A> as core::ops::function::FnOnce<Args>>::call_once::hd05328869a8ed200
[INFO] [stdout]                                at /rustc/84c898d65adf2f39a5a98507f1fe0ce10a2b8dbc/library/alloc/src/boxed.rs:1987:9
[INFO] [stdout]   31:     0x5618c9d60e56 - <core::panic::unwind_safe::AssertUnwindSafe<F> as core::ops::function::FnOnce<()>>::call_once::h0c601ce20bd5b2be
[INFO] [stdout]                                at /rustc/84c898d65adf2f39a5a98507f1fe0ce10a2b8dbc/library/core/src/panic/unwind_safe.rs:271:9
[INFO] [stdout]   32:     0x5618c9d60e56 - std::panicking::try::do_call::ha4be5c164fe30854
[INFO] [stdout]                                at /rustc/84c898d65adf2f39a5a98507f1fe0ce10a2b8dbc/library/std/src/panicking.rs:487:40
[INFO] [stdout]   33:     0x5618c9d60e56 - std::panicking::try::h604546f3609af05f
[INFO] [stdout]                                at /rustc/84c898d65adf2f39a5a98507f1fe0ce10a2b8dbc/library/std/src/panicking.rs:451:19
[INFO] [stdout]   34:     0x5618c9d60e56 - std::panic::catch_unwind::h5bfa8afe44c9c2f9
[INFO] [stdout]                                at /rustc/84c898d65adf2f39a5a98507f1fe0ce10a2b8dbc/library/std/src/panic.rs:140:14
[INFO] [stdout]   35:     0x5618c9d60e56 - test::run_test_in_process::hd50dee55dd63e6aa
[INFO] [stdout]                                at /rustc/84c898d65adf2f39a5a98507f1fe0ce10a2b8dbc/library/test/src/lib.rs:679:27
[INFO] [stdout]   36:     0x5618c9d60e56 - test::run_test::run_test_inner::{{closure}}::h4aa0f433aa85cea8
[INFO] [stdout]                                at /rustc/84c898d65adf2f39a5a98507f1fe0ce10a2b8dbc/library/test/src/lib.rs:573:39
[INFO] [stdout]   37:     0x5618c9d2db21 - test::run_test::run_test_inner::{{closure}}::had56431adf24b4d6
[INFO] [stdout]                                at /rustc/84c898d65adf2f39a5a98507f1fe0ce10a2b8dbc/library/test/src/lib.rs:600:37
[INFO] [stdout]   38:     0x5618c9d2db21 - std::sys_common::backtrace::__rust_begin_short_backtrace::ha8d9890e0c73bf13
[INFO] [stdout]                                at /rustc/84c898d65adf2f39a5a98507f1fe0ce10a2b8dbc/library/std/src/sys_common/backtrace.rs:134:18
[INFO] [stdout]   39:     0x5618c9d3353b - std::thread::Builder::spawn_unchecked_::{{closure}}::{{closure}}::h251832bcb4a95327
[INFO] [stdout]                                at /rustc/84c898d65adf2f39a5a98507f1fe0ce10a2b8dbc/library/std/src/thread/mod.rs:560:17
[INFO] [stdout]   40:     0x5618c9d3353b - <core::panic::unwind_safe::AssertUnwindSafe<F> as core::ops::function::FnOnce<()>>::call_once::h8fdff598fa414831
[INFO] [stdout]                                at /rustc/84c898d65adf2f39a5a98507f1fe0ce10a2b8dbc/library/core/src/panic/unwind_safe.rs:271:9
[INFO] [stdout]   41:     0x5618c9d3353b - std::panicking::try::do_call::h455dd2f7764a950f
[INFO] [stdout]                                at /rustc/84c898d65adf2f39a5a98507f1fe0ce10a2b8dbc/library/std/src/panicking.rs:487:40
[INFO] [stdout]   42:     0x5618c9d3353b - std::panicking::try::had6f23b7b73ae72a
[INFO] [stdout]                                at /rustc/84c898d65adf2f39a5a98507f1fe0ce10a2b8dbc/library/std/src/panicking.rs:451:19
[INFO] [stdout]   43:     0x5618c9d3353b - std::panic::catch_unwind::ha6a5ca3915b4dad0
[INFO] [stdout]                                at /rustc/84c898d65adf2f39a5a98507f1fe0ce10a2b8dbc/library/std/src/panic.rs:140:14
[INFO] [stdout]   44:     0x5618c9d3353b - std::thread::Builder::spawn_unchecked_::{{closure}}::h883b72ef75da6231
[INFO] [stdout]                                at /rustc/84c898d65adf2f39a5a98507f1fe0ce10a2b8dbc/library/std/src/thread/mod.rs:559:30
[INFO] [stdout]   45:     0x5618c9d3353b - core::ops::function::FnOnce::call_once{{vtable.shim}}::hb7dff73dc8bd2ccb
[INFO] [stdout]                                at /rustc/84c898d65adf2f39a5a98507f1fe0ce10a2b8dbc/library/core/src/ops/function.rs:250:5
[INFO] [stdout]   46:     0x5618caaabba3 - <alloc::boxed::Box<F,A> as core::ops::function::FnOnce<Args>>::call_once::h39990b24eedef2ab
[INFO] [stdout]                                at /rustc/84c898d65adf2f39a5a98507f1fe0ce10a2b8dbc/library/alloc/src/boxed.rs:1987:9
[INFO] [stdout]   47:     0x5618caaabba3 - <alloc::boxed::Box<F,A> as core::ops::function::FnOnce<Args>>::call_once::h01a027258444143b
[INFO] [stdout]                                at /rustc/84c898d65adf2f39a5a98507f1fe0ce10a2b8dbc/library/alloc/src/boxed.rs:1987:9
[INFO] [stdout]   48:     0x5618caaabba3 - std::sys::unix::thread::Thread::new::thread_start::ha4f1cdd9c25884ba
[INFO] [stdout]                                at /rustc/84c898d65adf2f39a5a98507f1fe0ce10a2b8dbc/library/std/src/sys/unix/thread.rs:108:17
[INFO] [stdout]   49:     0x7f1972fc7b43 - <unknown>
[INFO] [stdout]   50:     0x7f1973058bb4 - __clone
[INFO] [stdout]   51:                0x0 - <unknown>
[INFO] [stdout] 
[INFO] [stdout] 
[INFO] [stdout] failures:
[INFO] [stdout]     windows::pdb::tests::test_ntdll
[INFO] [stdout]     windows::pdb::tests::test_oleaut32
[INFO] [stdout] 
[INFO] [stdout] test result: FAILED. 19 passed; 2 failed; 0 ignored; 0 measured; 0 filtered out; finished in 1.31s
[INFO] [stdout] 
[INFO] [stderr] error: test failed, to rerun pass `--lib`
[INFO] running `Command { std: "docker" "inspect" "a381257ab2931553c1787441201d7584ae02548bdc5281184fafd58c4d747997", kill_on_drop: false }`
[INFO] running `Command { std: "docker" "rm" "-f" "a381257ab2931553c1787441201d7584ae02548bdc5281184fafd58c4d747997", kill_on_drop: false }`
[INFO] [stdout] a381257ab2931553c1787441201d7584ae02548bdc5281184fafd58c4d747997
