[INFO] cloning repository https://github.com/mnpw/webserver-rs
[INFO] running `Command { std: "git" "-c" "credential.helper=" "-c" "credential.helper=/workspace/cargo-home/bin/git-credential-null" "clone" "--bare" "https://github.com/mnpw/webserver-rs" "/workspace/cache/git-repos/https%3A%2F%2Fgithub.com%2Fmnpw%2Fwebserver-rs", kill_on_drop: false }`
[INFO] [stderr] Cloning into bare repository '/workspace/cache/git-repos/https%3A%2F%2Fgithub.com%2Fmnpw%2Fwebserver-rs'...
[INFO] running `Command { std: "git" "rev-parse" "HEAD", kill_on_drop: false }`
[INFO] [stdout] 45eceaf66e728ad294a8dce3aaeb3fc72a1ba6e3
[INFO] testing mnpw/webserver-rs against beta-2023-04-20 for beta-1.70-1
[INFO] running `Command { std: "git" "clone" "/workspace/cache/git-repos/https%3A%2F%2Fgithub.com%2Fmnpw%2Fwebserver-rs" "/workspace/builds/worker-4-tc2/source", kill_on_drop: false }`
[INFO] [stderr] Cloning into '/workspace/builds/worker-4-tc2/source'...
[INFO] [stderr] done.
[INFO] validating manifest of git repo https://github.com/mnpw/webserver-rs on toolchain beta-2023-04-20
[INFO] running `Command { std: CARGO_HOME="/workspace/cargo-home" RUSTUP_HOME="/workspace/rustup-home" "/workspace/cargo-home/bin/cargo" "+beta-2023-04-20" "metadata" "--manifest-path" "Cargo.toml" "--no-deps", kill_on_drop: false }`
[INFO] started tweaking git repo https://github.com/mnpw/webserver-rs
[INFO] finished tweaking git repo https://github.com/mnpw/webserver-rs
[INFO] tweaked toml for git repo https://github.com/mnpw/webserver-rs written to /workspace/builds/worker-4-tc2/source/Cargo.toml
[INFO] crate git repo https://github.com/mnpw/webserver-rs already has a lockfile, it will not be regenerated
[INFO] running `Command { std: CARGO_HOME="/workspace/cargo-home" RUSTUP_HOME="/workspace/rustup-home" "/workspace/cargo-home/bin/cargo" "+beta-2023-04-20" "fetch" "--manifest-path" "Cargo.toml", kill_on_drop: false }`
[INFO] [stderr]     Updating crates.io index
[INFO] [stderr]  Downloading crates ...
[INFO] [stderr]   Downloaded serde_tokenstream v0.1.3
[INFO] [stderr]   Downloaded hyper v0.14.19
[INFO] running `Command { std: "docker" "create" "-v" "/var/lib/crater-agent-workspace/builds/worker-4-tc2/target:/opt/rustwide/target:rw,Z" "-v" "/var/lib/crater-agent-workspace/builds/worker-4-tc2/source:/opt/rustwide/workdir:ro,Z" "-v" "/var/lib/crater-agent-workspace/cargo-home:/opt/rustwide/cargo-home:ro,Z" "-v" "/var/lib/crater-agent-workspace/rustup-home:/opt/rustwide/rustup-home:ro,Z" "-e" "SOURCE_DIR=/opt/rustwide/workdir" "-e" "CARGO_TARGET_DIR=/opt/rustwide/target" "-e" "CARGO_HOME=/opt/rustwide/cargo-home" "-e" "RUSTUP_HOME=/opt/rustwide/rustup-home" "-w" "/opt/rustwide/workdir" "-m" "1610612736" "--user" "0:0" "--network" "none" "ghcr.io/rust-lang/crates-build-env/linux@sha256:5ff2268d62e97bff2cde7d5815dd6ed5b47097566f13b8d0ca110b04b60e07ed" "/opt/rustwide/cargo-home/bin/cargo" "+beta-2023-04-20" "metadata" "--no-deps" "--format-version=1", kill_on_drop: false }`
[INFO] [stdout] 211496c949885594773df44d9cdde21db0aa7225895f1e09aca7e486d5c2fcfc
[INFO] running `Command { std: "docker" "start" "-a" "211496c949885594773df44d9cdde21db0aa7225895f1e09aca7e486d5c2fcfc", kill_on_drop: false }`
[INFO] running `Command { std: "docker" "inspect" "211496c949885594773df44d9cdde21db0aa7225895f1e09aca7e486d5c2fcfc", kill_on_drop: false }`
[INFO] running `Command { std: "docker" "rm" "-f" "211496c949885594773df44d9cdde21db0aa7225895f1e09aca7e486d5c2fcfc", kill_on_drop: false }`
[INFO] [stdout] 211496c949885594773df44d9cdde21db0aa7225895f1e09aca7e486d5c2fcfc
[INFO] running `Command { std: "docker" "create" "-v" "/var/lib/crater-agent-workspace/builds/worker-4-tc2/target:/opt/rustwide/target:rw,Z" "-v" "/var/lib/crater-agent-workspace/builds/worker-4-tc2/source:/opt/rustwide/workdir:ro,Z" "-v" "/var/lib/crater-agent-workspace/cargo-home:/opt/rustwide/cargo-home:ro,Z" "-v" "/var/lib/crater-agent-workspace/rustup-home:/opt/rustwide/rustup-home:ro,Z" "-e" "SOURCE_DIR=/opt/rustwide/workdir" "-e" "CARGO_TARGET_DIR=/opt/rustwide/target" "-e" "CARGO_INCREMENTAL=0" "-e" "RUST_BACKTRACE=full" "-e" "RUSTFLAGS=--cap-lints=warn" "-e" "RUSTDOCFLAGS=--cap-lints=warn" "-e" "CARGO_HOME=/opt/rustwide/cargo-home" "-e" "RUSTUP_HOME=/opt/rustwide/rustup-home" "-w" "/opt/rustwide/workdir" "-m" "1610612736" "--user" "0:0" "--network" "none" "ghcr.io/rust-lang/crates-build-env/linux@sha256:5ff2268d62e97bff2cde7d5815dd6ed5b47097566f13b8d0ca110b04b60e07ed" "/opt/rustwide/cargo-home/bin/cargo" "+beta-2023-04-20" "build" "--frozen" "--message-format=json", kill_on_drop: false }`
[INFO] [stdout] 0341fb97079b778381c127f325b97f43a10bbf261aa4a60714a8964ca69471be
[INFO] running `Command { std: "docker" "start" "-a" "0341fb97079b778381c127f325b97f43a10bbf261aa4a60714a8964ca69471be", kill_on_drop: false }`
[INFO] [stderr]    Compiling proc-macro2 v1.0.39
[INFO] [stderr]    Compiling unicode-ident v1.0.0
[INFO] [stderr]    Compiling syn v1.0.96
[INFO] [stderr]    Compiling libc v0.2.126
[INFO] [stderr]    Compiling cfg-if v1.0.0
[INFO] [stderr]    Compiling memchr v2.5.0
[INFO] [stderr]    Compiling futures-core v0.3.21
[INFO] [stderr]    Compiling pin-project-lite v0.2.9
[INFO] [stderr]    Compiling futures-task v0.3.21
[INFO] [stderr]    Compiling autocfg v1.1.0
[INFO] [stderr]    Compiling log v0.4.17
[INFO] [stderr]    Compiling futures-channel v0.3.21
[INFO] [stderr]    Compiling futures-util v0.3.21
[INFO] [stderr]    Compiling futures-sink v0.3.21
[INFO] [stderr]    Compiling lock_api v0.4.7
[INFO] [stderr]    Compiling serde_derive v1.0.137
[INFO] [stderr]    Compiling parking_lot_core v0.9.3
[INFO] [stderr]    Compiling quote v1.0.18
[INFO] [stderr]    Compiling serde v1.0.137
[INFO] [stderr]    Compiling slab v0.4.6
[INFO] [stderr]    Compiling scopeguard v1.1.0
[INFO] [stderr]    Compiling futures-io v0.3.21
[INFO] [stderr]    Compiling bytes v1.1.0
[INFO] [stderr]    Compiling once_cell v1.12.0
[INFO] [stderr]    Compiling pin-utils v0.1.0
[INFO] [stderr]    Compiling smallvec v1.8.0
[INFO] [stderr]    Compiling fnv v1.0.7
[INFO] [stderr]    Compiling httparse v1.7.1
[INFO] [stderr]    Compiling itoa v1.0.2
[INFO] [stderr]    Compiling tracing-core v0.1.27
[INFO] [stderr]    Compiling mio v0.8.3
[INFO] [stderr]    Compiling signal-hook-registry v1.4.0
[INFO] [stderr]    Compiling socket2 v0.4.4
[INFO] [stderr]    Compiling parking_lot v0.12.1
[INFO] [stderr]    Compiling http v0.2.8
[INFO] [stderr]    Compiling num_cpus v1.13.1
[INFO] [stderr]    Compiling try-lock v0.2.3
[INFO] [stderr]    Compiling want v0.3.0
[INFO] [stderr]    Compiling tracing v0.1.35
[INFO] [stderr]    Compiling httpdate v1.0.2
[INFO] [stderr]    Compiling tower-service v0.3.1
[INFO] [stderr]    Compiling http-body v0.4.5
[INFO] [stderr]    Compiling futures-macro v0.3.21
[INFO] [stderr]    Compiling tokio-macros v1.8.0
[INFO] [stderr]    Compiling tokio v1.19.2
[INFO] [stderr]    Compiling futures-executor v0.3.21
[INFO] [stderr]    Compiling futures v0.3.21
[INFO] [stderr]    Compiling hyper v0.14.19
[INFO] [stderr]    Compiling serde_tokenstream v0.1.3
[INFO] [stderr]    Compiling webserver_macro v0.1.0 (/opt/rustwide/workdir/webserver_macro)
[INFO] [stdout] warning: fields `method` and `path` are never read
[INFO] [stdout]   --> webserver_macro/src/lib.rs:15:5
[INFO] [stdout]    |
[INFO] [stdout] 14 | struct Metadata {
[INFO] [stdout]    |        -------- fields in this struct
[INFO] [stdout] 15 |     method: MethodType,
[INFO] [stdout]    |     ^^^^^^
[INFO] [stdout] 16 |     path: String,
[INFO] [stdout]    |     ^^^^
[INFO] [stdout]    |
[INFO] [stdout]    = note: `Metadata` has a derived impl for the trait `Debug`, but this is intentionally ignored during dead code analysis
[INFO] [stdout]    = note: `#[warn(dead_code)]` on by default
[INFO] [stdout] 
[INFO] [stdout] 
[INFO] [stdout] warning: 1 warning emitted
[INFO] [stdout] 
[INFO] [stdout] 
[INFO] [stderr]    Compiling webserver v0.1.0 (/opt/rustwide/workdir/webserver)
[INFO] [stderr] Metadata { method: GET, path: "/*" }
[INFO] [stderr] Path(TypePath { qself: None, path: Path { leading_colon: None, segments: [PathSegment { ident: Ident { ident: "Request", span: #0 bytes(460..467) }, arguments: AngleBracketed(AngleBracketedGenericArguments { colon2_token: None, lt_token: Lt, args: [Type(Path(TypePath { qself: None, path: Path { leading_colon: None, segments: [PathSegment { ident: Ident { ident: "Body", span: #0 bytes(468..472) }, arguments: None }] } }))], gt_token: Gt }) }] } })
[INFO] [stderr] Metadata { method: GET, path: "/welcome" }
[INFO] [stderr] Path(TypePath { qself: None, path: Path { leading_colon: None, segments: [PathSegment { ident: Ident { ident: "Request", span: #0 bytes(663..670) }, arguments: AngleBracketed(AngleBracketedGenericArguments { colon2_token: None, lt_token: Lt, args: [Type(Path(TypePath { qself: None, path: Path { leading_colon: None, segments: [PathSegment { ident: Ident { ident: "Body", span: #0 bytes(671..675) }, arguments: None }] } }))], gt_token: Gt }) }] } })
[INFO] [stderr]     Finished dev [unoptimized + debuginfo] target(s) in 27.28s
[INFO] running `Command { std: "docker" "inspect" "0341fb97079b778381c127f325b97f43a10bbf261aa4a60714a8964ca69471be", kill_on_drop: false }`
[INFO] running `Command { std: "docker" "rm" "-f" "0341fb97079b778381c127f325b97f43a10bbf261aa4a60714a8964ca69471be", kill_on_drop: false }`
[INFO] [stdout] 0341fb97079b778381c127f325b97f43a10bbf261aa4a60714a8964ca69471be
[INFO] running `Command { std: "docker" "create" "-v" "/var/lib/crater-agent-workspace/builds/worker-4-tc2/target:/opt/rustwide/target:rw,Z" "-v" "/var/lib/crater-agent-workspace/builds/worker-4-tc2/source:/opt/rustwide/workdir:ro,Z" "-v" "/var/lib/crater-agent-workspace/cargo-home:/opt/rustwide/cargo-home:ro,Z" "-v" "/var/lib/crater-agent-workspace/rustup-home:/opt/rustwide/rustup-home:ro,Z" "-e" "SOURCE_DIR=/opt/rustwide/workdir" "-e" "CARGO_TARGET_DIR=/opt/rustwide/target" "-e" "CARGO_INCREMENTAL=0" "-e" "RUST_BACKTRACE=full" "-e" "RUSTFLAGS=--cap-lints=warn" "-e" "RUSTDOCFLAGS=--cap-lints=warn" "-e" "CARGO_HOME=/opt/rustwide/cargo-home" "-e" "RUSTUP_HOME=/opt/rustwide/rustup-home" "-w" "/opt/rustwide/workdir" "-m" "1610612736" "--user" "0:0" "--network" "none" "ghcr.io/rust-lang/crates-build-env/linux@sha256:5ff2268d62e97bff2cde7d5815dd6ed5b47097566f13b8d0ca110b04b60e07ed" "/opt/rustwide/cargo-home/bin/cargo" "+beta-2023-04-20" "test" "--frozen" "--no-run" "--message-format=json", kill_on_drop: false }`
[INFO] [stdout] 6de45f7ad736664f8eab89c141c30c4827039a6052593339986e0ea325722e7d
[INFO] running `Command { std: "docker" "start" "-a" "6de45f7ad736664f8eab89c141c30c4827039a6052593339986e0ea325722e7d", kill_on_drop: false }`
[INFO] [stderr]     Blocking waiting for file lock on package cache
[INFO] [stderr]    Compiling webserver_macro v0.1.0 (/opt/rustwide/workdir/webserver_macro)
[INFO] [stdout] warning: unused import: `super::*`
[INFO] [stdout]   --> webserver_macro/src/lib.rs:51:9
[INFO] [stdout]    |
[INFO] [stdout] 51 |     use super::*;
[INFO] [stdout]    |         ^^^^^^^^
[INFO] [stdout]    |
[INFO] [stdout]    = note: `#[warn(unused_imports)]` on by default
[INFO] [stdout] 
[INFO] [stdout] 
[INFO] [stdout] warning: unused import: `Signature`
[INFO] [stdout]   --> webserver_macro/src/lib.rs:53:23
[INFO] [stdout]    |
[INFO] [stdout] 53 |     use syn::{ItemFn, Signature, Visibility};
[INFO] [stdout]    |                       ^^^^^^^^^
[INFO] [stdout] 
[INFO] [stdout] 
[INFO] [stdout] warning: fields `method` and `path` are never read
[INFO] [stdout]   --> webserver_macro/src/lib.rs:15:5
[INFO] [stdout]    |
[INFO] [stdout] 14 | struct Metadata {
[INFO] [stdout]    |        -------- fields in this struct
[INFO] [stdout] 15 |     method: MethodType,
[INFO] [stdout]    |     ^^^^^^
[INFO] [stdout] 16 |     path: String,
[INFO] [stdout]    |     ^^^^
[INFO] [stdout]    |
[INFO] [stdout]    = note: `Metadata` has a derived impl for the trait `Debug`, but this is intentionally ignored during dead code analysis
[INFO] [stdout]    = note: `#[warn(dead_code)]` on by default
[INFO] [stdout] 
[INFO] [stdout] 
[INFO] [stdout] warning: fields `method` and `path` are never read
[INFO] [stdout]   --> webserver_macro/src/lib.rs:15:5
[INFO] [stdout]    |
[INFO] [stdout] 14 | struct Metadata {
[INFO] [stdout]    |        -------- fields in this struct
[INFO] [stdout] 15 |     method: MethodType,
[INFO] [stdout]    |     ^^^^^^
[INFO] [stdout] 16 |     path: String,
[INFO] [stdout]    |     ^^^^
[INFO] [stdout]    |
[INFO] [stdout]    = note: `Metadata` has a derived impl for the trait `Debug`, but this is intentionally ignored during dead code analysis
[INFO] [stdout]    = note: `#[warn(dead_code)]` on by default
[INFO] [stdout] 
[INFO] [stdout] 
[INFO] [stdout] warning: 3 warnings emitted
[INFO] [stdout] 
[INFO] [stdout] 
[INFO] [stdout] warning: 1 warning emitted
[INFO] [stdout] 
[INFO] [stdout] 
[INFO] [stderr]    Compiling webserver v0.1.0 (/opt/rustwide/workdir/webserver)
[INFO] [stderr] Metadata { method: GET, path: "/*" }
[INFO] [stderr] Path(TypePath { qself: None, path: Path { leading_colon: None, segments: [PathSegment { ident: Ident { ident: "Request", span: #0 bytes(460..467) }, arguments: AngleBracketed(AngleBracketedGenericArguments { colon2_token: None, lt_token: Lt, args: [Type(Path(TypePath { qself: None, path: Path { leading_colon: None, segments: [PathSegment { ident: Ident { ident: "Body", span: #0 bytes(468..472) }, arguments: None }] } }))], gt_token: Gt }) }] } })
[INFO] [stderr] Metadata { method: GET, path: "/welcome" }
[INFO] [stderr] Path(TypePath { qself: None, path: Path { leading_colon: None, segments: [PathSegment { ident: Ident { ident: "Request", span: #0 bytes(663..670) }, arguments: AngleBracketed(AngleBracketedGenericArguments { colon2_token: None, lt_token: Lt, args: [Type(Path(TypePath { qself: None, path: Path { leading_colon: None, segments: [PathSegment { ident: Ident { ident: "Body", span: #0 bytes(671..675) }, arguments: None }] } }))], gt_token: Gt }) }] } })
[INFO] [stderr]     Finished test [unoptimized + debuginfo] target(s) in 2.22s
[INFO] running `Command { std: "docker" "inspect" "6de45f7ad736664f8eab89c141c30c4827039a6052593339986e0ea325722e7d", kill_on_drop: false }`
[INFO] running `Command { std: "docker" "rm" "-f" "6de45f7ad736664f8eab89c141c30c4827039a6052593339986e0ea325722e7d", kill_on_drop: false }`
[INFO] [stdout] 6de45f7ad736664f8eab89c141c30c4827039a6052593339986e0ea325722e7d
[INFO] running `Command { std: "docker" "create" "-v" "/var/lib/crater-agent-workspace/builds/worker-4-tc2/target:/opt/rustwide/target:rw,Z" "-v" "/var/lib/crater-agent-workspace/builds/worker-4-tc2/source:/opt/rustwide/workdir:ro,Z" "-v" "/var/lib/crater-agent-workspace/cargo-home:/opt/rustwide/cargo-home:ro,Z" "-v" "/var/lib/crater-agent-workspace/rustup-home:/opt/rustwide/rustup-home:ro,Z" "-e" "SOURCE_DIR=/opt/rustwide/workdir" "-e" "CARGO_TARGET_DIR=/opt/rustwide/target" "-e" "CARGO_INCREMENTAL=0" "-e" "RUST_BACKTRACE=full" "-e" "RUSTFLAGS=--cap-lints=warn" "-e" "RUSTDOCFLAGS=--cap-lints=warn" "-e" "CARGO_HOME=/opt/rustwide/cargo-home" "-e" "RUSTUP_HOME=/opt/rustwide/rustup-home" "-w" "/opt/rustwide/workdir" "-m" "1610612736" "--user" "0:0" "--network" "none" "ghcr.io/rust-lang/crates-build-env/linux@sha256:5ff2268d62e97bff2cde7d5815dd6ed5b47097566f13b8d0ca110b04b60e07ed" "/opt/rustwide/cargo-home/bin/cargo" "+beta-2023-04-20" "test" "--frozen", kill_on_drop: false }`
[INFO] [stdout] 819c81e1e9ecb4f35ecaa6d4aa6aadc6a4ade5ea7b7ee761533583fa0fc151c6
[INFO] running `Command { std: "docker" "start" "-a" "819c81e1e9ecb4f35ecaa6d4aa6aadc6a4ade5ea7b7ee761533583fa0fc151c6", kill_on_drop: false }`
[INFO] [stderr] warning: fields `method` and `path` are never read
[INFO] [stderr]   --> webserver_macro/src/lib.rs:15:5
[INFO] [stderr]    |
[INFO] [stderr] 14 | struct Metadata {
[INFO] [stderr]    |        -------- fields in this struct
[INFO] [stderr] 15 |     method: MethodType,
[INFO] [stderr]    |     ^^^^^^
[INFO] [stderr] 16 |     path: String,
[INFO] [stderr]    |     ^^^^
[INFO] [stderr]    |
[INFO] [stderr]    = note: `Metadata` has a derived impl for the trait `Debug`, but this is intentionally ignored during dead code analysis
[INFO] [stderr]    = note: `#[warn(dead_code)]` on by default
[INFO] [stderr] 
[INFO] [stderr] warning: `webserver_macro` (lib) generated 1 warning
[INFO] [stderr] warning: unused import: `super::*`
[INFO] [stderr]   --> webserver_macro/src/lib.rs:51:9
[INFO] [stderr]    |
[INFO] [stderr] 51 |     use super::*;
[INFO] [stderr]    |         ^^^^^^^^
[INFO] [stderr]    |
[INFO] [stderr]    = note: `#[warn(unused_imports)]` on by default
[INFO] [stderr] 
[INFO] [stderr] warning: unused import: `Signature`
[INFO] [stderr]   --> webserver_macro/src/lib.rs:53:23
[INFO] [stderr]    |
[INFO] [stderr] 53 |     use syn::{ItemFn, Signature, Visibility};
[INFO] [stderr]    |                       ^^^^^^^^^
[INFO] [stderr] 
[INFO] [stderr] warning: `webserver_macro` (lib test) generated 3 warnings (1 duplicate) (run `cargo fix --lib -p webserver_macro --tests` to apply 2 suggestions)
[INFO] [stderr] Metadata { method: GET, path: "/*" }
[INFO] [stderr] Path(TypePath { qself: None, path: Path { leading_colon: None, segments: [PathSegment { ident: Ident { ident: "Request", span: #0 bytes(460..467) }, arguments: AngleBracketed(AngleBracketedGenericArguments { colon2_token: None, lt_token: Lt, args: [Type(Path(TypePath { qself: None, path: Path { leading_colon: None, segments: [PathSegment { ident: Ident { ident: "Body", span: #0 bytes(468..472) }, arguments: None }] } }))], gt_token: Gt }) }] } })
[INFO] [stderr] Metadata { method: GET, path: "/welcome" }
[INFO] [stderr] Path(TypePath { qself: None, path: Path { leading_colon: None, segments: [PathSegment { ident: Ident { ident: "Request", span: #0 bytes(663..670) }, arguments: AngleBracketed(AngleBracketedGenericArguments { colon2_token: None, lt_token: Lt, args: [Type(Path(TypePath { qself: None, path: Path { leading_colon: None, segments: [PathSegment { ident: Ident { ident: "Body", span: #0 bytes(671..675) }, arguments: None }] } }))], gt_token: Gt }) }] } })
[INFO] [stderr]     Finished test [unoptimized + debuginfo] target(s) in 0.05s
[INFO] [stderr]      Running unittests src/lib.rs (/opt/rustwide/target/debug/deps/webserver-7d0bd9f3d449404e)
[INFO] [stdout] 
[INFO] [stdout] running 0 tests
[INFO] [stdout] 
[INFO] [stdout] test result: ok. 0 passed; 0 failed; 0 ignored; 0 measured; 0 filtered out; finished in 0.00s
[INFO] [stdout] 
[INFO] [stderr]      Running unittests src/bin/main.rs (/opt/rustwide/target/debug/deps/main-8013e036499353f2)
[INFO] [stdout] 
[INFO] [stdout] running 0 tests
[INFO] [stdout] 
[INFO] [stdout] test result: ok. 0 passed; 0 failed; 0 ignored; 0 measured; 0 filtered out; finished in 0.00s
[INFO] [stdout] 
[INFO] [stderr]      Running unittests src/lib.rs (/opt/rustwide/target/debug/deps/webserver_macro-210aee42c30744b4)
[INFO] [stdout] 
[INFO] [stdout] running 1 test
[INFO] [stdout] test tests::test_busted_function ... FAILED
[INFO] [stdout] 
[INFO] [stdout] failures:
[INFO] [stdout] 
[INFO] [stdout] ---- tests::test_busted_function stdout ----
[INFO] [stdout] ItemFn {
[INFO] [stdout]     attrs: [
[INFO] [stdout]         Attribute {
[INFO] [stdout]             pound_token: Pound,
[INFO] [stdout]             style: Outer,
[INFO] [stdout]             bracket_token: Bracket,
[INFO] [stdout]             path: Path {
[INFO] [stdout]                 leading_colon: None,
[INFO] [stdout]                 segments: [
[INFO] [stdout]                     PathSegment {
[INFO] [stdout]                         ident: Ident(
[INFO] [stdout]                             lol,
[INFO] [stdout]                         ),
[INFO] [stdout]                         arguments: None,
[INFO] [stdout]                     },
[INFO] [stdout]                 ],
[INFO] [stdout]             },
[INFO] [stdout]             tokens: TokenStream [],
[INFO] [stdout]         },
[INFO] [stdout]     ],
[INFO] [stdout]     vis: Inherited,
[INFO] [stdout]     sig: Signature {
[INFO] [stdout]         constness: None,
[INFO] [stdout]         asyncness: None,
[INFO] [stdout]         unsafety: None,
[INFO] [stdout]         abi: None,
[INFO] [stdout]         fn_token: Fn,
[INFO] [stdout]         ident: Ident(
[INFO] [stdout]             foo,
[INFO] [stdout]         ),
[INFO] [stdout]         generics: Generics {
[INFO] [stdout]             lt_token: Some(
[INFO] [stdout]                 Lt,
[INFO] [stdout]             ),
[INFO] [stdout]             params: [
[INFO] [stdout]                 Lifetime(
[INFO] [stdout]                     LifetimeDef {
[INFO] [stdout]                         attrs: [],
[INFO] [stdout]                         lifetime: Lifetime {
[INFO] [stdout]                             apostrophe: Span,
[INFO] [stdout]                             ident: Ident(
[INFO] [stdout]                                 a,
[INFO] [stdout]                             ),
[INFO] [stdout]                         },
[INFO] [stdout]                         colon_token: None,
[INFO] [stdout]                         bounds: [],
[INFO] [stdout]                     },
[INFO] [stdout]                 ),
[INFO] [stdout]                 Comma,
[INFO] [stdout]                 Type(
[INFO] [stdout]                     TypeParam {
[INFO] [stdout]                         attrs: [],
[INFO] [stdout]                         ident: Ident(
[INFO] [stdout]                             T,
[INFO] [stdout]                         ),
[INFO] [stdout]                         colon_token: None,
[INFO] [stdout]                         bounds: [],
[INFO] [stdout]                         eq_token: None,
[INFO] [stdout]                         default: None,
[INFO] [stdout]                     },
[INFO] [stdout]                 ),
[INFO] [stdout]             ],
[INFO] [stdout]             gt_token: Some(
[INFO] [stdout]                 Gt,
[INFO] [stdout]             ),
[INFO] [stdout]             where_clause: None,
[INFO] [stdout]         },
[INFO] [stdout]         paren_token: Paren,
[INFO] [stdout]         inputs: [
[INFO] [stdout]             Typed(
[INFO] [stdout]                 PatType {
[INFO] [stdout]                     attrs: [],
[INFO] [stdout]                     pat: Ident(
[INFO] [stdout]                         PatIdent {
[INFO] [stdout]                             attrs: [],
[INFO] [stdout]                             by_ref: None,
[INFO] [stdout]                             mutability: None,
[INFO] [stdout]                             ident: Ident(
[INFO] [stdout]                                 parameter,
[INFO] [stdout]                             ),
[INFO] [stdout]                             subpat: None,
[INFO] [stdout]                         },
[INFO] [stdout]                     ),
[INFO] [stdout]                     colon_token: Colon,
[INFO] [stdout]                     ty: Reference(
[INFO] [stdout]                         TypeReference {
[INFO] [stdout]                             and_token: And,
[INFO] [stdout]                             lifetime: Some(
[INFO] [stdout]                                 Lifetime {
[INFO] [stdout]                                     apostrophe: Span,
[INFO] [stdout]                                     ident: Ident(
[INFO] [stdout]                                         a,
[INFO] [stdout]                                     ),
[INFO] [stdout]                                 },
[INFO] [stdout]                             ),
[INFO] [stdout]                             mutability: None,
[INFO] [stdout]                             elem: Path(
[INFO] [stdout]                                 TypePath {
[INFO] [stdout]                                     qself: None,
[INFO] [stdout]                                     path: Path {
[INFO] [stdout]                                         leading_colon: None,
[INFO] [stdout]                                         segments: [
[INFO] [stdout]                                             PathSegment {
[INFO] [stdout]                                                 ident: Ident(
[INFO] [stdout]                                                     T,
[INFO] [stdout]                                                 ),
[INFO] [stdout]                                                 arguments: None,
[INFO] [stdout]                                             },
[INFO] [stdout]                                         ],
[INFO] [stdout]                                     },
[INFO] [stdout]                                 },
[INFO] [stdout]                             ),
[INFO] [stdout]                         },
[INFO] [stdout]                     ),
[INFO] [stdout]                 },
[INFO] [stdout]             ),
[INFO] [stdout]         ],
[INFO] [stdout]         variadic: None,
[INFO] [stdout]         output: Type(
[INFO] [stdout]             RArrow,
[INFO] [stdout]             Reference(
[INFO] [stdout]                 TypeReference {
[INFO] [stdout]                     and_token: And,
[INFO] [stdout]                     lifetime: Some(
[INFO] [stdout]                         Lifetime {
[INFO] [stdout]                             apostrophe: Span,
[INFO] [stdout]                             ident: Ident(
[INFO] [stdout]                                 a,
[INFO] [stdout]                             ),
[INFO] [stdout]                         },
[INFO] [stdout]                     ),
[INFO] [stdout]                     mutability: None,
[INFO] [stdout]                     elem: Path(
[INFO] [stdout]                         TypePath {
[INFO] [stdout]                             qself: None,
[INFO] [stdout]                             path: Path {
[INFO] [stdout]                                 leading_colon: None,
[INFO] [stdout]                                 segments: [
[INFO] [stdout]                                     PathSegment {
[INFO] [stdout]                                         ident: Ident(
[INFO] [stdout]                                             T,
[INFO] [stdout]                                         ),
[INFO] [stdout]                                         arguments: None,
[INFO] [stdout]                                     },
[INFO] [stdout]                                 ],
[INFO] [stdout]                             },
[INFO] [stdout]                         },
[INFO] [stdout]                     ),
[INFO] [stdout]                 },
[INFO] [stdout]             ),
[INFO] [stdout]         ),
[INFO] [stdout]     },
[INFO] [stdout]     block: Block {
[INFO] [stdout]         brace_token: Brace,
[INFO] [stdout]         stmts: [
[INFO] [stdout]             Semi(
[INFO] [stdout]                 Return(
[INFO] [stdout]                     ExprReturn {
[INFO] [stdout]                         attrs: [],
[INFO] [stdout]                         return_token: Return,
[INFO] [stdout]                         expr: Some(
[INFO] [stdout]                             Path(
[INFO] [stdout]                                 ExprPath {
[INFO] [stdout]                                     attrs: [],
[INFO] [stdout]                                     qself: None,
[INFO] [stdout]                                     path: Path {
[INFO] [stdout]                                         leading_colon: None,
[INFO] [stdout]                                         segments: [
[INFO] [stdout]                                             PathSegment {
[INFO] [stdout]                                                 ident: Ident(
[INFO] [stdout]                                                     parameter,
[INFO] [stdout]                                                 ),
[INFO] [stdout]                                                 arguments: None,
[INFO] [stdout]                                             },
[INFO] [stdout]                                         ],
[INFO] [stdout]                                     },
[INFO] [stdout]                                 },
[INFO] [stdout]                             ),
[INFO] [stdout]                         ),
[INFO] [stdout]                     },
[INFO] [stdout]                 ),
[INFO] [stdout]                 Semi,
[INFO] [stdout]             ),
[INFO] [stdout]         ],
[INFO] [stdout]     },
[INFO] [stdout] }
[INFO] [stdout] thread 'tests::test_busted_function' panicked at 'assertion failed: ast.attrs.is_empty()', webserver_macro/src/lib.rs:67:9
[INFO] [stdout] stack backtrace:
[INFO] [stdout]    0:     0x7f319a3dbcca - std::backtrace_rs::backtrace::libunwind::trace::h2f05d0192276a8f6
[INFO] [stdout]                                at /rustc/1b7dd2252b99671ce5d1cb9664c5f8636329436d/library/std/src/../../backtrace/src/backtrace/libunwind.rs:93:5
[INFO] [stdout]    1:     0x7f319a3dbcca - std::backtrace_rs::backtrace::trace_unsynchronized::hedc23dff7a1af150
[INFO] [stdout]                                at /rustc/1b7dd2252b99671ce5d1cb9664c5f8636329436d/library/std/src/../../backtrace/src/backtrace/mod.rs:66:5
[INFO] [stdout]    2:     0x7f319a3dbcca - std::sys_common::backtrace::_print_fmt::h17541ef7592f3ce2
[INFO] [stdout]                                at /rustc/1b7dd2252b99671ce5d1cb9664c5f8636329436d/library/std/src/sys_common/backtrace.rs:65:5
[INFO] [stdout]    3:     0x7f319a3dbcca - <std::sys_common::backtrace::_print::DisplayBacktrace as core::fmt::Display>::fmt::h20f75df5ab0c0792
[INFO] [stdout]                                at /rustc/1b7dd2252b99671ce5d1cb9664c5f8636329436d/library/std/src/sys_common/backtrace.rs:44:22
[INFO] [stdout]    4:     0x7f319a4400cf - core::fmt::write::h78109e6f466b3af6
[INFO] [stdout]                                at /rustc/1b7dd2252b99671ce5d1cb9664c5f8636329436d/library/core/src/fmt/mod.rs:1254:17
[INFO] [stdout]    5:     0x7f319a3ce905 - std::io::Write::write_fmt::hd24bfb68a1b35a25
[INFO] [stdout]                                at /rustc/1b7dd2252b99671ce5d1cb9664c5f8636329436d/library/std/src/io/mod.rs:1698:15
[INFO] [stdout]    6:     0x7f319a3dba95 - std::sys_common::backtrace::_print::h8dac57a9f8fbf9a5
[INFO] [stdout]                                at /rustc/1b7dd2252b99671ce5d1cb9664c5f8636329436d/library/std/src/sys_common/backtrace.rs:47:5
[INFO] [stdout]    7:     0x7f319a3dba95 - std::sys_common::backtrace::print::hf9ecbf41d1aa712f
[INFO] [stdout]                                at /rustc/1b7dd2252b99671ce5d1cb9664c5f8636329436d/library/std/src/sys_common/backtrace.rs:34:9
[INFO] [stdout]    8:     0x7f319a3de73e - std::panicking::default_hook::{{closure}}::h04c07acfc84ca028
[INFO] [stdout]                                at /rustc/1b7dd2252b99671ce5d1cb9664c5f8636329436d/library/std/src/panicking.rs:269:22
[INFO] [stdout]    9:     0x7f319a3de471 - std::panicking::default_hook::h01f6bb23e1eceb2c
[INFO] [stdout]                                at /rustc/1b7dd2252b99671ce5d1cb9664c5f8636329436d/library/std/src/panicking.rs:285:9
[INFO] [stdout]   10:     0x7f319a4d714b - <alloc::boxed::Box<F,A> as core::ops::function::Fn<Args>>::call::h87fe9f7b2fd49e4c
[INFO] [stdout]                                at /rustc/1b7dd2252b99671ce5d1cb9664c5f8636329436d/library/alloc/src/boxed.rs:1987:9
[INFO] [stdout]   11:     0x7f319a4d714b - test::test_main::{{closure}}::he94d679243a7531b
[INFO] [stdout]                                at /rustc/1b7dd2252b99671ce5d1cb9664c5f8636329436d/library/test/src/lib.rs:134:21
[INFO] [stdout]   12:     0x7f319a3def34 - <alloc::boxed::Box<F,A> as core::ops::function::Fn<Args>>::call::h3f2d6d8b14c4769f
[INFO] [stdout]                                at /rustc/1b7dd2252b99671ce5d1cb9664c5f8636329436d/library/alloc/src/boxed.rs:1987:9
[INFO] [stdout]   13:     0x7f319a3def34 - std::panicking::rust_panic_with_hook::h2bb3722bbaf2f6df
[INFO] [stdout]                                at /rustc/1b7dd2252b99671ce5d1cb9664c5f8636329436d/library/std/src/panicking.rs:695:13
[INFO] [stdout]   14:     0x7f319a3dec62 - std::panicking::begin_panic_handler::{{closure}}::h91bc7f36a4be011b
[INFO] [stdout]                                at /rustc/1b7dd2252b99671ce5d1cb9664c5f8636329436d/library/std/src/panicking.rs:580:13
[INFO] [stdout]   15:     0x7f319a3dc136 - std::sys_common::backtrace::__rust_end_short_backtrace::h8b3d3717114f9e59
[INFO] [stdout]                                at /rustc/1b7dd2252b99671ce5d1cb9664c5f8636329436d/library/std/src/sys_common/backtrace.rs:150:18
[INFO] [stdout]   16:     0x7f319a3dea02 - rust_begin_unwind
[INFO] [stdout]                                at /rustc/1b7dd2252b99671ce5d1cb9664c5f8636329436d/library/std/src/panicking.rs:578:5
[INFO] [stdout]   17:     0x7f319a43c443 - core::panicking::panic_fmt::hfd368e3fbdabea26
[INFO] [stdout]                                at /rustc/1b7dd2252b99671ce5d1cb9664c5f8636329436d/library/core/src/panicking.rs:67:14
[INFO] [stdout]   18:     0x7f319a43c4dd - core::panicking::panic::h3f9042d09bd0bf2e
[INFO] [stdout]                                at /rustc/1b7dd2252b99671ce5d1cb9664c5f8636329436d/library/core/src/panicking.rs:117:5
[INFO] [stdout]   19:     0x558021ff6e1e - webserver_macro::tests::test_busted_function::h6c9f27868f092a4d
[INFO] [stdout]                                at /opt/rustwide/workdir/webserver_macro/src/lib.rs:67:9
[INFO] [stdout]   20:     0x558021ff6717 - webserver_macro::tests::test_busted_function::{{closure}}::hc465b4caf0403c1b
[INFO] [stdout]                                at /opt/rustwide/workdir/webserver_macro/src/lib.rs:56:31
[INFO] [stdout]   21:     0x558021ff6f75 - core::ops::function::FnOnce::call_once::hff1480d83dc22755
[INFO] [stdout]                                at /rustc/1b7dd2252b99671ce5d1cb9664c5f8636329436d/library/core/src/ops/function.rs:250:5
[INFO] [stdout]   22:     0x7f319a4dc8ff - core::ops::function::FnOnce::call_once::ha6a70e79f7481a7e
[INFO] [stdout]                                at /rustc/1b7dd2252b99671ce5d1cb9664c5f8636329436d/library/core/src/ops/function.rs:250:5
[INFO] [stdout]   23:     0x7f319a4dc8ff - test::__rust_begin_short_backtrace::hce33033019b61e69
[INFO] [stdout]                                at /rustc/1b7dd2252b99671ce5d1cb9664c5f8636329436d/library/test/src/lib.rs:655:18
[INFO] [stdout]   24:     0x7f319a4a68fc - test::run_test::{{closure}}::h858d3528838ae3e5
[INFO] [stdout]                                at /rustc/1b7dd2252b99671ce5d1cb9664c5f8636329436d/library/test/src/lib.rs:646:30
[INFO] [stdout]   25:     0x7f319a4a68fc - core::ops::function::FnOnce::call_once{{vtable.shim}}::he8ac2b00f01ae79e
[INFO] [stdout]                                at /rustc/1b7dd2252b99671ce5d1cb9664c5f8636329436d/library/core/src/ops/function.rs:250:5
[INFO] [stdout]   26:     0x7f319a4db9d6 - <alloc::boxed::Box<F,A> as core::ops::function::FnOnce<Args>>::call_once::h8093d25b522725ef
[INFO] [stdout]                                at /rustc/1b7dd2252b99671ce5d1cb9664c5f8636329436d/library/alloc/src/boxed.rs:1973:9
[INFO] [stdout]   27:     0x7f319a4db9d6 - <core::panic::unwind_safe::AssertUnwindSafe<F> as core::ops::function::FnOnce<()>>::call_once::h5c334c204e4a3913
[INFO] [stdout]                                at /rustc/1b7dd2252b99671ce5d1cb9664c5f8636329436d/library/core/src/panic/unwind_safe.rs:271:9
[INFO] [stdout]   28:     0x7f319a4db9d6 - std::panicking::try::do_call::ha8b740c7b9478074
[INFO] [stdout]                                at /rustc/1b7dd2252b99671ce5d1cb9664c5f8636329436d/library/std/src/panicking.rs:485:40
[INFO] [stdout]   29:     0x7f319a4db9d6 - std::panicking::try::h5d34f63d0e41b64e
[INFO] [stdout]                                at /rustc/1b7dd2252b99671ce5d1cb9664c5f8636329436d/library/std/src/panicking.rs:449:19
[INFO] [stdout]   30:     0x7f319a4db9d6 - std::panic::catch_unwind::hcfbb511e1aa7fc67
[INFO] [stdout]                                at /rustc/1b7dd2252b99671ce5d1cb9664c5f8636329436d/library/std/src/panic.rs:140:14
[INFO] [stdout]   31:     0x7f319a4db9d6 - test::run_test_in_process::h9abda90f802eaf21
[INFO] [stdout]                                at /rustc/1b7dd2252b99671ce5d1cb9664c5f8636329436d/library/test/src/lib.rs:678:27
[INFO] [stdout]   32:     0x7f319a4db9d6 - test::run_test::run_test_inner::{{closure}}::h0f058de91f6c6edf
[INFO] [stdout]                                at /rustc/1b7dd2252b99671ce5d1cb9664c5f8636329436d/library/test/src/lib.rs:572:39
[INFO] [stdout]   33:     0x7f319a4a06d5 - test::run_test::run_test_inner::{{closure}}::h5ca48a4c59c6c1fb
[INFO] [stdout]                                at /rustc/1b7dd2252b99671ce5d1cb9664c5f8636329436d/library/test/src/lib.rs:599:37
[INFO] [stdout]   34:     0x7f319a4a06d5 - std::sys_common::backtrace::__rust_begin_short_backtrace::h32bd51e1495d4a33
[INFO] [stdout]                                at /rustc/1b7dd2252b99671ce5d1cb9664c5f8636329436d/library/std/src/sys_common/backtrace.rs:134:18
[INFO] [stdout]   35:     0x7f319a4a6541 - std::thread::Builder::spawn_unchecked_::{{closure}}::{{closure}}::hc086fae9b128b2db
[INFO] [stdout]                                at /rustc/1b7dd2252b99671ce5d1cb9664c5f8636329436d/library/std/src/thread/mod.rs:526:17
[INFO] [stdout]   36:     0x7f319a4a6541 - <core::panic::unwind_safe::AssertUnwindSafe<F> as core::ops::function::FnOnce<()>>::call_once::hb66571888d270d43
[INFO] [stdout]                                at /rustc/1b7dd2252b99671ce5d1cb9664c5f8636329436d/library/core/src/panic/unwind_safe.rs:271:9
[INFO] [stdout]   37:     0x7f319a4a6541 - std::panicking::try::do_call::h4fa2ef4f6e51fecf
[INFO] [stdout]                                at /rustc/1b7dd2252b99671ce5d1cb9664c5f8636329436d/library/std/src/panicking.rs:485:40
[INFO] [stdout]   38:     0x7f319a4a6541 - std::panicking::try::h1e9e22b8584489b5
[INFO] [stdout]                                at /rustc/1b7dd2252b99671ce5d1cb9664c5f8636329436d/library/std/src/panicking.rs:449:19
[INFO] [stdout]   39:     0x7f319a4a6541 - std::panic::catch_unwind::h44698a3de0e0769e
[INFO] [stdout]                                at /rustc/1b7dd2252b99671ce5d1cb9664c5f8636329436d/library/std/src/panic.rs:140:14
[INFO] [stdout]   40:     0x7f319a4a6541 - std::thread::Builder::spawn_unchecked_::{{closure}}::h50153abde3fe239e
[INFO] [stdout]                                at /rustc/1b7dd2252b99671ce5d1cb9664c5f8636329436d/library/std/src/thread/mod.rs:525:30
[INFO] [stdout]   41:     0x7f319a4a6541 - core::ops::function::FnOnce::call_once{{vtable.shim}}::hbe5bbf6f38394364
[INFO] [stdout]                                at /rustc/1b7dd2252b99671ce5d1cb9664c5f8636329436d/library/core/src/ops/function.rs:250:5
[INFO] [stdout]   42:     0x7f319a3e93b5 - <alloc::boxed::Box<F,A> as core::ops::function::FnOnce<Args>>::call_once::h0d83cb2920a49046
[INFO] [stdout]                                at /rustc/1b7dd2252b99671ce5d1cb9664c5f8636329436d/library/alloc/src/boxed.rs:1973:9
[INFO] [stdout]   43:     0x7f319a3e93b5 - <alloc::boxed::Box<F,A> as core::ops::function::FnOnce<Args>>::call_once::hbe0a008aa7d9ef59
[INFO] [stdout]                                at /rustc/1b7dd2252b99671ce5d1cb9664c5f8636329436d/library/alloc/src/boxed.rs:1973:9
[INFO] [stdout]   44:     0x7f319a3e93b5 - std::sys::unix::thread::Thread::new::thread_start::h3a466996bdf6b1f9
[INFO] [stdout]                                at /rustc/1b7dd2252b99671ce5d1cb9664c5f8636329436d/library/std/src/sys/unix/thread.rs:108:17
[INFO] [stdout]   45:     0x7f319a110b43 - <unknown>
[INFO] [stdout]   46:     0x7f319a1a1bb4 - __clone
[INFO] [stdout]   47:                0x0 - <unknown>
[INFO] [stdout] 
[INFO] [stdout] 
[INFO] [stdout] failures:
[INFO] [stdout]     tests::test_busted_function
[INFO] [stdout] 
[INFO] [stdout] test result: FAILED. 0 passed; 1 failed; 0 ignored; 0 measured; 0 filtered out; finished in 0.07s
[INFO] [stdout] 
[INFO] [stderr] error: test failed, to rerun pass `-p webserver_macro --lib`
[INFO] running `Command { std: "docker" "inspect" "819c81e1e9ecb4f35ecaa6d4aa6aadc6a4ade5ea7b7ee761533583fa0fc151c6", kill_on_drop: false }`
[INFO] running `Command { std: "docker" "rm" "-f" "819c81e1e9ecb4f35ecaa6d4aa6aadc6a4ade5ea7b7ee761533583fa0fc151c6", kill_on_drop: false }`
[INFO] [stdout] 819c81e1e9ecb4f35ecaa6d4aa6aadc6a4ade5ea7b7ee761533583fa0fc151c6
