[INFO] cloning repository https://github.com/mindv0rtex/physarum
[INFO] running `Command { std: "git" "-c" "credential.helper=" "-c" "credential.helper=/workspace/cargo-home/bin/git-credential-null" "clone" "--bare" "https://github.com/mindv0rtex/physarum" "/workspace/cache/git-repos/https%3A%2F%2Fgithub.com%2Fmindv0rtex%2Fphysarum", kill_on_drop: false }`
[INFO] [stderr] Cloning into bare repository '/workspace/cache/git-repos/https%3A%2F%2Fgithub.com%2Fmindv0rtex%2Fphysarum'...
[INFO] running `Command { std: "git" "rev-parse" "HEAD", kill_on_drop: false }`
[INFO] [stdout] e694c48d0a1a3a4a58a3a68f2b3bb0682c6e97f5
[INFO] testing mindv0rtex/physarum against 1.69.0 for beta-1.70-1
[INFO] running `Command { std: "git" "clone" "/workspace/cache/git-repos/https%3A%2F%2Fgithub.com%2Fmindv0rtex%2Fphysarum" "/workspace/builds/worker-0-tc1/source", kill_on_drop: false }`
[INFO] [stderr] Cloning into '/workspace/builds/worker-0-tc1/source'...
[INFO] [stderr] done.
[INFO] validating manifest of git repo https://github.com/mindv0rtex/physarum on toolchain 1.69.0
[INFO] running `Command { std: CARGO_HOME="/workspace/cargo-home" RUSTUP_HOME="/workspace/rustup-home" "/workspace/cargo-home/bin/cargo" "+1.69.0" "metadata" "--manifest-path" "Cargo.toml" "--no-deps", kill_on_drop: false }`
[INFO] removed /workspace/builds/worker-0-tc1/source/rust-toolchain
[INFO] started tweaking git repo https://github.com/mindv0rtex/physarum
[INFO] finished tweaking git repo https://github.com/mindv0rtex/physarum
[INFO] tweaked toml for git repo https://github.com/mindv0rtex/physarum written to /workspace/builds/worker-0-tc1/source/Cargo.toml
[INFO] crate git repo https://github.com/mindv0rtex/physarum already has a lockfile, it will not be regenerated
[INFO] running `Command { std: CARGO_HOME="/workspace/cargo-home" RUSTUP_HOME="/workspace/rustup-home" "/workspace/cargo-home/bin/cargo" "+1.69.0" "fetch" "--manifest-path" "Cargo.toml", kill_on_drop: false }`
[INFO] [stderr]  Downloading crates ...
[INFO] [stderr]   Downloaded generator v0.6.24
[INFO] [stderr]   Downloaded crossbeam-epoch v0.9.2
[INFO] [stderr]   Downloaded crossbeam-utils v0.8.2
[INFO] [stderr]   Downloaded loom v0.4.0
[INFO] running `Command { std: "docker" "create" "-v" "/var/lib/crater-agent-workspace/builds/worker-0-tc1/target:/opt/rustwide/target:rw,Z" "-v" "/var/lib/crater-agent-workspace/builds/worker-0-tc1/source:/opt/rustwide/workdir:ro,Z" "-v" "/var/lib/crater-agent-workspace/cargo-home:/opt/rustwide/cargo-home:ro,Z" "-v" "/var/lib/crater-agent-workspace/rustup-home:/opt/rustwide/rustup-home:ro,Z" "-e" "SOURCE_DIR=/opt/rustwide/workdir" "-e" "CARGO_TARGET_DIR=/opt/rustwide/target" "-e" "CARGO_HOME=/opt/rustwide/cargo-home" "-e" "RUSTUP_HOME=/opt/rustwide/rustup-home" "-w" "/opt/rustwide/workdir" "-m" "1610612736" "--user" "0:0" "--network" "none" "ghcr.io/rust-lang/crates-build-env/linux@sha256:5ff2268d62e97bff2cde7d5815dd6ed5b47097566f13b8d0ca110b04b60e07ed" "/opt/rustwide/cargo-home/bin/cargo" "+1.69.0" "metadata" "--no-deps" "--format-version=1", kill_on_drop: false }`
[INFO] [stdout] c4a929f0b885d4e5a792f0abb42882ee472918e1f3463348736e8b9745616b24
[INFO] running `Command { std: "docker" "start" "-a" "c4a929f0b885d4e5a792f0abb42882ee472918e1f3463348736e8b9745616b24", kill_on_drop: false }`
[INFO] running `Command { std: "docker" "inspect" "c4a929f0b885d4e5a792f0abb42882ee472918e1f3463348736e8b9745616b24", kill_on_drop: false }`
[INFO] running `Command { std: "docker" "rm" "-f" "c4a929f0b885d4e5a792f0abb42882ee472918e1f3463348736e8b9745616b24", kill_on_drop: false }`
[INFO] [stdout] c4a929f0b885d4e5a792f0abb42882ee472918e1f3463348736e8b9745616b24
[INFO] running `Command { std: "docker" "create" "-v" "/var/lib/crater-agent-workspace/builds/worker-0-tc1/target:/opt/rustwide/target:rw,Z" "-v" "/var/lib/crater-agent-workspace/builds/worker-0-tc1/source:/opt/rustwide/workdir:ro,Z" "-v" "/var/lib/crater-agent-workspace/cargo-home:/opt/rustwide/cargo-home:ro,Z" "-v" "/var/lib/crater-agent-workspace/rustup-home:/opt/rustwide/rustup-home:ro,Z" "-e" "SOURCE_DIR=/opt/rustwide/workdir" "-e" "CARGO_TARGET_DIR=/opt/rustwide/target" "-e" "CARGO_INCREMENTAL=0" "-e" "RUST_BACKTRACE=full" "-e" "RUSTFLAGS=--cap-lints=warn" "-e" "RUSTDOCFLAGS=--cap-lints=warn" "-e" "CARGO_HOME=/opt/rustwide/cargo-home" "-e" "RUSTUP_HOME=/opt/rustwide/rustup-home" "-w" "/opt/rustwide/workdir" "-m" "1610612736" "--user" "0:0" "--network" "none" "ghcr.io/rust-lang/crates-build-env/linux@sha256:5ff2268d62e97bff2cde7d5815dd6ed5b47097566f13b8d0ca110b04b60e07ed" "/opt/rustwide/cargo-home/bin/cargo" "+1.69.0" "build" "--frozen" "--message-format=json", kill_on_drop: false }`
[INFO] [stdout] 98c4f40043d2b0594ce3a2063d42435860c655153616b7d28648b591533ac236
[INFO] running `Command { std: "docker" "start" "-a" "98c4f40043d2b0594ce3a2063d42435860c655153616b7d28648b591533ac236", kill_on_drop: false }`
[INFO] [stderr]    Compiling autocfg v1.0.1
[INFO] [stderr]    Compiling libc v0.2.86
[INFO] [stderr]    Compiling cfg-if v1.0.0
[INFO] [stderr]    Compiling lazy_static v1.4.0
[INFO] [stderr]    Compiling libm v0.2.1
[INFO] [stderr]    Compiling rayon-core v1.9.0
[INFO] [stderr]    Compiling scopeguard v1.1.0
[INFO] [stderr]    Compiling getrandom v0.2.2
[INFO] [stderr]    Compiling either v1.6.1
[INFO] [stderr]    Compiling bitflags v1.2.1
[INFO] [stderr]    Compiling crc32fast v1.2.1
[INFO] [stderr]    Compiling adler32 v1.2.0
[INFO] [stderr]    Compiling ppv-lite86 v0.2.10
[INFO] [stderr]    Compiling adler v0.2.3
[INFO] [stderr]    Compiling weezl v0.1.4
[INFO] [stderr]    Compiling crossbeam-utils v0.8.2
[INFO] [stderr]    Compiling memoffset v0.6.1
[INFO] [stderr]    Compiling num-traits v0.2.14
[INFO] [stderr]    Compiling num-integer v0.1.44
[INFO] [stderr]    Compiling rayon v1.5.0
[INFO] [stderr]    Compiling miniz_oxide v0.4.3
[INFO] [stderr]    Compiling num-iter v0.1.42
[INFO] [stderr]    Compiling num_cpus v1.13.0
[INFO] [stderr]    Compiling num-rational v0.3.2
[INFO] [stderr]    Compiling regex-syntax v0.6.22
[INFO] [stderr]    Compiling rand_core v0.6.2
[INFO] [stderr]    Compiling byteorder v1.4.2
[INFO] [stderr]    Compiling crossbeam-epoch v0.9.2
[INFO] [stderr]    Compiling crossbeam-channel v0.5.0
[INFO] [stderr]    Compiling deflate v0.8.6
[INFO] [stderr]    Compiling rand_chacha v0.3.0
[INFO] [stderr]    Compiling crossbeam-deque v0.8.0
[INFO] [stderr]    Compiling terminal_size v0.1.16
[INFO] [stderr]    Compiling regex v1.4.3
[INFO] [stderr]    Compiling miniz_oxide v0.3.7
[INFO] [stderr]    Compiling color_quant v1.1.0
[INFO] [stderr]    Compiling unicode-width v0.1.8
[INFO] [stderr]    Compiling gif v0.11.1
[INFO] [stderr]    Compiling rand v0.8.3
[INFO] [stderr]    Compiling console v0.14.0
[INFO] [stderr]    Compiling png v0.16.8
[INFO] [stderr]    Compiling time v0.1.43
[INFO] [stderr]    Compiling number_prefix v0.3.0
[INFO] [stderr]    Compiling bytemuck v1.5.1
[INFO] [stderr]    Compiling scoped_threadpool v0.1.9
[INFO] [stderr]    Compiling chrono v0.4.19
[INFO] [stderr]    Compiling indicatif v0.15.0
[INFO] [stderr]    Compiling rand_distr v0.4.0
[INFO] [stderr]    Compiling itertools v0.10.0
[INFO] [stderr]    Compiling jpeg-decoder v0.1.22
[INFO] [stderr]    Compiling tiff v0.6.1
[INFO] [stderr]    Compiling image v0.23.13
[INFO] [stderr]    Compiling physarum v0.1.0 (/opt/rustwide/workdir)
[INFO] [stdout] warning: unnecessary parentheses around type
[INFO] [stdout]   --> src/blur.rs:35:58
[INFO] [stdout]    |
[INFO] [stdout] 35 |     fn boxes_for_gaussian<const N: usize>(sigma: f32) -> ([usize; N]) {
[INFO] [stdout]    |                                                          ^          ^
[INFO] [stdout]    |
[INFO] [stdout]    = note: `#[warn(unused_parens)]` on by default
[INFO] [stdout] help: remove these parentheses
[INFO] [stdout]    |
[INFO] [stdout] 35 -     fn boxes_for_gaussian<const N: usize>(sigma: f32) -> ([usize; N]) {
[INFO] [stdout] 35 +     fn boxes_for_gaussian<const N: usize>(sigma: f32) -> [usize; N] {
[INFO] [stdout]    |
[INFO] [stdout] 
[INFO] [stdout] 
[INFO] [stdout] warning: 1 warning emitted
[INFO] [stdout] 
[INFO] [stdout] 
[INFO] [stderr]     Finished dev [unoptimized + debuginfo] target(s) in 22.32s
[INFO] running `Command { std: "docker" "inspect" "98c4f40043d2b0594ce3a2063d42435860c655153616b7d28648b591533ac236", kill_on_drop: false }`
[INFO] running `Command { std: "docker" "rm" "-f" "98c4f40043d2b0594ce3a2063d42435860c655153616b7d28648b591533ac236", kill_on_drop: false }`
[INFO] [stdout] 98c4f40043d2b0594ce3a2063d42435860c655153616b7d28648b591533ac236
[INFO] running `Command { std: "docker" "create" "-v" "/var/lib/crater-agent-workspace/builds/worker-0-tc1/target:/opt/rustwide/target:rw,Z" "-v" "/var/lib/crater-agent-workspace/builds/worker-0-tc1/source:/opt/rustwide/workdir:ro,Z" "-v" "/var/lib/crater-agent-workspace/cargo-home:/opt/rustwide/cargo-home:ro,Z" "-v" "/var/lib/crater-agent-workspace/rustup-home:/opt/rustwide/rustup-home:ro,Z" "-e" "SOURCE_DIR=/opt/rustwide/workdir" "-e" "CARGO_TARGET_DIR=/opt/rustwide/target" "-e" "CARGO_INCREMENTAL=0" "-e" "RUST_BACKTRACE=full" "-e" "RUSTFLAGS=--cap-lints=warn" "-e" "RUSTDOCFLAGS=--cap-lints=warn" "-e" "CARGO_HOME=/opt/rustwide/cargo-home" "-e" "RUSTUP_HOME=/opt/rustwide/rustup-home" "-w" "/opt/rustwide/workdir" "-m" "1610612736" "--user" "0:0" "--network" "none" "ghcr.io/rust-lang/crates-build-env/linux@sha256:5ff2268d62e97bff2cde7d5815dd6ed5b47097566f13b8d0ca110b04b60e07ed" "/opt/rustwide/cargo-home/bin/cargo" "+1.69.0" "test" "--frozen" "--no-run" "--message-format=json", kill_on_drop: false }`
[INFO] [stdout] 63b4706f55f8d577278a6d78a770c0151f3a0be69e14bd001db62bc6ade927ad
[INFO] running `Command { std: "docker" "start" "-a" "63b4706f55f8d577278a6d78a770c0151f3a0be69e14bd001db62bc6ade927ad", kill_on_drop: false }`
[INFO] [stderr]    Compiling serde v1.0.123
[INFO] [stderr]    Compiling semver-parser v0.7.0
[INFO] [stderr]    Compiling memchr v2.3.4
[INFO] [stderr]    Compiling ryu v1.0.5
[INFO] [stderr]    Compiling proc-macro2 v1.0.24
[INFO] [stderr]    Compiling unicode-xid v0.2.1
[INFO] [stderr]    Compiling syn v1.0.60
[INFO] [stderr]    Compiling serde_json v1.0.63
[INFO] [stderr]    Compiling itoa v0.4.7
[INFO] [stderr]    Compiling semver v0.9.0
[INFO] [stderr]    Compiling regex-automata v0.1.9
[INFO] [stderr]    Compiling serde_derive v1.0.123
[INFO] [stderr]    Compiling plotters-backend v0.3.0
[INFO] [stderr]    Compiling rustc_version v0.2.3
[INFO] [stderr]    Compiling csv-core v0.1.10
[INFO] [stderr]    Compiling plotters-svg v0.3.0
[INFO] [stderr]    Compiling textwrap v0.11.0
[INFO] [stderr]    Compiling itertools v0.9.0
[INFO] [stderr]    Compiling cast v0.2.3
[INFO] [stderr]    Compiling same-file v1.0.6
[INFO] [stderr]    Compiling half v1.7.1
[INFO] [stderr]    Compiling clap v2.33.3
[INFO] [stderr]    Compiling walkdir v2.3.1
[INFO] [stderr]    Compiling plotters v0.3.0
[INFO] [stderr]    Compiling quote v1.0.9
[INFO] [stderr]    Compiling atty v0.2.14
[INFO] [stderr]    Compiling oorandom v11.1.3
[INFO] [stdout] warning: unnecessary parentheses around type
[INFO] [stdout]   --> src/blur.rs:35:58
[INFO] [stdout]    |
[INFO] [stdout] 35 |     fn boxes_for_gaussian<const N: usize>(sigma: f32) -> ([usize; N]) {
[INFO] [stdout]    |                                                          ^          ^
[INFO] [stdout]    |
[INFO] [stdout]    = note: `#[warn(unused_parens)]` on by default
[INFO] [stdout] help: remove these parentheses
[INFO] [stdout]    |
[INFO] [stdout] 35 -     fn boxes_for_gaussian<const N: usize>(sigma: f32) -> ([usize; N]) {
[INFO] [stdout] 35 +     fn boxes_for_gaussian<const N: usize>(sigma: f32) -> [usize; N] {
[INFO] [stdout]    |
[INFO] [stdout] 
[INFO] [stdout] 
[INFO] [stdout] warning: 1 warning emitted
[INFO] [stdout] 
[INFO] [stdout] 
[INFO] [stderr]    Compiling criterion-plot v0.4.3
[INFO] [stderr]    Compiling bstr v0.2.15
[INFO] [stderr]    Compiling serde_cbor v0.11.1
[INFO] [stderr]    Compiling csv v1.1.5
[INFO] [stderr]    Compiling tinytemplate v1.2.0
[INFO] [stderr]    Compiling criterion v0.3.4
[INFO] [stderr]    Compiling physarum v0.1.0 (/opt/rustwide/workdir)
[INFO] [stdout] warning: unnecessary parentheses around type
[INFO] [stdout]   --> src/blur.rs:35:58
[INFO] [stdout]    |
[INFO] [stdout] 35 |     fn boxes_for_gaussian<const N: usize>(sigma: f32) -> ([usize; N]) {
[INFO] [stdout]    |                                                          ^          ^
[INFO] [stdout]    |
[INFO] [stdout]    = note: `#[warn(unused_parens)]` on by default
[INFO] [stdout] help: remove these parentheses
[INFO] [stdout]    |
[INFO] [stdout] 35 -     fn boxes_for_gaussian<const N: usize>(sigma: f32) -> ([usize; N]) {
[INFO] [stdout] 35 +     fn boxes_for_gaussian<const N: usize>(sigma: f32) -> [usize; N] {
[INFO] [stdout]    |
[INFO] [stdout] 
[INFO] [stdout] 
[INFO] [stdout] warning: 1 warning emitted
[INFO] [stdout] 
[INFO] [stdout] 
[INFO] [stderr]     Finished test [unoptimized + debuginfo] target(s) in 27.05s
[INFO] [stderr] warning: the following packages contain code that will be rejected by a future version of Rust: criterion v0.3.4
[INFO] [stderr] note: to see what the problems were, use the option `--future-incompat-report`, or run `cargo report future-incompatibilities --id 1`
[INFO] running `Command { std: "docker" "inspect" "63b4706f55f8d577278a6d78a770c0151f3a0be69e14bd001db62bc6ade927ad", kill_on_drop: false }`
[INFO] running `Command { std: "docker" "rm" "-f" "63b4706f55f8d577278a6d78a770c0151f3a0be69e14bd001db62bc6ade927ad", kill_on_drop: false }`
[INFO] [stdout] 63b4706f55f8d577278a6d78a770c0151f3a0be69e14bd001db62bc6ade927ad
[INFO] running `Command { std: "docker" "create" "-v" "/var/lib/crater-agent-workspace/builds/worker-0-tc1/target:/opt/rustwide/target:rw,Z" "-v" "/var/lib/crater-agent-workspace/builds/worker-0-tc1/source:/opt/rustwide/workdir:ro,Z" "-v" "/var/lib/crater-agent-workspace/cargo-home:/opt/rustwide/cargo-home:ro,Z" "-v" "/var/lib/crater-agent-workspace/rustup-home:/opt/rustwide/rustup-home:ro,Z" "-e" "SOURCE_DIR=/opt/rustwide/workdir" "-e" "CARGO_TARGET_DIR=/opt/rustwide/target" "-e" "CARGO_INCREMENTAL=0" "-e" "RUST_BACKTRACE=full" "-e" "RUSTFLAGS=--cap-lints=warn" "-e" "RUSTDOCFLAGS=--cap-lints=warn" "-e" "CARGO_HOME=/opt/rustwide/cargo-home" "-e" "RUSTUP_HOME=/opt/rustwide/rustup-home" "-w" "/opt/rustwide/workdir" "-m" "1610612736" "--user" "0:0" "--network" "none" "ghcr.io/rust-lang/crates-build-env/linux@sha256:5ff2268d62e97bff2cde7d5815dd6ed5b47097566f13b8d0ca110b04b60e07ed" "/opt/rustwide/cargo-home/bin/cargo" "+1.69.0" "test" "--frozen", kill_on_drop: false }`
[INFO] [stdout] 55299c57d9ea4f2a1edbcb7c2695e32fd85579739476d8b021f0a7392cb6b652
[INFO] running `Command { std: "docker" "start" "-a" "55299c57d9ea4f2a1edbcb7c2695e32fd85579739476d8b021f0a7392cb6b652", kill_on_drop: false }`
[INFO] [stderr] warning: unnecessary parentheses around type
[INFO] [stderr]   --> src/blur.rs:35:58
[INFO] [stderr]    |
[INFO] [stderr] 35 |     fn boxes_for_gaussian<const N: usize>(sigma: f32) -> ([usize; N]) {
[INFO] [stderr]    |                                                          ^          ^
[INFO] [stderr]    |
[INFO] [stderr]    = note: `#[warn(unused_parens)]` on by default
[INFO] [stderr] help: remove these parentheses
[INFO] [stderr]    |
[INFO] [stderr] 35 -     fn boxes_for_gaussian<const N: usize>(sigma: f32) -> ([usize; N]) {
[INFO] [stderr] 35 +     fn boxes_for_gaussian<const N: usize>(sigma: f32) -> [usize; N] {
[INFO] [stderr]    |
[INFO] [stderr] 
[INFO] [stderr] warning: `physarum` (lib) generated 1 warning (run `cargo fix --lib -p physarum` to apply 1 suggestion)
[INFO] [stderr] warning: `physarum` (lib test) generated 1 warning (1 duplicate)
[INFO] [stderr]     Finished test [unoptimized + debuginfo] target(s) in 0.10s
[INFO] [stderr] warning: the following packages contain code that will be rejected by a future version of Rust: criterion v0.3.4
[INFO] [stderr] note: to see what the problems were, use the option `--future-incompat-report`, or run `cargo report future-incompatibilities --id 1`
[INFO] [stderr]      Running unittests src/lib.rs (/opt/rustwide/target/debug/deps/physarum-bfd0c75470f9fa7e)
[INFO] [stdout] 
[INFO] [stdout] running 5 tests
[INFO] [stdout] test blur::tests::test_boxes_for_gaussian ... ok
[INFO] [stdout] test trig::tests::test_cos ... ok
[INFO] [stdout] test blur::tests::test_blur ... ok
[INFO] [stdout] test grid::tests::test_grid_new ... FAILED
[INFO] [stdout] test grid::tests::test_grid_new_panics - should panic ... ok
[INFO] [stdout] 
[INFO] [stdout] failures:
[INFO] [stdout] 
[INFO] [stdout] ---- grid::tests::test_grid_new stdout ----
[INFO] [stdout] thread 'grid::tests::test_grid_new' panicked at 'assertion failed: `(left == right)`
[INFO] [stdout]   left: `63`,
[INFO] [stdout]  right: `0`', src/grid.rs:195:9
[INFO] [stdout] stack backtrace:
[INFO] [stdout]    0:     0x5610f2517a9a - std::backtrace_rs::backtrace::libunwind::trace::ha9053a9a07ca49cb
[INFO] [stdout]                                at /rustc/84c898d65adf2f39a5a98507f1fe0ce10a2b8dbc/library/std/src/../../backtrace/src/backtrace/libunwind.rs:93:5
[INFO] [stdout]    1:     0x5610f2517a9a - std::backtrace_rs::backtrace::trace_unsynchronized::h9c2852a457ad564e
[INFO] [stdout]                                at /rustc/84c898d65adf2f39a5a98507f1fe0ce10a2b8dbc/library/std/src/../../backtrace/src/backtrace/mod.rs:66:5
[INFO] [stdout]    2:     0x5610f2517a9a - std::sys_common::backtrace::_print_fmt::h457936fbfaa0070f
[INFO] [stdout]                                at /rustc/84c898d65adf2f39a5a98507f1fe0ce10a2b8dbc/library/std/src/sys_common/backtrace.rs:65:5
[INFO] [stdout]    3:     0x5610f2517a9a - <std::sys_common::backtrace::_print::DisplayBacktrace as core::fmt::Display>::fmt::h5779d7bf7f70cb0c
[INFO] [stdout]                                at /rustc/84c898d65adf2f39a5a98507f1fe0ce10a2b8dbc/library/std/src/sys_common/backtrace.rs:44:22
[INFO] [stdout]    4:     0x5610f253b32e - core::fmt::write::h5a4baaff1bcd3eb5
[INFO] [stdout]                                at /rustc/84c898d65adf2f39a5a98507f1fe0ce10a2b8dbc/library/core/src/fmt/mod.rs:1232:17
[INFO] [stdout]    5:     0x5610f2514d45 - std::io::Write::write_fmt::h478f79c628ef31d1
[INFO] [stdout]                                at /rustc/84c898d65adf2f39a5a98507f1fe0ce10a2b8dbc/library/std/src/io/mod.rs:1684:15
[INFO] [stdout]    6:     0x5610f2517865 - std::sys_common::backtrace::_print::h5fcdc36060f177e8
[INFO] [stdout]                                at /rustc/84c898d65adf2f39a5a98507f1fe0ce10a2b8dbc/library/std/src/sys_common/backtrace.rs:47:5
[INFO] [stdout]    7:     0x5610f2517865 - std::sys_common::backtrace::print::h54ca9458b876c8bf
[INFO] [stdout]                                at /rustc/84c898d65adf2f39a5a98507f1fe0ce10a2b8dbc/library/std/src/sys_common/backtrace.rs:34:9
[INFO] [stdout]    8:     0x5610f251962f - std::panicking::default_hook::{{closure}}::hbe471161c7664ed6
[INFO] [stdout]                                at /rustc/84c898d65adf2f39a5a98507f1fe0ce10a2b8dbc/library/std/src/panicking.rs:271:22
[INFO] [stdout]    9:     0x5610f25192ef - std::panicking::default_hook::ha3500da57aa4ac4f
[INFO] [stdout]                                at /rustc/84c898d65adf2f39a5a98507f1fe0ce10a2b8dbc/library/std/src/panicking.rs:287:9
[INFO] [stdout]   10:     0x5610f2448327 - <alloc::boxed::Box<F,A> as core::ops::function::Fn<Args>>::call::hdf1b89dd137ece34
[INFO] [stdout]                                at /rustc/84c898d65adf2f39a5a98507f1fe0ce10a2b8dbc/library/alloc/src/boxed.rs:2001:9
[INFO] [stdout]   11:     0x5610f2448327 - test::test_main::{{closure}}::h9081a79f20e75698
[INFO] [stdout]                                at /rustc/84c898d65adf2f39a5a98507f1fe0ce10a2b8dbc/library/test/src/lib.rs:135:21
[INFO] [stdout]   12:     0x5610f2519d5d - <alloc::boxed::Box<F,A> as core::ops::function::Fn<Args>>::call::h6507bddc3eebb4a5
[INFO] [stdout]                                at /rustc/84c898d65adf2f39a5a98507f1fe0ce10a2b8dbc/library/alloc/src/boxed.rs:2001:9
[INFO] [stdout]   13:     0x5610f2519d5d - std::panicking::rust_panic_with_hook::h50c09d000dc561d2
[INFO] [stdout]                                at /rustc/84c898d65adf2f39a5a98507f1fe0ce10a2b8dbc/library/std/src/panicking.rs:696:13
[INFO] [stdout]   14:     0x5610f2519ad9 - std::panicking::begin_panic_handler::{{closure}}::h9e2b2176e00e0d9c
[INFO] [stdout]                                at /rustc/84c898d65adf2f39a5a98507f1fe0ce10a2b8dbc/library/std/src/panicking.rs:583:13
[INFO] [stdout]   15:     0x5610f2517f06 - std::sys_common::backtrace::__rust_end_short_backtrace::h5739b8e512c09d02
[INFO] [stdout]                                at /rustc/84c898d65adf2f39a5a98507f1fe0ce10a2b8dbc/library/std/src/sys_common/backtrace.rs:150:18
[INFO] [stdout]   16:     0x5610f25197e2 - rust_begin_unwind
[INFO] [stdout]                                at /rustc/84c898d65adf2f39a5a98507f1fe0ce10a2b8dbc/library/std/src/panicking.rs:579:5
[INFO] [stdout]   17:     0x5610f2403fc3 - core::panicking::panic_fmt::hf33a1475b4dc5c3e
[INFO] [stdout]                                at /rustc/84c898d65adf2f39a5a98507f1fe0ce10a2b8dbc/library/core/src/panicking.rs:64:14
[INFO] [stdout]   18:     0x5610f240429f - core::panicking::assert_failed_inner::haf9816227b20b6f2
[INFO] [stdout]   19:     0x5610f24f03ca - core::panicking::assert_failed::habfdfa7e2c32cec1
[INFO] [stdout]                                at /rustc/84c898d65adf2f39a5a98507f1fe0ce10a2b8dbc/library/core/src/panicking.rs:211:5
[INFO] [stdout]   20:     0x5610f240c148 - physarum::grid::tests::test_grid_new::h41ebd6a2020a0ea6
[INFO] [stdout]                                at /opt/rustwide/workdir/src/grid.rs:195:9
[INFO] [stdout]   21:     0x5610f240bb27 - physarum::grid::tests::test_grid_new::{{closure}}::h1c3e08ed14719601
[INFO] [stdout]                                at /opt/rustwide/workdir/src/grid.rs:186:24
[INFO] [stdout]   22:     0x5610f240e6e5 - core::ops::function::FnOnce::call_once::h6972a97e9909d87a
[INFO] [stdout]                                at /rustc/84c898d65adf2f39a5a98507f1fe0ce10a2b8dbc/library/core/src/ops/function.rs:250:5
[INFO] [stdout]   23:     0x5610f244d70f - core::ops::function::FnOnce::call_once::h7d969581be7d0075
[INFO] [stdout]                                at /rustc/84c898d65adf2f39a5a98507f1fe0ce10a2b8dbc/library/core/src/ops/function.rs:250:5
[INFO] [stdout]   24:     0x5610f244d70f - test::__rust_begin_short_backtrace::hca25a52684e56655
[INFO] [stdout]                                at /rustc/84c898d65adf2f39a5a98507f1fe0ce10a2b8dbc/library/test/src/lib.rs:656:18
[INFO] [stdout]   25:     0x5610f241ed2c - test::run_test::{{closure}}::ha8ac744c4af1a4bb
[INFO] [stdout]                                at /rustc/84c898d65adf2f39a5a98507f1fe0ce10a2b8dbc/library/test/src/lib.rs:647:30
[INFO] [stdout]   26:     0x5610f241ed2c - core::ops::function::FnOnce::call_once{{vtable.shim}}::h7b411a9ed45bdecf
[INFO] [stdout]                                at /rustc/84c898d65adf2f39a5a98507f1fe0ce10a2b8dbc/library/core/src/ops/function.rs:250:5
[INFO] [stdout]   27:     0x5610f244c6d6 - <alloc::boxed::Box<F,A> as core::ops::function::FnOnce<Args>>::call_once::hd05328869a8ed200
[INFO] [stdout]                                at /rustc/84c898d65adf2f39a5a98507f1fe0ce10a2b8dbc/library/alloc/src/boxed.rs:1987:9
[INFO] [stdout]   28:     0x5610f244c6d6 - <core::panic::unwind_safe::AssertUnwindSafe<F> as core::ops::function::FnOnce<()>>::call_once::h0c601ce20bd5b2be
[INFO] [stdout]                                at /rustc/84c898d65adf2f39a5a98507f1fe0ce10a2b8dbc/library/core/src/panic/unwind_safe.rs:271:9
[INFO] [stdout]   29:     0x5610f244c6d6 - std::panicking::try::do_call::ha4be5c164fe30854
[INFO] [stdout]                                at /rustc/84c898d65adf2f39a5a98507f1fe0ce10a2b8dbc/library/std/src/panicking.rs:487:40
[INFO] [stdout]   30:     0x5610f244c6d6 - std::panicking::try::h604546f3609af05f
[INFO] [stdout]                                at /rustc/84c898d65adf2f39a5a98507f1fe0ce10a2b8dbc/library/std/src/panicking.rs:451:19
[INFO] [stdout]   31:     0x5610f244c6d6 - std::panic::catch_unwind::h5bfa8afe44c9c2f9
[INFO] [stdout]                                at /rustc/84c898d65adf2f39a5a98507f1fe0ce10a2b8dbc/library/std/src/panic.rs:140:14
[INFO] [stdout]   32:     0x5610f244c6d6 - test::run_test_in_process::hd50dee55dd63e6aa
[INFO] [stdout]                                at /rustc/84c898d65adf2f39a5a98507f1fe0ce10a2b8dbc/library/test/src/lib.rs:679:27
[INFO] [stdout]   33:     0x5610f244c6d6 - test::run_test::run_test_inner::{{closure}}::h4aa0f433aa85cea8
[INFO] [stdout]                                at /rustc/84c898d65adf2f39a5a98507f1fe0ce10a2b8dbc/library/test/src/lib.rs:573:39
[INFO] [stdout]   34:     0x5610f24193a1 - test::run_test::run_test_inner::{{closure}}::had56431adf24b4d6
[INFO] [stdout]                                at /rustc/84c898d65adf2f39a5a98507f1fe0ce10a2b8dbc/library/test/src/lib.rs:600:37
[INFO] [stdout]   35:     0x5610f24193a1 - std::sys_common::backtrace::__rust_begin_short_backtrace::ha8d9890e0c73bf13
[INFO] [stdout]                                at /rustc/84c898d65adf2f39a5a98507f1fe0ce10a2b8dbc/library/std/src/sys_common/backtrace.rs:134:18
[INFO] [stdout]   36:     0x5610f241edbb - std::thread::Builder::spawn_unchecked_::{{closure}}::{{closure}}::h251832bcb4a95327
[INFO] [stdout]                                at /rustc/84c898d65adf2f39a5a98507f1fe0ce10a2b8dbc/library/std/src/thread/mod.rs:560:17
[INFO] [stdout]   37:     0x5610f241edbb - <core::panic::unwind_safe::AssertUnwindSafe<F> as core::ops::function::FnOnce<()>>::call_once::h8fdff598fa414831
[INFO] [stdout]                                at /rustc/84c898d65adf2f39a5a98507f1fe0ce10a2b8dbc/library/core/src/panic/unwind_safe.rs:271:9
[INFO] [stdout]   38:     0x5610f241edbb - std::panicking::try::do_call::h455dd2f7764a950f
[INFO] [stdout]                                at /rustc/84c898d65adf2f39a5a98507f1fe0ce10a2b8dbc/library/std/src/panicking.rs:487:40
[INFO] [stdout]   39:     0x5610f241edbb - std::panicking::try::had6f23b7b73ae72a
[INFO] [stdout]                                at /rustc/84c898d65adf2f39a5a98507f1fe0ce10a2b8dbc/library/std/src/panicking.rs:451:19
[INFO] [stdout]   40:     0x5610f241edbb - std::panic::catch_unwind::ha6a5ca3915b4dad0
[INFO] [stdout]                                at /rustc/84c898d65adf2f39a5a98507f1fe0ce10a2b8dbc/library/std/src/panic.rs:140:14
[INFO] [stdout]   41:     0x5610f241edbb - std::thread::Builder::spawn_unchecked_::{{closure}}::h883b72ef75da6231
[INFO] [stdout]                                at /rustc/84c898d65adf2f39a5a98507f1fe0ce10a2b8dbc/library/std/src/thread/mod.rs:559:30
[INFO] [stdout]   42:     0x5610f241edbb - core::ops::function::FnOnce::call_once{{vtable.shim}}::hb7dff73dc8bd2ccb
[INFO] [stdout]                                at /rustc/84c898d65adf2f39a5a98507f1fe0ce10a2b8dbc/library/core/src/ops/function.rs:250:5
[INFO] [stdout]   43:     0x5610f251e1a3 - <alloc::boxed::Box<F,A> as core::ops::function::FnOnce<Args>>::call_once::h39990b24eedef2ab
[INFO] [stdout]                                at /rustc/84c898d65adf2f39a5a98507f1fe0ce10a2b8dbc/library/alloc/src/boxed.rs:1987:9
[INFO] [stdout]   44:     0x5610f251e1a3 - <alloc::boxed::Box<F,A> as core::ops::function::FnOnce<Args>>::call_once::h01a027258444143b
[INFO] [stdout]                                at /rustc/84c898d65adf2f39a5a98507f1fe0ce10a2b8dbc/library/alloc/src/boxed.rs:1987:9
[INFO] [stdout]   45:     0x5610f251e1a3 - std::sys::unix::thread::Thread::new::thread_start::ha4f1cdd9c25884ba
[INFO] [stdout]                                at /rustc/84c898d65adf2f39a5a98507f1fe0ce10a2b8dbc/library/std/src/sys/unix/thread.rs:108:17
[INFO] [stdout]   46:     0x7fbf25610b43 - <unknown>
[INFO] [stdout]   47:     0x7fbf256a1bb4 - __clone
[INFO] [stdout]   48:                0x0 - <unknown>
[INFO] [stdout] 
[INFO] [stdout] 
[INFO] [stdout] failures:
[INFO] [stdout]     grid::tests::test_grid_new
[INFO] [stdout] 
[INFO] [stdout] test result: FAILED. 4 passed; 1 failed; 0 ignored; 0 measured; 0 filtered out; finished in 0.06s
[INFO] [stdout] 
[INFO] [stderr] error: test failed, to rerun pass `--lib`
[INFO] running `Command { std: "docker" "inspect" "55299c57d9ea4f2a1edbcb7c2695e32fd85579739476d8b021f0a7392cb6b652", kill_on_drop: false }`
[INFO] running `Command { std: "docker" "rm" "-f" "55299c57d9ea4f2a1edbcb7c2695e32fd85579739476d8b021f0a7392cb6b652", kill_on_drop: false }`
[INFO] [stdout] 55299c57d9ea4f2a1edbcb7c2695e32fd85579739476d8b021f0a7392cb6b652
