[INFO] cloning repository https://github.com/michaelsproul/rust-simpl-db
[INFO] running `Command { std: "git" "-c" "credential.helper=" "-c" "credential.helper=/workspace/cargo-home/bin/git-credential-null" "clone" "--bare" "https://github.com/michaelsproul/rust-simpl-db" "/workspace/cache/git-repos/https%3A%2F%2Fgithub.com%2Fmichaelsproul%2Frust-simpl-db", kill_on_drop: false }`
[INFO] [stderr] Cloning into bare repository '/workspace/cache/git-repos/https%3A%2F%2Fgithub.com%2Fmichaelsproul%2Frust-simpl-db'...
[INFO] running `Command { std: "git" "rev-parse" "HEAD", kill_on_drop: false }`
[INFO] [stdout] 8e57144f83acb1ad9682c9f4e6de8c63a75707d3
[INFO] testing michaelsproul/rust-simpl-db against beta-2023-04-20 for beta-1.70-1
[INFO] running `Command { std: "git" "clone" "/workspace/cache/git-repos/https%3A%2F%2Fgithub.com%2Fmichaelsproul%2Frust-simpl-db" "/workspace/builds/worker-7-tc2/source", kill_on_drop: false }`
[INFO] [stderr] Cloning into '/workspace/builds/worker-7-tc2/source'...
[INFO] [stderr] done.
[INFO] validating manifest of git repo https://github.com/michaelsproul/rust-simpl-db on toolchain beta-2023-04-20
[INFO] running `Command { std: CARGO_HOME="/workspace/cargo-home" RUSTUP_HOME="/workspace/rustup-home" "/workspace/cargo-home/bin/cargo" "+beta-2023-04-20" "metadata" "--manifest-path" "Cargo.toml" "--no-deps", kill_on_drop: false }`
[INFO] started tweaking git repo https://github.com/michaelsproul/rust-simpl-db
[INFO] finished tweaking git repo https://github.com/michaelsproul/rust-simpl-db
[INFO] tweaked toml for git repo https://github.com/michaelsproul/rust-simpl-db written to /workspace/builds/worker-7-tc2/source/Cargo.toml
[INFO] crate git repo https://github.com/michaelsproul/rust-simpl-db already has a lockfile, it will not be regenerated
[INFO] running `Command { std: CARGO_HOME="/workspace/cargo-home" RUSTUP_HOME="/workspace/rustup-home" "/workspace/cargo-home/bin/cargo" "+beta-2023-04-20" "fetch" "--manifest-path" "Cargo.toml", kill_on_drop: false }`
[INFO] [stderr]  Downloading crates ...
[INFO] [stderr]   Downloaded byteorder v0.5.1
[INFO] [stderr]   Downloaded thread_local v0.2.5
[INFO] [stderr]   Downloaded regex v0.1.69
[INFO] [stderr]   Downloaded regex-syntax v0.3.1
[INFO] [stderr]   Downloaded quickcheck v0.2.27
[INFO] [stderr]   Downloaded uuid v0.2.2
[INFO] running `Command { std: "docker" "create" "-v" "/var/lib/crater-agent-workspace/builds/worker-7-tc2/target:/opt/rustwide/target:rw,Z" "-v" "/var/lib/crater-agent-workspace/builds/worker-7-tc2/source:/opt/rustwide/workdir:ro,Z" "-v" "/var/lib/crater-agent-workspace/cargo-home:/opt/rustwide/cargo-home:ro,Z" "-v" "/var/lib/crater-agent-workspace/rustup-home:/opt/rustwide/rustup-home:ro,Z" "-e" "SOURCE_DIR=/opt/rustwide/workdir" "-e" "CARGO_TARGET_DIR=/opt/rustwide/target" "-e" "CARGO_HOME=/opt/rustwide/cargo-home" "-e" "RUSTUP_HOME=/opt/rustwide/rustup-home" "-w" "/opt/rustwide/workdir" "-m" "1610612736" "--user" "0:0" "--network" "none" "ghcr.io/rust-lang/crates-build-env/linux@sha256:5ff2268d62e97bff2cde7d5815dd6ed5b47097566f13b8d0ca110b04b60e07ed" "/opt/rustwide/cargo-home/bin/cargo" "+beta-2023-04-20" "metadata" "--no-deps" "--format-version=1", kill_on_drop: false }`
[INFO] [stdout] 55727a431a9cf016749b1213874b56353d306343a9201d8af9c66f88c02b1ca4
[INFO] running `Command { std: "docker" "start" "-a" "55727a431a9cf016749b1213874b56353d306343a9201d8af9c66f88c02b1ca4", kill_on_drop: false }`
[INFO] running `Command { std: "docker" "inspect" "55727a431a9cf016749b1213874b56353d306343a9201d8af9c66f88c02b1ca4", kill_on_drop: false }`
[INFO] running `Command { std: "docker" "rm" "-f" "55727a431a9cf016749b1213874b56353d306343a9201d8af9c66f88c02b1ca4", kill_on_drop: false }`
[INFO] [stdout] 55727a431a9cf016749b1213874b56353d306343a9201d8af9c66f88c02b1ca4
[INFO] running `Command { std: "docker" "create" "-v" "/var/lib/crater-agent-workspace/builds/worker-7-tc2/target:/opt/rustwide/target:rw,Z" "-v" "/var/lib/crater-agent-workspace/builds/worker-7-tc2/source:/opt/rustwide/workdir:ro,Z" "-v" "/var/lib/crater-agent-workspace/cargo-home:/opt/rustwide/cargo-home:ro,Z" "-v" "/var/lib/crater-agent-workspace/rustup-home:/opt/rustwide/rustup-home:ro,Z" "-e" "SOURCE_DIR=/opt/rustwide/workdir" "-e" "CARGO_TARGET_DIR=/opt/rustwide/target" "-e" "CARGO_INCREMENTAL=0" "-e" "RUST_BACKTRACE=full" "-e" "RUSTFLAGS=--cap-lints=warn" "-e" "RUSTDOCFLAGS=--cap-lints=warn" "-e" "CARGO_HOME=/opt/rustwide/cargo-home" "-e" "RUSTUP_HOME=/opt/rustwide/rustup-home" "-w" "/opt/rustwide/workdir" "-m" "1610612736" "--user" "0:0" "--network" "none" "ghcr.io/rust-lang/crates-build-env/linux@sha256:5ff2268d62e97bff2cde7d5815dd6ed5b47097566f13b8d0ca110b04b60e07ed" "/opt/rustwide/cargo-home/bin/cargo" "+beta-2023-04-20" "build" "--frozen" "--message-format=json", kill_on_drop: false }`
[INFO] [stdout] e32cd001f933ab78610843fb62ce6d88b6688f4bc4f02802d7d9b71258d816ff
[INFO] running `Command { std: "docker" "start" "-a" "e32cd001f933ab78610843fb62ce6d88b6688f4bc4f02802d7d9b71258d816ff", kill_on_drop: false }`
[INFO] [stderr]     Blocking waiting for file lock on package cache
[INFO] [stderr]    Compiling winapi-build v0.1.1
[INFO] [stderr]    Compiling libc v0.2.11
[INFO] [stderr]    Compiling winapi v0.2.7
[INFO] [stderr]    Compiling regex-syntax v0.3.1
[INFO] [stderr]    Compiling utf8-ranges v0.1.3
[INFO] [stderr]    Compiling log v0.3.6
[INFO] [stderr]    Compiling byteorder v0.5.1
[INFO] [stderr]    Compiling kernel32-sys v0.2.2
[INFO] [stderr]    Compiling memchr v0.1.11
[INFO] [stderr]    Compiling rand v0.3.14
[INFO] [stderr]    Compiling aho-corasick v0.5.2
[INFO] [stderr]    Compiling thread-id v2.0.0
[INFO] [stderr]    Compiling thread_local v0.2.5
[INFO] [stderr]    Compiling regex v0.1.69
[INFO] [stderr]    Compiling env_logger v0.3.3
[INFO] [stderr]    Compiling malh v0.1.0 (/opt/rustwide/workdir)
[INFO] [stdout] warning: use of deprecated macro `try`: use the `?` operator instead
[INFO] [stdout]   --> src/relation.rs:72:13
[INFO] [stdout]    |
[INFO] [stdout] 72 |             try!(Err(format!("relation already exists: {}", name)))
[INFO] [stdout]    |             ^^^
[INFO] [stdout]    |
[INFO] [stdout]    = note: `#[warn(deprecated)]` on by default
[INFO] [stdout] 
[INFO] [stdout] 
[INFO] [stdout] warning: use of deprecated macro `try`: use the `?` operator instead
[INFO] [stdout]   --> src/relation.rs:76:13
[INFO] [stdout]    |
[INFO] [stdout] 76 |             try!(Err("number of attributes can't be zero"));
[INFO] [stdout]    |             ^^^
[INFO] [stdout] 
[INFO] [stdout] 
[INFO] [stdout] warning: use of deprecated macro `try`: use the `?` operator instead
[INFO] [stdout]   --> src/relation.rs:92:24
[INFO] [stdout]    |
[INFO] [stdout] 92 |             info_file: try!(File::create(info_file_name(name))),
[INFO] [stdout]    |                        ^^^
[INFO] [stdout] 
[INFO] [stdout] 
[INFO] [stdout] warning: use of deprecated macro `try`: use the `?` operator instead
[INFO] [stdout]   --> src/relation.rs:93:24
[INFO] [stdout]    |
[INFO] [stdout] 93 |             data_file: try!(File::create(data_file_name(name))),
[INFO] [stdout]    |                        ^^^
[INFO] [stdout] 
[INFO] [stdout] 
[INFO] [stdout] warning: use of deprecated macro `try`: use the `?` operator instead
[INFO] [stdout]   --> src/relation.rs:94:26
[INFO] [stdout]    |
[INFO] [stdout] 94 |             ovflow_file: try!(File::create(ovflow_file_name(name)))
[INFO] [stdout]    |                          ^^^
[INFO] [stdout] 
[INFO] [stdout] 
[INFO] [stdout] warning: use of deprecated macro `try`: use the `?` operator instead
[INFO] [stdout]    --> src/relation.rs:100:13
[INFO] [stdout]     |
[INFO] [stdout] 100 |             try!(page.close());
[INFO] [stdout]     |             ^^^
[INFO] [stdout] 
[INFO] [stdout] 
[INFO] [stdout] warning: use of deprecated macro `try`: use the `?` operator instead
[INFO] [stdout]   --> src/relation.rs:99:24
[INFO] [stdout]    |
[INFO] [stdout] 99 |             let page = try!(Page::new(&r.data_file));
[INFO] [stdout]    |                        ^^^
[INFO] [stdout] 
[INFO] [stdout] 
[INFO] [stdout] warning: use of deprecated macro `try`: use the `?` operator instead
[INFO] [stdout]    --> src/relation.rs:111:25
[INFO] [stdout]     |
[INFO] [stdout] 111 |         let info_file = try!(open_opts.open(info_file_name(name)));
[INFO] [stdout]     |                         ^^^
[INFO] [stdout] 
[INFO] [stdout] 
[INFO] [stdout] warning: use of deprecated macro `try`: use the `?` operator instead
[INFO] [stdout]    --> src/relation.rs:112:25
[INFO] [stdout]     |
[INFO] [stdout] 112 |         let num_attrs = try!(read_u32(&info_file));
[INFO] [stdout]     |                         ^^^
[INFO] [stdout] 
[INFO] [stdout] 
[INFO] [stdout] warning: use of deprecated macro `try`: use the `?` operator instead
[INFO] [stdout]    --> src/relation.rs:113:21
[INFO] [stdout]     |
[INFO] [stdout] 113 |         let depth = try!(read_u8(&info_file));
[INFO] [stdout]     |                     ^^^
[INFO] [stdout] 
[INFO] [stdout] 
[INFO] [stdout] warning: use of deprecated macro `try`: use the `?` operator instead
[INFO] [stdout]    --> src/relation.rs:114:29
[INFO] [stdout]     |
[INFO] [stdout] 114 |         let split_pointer = try!(read_u32(&info_file));
[INFO] [stdout]     |                             ^^^
[INFO] [stdout] 
[INFO] [stdout] 
[INFO] [stdout] warning: use of deprecated macro `try`: use the `?` operator instead
[INFO] [stdout]    --> src/relation.rs:115:25
[INFO] [stdout]     |
[INFO] [stdout] 115 |         let num_pages = try!(read_u64(&info_file));
[INFO] [stdout]     |                         ^^^
[INFO] [stdout] 
[INFO] [stdout] 
[INFO] [stdout] warning: use of deprecated macro `try`: use the `?` operator instead
[INFO] [stdout]    --> src/relation.rs:116:26
[INFO] [stdout]     |
[INFO] [stdout] 116 |         let num_tuples = try!(read_u64(&info_file));
[INFO] [stdout]     |                          ^^^
[INFO] [stdout] 
[INFO] [stdout] 
[INFO] [stdout] warning: use of deprecated macro `try`: use the `?` operator instead
[INFO] [stdout]    --> src/relation.rs:117:26
[INFO] [stdout]     |
[INFO] [stdout] 117 |         let choice_vec = try!(ChoiceVec::read(&info_file));
[INFO] [stdout]     |                          ^^^
[INFO] [stdout] 
[INFO] [stdout] 
[INFO] [stdout] warning: use of deprecated macro `try`: use the `?` operator instead
[INFO] [stdout]    --> src/relation.rs:129:24
[INFO] [stdout]     |
[INFO] [stdout] 129 |             data_file: try!(open_opts.open(data_file_name(name))),
[INFO] [stdout]     |                        ^^^
[INFO] [stdout] 
[INFO] [stdout] 
[INFO] [stdout] warning: use of deprecated macro `try`: use the `?` operator instead
[INFO] [stdout]    --> src/relation.rs:130:26
[INFO] [stdout]     |
[INFO] [stdout] 130 |             ovflow_file: try!(open_opts.open(ovflow_file_name(name)))
[INFO] [stdout]     |                          ^^^
[INFO] [stdout] 
[INFO] [stdout] 
[INFO] [stdout] warning: use of deprecated macro `try`: use the `?` operator instead
[INFO] [stdout]    --> src/relation.rs:162:13
[INFO] [stdout]     |
[INFO] [stdout] 162 |             try!(self.grow());
[INFO] [stdout]     |             ^^^
[INFO] [stdout] 
[INFO] [stdout] 
[INFO] [stdout] warning: use of deprecated macro `try`: use the `?` operator instead
[INFO] [stdout]    --> src/relation.rs:176:24
[INFO] [stdout]     |
[INFO] [stdout] 176 |         let mut page = try!(Page::read(&self.data_file, page_id));
[INFO] [stdout]     |                        ^^^
[INFO] [stdout] 
[INFO] [stdout] 
[INFO] [stdout] warning: use of deprecated macro `try`: use the `?` operator instead
[INFO] [stdout]    --> src/relation.rs:182:13
[INFO] [stdout]     |
[INFO] [stdout] 182 |             try!(page.write());
[INFO] [stdout]     |             ^^^
[INFO] [stdout] 
[INFO] [stdout] 
[INFO] [stdout] warning: use of deprecated macro `try`: use the `?` operator instead
[INFO] [stdout]    --> src/relation.rs:186:13
[INFO] [stdout]     |
[INFO] [stdout] 186 |             try!(page.add_to_overflow(&self.ovflow_file, &serialised_tuple));
[INFO] [stdout]     |             ^^^
[INFO] [stdout] 
[INFO] [stdout] 
[INFO] [stdout] warning: use of deprecated macro `try`: use the `?` operator instead
[INFO] [stdout]    --> src/relation.rs:236:9
[INFO] [stdout]     |
[INFO] [stdout] 236 |         try!(storage_page.write());
[INFO] [stdout]     |         ^^^
[INFO] [stdout] 
[INFO] [stdout] 
[INFO] [stdout] warning: use of deprecated macro `try`: use the `?` operator instead
[INFO] [stdout]    --> src/relation.rs:221:13
[INFO] [stdout]     |
[INFO] [stdout] 221 |             try!(Relation::load_next_page(next_page_id, ovflow_file, tuple_cache, tuples_seen, spare_pages));
[INFO] [stdout]     |             ^^^
[INFO] [stdout] 
[INFO] [stdout] 
[INFO] [stdout] warning: use of deprecated macro `try`: use the `?` operator instead
[INFO] [stdout]    --> src/relation.rs:228:35
[INFO] [stdout]     |
[INFO] [stdout] 228 |             let new_ovflow_page = try!(get_next_page_id(ovflow_file));
[INFO] [stdout]     |                                   ^^^
[INFO] [stdout] 
[INFO] [stdout] 
[INFO] [stdout] warning: use of deprecated macro `try`: use the `?` operator instead
[INFO] [stdout]    --> src/relation.rs:245:13
[INFO] [stdout]     |
[INFO] [stdout] 245 |             try!(storage_page.write());
[INFO] [stdout]     |             ^^^
[INFO] [stdout] 
[INFO] [stdout] 
[INFO] [stdout] warning: use of deprecated macro `try`: use the `?` operator instead
[INFO] [stdout]    --> src/relation.rs:265:25
[INFO] [stdout]     |
[INFO] [stdout] 265 |         let next_page = try!(Page::read(ovflow_file, *next_page_id));
[INFO] [stdout]     |                         ^^^
[INFO] [stdout] 
[INFO] [stdout] 
[INFO] [stdout] warning: use of deprecated macro `try`: use the `?` operator instead
[INFO] [stdout]    --> src/relation.rs:346:9
[INFO] [stdout]     |
[INFO] [stdout] 346 |         try!(low_page.close());
[INFO] [stdout]     |         ^^^
[INFO] [stdout] 
[INFO] [stdout] 
[INFO] [stdout] warning: use of deprecated macro `try`: use the `?` operator instead
[INFO] [stdout]    --> src/relation.rs:347:9
[INFO] [stdout]     |
[INFO] [stdout] 347 |         try!(high_page.close());
[INFO] [stdout]     |         ^^^
[INFO] [stdout] 
[INFO] [stdout] 
[INFO] [stdout] warning: use of deprecated macro `try`: use the `?` operator instead
[INFO] [stdout]    --> src/relation.rs:285:29
[INFO] [stdout]     |
[INFO] [stdout] 285 |         let mut high_page = try!(Page::new(&self.data_file));
[INFO] [stdout]     |                             ^^^
[INFO] [stdout] 
[INFO] [stdout] 
[INFO] [stdout] warning: use of deprecated macro `try`: use the `?` operator instead
[INFO] [stdout]    --> src/relation.rs:290:28
[INFO] [stdout]     |
[INFO] [stdout] 290 |         let old_low_page = try!(Page::read(&self.data_file, sp));
[INFO] [stdout]     |                            ^^^
[INFO] [stdout] 
[INFO] [stdout] 
[INFO] [stdout] warning: use of deprecated macro `try`: use the `?` operator instead
[INFO] [stdout]    --> src/relation.rs:327:17
[INFO] [stdout]     |
[INFO] [stdout] 327 |                 try!(Relation::store_tuple_grow(
[INFO] [stdout]     |                 ^^^
[INFO] [stdout] 
[INFO] [stdout] 
[INFO] [stdout] warning: use of deprecated macro `try`: use the `?` operator instead
[INFO] [stdout]    --> src/relation.rs:339:17
[INFO] [stdout]     |
[INFO] [stdout] 339 |                 try!(Relation::load_next_page(
[INFO] [stdout]     |                 ^^^
[INFO] [stdout] 
[INFO] [stdout] 
[INFO] [stdout] warning: use of deprecated macro `try`: use the `?` operator instead
[INFO] [stdout]    --> src/relation.rs:357:13
[INFO] [stdout]     |
[INFO] [stdout] 357 |             try!(leftover_page.write());
[INFO] [stdout]     |             ^^^
[INFO] [stdout] 
[INFO] [stdout] 
[INFO] [stdout] warning: use of deprecated macro `try`: use the `?` operator instead
[INFO] [stdout]    --> src/relation.rs:373:9
[INFO] [stdout]     |
[INFO] [stdout] 373 |         try!(f.seek(SeekFrom::Start(0)));
[INFO] [stdout]     |         ^^^
[INFO] [stdout] 
[INFO] [stdout] 
[INFO] [stdout] warning: use of deprecated macro `try`: use the `?` operator instead
[INFO] [stdout]    --> src/relation.rs:374:9
[INFO] [stdout]     |
[INFO] [stdout] 374 |         try!(write_u32(f, self.num_attrs));
[INFO] [stdout]     |         ^^^
[INFO] [stdout] 
[INFO] [stdout] 
[INFO] [stdout] warning: use of deprecated macro `try`: use the `?` operator instead
[INFO] [stdout]    --> src/relation.rs:375:9
[INFO] [stdout]     |
[INFO] [stdout] 375 |         try!(write_u8(f, self.depth));
[INFO] [stdout]     |         ^^^
[INFO] [stdout] 
[INFO] [stdout] 
[INFO] [stdout] warning: use of deprecated macro `try`: use the `?` operator instead
[INFO] [stdout]    --> src/relation.rs:376:9
[INFO] [stdout]     |
[INFO] [stdout] 376 |         try!(write_u32(f, self.split_pointer));
[INFO] [stdout]     |         ^^^
[INFO] [stdout] 
[INFO] [stdout] 
[INFO] [stdout] warning: use of deprecated macro `try`: use the `?` operator instead
[INFO] [stdout]    --> src/relation.rs:377:9
[INFO] [stdout]     |
[INFO] [stdout] 377 |         try!(write_u64(f, self.num_pages));
[INFO] [stdout]     |         ^^^
[INFO] [stdout] 
[INFO] [stdout] 
[INFO] [stdout] warning: use of deprecated macro `try`: use the `?` operator instead
[INFO] [stdout]    --> src/relation.rs:378:9
[INFO] [stdout]     |
[INFO] [stdout] 378 |         try!(write_u64(f, self.num_tuples));
[INFO] [stdout]     |         ^^^
[INFO] [stdout] 
[INFO] [stdout] 
[INFO] [stdout] warning: use of deprecated macro `try`: use the `?` operator instead
[INFO] [stdout]    --> src/relation.rs:379:9
[INFO] [stdout]     |
[INFO] [stdout] 379 |         try!(self.choice_vec.write(f));
[INFO] [stdout]     |         ^^^
[INFO] [stdout] 
[INFO] [stdout] 
[INFO] [stdout] warning: use of deprecated macro `try`: use the `?` operator instead
[INFO] [stdout]    --> src/relation.rs:400:9
[INFO] [stdout]     |
[INFO] [stdout] 400 |         try!(fs::remove_file(info_file_name(&self.name)));
[INFO] [stdout]     |         ^^^
[INFO] [stdout] 
[INFO] [stdout] 
[INFO] [stdout] warning: use of deprecated macro `try`: use the `?` operator instead
[INFO] [stdout]    --> src/relation.rs:401:9
[INFO] [stdout]     |
[INFO] [stdout] 401 |         try!(fs::remove_file(data_file_name(&self.name)));
[INFO] [stdout]     |         ^^^
[INFO] [stdout] 
[INFO] [stdout] 
[INFO] [stdout] warning: use of deprecated macro `try`: use the `?` operator instead
[INFO] [stdout]    --> src/relation.rs:402:9
[INFO] [stdout]     |
[INFO] [stdout] 402 |         try!(fs::remove_file(ovflow_file_name(&self.name)));
[INFO] [stdout]     |         ^^^
[INFO] [stdout] 
[INFO] [stdout] 
[INFO] [stdout] warning: use of deprecated macro `try`: use the `?` operator instead
[INFO] [stdout]   --> src/page.rs:33:18
[INFO] [stdout]    |
[INFO] [stdout] 33 |         let id = try!(get_next_page_id(file));
[INFO] [stdout]    |                  ^^^
[INFO] [stdout] 
[INFO] [stdout] 
[INFO] [stdout] warning: use of deprecated macro `try`: use the `?` operator instead
[INFO] [stdout]   --> src/page.rs:67:9
[INFO] [stdout]    |
[INFO] [stdout] 67 |         try!(seek_to_start(f, page_id));
[INFO] [stdout]    |         ^^^
[INFO] [stdout] 
[INFO] [stdout] 
[INFO] [stdout] warning: use of deprecated macro `try`: use the `?` operator instead
[INFO] [stdout]   --> src/page.rs:71:9
[INFO] [stdout]    |
[INFO] [stdout] 71 |         try!(f.read_exact(&mut buffer[..]));
[INFO] [stdout]    |         ^^^
[INFO] [stdout] 
[INFO] [stdout] 
[INFO] [stdout] warning: use of deprecated macro `try`: use the `?` operator instead
[INFO] [stdout]   --> src/page.rs:76:20
[INFO] [stdout]    |
[INFO] [stdout] 76 |         let free = try!(read_u32(&mut cursor));
[INFO] [stdout]    |                    ^^^
[INFO] [stdout] 
[INFO] [stdout] 
[INFO] [stdout] warning: use of deprecated macro `try`: use the `?` operator instead
[INFO] [stdout]   --> src/page.rs:77:22
[INFO] [stdout]    |
[INFO] [stdout] 77 |         let ovflow = try!(read_u32(&mut cursor));
[INFO] [stdout]    |                      ^^^
[INFO] [stdout] 
[INFO] [stdout] 
[INFO] [stdout] warning: use of deprecated macro `try`: use the `?` operator instead
[INFO] [stdout]   --> src/page.rs:78:26
[INFO] [stdout]    |
[INFO] [stdout] 78 |         let num_tuples = try!(read_u32(&mut cursor));
[INFO] [stdout]    |                          ^^^
[INFO] [stdout] 
[INFO] [stdout] 
[INFO] [stdout] warning: use of deprecated macro `try`: use the `?` operator instead
[INFO] [stdout]   --> src/page.rs:91:26
[INFO] [stdout]    |
[INFO] [stdout] 91 |         let bytes_read = try!(cursor.read(page.data.as_mut()));
[INFO] [stdout]    |                          ^^^
[INFO] [stdout] 
[INFO] [stdout] 
[INFO] [stdout] warning: use of deprecated macro `try`: use the `?` operator instead
[INFO] [stdout]   --> src/page.rs:98:9
[INFO] [stdout]    |
[INFO] [stdout] 98 |         try!(seek_to_start(&self.file, self.id));
[INFO] [stdout]    |         ^^^
[INFO] [stdout] 
[INFO] [stdout] 
[INFO] [stdout] warning: use of deprecated macro `try`: use the `?` operator instead
[INFO] [stdout]    --> src/page.rs:101:9
[INFO] [stdout]     |
[INFO] [stdout] 101 |         try!(write_u32(&mut buf, self.free));
[INFO] [stdout]     |         ^^^
[INFO] [stdout] 
[INFO] [stdout] 
[INFO] [stdout] warning: use of deprecated macro `try`: use the `?` operator instead
[INFO] [stdout]    --> src/page.rs:102:9
[INFO] [stdout]     |
[INFO] [stdout] 102 |         try!(write_u32(&mut buf, self.ovflow));
[INFO] [stdout]     |         ^^^
[INFO] [stdout] 
[INFO] [stdout] 
[INFO] [stdout] warning: use of deprecated macro `try`: use the `?` operator instead
[INFO] [stdout]    --> src/page.rs:103:9
[INFO] [stdout]     |
[INFO] [stdout] 103 |         try!(write_u32(&mut buf, self.num_tuples));
[INFO] [stdout]     |         ^^^
[INFO] [stdout] 
[INFO] [stdout] 
[INFO] [stdout] warning: use of deprecated macro `try`: use the `?` operator instead
[INFO] [stdout]    --> src/page.rs:104:9
[INFO] [stdout]     |
[INFO] [stdout] 104 |         try!(buf.write_all(self.data.as_ref()));
[INFO] [stdout]     |         ^^^
[INFO] [stdout] 
[INFO] [stdout] 
[INFO] [stdout] warning: use of deprecated macro `try`: use the `?` operator instead
[INFO] [stdout]    --> src/page.rs:105:9
[INFO] [stdout]     |
[INFO] [stdout] 105 |         try!(self.file.write_all(buf.as_ref()));
[INFO] [stdout]     |         ^^^
[INFO] [stdout] 
[INFO] [stdout] 
[INFO] [stdout] warning: use of deprecated macro `try`: use the `?` operator instead
[INFO] [stdout]    --> src/page.rs:106:9
[INFO] [stdout]     |
[INFO] [stdout] 106 |         try!(self.file.flush());
[INFO] [stdout]     |         ^^^
[INFO] [stdout] 
[INFO] [stdout] 
[INFO] [stdout] warning: use of deprecated macro `try`: use the `?` operator instead
[INFO] [stdout]    --> src/page.rs:166:13
[INFO] [stdout]     |
[INFO] [stdout] 166 |             try!(self.write());
[INFO] [stdout]     |             ^^^
[INFO] [stdout] 
[INFO] [stdout] 
[INFO] [stdout] warning: use of deprecated macro `try`: use the `?` operator instead
[INFO] [stdout]    --> src/page.rs:176:13
[INFO] [stdout]     |
[INFO] [stdout] 176 |             try!(self.write());
[INFO] [stdout]     |             ^^^
[INFO] [stdout] 
[INFO] [stdout] 
[INFO] [stdout] warning: use of deprecated macro `try`: use the `?` operator instead
[INFO] [stdout]    --> src/page.rs:177:13
[INFO] [stdout]     |
[INFO] [stdout] 177 |             try!(ovflow_page.write());
[INFO] [stdout]     |             ^^^
[INFO] [stdout] 
[INFO] [stdout] 
[INFO] [stdout] warning: use of deprecated macro `try`: use the `?` operator instead
[INFO] [stdout]    --> src/page.rs:173:35
[INFO] [stdout]     |
[INFO] [stdout] 173 |             let mut ovflow_page = try!(Page::new(ovflow_file));
[INFO] [stdout]     |                                   ^^^
[INFO] [stdout] 
[INFO] [stdout] 
[INFO] [stdout] warning: use of deprecated macro `try`: use the `?` operator instead
[INFO] [stdout]    --> src/page.rs:182:31
[INFO] [stdout]     |
[INFO] [stdout] 182 |         let mut ovflow_page = try!(Page::read(ovflow_file, self.ovflow));
[INFO] [stdout]     |                               ^^^
[INFO] [stdout] 
[INFO] [stdout] 
[INFO] [stdout] warning: use of deprecated macro `try`: use the `?` operator instead
[INFO] [stdout]    --> src/page.rs:230:23
[INFO] [stdout]     |
[INFO] [stdout] 230 |     let file_length = try!(file.metadata().map(|m| m.len()));
[INFO] [stdout]     |                       ^^^
[INFO] [stdout] 
[INFO] [stdout] 
[INFO] [stdout] warning: use of deprecated macro `try`: use the `?` operator instead
[INFO] [stdout]   --> src/choice_vec.rs:67:26
[INFO] [stdout]    |
[INFO] [stdout] 67 |             let l: u32 = try!(split[0].parse().or_else(|_| Err(ParseError::NumberUnparsable)));
[INFO] [stdout]    |                          ^^^
[INFO] [stdout] 
[INFO] [stdout] 
[INFO] [stdout] warning: use of deprecated macro `try`: use the `?` operator instead
[INFO] [stdout]   --> src/choice_vec.rs:68:25
[INFO] [stdout]    |
[INFO] [stdout] 68 |             let r: u8 = try!(split[1].parse().or_else(|_| Err(ParseError::NumberUnparsable)));
[INFO] [stdout]    |                         ^^^
[INFO] [stdout] 
[INFO] [stdout] 
[INFO] [stdout] warning: use of deprecated macro `try`: use the `?` operator instead
[INFO] [stdout]   --> src/choice_vec.rs:79:13
[INFO] [stdout]    |
[INFO] [stdout] 79 |             try!(write_u32(f, attr));
[INFO] [stdout]    |             ^^^
[INFO] [stdout] 
[INFO] [stdout] 
[INFO] [stdout] warning: use of deprecated macro `try`: use the `?` operator instead
[INFO] [stdout]   --> src/choice_vec.rs:80:13
[INFO] [stdout]    |
[INFO] [stdout] 80 |             try!(f.write_u8(val));
[INFO] [stdout]    |             ^^^
[INFO] [stdout] 
[INFO] [stdout] 
[INFO] [stdout] warning: use of deprecated macro `try`: use the `?` operator instead
[INFO] [stdout]   --> src/choice_vec.rs:88:24
[INFO] [stdout]    |
[INFO] [stdout] 88 |             let attr = try!(read_u32(f));
[INFO] [stdout]    |                        ^^^
[INFO] [stdout] 
[INFO] [stdout] 
[INFO] [stdout] warning: use of deprecated macro `try`: use the `?` operator instead
[INFO] [stdout]   --> src/choice_vec.rs:89:23
[INFO] [stdout]    |
[INFO] [stdout] 89 |             let val = try!(f.read_u8());
[INFO] [stdout]    |                       ^^^
[INFO] [stdout] 
[INFO] [stdout] 
[INFO] [stdout] warning: unnecessary parentheses around block return value
[INFO] [stdout]    --> src/partial_hash.rs:123:9
[INFO] [stdout]     |
[INFO] [stdout] 123 |         (1 << (self.highest_usable_bit))
[INFO] [stdout]     |         ^                              ^
[INFO] [stdout]     |
[INFO] [stdout]     = note: `#[warn(unused_parens)]` on by default
[INFO] [stdout] help: remove these parentheses
[INFO] [stdout]     |
[INFO] [stdout] 123 -         (1 << (self.highest_usable_bit))
[INFO] [stdout] 123 +         1 << (self.highest_usable_bit)
[INFO] [stdout]     |
[INFO] [stdout] 
[INFO] [stdout] 
[INFO] [stdout] warning: use of deprecated struct `std::hash::SipHasher`: use `std::collections::hash_map::DefaultHasher` instead
[INFO] [stdout]  --> src/util.rs:6:23
[INFO] [stdout]   |
[INFO] [stdout] 6 | use std::hash::{Hash, SipHasher, Hasher};
[INFO] [stdout]   |                       ^^^^^^^^^
[INFO] [stdout] 
[INFO] [stdout] 
[INFO] [stdout] warning: use of deprecated struct `std::hash::SipHasher`: use `std::collections::hash_map::DefaultHasher` instead
[INFO] [stdout]   --> src/util.rs:45:17
[INFO] [stdout]    |
[INFO] [stdout] 45 |     let mut s = SipHasher::new();
[INFO] [stdout]    |                 ^^^^^^^^^
[INFO] [stdout] 
[INFO] [stdout] 
[INFO] [stdout] warning: trait objects without an explicit `dyn` are deprecated
[INFO] [stdout]   --> src/util.rs:13:25
[INFO] [stdout]    |
[INFO] [stdout] 13 | pub type BoxError = Box<Error + Send + Sync>;
[INFO] [stdout]    |                         ^^^^^^^^^^^^^^^^^^^
[INFO] [stdout]    |
[INFO] [stdout]    = warning: this is accepted in the current edition (Rust 2015) but is a hard error in Rust 2021!
[INFO] [stdout]    = note: for more information, see <https://doc.rust-lang.org/nightly/edition-guide/rust-2021/warnings-promoted-to-error.html>
[INFO] [stdout]    = note: `#[warn(bare_trait_objects)]` on by default
[INFO] [stdout] help: use `dyn`
[INFO] [stdout]    |
[INFO] [stdout] 13 | pub type BoxError = Box<dyn Error + Send + Sync>;
[INFO] [stdout]    |                         +++
[INFO] [stdout] 
[INFO] [stdout] 
[INFO] [stdout] warning: use of deprecated method `std::error::Error::description`: use the Display impl or to_string()
[INFO] [stdout]   --> src/relation.rs:60:47
[INFO] [stdout]    |
[INFO] [stdout] 60 |                 error!("Reason: {}, {}", e, e.description());
[INFO] [stdout]    |                                               ^^^^^^^^^^^
[INFO] [stdout] 
[INFO] [stdout] 
[INFO] [stdout] warning: use of deprecated associated function `std::hash::SipHasher::new`: use `std::collections::hash_map::DefaultHasher` instead
[INFO] [stdout]   --> src/util.rs:45:28
[INFO] [stdout]    |
[INFO] [stdout] 45 |     let mut s = SipHasher::new();
[INFO] [stdout]    |                            ^^^
[INFO] [stdout] 
[INFO] [stdout] 
[INFO] [stdout] warning: unused import: `Write`
[INFO] [stdout]  --> src/relation.rs:3:37
[INFO] [stdout]   |
[INFO] [stdout] 3 | use std::io::{self, Seek, SeekFrom, Write};
[INFO] [stdout]   |                                     ^^^^^
[INFO] [stdout]   |
[INFO] [stdout]   = note: `#[warn(unused_imports)]` on by default
[INFO] [stdout] 
[INFO] [stdout] 
[INFO] [stdout] warning: variable does not need to be mutable
[INFO] [stdout]    --> src/page.rs:148:17
[INFO] [stdout]     |
[INFO] [stdout] 148 |             let mut dest = &mut self.data[self.free as usize .. new_free as usize];
[INFO] [stdout]     |                 ----^^^^
[INFO] [stdout]     |                 |
[INFO] [stdout]     |                 help: remove this `mut`
[INFO] [stdout]     |
[INFO] [stdout]     = note: `#[warn(unused_mut)]` on by default
[INFO] [stdout] 
[INFO] [stdout] 
[INFO] [stdout] warning: 76 warnings emitted
[INFO] [stdout] 
[INFO] [stdout] 
[INFO] [stdout] warning: use of deprecated macro `try`: use the `?` operator instead
[INFO] [stdout]   --> src/bin/stats.rs:16:9
[INFO] [stdout]    |
[INFO] [stdout] 16 |         try!(Err("Usage: stats <relation name>"));
[INFO] [stdout]    |         ^^^
[INFO] [stdout]    |
[INFO] [stdout]    = note: `#[warn(deprecated)]` on by default
[INFO] [stdout] 
[INFO] [stdout] 
[INFO] [stdout] warning: use of deprecated macro `try`: use the `?` operator instead
[INFO] [stdout]   --> src/bin/stats.rs:19:13
[INFO] [stdout]    |
[INFO] [stdout] 19 |     let r = try!(Relation::open(relation_name, Reading)
[INFO] [stdout]    |             ^^^
[INFO] [stdout] 
[INFO] [stdout] 
[INFO] [stdout] warning: use of deprecated macro `try`: use the `?` operator instead
[INFO] [stdout]   --> src/bin/select.rs:16:9
[INFO] [stdout]    |
[INFO] [stdout] 16 |         try!(Err("Usage: select <relation name> <query>"));
[INFO] [stdout]    |         ^^^
[INFO] [stdout]    |
[INFO] [stdout]    = note: `#[warn(deprecated)]` on by default
[INFO] [stdout] 
[INFO] [stdout] 
[INFO] [stdout] warning: use of deprecated macro `try`: use the `?` operator instead
[INFO] [stdout]   --> src/bin/select.rs:22:20
[INFO] [stdout]    |
[INFO] [stdout] 22 |     let relation = try!(Relation::open(relation_name, Reading));
[INFO] [stdout]    |                    ^^^
[INFO] [stdout] 
[INFO] [stdout] 
[INFO] [stdout] warning: use of deprecated macro `try`: use the `?` operator instead
[INFO] [stdout]   --> src/bin/select.rs:23:17
[INFO] [stdout]    |
[INFO] [stdout] 23 |     let query = try!(Query::parse(query_string, relation.num_attrs)
[INFO] [stdout]    |                 ^^^
[INFO] [stdout] 
[INFO] [stdout] 
[INFO] [stdout] warning: use of deprecated macro `try`: use the `?` operator instead
[INFO] [stdout]   --> src/bin/select.rs:27:21
[INFO] [stdout]    |
[INFO] [stdout] 27 |         let tuple = try!(item);
[INFO] [stdout]    |                     ^^^
[INFO] [stdout] 
[INFO] [stdout] 
[INFO] [stdout] warning: use of deprecated macro `try`: use the `?` operator instead
[INFO] [stdout]   --> src/bin/create.rs:27:5
[INFO] [stdout]    |
[INFO] [stdout] 27 |     try!(
[INFO] [stdout]    |     ^^^
[INFO] [stdout]    |
[INFO] [stdout]    = note: `#[warn(deprecated)]` on by default
[INFO] [stdout] 
[INFO] [stdout] 
[INFO] [stdout] warning: use of deprecated macro `try`: use the `?` operator instead
[INFO] [stdout]   --> src/bin/create.rs:16:9
[INFO] [stdout]    |
[INFO] [stdout] 16 |         try!(Err("Usage: create <name> <num attrs> <num pages> <choice vec>"));
[INFO] [stdout]    |         ^^^
[INFO] [stdout] 
[INFO] [stdout] 
[INFO] [stdout] warning: use of deprecated macro `try`: use the `?` operator instead
[INFO] [stdout]   --> src/bin/create.rs:20:21
[INFO] [stdout]    |
[INFO] [stdout] 20 |     let num_attrs = try!(args[2].parse()
[INFO] [stdout]    |                     ^^^
[INFO] [stdout] 
[INFO] [stdout] 
[INFO] [stdout] warning: use of deprecated macro `try`: use the `?` operator instead
[INFO] [stdout]   --> src/bin/create.rs:22:25
[INFO] [stdout]    |
[INFO] [stdout] 22 |     let est_num_pages = try!(args[3].parse()
[INFO] [stdout]    |                         ^^^
[INFO] [stdout] 
[INFO] [stdout] 
[INFO] [stdout] warning: use of deprecated macro `try`: use the `?` operator instead
[INFO] [stdout]   --> src/bin/create.rs:24:22
[INFO] [stdout]    |
[INFO] [stdout] 24 |     let choice_vec = try!(ChoiceVec::parse(&args[4], num_attrs)
[INFO] [stdout]    |                      ^^^
[INFO] [stdout] 
[INFO] [stdout] 
[INFO] [stdout] warning: use of deprecated macro `try`: use the `?` operator instead
[INFO] [stdout]   --> src/bin/insert.rs:18:9
[INFO] [stdout]    |
[INFO] [stdout] 18 |         try!(Err("Usage: insert <relation> [data file]"));
[INFO] [stdout]    |         ^^^
[INFO] [stdout]    |
[INFO] [stdout]    = note: `#[warn(deprecated)]` on by default
[INFO] [stdout] 
[INFO] [stdout] 
[INFO] [stdout] warning: use of deprecated macro `try`: use the `?` operator instead
[INFO] [stdout]   --> src/bin/insert.rs:22:24
[INFO] [stdout]    |
[INFO] [stdout] 22 |     let mut relation = try!(Relation::open(&relation_name, Writing)
[INFO] [stdout]    |                        ^^^
[INFO] [stdout] 
[INFO] [stdout] 
[INFO] [stdout] warning: use of deprecated macro `try`: use the `?` operator instead
[INFO] [stdout]   --> src/bin/insert.rs:29:17
[INFO] [stdout]    |
[INFO] [stdout] 29 |         let f = try!(File::open(&args[2]));
[INFO] [stdout]    |                 ^^^
[INFO] [stdout] 
[INFO] [stdout] 
[INFO] [stdout] warning: use of deprecated macro `try`: use the `?` operator instead
[INFO] [stdout]   --> src/bin/insert.rs:41:9
[INFO] [stdout]    |
[INFO] [stdout] 41 |         try!(relation.insert(tuple).map_err(|e| {
[INFO] [stdout]    |         ^^^
[INFO] [stdout] 
[INFO] [stdout] 
[INFO] [stdout] warning: use of deprecated macro `try`: use the `?` operator instead
[INFO] [stdout]   --> src/bin/insert.rs:38:21
[INFO] [stdout]    |
[INFO] [stdout] 38 |         let tuple = try!(Tuple::parse(&line, relation.num_attrs)
[INFO] [stdout]    |                     ^^^
[INFO] [stdout] 
[INFO] [stdout] 
[INFO] [stdout] warning: trait objects without an explicit `dyn` are deprecated
[INFO] [stdout]   --> src/bin/insert.rs:28:20
[INFO] [stdout]    |
[INFO] [stdout] 28 |     let input: Box<BufRead> = if args.len() == 3 {
[INFO] [stdout]    |                    ^^^^^^^
[INFO] [stdout]    |
[INFO] [stdout]    = warning: this is accepted in the current edition (Rust 2015) but is a hard error in Rust 2021!
[INFO] [stdout]    = note: for more information, see <https://doc.rust-lang.org/nightly/edition-guide/rust-2021/warnings-promoted-to-error.html>
[INFO] [stdout]    = note: `#[warn(bare_trait_objects)]` on by default
[INFO] [stdout] help: use `dyn`
[INFO] [stdout]    |
[INFO] [stdout] 28 |     let input: Box<dyn BufRead> = if args.len() == 3 {
[INFO] [stdout]    |                    +++
[INFO] [stdout] 
[INFO] [stdout] 
[INFO] [stdout] warning: 4 warnings emitted
[INFO] [stdout] 
[INFO] [stdout] 
[INFO] [stdout] warning: 2 warnings emitted
[INFO] [stdout] 
[INFO] [stdout] 
[INFO] [stdout] warning: 5 warnings emitted
[INFO] [stdout] 
[INFO] [stdout] 
[INFO] [stdout] warning: 6 warnings emitted
[INFO] [stdout] 
[INFO] [stdout] 
[INFO] [stderr]     Finished dev [unoptimized + debuginfo] target(s) in 4.27s
[INFO] running `Command { std: "docker" "inspect" "e32cd001f933ab78610843fb62ce6d88b6688f4bc4f02802d7d9b71258d816ff", kill_on_drop: false }`
[INFO] running `Command { std: "docker" "rm" "-f" "e32cd001f933ab78610843fb62ce6d88b6688f4bc4f02802d7d9b71258d816ff", kill_on_drop: false }`
[INFO] [stdout] e32cd001f933ab78610843fb62ce6d88b6688f4bc4f02802d7d9b71258d816ff
[INFO] running `Command { std: "docker" "create" "-v" "/var/lib/crater-agent-workspace/builds/worker-7-tc2/target:/opt/rustwide/target:rw,Z" "-v" "/var/lib/crater-agent-workspace/builds/worker-7-tc2/source:/opt/rustwide/workdir:ro,Z" "-v" "/var/lib/crater-agent-workspace/cargo-home:/opt/rustwide/cargo-home:ro,Z" "-v" "/var/lib/crater-agent-workspace/rustup-home:/opt/rustwide/rustup-home:ro,Z" "-e" "SOURCE_DIR=/opt/rustwide/workdir" "-e" "CARGO_TARGET_DIR=/opt/rustwide/target" "-e" "CARGO_INCREMENTAL=0" "-e" "RUST_BACKTRACE=full" "-e" "RUSTFLAGS=--cap-lints=warn" "-e" "RUSTDOCFLAGS=--cap-lints=warn" "-e" "CARGO_HOME=/opt/rustwide/cargo-home" "-e" "RUSTUP_HOME=/opt/rustwide/rustup-home" "-w" "/opt/rustwide/workdir" "-m" "1610612736" "--user" "0:0" "--network" "none" "ghcr.io/rust-lang/crates-build-env/linux@sha256:5ff2268d62e97bff2cde7d5815dd6ed5b47097566f13b8d0ca110b04b60e07ed" "/opt/rustwide/cargo-home/bin/cargo" "+beta-2023-04-20" "test" "--frozen" "--no-run" "--message-format=json", kill_on_drop: false }`
[INFO] [stdout] e9a939709e56d9c743e63680f182a3c812071c65a36d5597f70ef86464fae0a9
[INFO] running `Command { std: "docker" "start" "-a" "e9a939709e56d9c743e63680f182a3c812071c65a36d5597f70ef86464fae0a9", kill_on_drop: false }`
[INFO] [stderr]     Blocking waiting for file lock on package cache
[INFO] [stderr]    Compiling uuid v0.2.2
[INFO] [stdout] warning: use of deprecated macro `try`: use the `?` operator instead
[INFO] [stdout]   --> src/relation.rs:72:13
[INFO] [stdout]    |
[INFO] [stdout] 72 |             try!(Err(format!("relation already exists: {}", name)))
[INFO] [stdout]    |             ^^^
[INFO] [stdout]    |
[INFO] [stdout]    = note: `#[warn(deprecated)]` on by default
[INFO] [stdout] 
[INFO] [stdout] 
[INFO] [stdout] warning: use of deprecated macro `try`: use the `?` operator instead
[INFO] [stdout]   --> src/relation.rs:76:13
[INFO] [stdout]    |
[INFO] [stdout] 76 |             try!(Err("number of attributes can't be zero"));
[INFO] [stdout]    |             ^^^
[INFO] [stdout] 
[INFO] [stdout] 
[INFO] [stdout] warning: use of deprecated macro `try`: use the `?` operator instead
[INFO] [stdout]   --> src/relation.rs:92:24
[INFO] [stdout]    |
[INFO] [stdout] 92 |             info_file: try!(File::create(info_file_name(name))),
[INFO] [stdout]    |                        ^^^
[INFO] [stdout] 
[INFO] [stdout] 
[INFO] [stdout] warning: use of deprecated macro `try`: use the `?` operator instead
[INFO] [stdout]   --> src/relation.rs:93:24
[INFO] [stdout]    |
[INFO] [stdout] 93 |             data_file: try!(File::create(data_file_name(name))),
[INFO] [stdout]    |                        ^^^
[INFO] [stdout] 
[INFO] [stdout] 
[INFO] [stdout] warning: use of deprecated macro `try`: use the `?` operator instead
[INFO] [stdout]   --> src/relation.rs:94:26
[INFO] [stdout]    |
[INFO] [stdout] 94 |             ovflow_file: try!(File::create(ovflow_file_name(name)))
[INFO] [stdout]    |                          ^^^
[INFO] [stdout] 
[INFO] [stdout] 
[INFO] [stdout] warning: use of deprecated macro `try`: use the `?` operator instead
[INFO] [stdout]    --> src/relation.rs:100:13
[INFO] [stdout]     |
[INFO] [stdout] 100 |             try!(page.close());
[INFO] [stdout]     |             ^^^
[INFO] [stdout] 
[INFO] [stdout] 
[INFO] [stdout] warning: use of deprecated macro `try`: use the `?` operator instead
[INFO] [stdout]   --> src/relation.rs:99:24
[INFO] [stdout]    |
[INFO] [stdout] 99 |             let page = try!(Page::new(&r.data_file));
[INFO] [stdout]    |                        ^^^
[INFO] [stdout] 
[INFO] [stdout] 
[INFO] [stdout] warning: use of deprecated macro `try`: use the `?` operator instead
[INFO] [stdout]    --> src/relation.rs:111:25
[INFO] [stdout]     |
[INFO] [stdout] 111 |         let info_file = try!(open_opts.open(info_file_name(name)));
[INFO] [stdout]     |                         ^^^
[INFO] [stdout] 
[INFO] [stdout] 
[INFO] [stdout] warning: use of deprecated macro `try`: use the `?` operator instead
[INFO] [stdout]    --> src/relation.rs:112:25
[INFO] [stdout]     |
[INFO] [stdout] 112 |         let num_attrs = try!(read_u32(&info_file));
[INFO] [stdout]     |                         ^^^
[INFO] [stdout] 
[INFO] [stdout] 
[INFO] [stderr]    Compiling quickcheck v0.2.27
[INFO] [stdout] warning: use of deprecated macro `try`: use the `?` operator instead
[INFO] [stdout]    --> src/relation.rs:113:21
[INFO] [stdout]     |
[INFO] [stdout] 113 |         let depth = try!(read_u8(&info_file));
[INFO] [stdout]     |                     ^^^
[INFO] [stdout] 
[INFO] [stdout] 
[INFO] [stdout] warning: use of deprecated macro `try`: use the `?` operator instead
[INFO] [stdout]    --> src/relation.rs:114:29
[INFO] [stdout]     |
[INFO] [stdout] 114 |         let split_pointer = try!(read_u32(&info_file));
[INFO] [stdout]     |                             ^^^
[INFO] [stdout] 
[INFO] [stdout] 
[INFO] [stdout] warning: use of deprecated macro `try`: use the `?` operator instead
[INFO] [stdout]    --> src/relation.rs:115:25
[INFO] [stdout]     |
[INFO] [stdout] 115 |         let num_pages = try!(read_u64(&info_file));
[INFO] [stdout]     |                         ^^^
[INFO] [stdout] 
[INFO] [stdout] 
[INFO] [stdout] warning: use of deprecated macro `try`: use the `?` operator instead
[INFO] [stdout]    --> src/relation.rs:116:26
[INFO] [stdout]     |
[INFO] [stdout] 116 |         let num_tuples = try!(read_u64(&info_file));
[INFO] [stdout]     |                          ^^^
[INFO] [stdout] 
[INFO] [stdout] 
[INFO] [stdout] warning: use of deprecated macro `try`: use the `?` operator instead
[INFO] [stdout]    --> src/relation.rs:117:26
[INFO] [stdout]     |
[INFO] [stdout] 117 |         let choice_vec = try!(ChoiceVec::read(&info_file));
[INFO] [stdout]     |                          ^^^
[INFO] [stdout] 
[INFO] [stdout] 
[INFO] [stdout] warning: use of deprecated macro `try`: use the `?` operator instead
[INFO] [stdout]    --> src/relation.rs:129:24
[INFO] [stdout]     |
[INFO] [stdout] 129 |             data_file: try!(open_opts.open(data_file_name(name))),
[INFO] [stdout]     |                        ^^^
[INFO] [stdout] 
[INFO] [stdout] 
[INFO] [stdout] warning: use of deprecated macro `try`: use the `?` operator instead
[INFO] [stdout]    --> src/relation.rs:130:26
[INFO] [stdout]     |
[INFO] [stdout] 130 |             ovflow_file: try!(open_opts.open(ovflow_file_name(name)))
[INFO] [stdout]     |                          ^^^
[INFO] [stdout] 
[INFO] [stdout] 
[INFO] [stdout] warning: use of deprecated macro `try`: use the `?` operator instead
[INFO] [stdout]    --> src/relation.rs:162:13
[INFO] [stdout]     |
[INFO] [stdout] 162 |             try!(self.grow());
[INFO] [stdout]     |             ^^^
[INFO] [stdout] 
[INFO] [stdout] 
[INFO] [stdout] warning: use of deprecated macro `try`: use the `?` operator instead
[INFO] [stdout]    --> src/relation.rs:176:24
[INFO] [stdout]     |
[INFO] [stdout] 176 |         let mut page = try!(Page::read(&self.data_file, page_id));
[INFO] [stdout]     |                        ^^^
[INFO] [stdout] 
[INFO] [stdout] 
[INFO] [stdout] warning: use of deprecated macro `try`: use the `?` operator instead
[INFO] [stdout]    --> src/relation.rs:182:13
[INFO] [stdout]     |
[INFO] [stdout] 182 |             try!(page.write());
[INFO] [stdout]     |             ^^^
[INFO] [stdout] 
[INFO] [stdout] 
[INFO] [stdout] warning: use of deprecated macro `try`: use the `?` operator instead
[INFO] [stdout]    --> src/relation.rs:186:13
[INFO] [stdout]     |
[INFO] [stdout] 186 |             try!(page.add_to_overflow(&self.ovflow_file, &serialised_tuple));
[INFO] [stdout]     |             ^^^
[INFO] [stdout] 
[INFO] [stdout] 
[INFO] [stdout] warning: use of deprecated macro `try`: use the `?` operator instead
[INFO] [stdout]    --> src/relation.rs:236:9
[INFO] [stdout]     |
[INFO] [stdout] 236 |         try!(storage_page.write());
[INFO] [stdout]     |         ^^^
[INFO] [stdout] 
[INFO] [stdout] 
[INFO] [stdout] warning: use of deprecated macro `try`: use the `?` operator instead
[INFO] [stdout]    --> src/relation.rs:221:13
[INFO] [stdout]     |
[INFO] [stdout] 221 |             try!(Relation::load_next_page(next_page_id, ovflow_file, tuple_cache, tuples_seen, spare_pages));
[INFO] [stdout]     |             ^^^
[INFO] [stdout] 
[INFO] [stdout] 
[INFO] [stdout] warning: use of deprecated macro `try`: use the `?` operator instead
[INFO] [stdout]    --> src/relation.rs:228:35
[INFO] [stdout]     |
[INFO] [stdout] 228 |             let new_ovflow_page = try!(get_next_page_id(ovflow_file));
[INFO] [stdout]     |                                   ^^^
[INFO] [stdout] 
[INFO] [stdout] 
[INFO] [stdout] warning: use of deprecated macro `try`: use the `?` operator instead
[INFO] [stdout]    --> src/relation.rs:245:13
[INFO] [stdout]     |
[INFO] [stdout] 245 |             try!(storage_page.write());
[INFO] [stdout]     |             ^^^
[INFO] [stdout] 
[INFO] [stdout] 
[INFO] [stdout] warning: use of deprecated macro `try`: use the `?` operator instead
[INFO] [stdout]    --> src/relation.rs:265:25
[INFO] [stdout]     |
[INFO] [stdout] 265 |         let next_page = try!(Page::read(ovflow_file, *next_page_id));
[INFO] [stdout]     |                         ^^^
[INFO] [stdout] 
[INFO] [stdout] 
[INFO] [stdout] warning: use of deprecated macro `try`: use the `?` operator instead
[INFO] [stdout]    --> src/relation.rs:346:9
[INFO] [stdout]     |
[INFO] [stdout] 346 |         try!(low_page.close());
[INFO] [stdout]     |         ^^^
[INFO] [stdout] 
[INFO] [stdout] 
[INFO] [stdout] warning: use of deprecated macro `try`: use the `?` operator instead
[INFO] [stdout]    --> src/relation.rs:347:9
[INFO] [stdout]     |
[INFO] [stdout] 347 |         try!(high_page.close());
[INFO] [stdout]     |         ^^^
[INFO] [stdout] 
[INFO] [stdout] 
[INFO] [stdout] warning: use of deprecated macro `try`: use the `?` operator instead
[INFO] [stdout]    --> src/relation.rs:285:29
[INFO] [stdout]     |
[INFO] [stdout] 285 |         let mut high_page = try!(Page::new(&self.data_file));
[INFO] [stdout]     |                             ^^^
[INFO] [stdout] 
[INFO] [stdout] 
[INFO] [stdout] warning: use of deprecated macro `try`: use the `?` operator instead
[INFO] [stdout]    --> src/relation.rs:290:28
[INFO] [stdout]     |
[INFO] [stdout] 290 |         let old_low_page = try!(Page::read(&self.data_file, sp));
[INFO] [stdout]     |                            ^^^
[INFO] [stdout] 
[INFO] [stdout] 
[INFO] [stdout] warning: use of deprecated macro `try`: use the `?` operator instead
[INFO] [stdout]    --> src/relation.rs:327:17
[INFO] [stdout]     |
[INFO] [stdout] 327 |                 try!(Relation::store_tuple_grow(
[INFO] [stdout]     |                 ^^^
[INFO] [stdout] 
[INFO] [stdout] 
[INFO] [stdout] warning: use of deprecated macro `try`: use the `?` operator instead
[INFO] [stdout]    --> src/relation.rs:339:17
[INFO] [stdout]     |
[INFO] [stdout] 339 |                 try!(Relation::load_next_page(
[INFO] [stdout]     |                 ^^^
[INFO] [stdout] 
[INFO] [stdout] 
[INFO] [stdout] warning: use of deprecated macro `try`: use the `?` operator instead
[INFO] [stdout]    --> src/relation.rs:357:13
[INFO] [stdout]     |
[INFO] [stdout] 357 |             try!(leftover_page.write());
[INFO] [stdout]     |             ^^^
[INFO] [stdout] 
[INFO] [stdout] 
[INFO] [stdout] warning: use of deprecated macro `try`: use the `?` operator instead
[INFO] [stdout]    --> src/relation.rs:373:9
[INFO] [stdout]     |
[INFO] [stdout] 373 |         try!(f.seek(SeekFrom::Start(0)));
[INFO] [stdout]     |         ^^^
[INFO] [stdout] 
[INFO] [stdout] 
[INFO] [stdout] warning: use of deprecated macro `try`: use the `?` operator instead
[INFO] [stdout]    --> src/relation.rs:374:9
[INFO] [stdout]     |
[INFO] [stdout] 374 |         try!(write_u32(f, self.num_attrs));
[INFO] [stdout]     |         ^^^
[INFO] [stdout] 
[INFO] [stdout] 
[INFO] [stdout] warning: use of deprecated macro `try`: use the `?` operator instead
[INFO] [stdout]    --> src/relation.rs:375:9
[INFO] [stdout]     |
[INFO] [stdout] 375 |         try!(write_u8(f, self.depth));
[INFO] [stdout]     |         ^^^
[INFO] [stdout] 
[INFO] [stdout] 
[INFO] [stdout] warning: use of deprecated macro `try`: use the `?` operator instead
[INFO] [stdout]    --> src/relation.rs:376:9
[INFO] [stdout]     |
[INFO] [stdout] 376 |         try!(write_u32(f, self.split_pointer));
[INFO] [stdout]     |         ^^^
[INFO] [stdout] 
[INFO] [stdout] 
[INFO] [stdout] warning: use of deprecated macro `try`: use the `?` operator instead
[INFO] [stdout]    --> src/relation.rs:377:9
[INFO] [stdout]     |
[INFO] [stdout] 377 |         try!(write_u64(f, self.num_pages));
[INFO] [stdout]     |         ^^^
[INFO] [stdout] 
[INFO] [stdout] 
[INFO] [stdout] warning: use of deprecated macro `try`: use the `?` operator instead
[INFO] [stdout]    --> src/relation.rs:378:9
[INFO] [stdout]     |
[INFO] [stdout] 378 |         try!(write_u64(f, self.num_tuples));
[INFO] [stdout]     |         ^^^
[INFO] [stdout] 
[INFO] [stdout] 
[INFO] [stdout] warning: use of deprecated macro `try`: use the `?` operator instead
[INFO] [stdout]    --> src/relation.rs:379:9
[INFO] [stdout]     |
[INFO] [stdout] 379 |         try!(self.choice_vec.write(f));
[INFO] [stdout]     |         ^^^
[INFO] [stdout] 
[INFO] [stdout] 
[INFO] [stdout] warning: use of deprecated macro `try`: use the `?` operator instead
[INFO] [stdout]    --> src/relation.rs:400:9
[INFO] [stdout]     |
[INFO] [stdout] 400 |         try!(fs::remove_file(info_file_name(&self.name)));
[INFO] [stdout]     |         ^^^
[INFO] [stdout] 
[INFO] [stdout] 
[INFO] [stdout] warning: use of deprecated macro `try`: use the `?` operator instead
[INFO] [stdout]    --> src/relation.rs:401:9
[INFO] [stdout]     |
[INFO] [stdout] 401 |         try!(fs::remove_file(data_file_name(&self.name)));
[INFO] [stdout]     |         ^^^
[INFO] [stdout] 
[INFO] [stdout] 
[INFO] [stdout] warning: use of deprecated macro `try`: use the `?` operator instead
[INFO] [stdout]    --> src/relation.rs:402:9
[INFO] [stdout]     |
[INFO] [stdout] 402 |         try!(fs::remove_file(ovflow_file_name(&self.name)));
[INFO] [stdout]     |         ^^^
[INFO] [stdout] 
[INFO] [stdout] 
[INFO] [stdout] warning: use of deprecated macro `try`: use the `?` operator instead
[INFO] [stdout]   --> src/page.rs:33:18
[INFO] [stdout]    |
[INFO] [stdout] 33 |         let id = try!(get_next_page_id(file));
[INFO] [stdout]    |                  ^^^
[INFO] [stdout] 
[INFO] [stdout] 
[INFO] [stdout] warning: use of deprecated macro `try`: use the `?` operator instead
[INFO] [stdout]   --> src/page.rs:67:9
[INFO] [stdout]    |
[INFO] [stdout] 67 |         try!(seek_to_start(f, page_id));
[INFO] [stdout]    |         ^^^
[INFO] [stdout] 
[INFO] [stdout] 
[INFO] [stdout] warning: use of deprecated macro `try`: use the `?` operator instead
[INFO] [stdout]   --> src/page.rs:71:9
[INFO] [stdout]    |
[INFO] [stdout] 71 |         try!(f.read_exact(&mut buffer[..]));
[INFO] [stdout]    |         ^^^
[INFO] [stdout] 
[INFO] [stdout] 
[INFO] [stdout] warning: use of deprecated macro `try`: use the `?` operator instead
[INFO] [stdout]   --> src/page.rs:76:20
[INFO] [stdout]    |
[INFO] [stdout] 76 |         let free = try!(read_u32(&mut cursor));
[INFO] [stdout]    |                    ^^^
[INFO] [stdout] 
[INFO] [stdout] 
[INFO] [stdout] warning: use of deprecated macro `try`: use the `?` operator instead
[INFO] [stdout]   --> src/page.rs:77:22
[INFO] [stdout]    |
[INFO] [stdout] 77 |         let ovflow = try!(read_u32(&mut cursor));
[INFO] [stdout]    |                      ^^^
[INFO] [stdout] 
[INFO] [stdout] 
[INFO] [stdout] warning: use of deprecated macro `try`: use the `?` operator instead
[INFO] [stdout]   --> src/page.rs:78:26
[INFO] [stdout]    |
[INFO] [stdout] 78 |         let num_tuples = try!(read_u32(&mut cursor));
[INFO] [stdout]    |                          ^^^
[INFO] [stdout] 
[INFO] [stdout] 
[INFO] [stdout] warning: use of deprecated macro `try`: use the `?` operator instead
[INFO] [stdout]   --> src/page.rs:91:26
[INFO] [stdout]    |
[INFO] [stdout] 91 |         let bytes_read = try!(cursor.read(page.data.as_mut()));
[INFO] [stdout]    |                          ^^^
[INFO] [stdout] 
[INFO] [stdout] 
[INFO] [stdout] warning: use of deprecated macro `try`: use the `?` operator instead
[INFO] [stdout]   --> src/page.rs:98:9
[INFO] [stdout]    |
[INFO] [stdout] 98 |         try!(seek_to_start(&self.file, self.id));
[INFO] [stdout]    |         ^^^
[INFO] [stdout] 
[INFO] [stdout] 
[INFO] [stdout] warning: use of deprecated macro `try`: use the `?` operator instead
[INFO] [stdout]    --> src/page.rs:101:9
[INFO] [stdout]     |
[INFO] [stdout] 101 |         try!(write_u32(&mut buf, self.free));
[INFO] [stdout]     |         ^^^
[INFO] [stdout] 
[INFO] [stdout] 
[INFO] [stdout] warning: use of deprecated macro `try`: use the `?` operator instead
[INFO] [stdout]    --> src/page.rs:102:9
[INFO] [stdout]     |
[INFO] [stdout] 102 |         try!(write_u32(&mut buf, self.ovflow));
[INFO] [stdout]     |         ^^^
[INFO] [stdout] 
[INFO] [stdout] 
[INFO] [stdout] warning: use of deprecated macro `try`: use the `?` operator instead
[INFO] [stdout]    --> src/page.rs:103:9
[INFO] [stdout]     |
[INFO] [stdout] 103 |         try!(write_u32(&mut buf, self.num_tuples));
[INFO] [stdout]     |         ^^^
[INFO] [stdout] 
[INFO] [stdout] 
[INFO] [stdout] warning: use of deprecated macro `try`: use the `?` operator instead
[INFO] [stdout]    --> src/page.rs:104:9
[INFO] [stdout]     |
[INFO] [stdout] 104 |         try!(buf.write_all(self.data.as_ref()));
[INFO] [stdout]     |         ^^^
[INFO] [stdout] 
[INFO] [stdout] 
[INFO] [stdout] warning: use of deprecated macro `try`: use the `?` operator instead
[INFO] [stdout]    --> src/page.rs:105:9
[INFO] [stdout]     |
[INFO] [stdout] 105 |         try!(self.file.write_all(buf.as_ref()));
[INFO] [stdout]     |         ^^^
[INFO] [stdout] 
[INFO] [stdout] 
[INFO] [stdout] warning: use of deprecated macro `try`: use the `?` operator instead
[INFO] [stdout]    --> src/page.rs:106:9
[INFO] [stdout]     |
[INFO] [stdout] 106 |         try!(self.file.flush());
[INFO] [stdout]     |         ^^^
[INFO] [stdout] 
[INFO] [stdout] 
[INFO] [stdout] warning: use of deprecated macro `try`: use the `?` operator instead
[INFO] [stdout]    --> src/page.rs:166:13
[INFO] [stdout]     |
[INFO] [stdout] 166 |             try!(self.write());
[INFO] [stdout]     |             ^^^
[INFO] [stdout] 
[INFO] [stdout] 
[INFO] [stdout] warning: use of deprecated macro `try`: use the `?` operator instead
[INFO] [stdout]    --> src/page.rs:176:13
[INFO] [stdout]     |
[INFO] [stdout] 176 |             try!(self.write());
[INFO] [stdout]     |             ^^^
[INFO] [stdout] 
[INFO] [stdout] 
[INFO] [stdout] warning: use of deprecated macro `try`: use the `?` operator instead
[INFO] [stdout]    --> src/page.rs:177:13
[INFO] [stdout]     |
[INFO] [stdout] 177 |             try!(ovflow_page.write());
[INFO] [stdout]     |             ^^^
[INFO] [stdout] 
[INFO] [stdout] 
[INFO] [stdout] warning: use of deprecated macro `try`: use the `?` operator instead
[INFO] [stdout]    --> src/page.rs:173:35
[INFO] [stdout]     |
[INFO] [stdout] 173 |             let mut ovflow_page = try!(Page::new(ovflow_file));
[INFO] [stdout]     |                                   ^^^
[INFO] [stdout] 
[INFO] [stdout] 
[INFO] [stdout] warning: use of deprecated macro `try`: use the `?` operator instead
[INFO] [stdout]    --> src/page.rs:182:31
[INFO] [stdout]     |
[INFO] [stdout] 182 |         let mut ovflow_page = try!(Page::read(ovflow_file, self.ovflow));
[INFO] [stdout]     |                               ^^^
[INFO] [stdout] 
[INFO] [stdout] 
[INFO] [stdout] warning: use of deprecated macro `try`: use the `?` operator instead
[INFO] [stdout]    --> src/page.rs:230:23
[INFO] [stdout]     |
[INFO] [stdout] 230 |     let file_length = try!(file.metadata().map(|m| m.len()));
[INFO] [stdout]     |                       ^^^
[INFO] [stdout] 
[INFO] [stdout] 
[INFO] [stdout] warning: use of deprecated macro `try`: use the `?` operator instead
[INFO] [stdout]   --> src/choice_vec.rs:67:26
[INFO] [stdout]    |
[INFO] [stdout] 67 |             let l: u32 = try!(split[0].parse().or_else(|_| Err(ParseError::NumberUnparsable)));
[INFO] [stdout]    |                          ^^^
[INFO] [stdout] 
[INFO] [stdout] 
[INFO] [stdout] warning: use of deprecated macro `try`: use the `?` operator instead
[INFO] [stdout]   --> src/choice_vec.rs:68:25
[INFO] [stdout]    |
[INFO] [stdout] 68 |             let r: u8 = try!(split[1].parse().or_else(|_| Err(ParseError::NumberUnparsable)));
[INFO] [stdout]    |                         ^^^
[INFO] [stdout] 
[INFO] [stdout] 
[INFO] [stdout] warning: use of deprecated macro `try`: use the `?` operator instead
[INFO] [stdout]   --> src/choice_vec.rs:79:13
[INFO] [stdout]    |
[INFO] [stdout] 79 |             try!(write_u32(f, attr));
[INFO] [stdout]    |             ^^^
[INFO] [stdout] 
[INFO] [stdout] 
[INFO] [stdout] warning: use of deprecated macro `try`: use the `?` operator instead
[INFO] [stdout]   --> src/choice_vec.rs:80:13
[INFO] [stdout]    |
[INFO] [stdout] 80 |             try!(f.write_u8(val));
[INFO] [stdout]    |             ^^^
[INFO] [stdout] 
[INFO] [stdout] 
[INFO] [stdout] warning: use of deprecated macro `try`: use the `?` operator instead
[INFO] [stdout]   --> src/choice_vec.rs:88:24
[INFO] [stdout]    |
[INFO] [stdout] 88 |             let attr = try!(read_u32(f));
[INFO] [stdout]    |                        ^^^
[INFO] [stdout] 
[INFO] [stdout] 
[INFO] [stdout] warning: use of deprecated macro `try`: use the `?` operator instead
[INFO] [stdout]   --> src/choice_vec.rs:89:23
[INFO] [stdout]    |
[INFO] [stdout] 89 |             let val = try!(f.read_u8());
[INFO] [stdout]    |                       ^^^
[INFO] [stdout] 
[INFO] [stdout] 
[INFO] [stdout] warning: unnecessary parentheses around block return value
[INFO] [stdout]    --> src/partial_hash.rs:123:9
[INFO] [stdout]     |
[INFO] [stdout] 123 |         (1 << (self.highest_usable_bit))
[INFO] [stdout]     |         ^                              ^
[INFO] [stdout]     |
[INFO] [stdout]     = note: `#[warn(unused_parens)]` on by default
[INFO] [stdout] help: remove these parentheses
[INFO] [stdout]     |
[INFO] [stdout] 123 -         (1 << (self.highest_usable_bit))
[INFO] [stdout] 123 +         1 << (self.highest_usable_bit)
[INFO] [stdout]     |
[INFO] [stdout] 
[INFO] [stdout] 
[INFO] [stdout] warning: use of deprecated struct `std::hash::SipHasher`: use `std::collections::hash_map::DefaultHasher` instead
[INFO] [stdout]  --> src/util.rs:6:23
[INFO] [stdout]   |
[INFO] [stdout] 6 | use std::hash::{Hash, SipHasher, Hasher};
[INFO] [stdout]   |                       ^^^^^^^^^
[INFO] [stdout] 
[INFO] [stdout] 
[INFO] [stdout] warning: use of deprecated struct `std::hash::SipHasher`: use `std::collections::hash_map::DefaultHasher` instead
[INFO] [stdout]   --> src/util.rs:45:17
[INFO] [stdout]    |
[INFO] [stdout] 45 |     let mut s = SipHasher::new();
[INFO] [stdout]    |                 ^^^^^^^^^
[INFO] [stdout] 
[INFO] [stdout] 
[INFO] [stdout] warning: trait objects without an explicit `dyn` are deprecated
[INFO] [stdout]   --> src/util.rs:13:25
[INFO] [stdout]    |
[INFO] [stdout] 13 | pub type BoxError = Box<Error + Send + Sync>;
[INFO] [stdout]    |                         ^^^^^^^^^^^^^^^^^^^
[INFO] [stdout]    |
[INFO] [stdout]    = warning: this is accepted in the current edition (Rust 2015) but is a hard error in Rust 2021!
[INFO] [stdout]    = note: for more information, see <https://doc.rust-lang.org/nightly/edition-guide/rust-2021/warnings-promoted-to-error.html>
[INFO] [stdout]    = note: `#[warn(bare_trait_objects)]` on by default
[INFO] [stdout] help: use `dyn`
[INFO] [stdout]    |
[INFO] [stdout] 13 | pub type BoxError = Box<dyn Error + Send + Sync>;
[INFO] [stdout]    |                         +++
[INFO] [stdout] 
[INFO] [stdout] 
[INFO] [stdout] warning: use of deprecated method `std::error::Error::description`: use the Display impl or to_string()
[INFO] [stdout]   --> src/relation.rs:60:47
[INFO] [stdout]    |
[INFO] [stdout] 60 |                 error!("Reason: {}, {}", e, e.description());
[INFO] [stdout]    |                                               ^^^^^^^^^^^
[INFO] [stdout] 
[INFO] [stdout] 
[INFO] [stdout] warning: use of deprecated associated function `std::hash::SipHasher::new`: use `std::collections::hash_map::DefaultHasher` instead
[INFO] [stdout]   --> src/util.rs:45:28
[INFO] [stdout]    |
[INFO] [stdout] 45 |     let mut s = SipHasher::new();
[INFO] [stdout]    |                            ^^^
[INFO] [stdout] 
[INFO] [stdout] 
[INFO] [stdout] warning: unused import: `Write`
[INFO] [stdout]  --> src/relation.rs:3:37
[INFO] [stdout]   |
[INFO] [stdout] 3 | use std::io::{self, Seek, SeekFrom, Write};
[INFO] [stdout]   |                                     ^^^^^
[INFO] [stdout]   |
[INFO] [stdout]   = note: `#[warn(unused_imports)]` on by default
[INFO] [stdout] 
[INFO] [stdout] 
[INFO] [stdout] warning: variable does not need to be mutable
[INFO] [stdout]    --> src/page.rs:148:17
[INFO] [stdout]     |
[INFO] [stdout] 148 |             let mut dest = &mut self.data[self.free as usize .. new_free as usize];
[INFO] [stdout]     |                 ----^^^^
[INFO] [stdout]     |                 |
[INFO] [stdout]     |                 help: remove this `mut`
[INFO] [stdout]     |
[INFO] [stdout]     = note: `#[warn(unused_mut)]` on by default
[INFO] [stdout] 
[INFO] [stdout] 
[INFO] [stdout] warning: 76 warnings emitted
[INFO] [stdout] 
[INFO] [stdout] 
[INFO] [stdout] warning: use of deprecated macro `try`: use the `?` operator instead
[INFO] [stdout]   --> src/bin/stats.rs:16:9
[INFO] [stdout]    |
[INFO] [stdout] 16 |         try!(Err("Usage: stats <relation name>"));
[INFO] [stdout]    |         ^^^
[INFO] [stdout]    |
[INFO] [stdout]    = note: `#[warn(deprecated)]` on by default
[INFO] [stdout] 
[INFO] [stdout] 
[INFO] [stdout] warning: use of deprecated macro `try`: use the `?` operator instead
[INFO] [stdout]   --> src/bin/stats.rs:19:13
[INFO] [stdout]    |
[INFO] [stdout] 19 |     let r = try!(Relation::open(relation_name, Reading)
[INFO] [stdout]    |             ^^^
[INFO] [stdout] 
[INFO] [stdout] 
[INFO] [stdout] warning: 2 warnings emitted
[INFO] [stdout] 
[INFO] [stdout] 
[INFO] [stdout] warning: use of deprecated macro `try`: use the `?` operator instead
[INFO] [stdout]   --> src/bin/insert.rs:18:9
[INFO] [stdout]    |
[INFO] [stdout] 18 |         try!(Err("Usage: insert <relation> [data file]"));
[INFO] [stdout]    |         ^^^
[INFO] [stdout]    |
[INFO] [stdout]    = note: `#[warn(deprecated)]` on by default
[INFO] [stdout] 
[INFO] [stdout] 
[INFO] [stdout] warning: use of deprecated macro `try`: use the `?` operator instead
[INFO] [stdout]   --> src/bin/insert.rs:22:24
[INFO] [stdout]    |
[INFO] [stdout] 22 |     let mut relation = try!(Relation::open(&relation_name, Writing)
[INFO] [stdout]    |                        ^^^
[INFO] [stdout] 
[INFO] [stdout] 
[INFO] [stdout] warning: use of deprecated macro `try`: use the `?` operator instead
[INFO] [stdout]   --> src/bin/insert.rs:29:17
[INFO] [stdout]    |
[INFO] [stdout] 29 |         let f = try!(File::open(&args[2]));
[INFO] [stdout]    |                 ^^^
[INFO] [stdout] 
[INFO] [stdout] 
[INFO] [stdout] warning: use of deprecated macro `try`: use the `?` operator instead
[INFO] [stdout]   --> src/bin/insert.rs:41:9
[INFO] [stdout]    |
[INFO] [stdout] 41 |         try!(relation.insert(tuple).map_err(|e| {
[INFO] [stdout]    |         ^^^
[INFO] [stdout] 
[INFO] [stdout] 
[INFO] [stdout] warning: use of deprecated macro `try`: use the `?` operator instead
[INFO] [stdout]   --> src/bin/insert.rs:38:21
[INFO] [stdout]    |
[INFO] [stdout] 38 |         let tuple = try!(Tuple::parse(&line, relation.num_attrs)
[INFO] [stdout]    |                     ^^^
[INFO] [stdout] 
[INFO] [stdout] 
[INFO] [stdout] warning: trait objects without an explicit `dyn` are deprecated
[INFO] [stdout]   --> src/bin/insert.rs:28:20
[INFO] [stdout]    |
[INFO] [stdout] 28 |     let input: Box<BufRead> = if args.len() == 3 {
[INFO] [stdout]    |                    ^^^^^^^
[INFO] [stdout]    |
[INFO] [stdout]    = warning: this is accepted in the current edition (Rust 2015) but is a hard error in Rust 2021!
[INFO] [stdout]    = note: for more information, see <https://doc.rust-lang.org/nightly/edition-guide/rust-2021/warnings-promoted-to-error.html>
[INFO] [stdout]    = note: `#[warn(bare_trait_objects)]` on by default
[INFO] [stdout] help: use `dyn`
[INFO] [stdout]    |
[INFO] [stdout] 28 |     let input: Box<dyn BufRead> = if args.len() == 3 {
[INFO] [stdout]    |                    +++
[INFO] [stdout] 
[INFO] [stdout] 
[INFO] [stdout] warning: 6 warnings emitted
[INFO] [stdout] 
[INFO] [stdout] 
[INFO] [stdout] warning: use of deprecated macro `try`: use the `?` operator instead
[INFO] [stdout]   --> src/bin/select.rs:16:9
[INFO] [stdout]    |
[INFO] [stdout] 16 |         try!(Err("Usage: select <relation name> <query>"));
[INFO] [stdout]    |         ^^^
[INFO] [stdout]    |
[INFO] [stdout]    = note: `#[warn(deprecated)]` on by default
[INFO] [stdout] 
[INFO] [stdout] 
[INFO] [stdout] warning: use of deprecated macro `try`: use the `?` operator instead
[INFO] [stdout]   --> src/bin/select.rs:22:20
[INFO] [stdout]    |
[INFO] [stdout] 22 |     let relation = try!(Relation::open(relation_name, Reading));
[INFO] [stdout]    |                    ^^^
[INFO] [stdout] 
[INFO] [stdout] 
[INFO] [stdout] warning: use of deprecated macro `try`: use the `?` operator instead
[INFO] [stdout]   --> src/bin/select.rs:23:17
[INFO] [stdout]    |
[INFO] [stdout] 23 |     let query = try!(Query::parse(query_string, relation.num_attrs)
[INFO] [stdout]    |                 ^^^
[INFO] [stdout] 
[INFO] [stdout] 
[INFO] [stdout] warning: use of deprecated macro `try`: use the `?` operator instead
[INFO] [stdout]   --> src/bin/select.rs:27:21
[INFO] [stdout]    |
[INFO] [stdout] 27 |         let tuple = try!(item);
[INFO] [stdout]    |                     ^^^
[INFO] [stdout] 
[INFO] [stdout] 
[INFO] [stdout] warning: 4 warnings emitted
[INFO] [stdout] 
[INFO] [stdout] 
[INFO] [stdout] warning: use of deprecated macro `try`: use the `?` operator instead
[INFO] [stdout]   --> src/bin/create.rs:27:5
[INFO] [stdout]    |
[INFO] [stdout] 27 |     try!(
[INFO] [stdout]    |     ^^^
[INFO] [stdout]    |
[INFO] [stdout]    = note: `#[warn(deprecated)]` on by default
[INFO] [stdout] 
[INFO] [stdout] 
[INFO] [stdout] warning: use of deprecated macro `try`: use the `?` operator instead
[INFO] [stdout]   --> src/bin/create.rs:16:9
[INFO] [stdout]    |
[INFO] [stdout] 16 |         try!(Err("Usage: create <name> <num attrs> <num pages> <choice vec>"));
[INFO] [stdout]    |         ^^^
[INFO] [stdout] 
[INFO] [stdout] 
[INFO] [stdout] warning: use of deprecated macro `try`: use the `?` operator instead
[INFO] [stdout]   --> src/bin/create.rs:20:21
[INFO] [stdout]    |
[INFO] [stdout] 20 |     let num_attrs = try!(args[2].parse()
[INFO] [stdout]    |                     ^^^
[INFO] [stdout] 
[INFO] [stdout] 
[INFO] [stdout] warning: use of deprecated macro `try`: use the `?` operator instead
[INFO] [stdout]   --> src/bin/create.rs:22:25
[INFO] [stdout]    |
[INFO] [stdout] 22 |     let est_num_pages = try!(args[3].parse()
[INFO] [stdout]    |                         ^^^
[INFO] [stdout] 
[INFO] [stdout] 
[INFO] [stdout] warning: use of deprecated macro `try`: use the `?` operator instead
[INFO] [stdout]   --> src/bin/create.rs:24:22
[INFO] [stdout]    |
[INFO] [stdout] 24 |     let choice_vec = try!(ChoiceVec::parse(&args[4], num_attrs)
[INFO] [stdout]    |                      ^^^
[INFO] [stdout] 
[INFO] [stdout] 
[INFO] [stdout] warning: 5 warnings emitted
[INFO] [stdout] 
[INFO] [stdout] 
[INFO] [stderr]    Compiling malh v0.1.0 (/opt/rustwide/workdir)
[INFO] [stdout] warning: use of deprecated macro `try`: use the `?` operator instead
[INFO] [stdout]   --> src/bin/stats.rs:16:9
[INFO] [stdout]    |
[INFO] [stdout] 16 |         try!(Err("Usage: stats <relation name>"));
[INFO] [stdout]    |         ^^^
[INFO] [stdout]    |
[INFO] [stdout]    = note: `#[warn(deprecated)]` on by default
[INFO] [stdout] 
[INFO] [stdout] 
[INFO] [stdout] warning: use of deprecated macro `try`: use the `?` operator instead
[INFO] [stdout]   --> src/bin/stats.rs:19:13
[INFO] [stdout]    |
[INFO] [stdout] 19 |     let r = try!(Relation::open(relation_name, Reading)
[INFO] [stdout]    |             ^^^
[INFO] [stdout] 
[INFO] [stdout] 
[INFO] [stdout] warning: use of deprecated macro `try`: use the `?` operator instead
[INFO] [stdout]   --> src/relation.rs:72:13
[INFO] [stdout]    |
[INFO] [stdout] 72 |             try!(Err(format!("relation already exists: {}", name)))
[INFO] [stdout]    |             ^^^
[INFO] [stdout]    |
[INFO] [stdout]    = note: `#[warn(deprecated)]` on by default
[INFO] [stdout] 
[INFO] [stdout] 
[INFO] [stdout] warning: use of deprecated macro `try`: use the `?` operator instead
[INFO] [stdout]   --> src/relation.rs:76:13
[INFO] [stdout]    |
[INFO] [stdout] 76 |             try!(Err("number of attributes can't be zero"));
[INFO] [stdout]    |             ^^^
[INFO] [stdout] 
[INFO] [stdout] 
[INFO] [stdout] warning: use of deprecated macro `try`: use the `?` operator instead
[INFO] [stdout]   --> src/relation.rs:92:24
[INFO] [stdout]    |
[INFO] [stdout] 92 |             info_file: try!(File::create(info_file_name(name))),
[INFO] [stdout]    |                        ^^^
[INFO] [stdout] 
[INFO] [stdout] 
[INFO] [stdout] warning: use of deprecated macro `try`: use the `?` operator instead
[INFO] [stdout]   --> src/bin/select.rs:16:9
[INFO] [stdout]    |
[INFO] [stdout] 16 |         try!(Err("Usage: select <relation name> <query>"));
[INFO] [stdout]    |         ^^^
[INFO] [stdout]    |
[INFO] [stdout]    = note: `#[warn(deprecated)]` on by default
[INFO] [stdout] 
[INFO] [stdout] 
[INFO] [stdout] warning: use of deprecated macro `try`: use the `?` operator instead
[INFO] [stdout]   --> src/relation.rs:93:24
[INFO] [stdout]    |
[INFO] [stdout] 93 |             data_file: try!(File::create(data_file_name(name))),
[INFO] [stdout]    |                        ^^^
[INFO] [stdout] 
[INFO] [stdout] 
[INFO] [stdout] warning: use of deprecated macro `try`: use the `?` operator instead
[INFO] [stdout]   --> src/relation.rs:94:26
[INFO] [stdout]    |
[INFO] [stdout] 94 |             ovflow_file: try!(File::create(ovflow_file_name(name)))
[INFO] [stdout]    |                          ^^^
[INFO] [stdout] 
[INFO] [stdout] 
[INFO] [stdout] warning: use of deprecated macro `try`: use the `?` operator instead
[INFO] [stdout]    --> src/relation.rs:100:13
[INFO] [stdout]     |
[INFO] [stdout] 100 |             try!(page.close());
[INFO] [stdout]     |             ^^^
[INFO] [stdout] 
[INFO] [stdout] 
[INFO] [stdout] warning: use of deprecated macro `try`: use the `?` operator instead
[INFO] [stdout]   --> src/relation.rs:99:24
[INFO] [stdout]    |
[INFO] [stdout] 99 |             let page = try!(Page::new(&r.data_file));
[INFO] [stdout]    |                        ^^^
[INFO] [stdout] 
[INFO] [stdout] 
[INFO] [stdout] warning: use of deprecated macro `try`: use the `?` operator instead
[INFO] [stdout]   --> src/bin/select.rs:22:20
[INFO] [stdout]    |
[INFO] [stdout] 22 |     let relation = try!(Relation::open(relation_name, Reading));
[INFO] [stdout]    |                    ^^^
[INFO] [stdout] 
[INFO] [stdout] 
[INFO] [stdout] warning: use of deprecated macro `try`: use the `?` operator instead
[INFO] [stdout]    --> src/relation.rs:111:25
[INFO] [stdout]     |
[INFO] [stdout] 111 |         let info_file = try!(open_opts.open(info_file_name(name)));
[INFO] [stdout]     |                         ^^^
[INFO] [stdout] 
[INFO] [stdout] 
[INFO] [stdout] warning: use of deprecated macro `try`: use the `?` operator instead
[INFO] [stdout]    --> src/relation.rs:112:25
[INFO] [stdout]     |
[INFO] [stdout] 112 |         let num_attrs = try!(read_u32(&info_file));
[INFO] [stdout]     |                         ^^^
[INFO] [stdout] 
[INFO] [stdout] 
[INFO] [stdout] warning: use of deprecated macro `try`: use the `?` operator instead
[INFO] [stdout]   --> src/bin/select.rs:23:17
[INFO] [stdout]    |
[INFO] [stdout] 23 |     let query = try!(Query::parse(query_string, relation.num_attrs)
[INFO] [stdout]    |                 ^^^
[INFO] [stdout] 
[INFO] [stdout] 
[INFO] [stdout] warning: use of deprecated macro `try`: use the `?` operator instead
[INFO] [stdout]    --> src/relation.rs:113:21
[INFO] [stdout]     |
[INFO] [stdout] 113 |         let depth = try!(read_u8(&info_file));
[INFO] [stdout]     |                     ^^^
[INFO] [stdout] 
[INFO] [stdout] 
[INFO] [stdout] warning: use of deprecated macro `try`: use the `?` operator instead
[INFO] [stdout]    --> src/relation.rs:114:29
[INFO] [stdout]     |
[INFO] [stdout] 114 |         let split_pointer = try!(read_u32(&info_file));
[INFO] [stdout]     |                             ^^^
[INFO] [stdout] 
[INFO] [stdout] 
[INFO] [stdout] warning: use of deprecated macro `try`: use the `?` operator instead
[INFO] [stdout]   --> src/bin/select.rs:27:21
[INFO] [stdout]    |
[INFO] [stdout] 27 |         let tuple = try!(item);
[INFO] [stdout]    |                     ^^^
[INFO] [stdout] 
[INFO] [stdout] 
[INFO] [stdout] warning: use of deprecated macro `try`: use the `?` operator instead
[INFO] [stdout]    --> src/relation.rs:115:25
[INFO] [stdout]     |
[INFO] [stdout] 115 |         let num_pages = try!(read_u64(&info_file));
[INFO] [stdout]     |                         ^^^
[INFO] [stdout] 
[INFO] [stdout] 
[INFO] [stdout] warning: use of deprecated macro `try`: use the `?` operator instead
[INFO] [stdout]    --> src/relation.rs:116:26
[INFO] [stdout]     |
[INFO] [stdout] 116 |         let num_tuples = try!(read_u64(&info_file));
[INFO] [stdout]     |                          ^^^
[INFO] [stdout] 
[INFO] [stdout] 
[INFO] [stdout] warning: use of deprecated macro `try`: use the `?` operator instead
[INFO] [stdout]    --> src/relation.rs:117:26
[INFO] [stdout]     |
[INFO] [stdout] 117 |         let choice_vec = try!(ChoiceVec::read(&info_file));
[INFO] [stdout]     |                          ^^^
[INFO] [stdout] 
[INFO] [stdout] 
[INFO] [stdout] warning: use of deprecated macro `try`: use the `?` operator instead
[INFO] [stdout]    --> src/relation.rs:129:24
[INFO] [stdout]     |
[INFO] [stdout] 129 |             data_file: try!(open_opts.open(data_file_name(name))),
[INFO] [stdout]     |                        ^^^
[INFO] [stdout] 
[INFO] [stdout] 
[INFO] [stdout] warning: use of deprecated macro `try`: use the `?` operator instead
[INFO] [stdout]    --> src/relation.rs:130:26
[INFO] [stdout]     |
[INFO] [stdout] 130 |             ovflow_file: try!(open_opts.open(ovflow_file_name(name)))
[INFO] [stdout]     |                          ^^^
[INFO] [stdout] 
[INFO] [stdout] 
[INFO] [stdout] warning: use of deprecated macro `try`: use the `?` operator instead
[INFO] [stdout]    --> src/relation.rs:162:13
[INFO] [stdout]     |
[INFO] [stdout] 162 |             try!(self.grow());
[INFO] [stdout]     |             ^^^
[INFO] [stdout] 
[INFO] [stdout] 
[INFO] [stdout] warning: use of deprecated macro `try`: use the `?` operator instead
[INFO] [stdout]    --> src/relation.rs:176:24
[INFO] [stdout]     |
[INFO] [stdout] 176 |         let mut page = try!(Page::read(&self.data_file, page_id));
[INFO] [stdout]     |                        ^^^
[INFO] [stdout] 
[INFO] [stdout] 
[INFO] [stdout] warning: use of deprecated macro `try`: use the `?` operator instead
[INFO] [stdout]    --> src/relation.rs:182:13
[INFO] [stdout]     |
[INFO] [stdout] 182 |             try!(page.write());
[INFO] [stdout]     |             ^^^
[INFO] [stdout] 
[INFO] [stdout] 
[INFO] [stdout] warning: use of deprecated macro `try`: use the `?` operator instead
[INFO] [stdout]    --> src/relation.rs:186:13
[INFO] [stdout]     |
[INFO] [stdout] 186 |             try!(page.add_to_overflow(&self.ovflow_file, &serialised_tuple));
[INFO] [stdout]     |             ^^^
[INFO] [stdout] 
[INFO] [stdout] 
[INFO] [stdout] warning: use of deprecated macro `try`: use the `?` operator instead
[INFO] [stdout]    --> src/relation.rs:236:9
[INFO] [stdout]     |
[INFO] [stdout] 236 |         try!(storage_page.write());
[INFO] [stdout]     |         ^^^
[INFO] [stdout] 
[INFO] [stdout] 
[INFO] [stdout] warning: use of deprecated macro `try`: use the `?` operator instead
[INFO] [stdout]    --> src/relation.rs:221:13
[INFO] [stdout]     |
[INFO] [stdout] 221 |             try!(Relation::load_next_page(next_page_id, ovflow_file, tuple_cache, tuples_seen, spare_pages));
[INFO] [stdout]     |             ^^^
[INFO] [stdout] 
[INFO] [stdout] 
[INFO] [stdout] warning: use of deprecated macro `try`: use the `?` operator instead
[INFO] [stdout]    --> src/relation.rs:228:35
[INFO] [stdout]     |
[INFO] [stdout] 228 |             let new_ovflow_page = try!(get_next_page_id(ovflow_file));
[INFO] [stdout]     |                                   ^^^
[INFO] [stdout] 
[INFO] [stdout] 
[INFO] [stdout] warning: use of deprecated macro `try`: use the `?` operator instead
[INFO] [stdout]    --> src/relation.rs:245:13
[INFO] [stdout]     |
[INFO] [stdout] 245 |             try!(storage_page.write());
[INFO] [stdout]     |             ^^^
[INFO] [stdout] 
[INFO] [stdout] 
[INFO] [stdout] warning: use of deprecated macro `try`: use the `?` operator instead
[INFO] [stdout]    --> src/relation.rs:265:25
[INFO] [stdout]     |
[INFO] [stdout] 265 |         let next_page = try!(Page::read(ovflow_file, *next_page_id));
[INFO] [stdout]     |                         ^^^
[INFO] [stdout] 
[INFO] [stdout] 
[INFO] [stdout] warning: use of deprecated macro `try`: use the `?` operator instead
[INFO] [stdout]    --> src/relation.rs:346:9
[INFO] [stdout]     |
[INFO] [stdout] 346 |         try!(low_page.close());
[INFO] [stdout]     |         ^^^
[INFO] [stdout] 
[INFO] [stdout] 
[INFO] [stdout] warning: use of deprecated macro `try`: use the `?` operator instead
[INFO] [stdout]    --> src/relation.rs:347:9
[INFO] [stdout]     |
[INFO] [stdout] 347 |         try!(high_page.close());
[INFO] [stdout]     |         ^^^
[INFO] [stdout] 
[INFO] [stdout] 
[INFO] [stdout] warning: use of deprecated macro `try`: use the `?` operator instead
[INFO] [stdout]    --> src/relation.rs:285:29
[INFO] [stdout]     |
[INFO] [stdout] 285 |         let mut high_page = try!(Page::new(&self.data_file));
[INFO] [stdout]     |                             ^^^
[INFO] [stdout] 
[INFO] [stdout] 
[INFO] [stdout] warning: use of deprecated macro `try`: use the `?` operator instead
[INFO] [stdout]    --> src/relation.rs:290:28
[INFO] [stdout]     |
[INFO] [stdout] 290 |         let old_low_page = try!(Page::read(&self.data_file, sp));
[INFO] [stdout]     |                            ^^^
[INFO] [stdout] 
[INFO] [stdout] 
[INFO] [stdout] warning: use of deprecated macro `try`: use the `?` operator instead
[INFO] [stdout]    --> src/relation.rs:327:17
[INFO] [stdout]     |
[INFO] [stdout] 327 |                 try!(Relation::store_tuple_grow(
[INFO] [stdout]     |                 ^^^
[INFO] [stdout] 
[INFO] [stdout] 
[INFO] [stdout] warning: use of deprecated macro `try`: use the `?` operator instead
[INFO] [stdout]    --> src/relation.rs:339:17
[INFO] [stdout]     |
[INFO] [stdout] 339 |                 try!(Relation::load_next_page(
[INFO] [stdout]     |                 ^^^
[INFO] [stdout] 
[INFO] [stdout] 
[INFO] [stdout] warning: use of deprecated macro `try`: use the `?` operator instead
[INFO] [stdout]    --> src/relation.rs:357:13
[INFO] [stdout]     |
[INFO] [stdout] 357 |             try!(leftover_page.write());
[INFO] [stdout]     |             ^^^
[INFO] [stdout] 
[INFO] [stdout] 
[INFO] [stdout] warning: use of deprecated macro `try`: use the `?` operator instead
[INFO] [stdout]    --> src/relation.rs:373:9
[INFO] [stdout]     |
[INFO] [stdout] 373 |         try!(f.seek(SeekFrom::Start(0)));
[INFO] [stdout]     |         ^^^
[INFO] [stdout] 
[INFO] [stdout] 
[INFO] [stdout] warning: use of deprecated macro `try`: use the `?` operator instead
[INFO] [stdout]    --> src/relation.rs:374:9
[INFO] [stdout]     |
[INFO] [stdout] 374 |         try!(write_u32(f, self.num_attrs));
[INFO] [stdout]     |         ^^^
[INFO] [stdout] 
[INFO] [stdout] 
[INFO] [stdout] warning: use of deprecated macro `try`: use the `?` operator instead
[INFO] [stdout]    --> src/relation.rs:375:9
[INFO] [stdout]     |
[INFO] [stdout] 375 |         try!(write_u8(f, self.depth));
[INFO] [stdout]     |         ^^^
[INFO] [stdout] 
[INFO] [stdout] 
[INFO] [stdout] warning: use of deprecated macro `try`: use the `?` operator instead
[INFO] [stdout]    --> src/relation.rs:376:9
[INFO] [stdout]     |
[INFO] [stdout] 376 |         try!(write_u32(f, self.split_pointer));
[INFO] [stdout]     |         ^^^
[INFO] [stdout] 
[INFO] [stdout] 
[INFO] [stdout] warning: use of deprecated macro `try`: use the `?` operator instead
[INFO] [stdout]    --> src/relation.rs:377:9
[INFO] [stdout]     |
[INFO] [stdout] 377 |         try!(write_u64(f, self.num_pages));
[INFO] [stdout]     |         ^^^
[INFO] [stdout] 
[INFO] [stdout] 
[INFO] [stdout] warning: use of deprecated macro `try`: use the `?` operator instead
[INFO] [stdout]    --> src/relation.rs:378:9
[INFO] [stdout]     |
[INFO] [stdout] 378 |         try!(write_u64(f, self.num_tuples));
[INFO] [stdout]     |         ^^^
[INFO] [stdout] 
[INFO] [stdout] 
[INFO] [stdout] warning: use of deprecated macro `try`: use the `?` operator instead
[INFO] [stdout]    --> src/relation.rs:379:9
[INFO] [stdout]     |
[INFO] [stdout] 379 |         try!(self.choice_vec.write(f));
[INFO] [stdout]     |         ^^^
[INFO] [stdout] 
[INFO] [stdout] 
[INFO] [stdout] warning: use of deprecated macro `try`: use the `?` operator instead
[INFO] [stdout]    --> src/relation.rs:400:9
[INFO] [stdout]     |
[INFO] [stdout] 400 |         try!(fs::remove_file(info_file_name(&self.name)));
[INFO] [stdout]     |         ^^^
[INFO] [stdout] 
[INFO] [stdout] 
[INFO] [stdout] warning: use of deprecated macro `try`: use the `?` operator instead
[INFO] [stdout]    --> src/relation.rs:401:9
[INFO] [stdout]     |
[INFO] [stdout] 401 |         try!(fs::remove_file(data_file_name(&self.name)));
[INFO] [stdout]     |         ^^^
[INFO] [stdout] 
[INFO] [stdout] 
[INFO] [stdout] warning: use of deprecated macro `try`: use the `?` operator instead
[INFO] [stdout]    --> src/relation.rs:402:9
[INFO] [stdout]     |
[INFO] [stdout] 402 |         try!(fs::remove_file(ovflow_file_name(&self.name)));
[INFO] [stdout]     |         ^^^
[INFO] [stdout] 
[INFO] [stdout] 
[INFO] [stdout] warning: use of deprecated macro `try`: use the `?` operator instead
[INFO] [stdout]   --> src/page.rs:33:18
[INFO] [stdout]    |
[INFO] [stdout] 33 |         let id = try!(get_next_page_id(file));
[INFO] [stdout]    |                  ^^^
[INFO] [stdout] 
[INFO] [stdout] 
[INFO] [stdout] warning: use of deprecated macro `try`: use the `?` operator instead
[INFO] [stdout]   --> src/page.rs:67:9
[INFO] [stdout]    |
[INFO] [stdout] 67 |         try!(seek_to_start(f, page_id));
[INFO] [stdout]    |         ^^^
[INFO] [stdout] 
[INFO] [stdout] 
[INFO] [stdout] warning: use of deprecated macro `try`: use the `?` operator instead
[INFO] [stdout]   --> src/page.rs:71:9
[INFO] [stdout]    |
[INFO] [stdout] 71 |         try!(f.read_exact(&mut buffer[..]));
[INFO] [stdout]    |         ^^^
[INFO] [stdout] 
[INFO] [stdout] 
[INFO] [stdout] warning: use of deprecated macro `try`: use the `?` operator instead
[INFO] [stdout]   --> src/page.rs:76:20
[INFO] [stdout]    |
[INFO] [stdout] 76 |         let free = try!(read_u32(&mut cursor));
[INFO] [stdout]    |                    ^^^
[INFO] [stdout] 
[INFO] [stdout] 
[INFO] [stdout] warning: use of deprecated macro `try`: use the `?` operator instead
[INFO] [stdout]   --> src/page.rs:77:22
[INFO] [stdout]    |
[INFO] [stdout] 77 |         let ovflow = try!(read_u32(&mut cursor));
[INFO] [stdout]    |                      ^^^
[INFO] [stdout] 
[INFO] [stdout] 
[INFO] [stdout] warning: use of deprecated macro `try`: use the `?` operator instead
[INFO] [stdout]   --> src/page.rs:78:26
[INFO] [stdout]    |
[INFO] [stdout] 78 |         let num_tuples = try!(read_u32(&mut cursor));
[INFO] [stdout]    |                          ^^^
[INFO] [stdout] 
[INFO] [stdout] 
[INFO] [stdout] warning: use of deprecated macro `try`: use the `?` operator instead
[INFO] [stdout]   --> src/page.rs:91:26
[INFO] [stdout]    |
[INFO] [stdout] 91 |         let bytes_read = try!(cursor.read(page.data.as_mut()));
[INFO] [stdout]    |                          ^^^
[INFO] [stdout] 
[INFO] [stdout] 
[INFO] [stdout] warning: use of deprecated macro `try`: use the `?` operator instead
[INFO] [stdout]   --> src/page.rs:98:9
[INFO] [stdout]    |
[INFO] [stdout] 98 |         try!(seek_to_start(&self.file, self.id));
[INFO] [stdout]    |         ^^^
[INFO] [stdout] 
[INFO] [stdout] 
[INFO] [stdout] warning: use of deprecated macro `try`: use the `?` operator instead
[INFO] [stdout]    --> src/page.rs:101:9
[INFO] [stdout]     |
[INFO] [stdout] 101 |         try!(write_u32(&mut buf, self.free));
[INFO] [stdout]     |         ^^^
[INFO] [stdout] 
[INFO] [stdout] 
[INFO] [stdout] warning: use of deprecated macro `try`: use the `?` operator instead
[INFO] [stdout]    --> src/page.rs:102:9
[INFO] [stdout]     |
[INFO] [stdout] 102 |         try!(write_u32(&mut buf, self.ovflow));
[INFO] [stdout]     |         ^^^
[INFO] [stdout] 
[INFO] [stdout] 
[INFO] [stdout] warning: use of deprecated macro `try`: use the `?` operator instead
[INFO] [stdout]    --> src/page.rs:103:9
[INFO] [stdout]     |
[INFO] [stdout] 103 |         try!(write_u32(&mut buf, self.num_tuples));
[INFO] [stdout]     |         ^^^
[INFO] [stdout] 
[INFO] [stdout] 
[INFO] [stdout] warning: use of deprecated macro `try`: use the `?` operator instead
[INFO] [stdout]    --> src/page.rs:104:9
[INFO] [stdout]     |
[INFO] [stdout] 104 |         try!(buf.write_all(self.data.as_ref()));
[INFO] [stdout]     |         ^^^
[INFO] [stdout] 
[INFO] [stdout] 
[INFO] [stdout] warning: use of deprecated macro `try`: use the `?` operator instead
[INFO] [stdout]   --> src/bin/insert.rs:18:9
[INFO] [stdout]    |
[INFO] [stdout] 18 |         try!(Err("Usage: insert <relation> [data file]"));
[INFO] [stdout]    |         ^^^
[INFO] [stdout]    |
[INFO] [stdout]    = note: `#[warn(deprecated)]` on by default
[INFO] [stdout] 
[INFO] [stdout] 
[INFO] [stdout] warning: use of deprecated macro `try`: use the `?` operator instead
[INFO] [stdout]    --> src/page.rs:105:9
[INFO] [stdout]     |
[INFO] [stdout] 105 |         try!(self.file.write_all(buf.as_ref()));
[INFO] [stdout]     |         ^^^
[INFO] [stdout] 
[INFO] [stdout] 
[INFO] [stdout] warning: use of deprecated macro `try`: use the `?` operator instead
[INFO] [stdout]    --> src/page.rs:106:9
[INFO] [stdout]     |
[INFO] [stdout] 106 |         try!(self.file.flush());
[INFO] [stdout]     |         ^^^
[INFO] [stdout] 
[INFO] [stdout] 
[INFO] [stdout] warning: use of deprecated macro `try`: use the `?` operator instead
[INFO] [stdout]   --> src/bin/insert.rs:22:24
[INFO] [stdout]    |
[INFO] [stdout] 22 |     let mut relation = try!(Relation::open(&relation_name, Writing)
[INFO] [stdout]    |                        ^^^
[INFO] [stdout] 
[INFO] [stdout] 
[INFO] [stdout] warning: use of deprecated macro `try`: use the `?` operator instead
[INFO] [stdout]   --> src/bin/insert.rs:29:17
[INFO] [stdout]    |
[INFO] [stdout] 29 |         let f = try!(File::open(&args[2]));
[INFO] [stdout]    |                 ^^^
[INFO] [stdout] 
[INFO] [stdout] 
[INFO] [stdout] warning: use of deprecated macro `try`: use the `?` operator instead
[INFO] [stdout]    --> src/page.rs:166:13
[INFO] [stdout]     |
[INFO] [stdout] 166 |             try!(self.write());
[INFO] [stdout]     |             ^^^
[INFO] [stdout] 
[INFO] [stdout] 
[INFO] [stdout] warning: use of deprecated macro `try`: use the `?` operator instead
[INFO] [stdout]   --> src/bin/insert.rs:41:9
[INFO] [stdout]    |
[INFO] [stdout] 41 |         try!(relation.insert(tuple).map_err(|e| {
[INFO] [stdout]    |         ^^^
[INFO] [stdout] 
[INFO] [stdout] 
[INFO] [stdout] warning: use of deprecated macro `try`: use the `?` operator instead
[INFO] [stdout]    --> src/page.rs:176:13
[INFO] [stdout]     |
[INFO] [stdout] 176 |             try!(self.write());
[INFO] [stdout]     |             ^^^
[INFO] [stdout] 
[INFO] [stdout] 
[INFO] [stdout] warning: use of deprecated macro `try`: use the `?` operator instead
[INFO] [stdout]   --> src/bin/insert.rs:38:21
[INFO] [stdout]    |
[INFO] [stdout] 38 |         let tuple = try!(Tuple::parse(&line, relation.num_attrs)
[INFO] [stdout]    |                     ^^^
[INFO] [stdout] 
[INFO] [stdout] 
[INFO] [stdout] warning: use of deprecated macro `try`: use the `?` operator instead
[INFO] [stdout]    --> src/page.rs:177:13
[INFO] [stdout]     |
[INFO] [stdout] 177 |             try!(ovflow_page.write());
[INFO] [stdout]     |             ^^^
[INFO] [stdout] 
[INFO] [stdout] 
[INFO] [stdout] warning: use of deprecated macro `try`: use the `?` operator instead
[INFO] [stdout]    --> src/page.rs:173:35
[INFO] [stdout]     |
[INFO] [stdout] 173 |             let mut ovflow_page = try!(Page::new(ovflow_file));
[INFO] [stdout]     |                                   ^^^
[INFO] [stdout] 
[INFO] [stdout] 
[INFO] [stdout] warning: use of deprecated macro `try`: use the `?` operator instead
[INFO] [stdout]    --> src/page.rs:182:31
[INFO] [stdout]     |
[INFO] [stdout] 182 |         let mut ovflow_page = try!(Page::read(ovflow_file, self.ovflow));
[INFO] [stdout]     |                               ^^^
[INFO] [stdout] 
[INFO] [stdout] 
[INFO] [stdout] warning: use of deprecated macro `try`: use the `?` operator instead
[INFO] [stdout]    --> src/page.rs:230:23
[INFO] [stdout]     |
[INFO] [stdout] 230 |     let file_length = try!(file.metadata().map(|m| m.len()));
[INFO] [stdout]     |                       ^^^
[INFO] [stdout] 
[INFO] [stdout] 
[INFO] [stdout] warning: use of deprecated macro `try`: use the `?` operator instead
[INFO] [stdout]   --> src/choice_vec.rs:67:26
[INFO] [stdout]    |
[INFO] [stdout] 67 |             let l: u32 = try!(split[0].parse().or_else(|_| Err(ParseError::NumberUnparsable)));
[INFO] [stdout]    |                          ^^^
[INFO] [stdout] 
[INFO] [stdout] 
[INFO] [stdout] warning: use of deprecated macro `try`: use the `?` operator instead
[INFO] [stdout]   --> src/choice_vec.rs:68:25
[INFO] [stdout]    |
[INFO] [stdout] 68 |             let r: u8 = try!(split[1].parse().or_else(|_| Err(ParseError::NumberUnparsable)));
[INFO] [stdout]    |                         ^^^
[INFO] [stdout] 
[INFO] [stdout] 
[INFO] [stdout] warning: use of deprecated macro `try`: use the `?` operator instead
[INFO] [stdout]   --> src/choice_vec.rs:79:13
[INFO] [stdout]    |
[INFO] [stdout] 79 |             try!(write_u32(f, attr));
[INFO] [stdout]    |             ^^^
[INFO] [stdout] 
[INFO] [stdout] 
[INFO] [stdout] warning: use of deprecated macro `try`: use the `?` operator instead
[INFO] [stdout]   --> src/choice_vec.rs:80:13
[INFO] [stdout]    |
[INFO] [stdout] 80 |             try!(f.write_u8(val));
[INFO] [stdout]    |             ^^^
[INFO] [stdout] 
[INFO] [stdout] 
[INFO] [stdout] warning: use of deprecated macro `try`: use the `?` operator instead
[INFO] [stdout]   --> src/choice_vec.rs:88:24
[INFO] [stdout]    |
[INFO] [stdout] 88 |             let attr = try!(read_u32(f));
[INFO] [stdout]    |                        ^^^
[INFO] [stdout] 
[INFO] [stdout] 
[INFO] [stdout] warning: use of deprecated macro `try`: use the `?` operator instead
[INFO] [stdout]   --> src/choice_vec.rs:89:23
[INFO] [stdout]    |
[INFO] [stdout] 89 |             let val = try!(f.read_u8());
[INFO] [stdout]    |                       ^^^
[INFO] [stdout] 
[INFO] [stdout] 
[INFO] [stdout] warning: trait objects without an explicit `dyn` are deprecated
[INFO] [stdout]   --> src/bin/insert.rs:28:20
[INFO] [stdout]    |
[INFO] [stdout] 28 |     let input: Box<BufRead> = if args.len() == 3 {
[INFO] [stdout]    |                    ^^^^^^^
[INFO] [stdout]    |
[INFO] [stdout]    = warning: this is accepted in the current edition (Rust 2015) but is a hard error in Rust 2021!
[INFO] [stdout]    = note: for more information, see <https://doc.rust-lang.org/nightly/edition-guide/rust-2021/warnings-promoted-to-error.html>
[INFO] [stdout]    = note: `#[warn(bare_trait_objects)]` on by default
[INFO] [stdout] help: use `dyn`
[INFO] [stdout]    |
[INFO] [stdout] 28 |     let input: Box<dyn BufRead> = if args.len() == 3 {
[INFO] [stdout]    |                    +++
[INFO] [stdout] 
[INFO] [stdout] 
[INFO] [stdout] warning: the item `repeat` is imported redundantly
[INFO] [stdout]   --> tests/lib.rs:99:9
[INFO] [stdout]    |
[INFO] [stdout] 6  | use std::iter::repeat;
[INFO] [stdout]    |     ----------------- the item `repeat` is already imported here
[INFO] [stdout] ...
[INFO] [stdout] 99 |     use std::iter::repeat;
[INFO] [stdout]    |         ^^^^^^^^^^^^^^^^^
[INFO] [stdout]    |
[INFO] [stdout]    = note: `#[warn(unused_imports)]` on by default
[INFO] [stdout] 
[INFO] [stdout] 
[INFO] [stdout] warning: unnecessary parentheses around block return value
[INFO] [stdout]    --> src/partial_hash.rs:123:9
[INFO] [stdout]     |
[INFO] [stdout] 123 |         (1 << (self.highest_usable_bit))
[INFO] [stdout]     |         ^                              ^
[INFO] [stdout]     |
[INFO] [stdout]     = note: `#[warn(unused_parens)]` on by default
[INFO] [stdout] help: remove these parentheses
[INFO] [stdout]     |
[INFO] [stdout] 123 -         (1 << (self.highest_usable_bit))
[INFO] [stdout] 123 +         1 << (self.highest_usable_bit)
[INFO] [stdout]     |
[INFO] [stdout] 
[INFO] [stdout] 
[INFO] [stdout] warning: use of deprecated macro `try`: use the `?` operator instead
[INFO] [stdout]   --> src/bin/create.rs:27:5
[INFO] [stdout]    |
[INFO] [stdout] 27 |     try!(
[INFO] [stdout]    |     ^^^
[INFO] [stdout]    |
[INFO] [stdout]    = note: `#[warn(deprecated)]` on by default
[INFO] [stdout] 
[INFO] [stdout] 
[INFO] [stdout] warning: use of deprecated macro `try`: use the `?` operator instead
[INFO] [stdout]   --> src/bin/create.rs:16:9
[INFO] [stdout]    |
[INFO] [stdout] 16 |         try!(Err("Usage: create <name> <num attrs> <num pages> <choice vec>"));
[INFO] [stdout]    |         ^^^
[INFO] [stdout] 
[INFO] [stdout] 
[INFO] [stdout] warning: use of deprecated macro `try`: use the `?` operator instead
[INFO] [stdout]   --> src/bin/create.rs:20:21
[INFO] [stdout]    |
[INFO] [stdout] 20 |     let num_attrs = try!(args[2].parse()
[INFO] [stdout]    |                     ^^^
[INFO] [stdout] 
[INFO] [stdout] 
[INFO] [stdout] warning: use of deprecated macro `try`: use the `?` operator instead
[INFO] [stdout]   --> src/bin/create.rs:22:25
[INFO] [stdout]    |
[INFO] [stdout] 22 |     let est_num_pages = try!(args[3].parse()
[INFO] [stdout]    |                         ^^^
[INFO] [stdout] 
[INFO] [stdout] 
[INFO] [stdout] warning: use of deprecated macro `try`: use the `?` operator instead
[INFO] [stdout]   --> src/bin/create.rs:24:22
[INFO] [stdout]    |
[INFO] [stdout] 24 |     let choice_vec = try!(ChoiceVec::parse(&args[4], num_attrs)
[INFO] [stdout]    |                      ^^^
[INFO] [stdout] 
[INFO] [stdout] 
[INFO] [stdout] warning: use of deprecated struct `std::hash::SipHasher`: use `std::collections::hash_map::DefaultHasher` instead
[INFO] [stdout]  --> src/util.rs:6:23
[INFO] [stdout]   |
[INFO] [stdout] 6 | use std::hash::{Hash, SipHasher, Hasher};
[INFO] [stdout]   |                       ^^^^^^^^^
[INFO] [stdout] 
[INFO] [stdout] 
[INFO] [stdout] warning: use of deprecated struct `std::hash::SipHasher`: use `std::collections::hash_map::DefaultHasher` instead
[INFO] [stdout]   --> src/util.rs:45:17
[INFO] [stdout]    |
[INFO] [stdout] 45 |     let mut s = SipHasher::new();
[INFO] [stdout]    |                 ^^^^^^^^^
[INFO] [stdout] 
[INFO] [stdout] 
[INFO] [stdout] warning: trait objects without an explicit `dyn` are deprecated
[INFO] [stdout]   --> src/util.rs:13:25
[INFO] [stdout]    |
[INFO] [stdout] 13 | pub type BoxError = Box<Error + Send + Sync>;
[INFO] [stdout]    |                         ^^^^^^^^^^^^^^^^^^^
[INFO] [stdout]    |
[INFO] [stdout]    = warning: this is accepted in the current edition (Rust 2015) but is a hard error in Rust 2021!
[INFO] [stdout]    = note: for more information, see <https://doc.rust-lang.org/nightly/edition-guide/rust-2021/warnings-promoted-to-error.html>
[INFO] [stdout]    = note: `#[warn(bare_trait_objects)]` on by default
[INFO] [stdout] help: use `dyn`
[INFO] [stdout]    |
[INFO] [stdout] 13 | pub type BoxError = Box<dyn Error + Send + Sync>;
[INFO] [stdout]    |                         +++
[INFO] [stdout] 
[INFO] [stdout] 
[INFO] [stdout] warning: use of deprecated method `std::error::Error::description`: use the Display impl or to_string()
[INFO] [stdout]   --> src/relation.rs:60:47
[INFO] [stdout]    |
[INFO] [stdout] 60 |                 error!("Reason: {}, {}", e, e.description());
[INFO] [stdout]    |                                               ^^^^^^^^^^^
[INFO] [stdout] 
[INFO] [stdout] 
[INFO] [stdout] warning: use of deprecated associated function `std::hash::SipHasher::new`: use `std::collections::hash_map::DefaultHasher` instead
[INFO] [stdout]   --> src/util.rs:45:28
[INFO] [stdout]    |
[INFO] [stdout] 45 |     let mut s = SipHasher::new();
[INFO] [stdout]    |                            ^^^
[INFO] [stdout] 
[INFO] [stdout] 
[INFO] [stdout] warning: unused import: `Write`
[INFO] [stdout]  --> src/relation.rs:3:37
[INFO] [stdout]   |
[INFO] [stdout] 3 | use std::io::{self, Seek, SeekFrom, Write};
[INFO] [stdout]   |                                     ^^^^^
[INFO] [stdout]   |
[INFO] [stdout]   = note: `#[warn(unused_imports)]` on by default
[INFO] [stdout] 
[INFO] [stdout] 
[INFO] [stdout] warning: variable does not need to be mutable
[INFO] [stdout]    --> src/page.rs:148:17
[INFO] [stdout]     |
[INFO] [stdout] 148 |             let mut dest = &mut self.data[self.free as usize .. new_free as usize];
[INFO] [stdout]     |                 ----^^^^
[INFO] [stdout]     |                 |
[INFO] [stdout]     |                 help: remove this `mut`
[INFO] [stdout]     |
[INFO] [stdout]     = note: `#[warn(unused_mut)]` on by default
[INFO] [stdout] 
[INFO] [stdout] 
[INFO] [stdout] warning: 6 warnings emitted
[INFO] [stdout] 
[INFO] [stdout] 
[INFO] [stdout] warning: 2 warnings emitted
[INFO] [stdout] 
[INFO] [stdout] 
[INFO] [stdout] warning: 4 warnings emitted
[INFO] [stdout] 
[INFO] [stdout] 
[INFO] [stdout] warning: 5 warnings emitted
[INFO] [stdout] 
[INFO] [stdout] 
[INFO] [stdout] warning: 1 warning emitted
[INFO] [stdout] 
[INFO] [stdout] 
[INFO] [stdout] warning: 76 warnings emitted
[INFO] [stdout] 
[INFO] [stdout] 
[INFO] [stderr]     Finished test [unoptimized + debuginfo] target(s) in 2.01s
[INFO] running `Command { std: "docker" "inspect" "e9a939709e56d9c743e63680f182a3c812071c65a36d5597f70ef86464fae0a9", kill_on_drop: false }`
[INFO] running `Command { std: "docker" "rm" "-f" "e9a939709e56d9c743e63680f182a3c812071c65a36d5597f70ef86464fae0a9", kill_on_drop: false }`
[INFO] [stdout] e9a939709e56d9c743e63680f182a3c812071c65a36d5597f70ef86464fae0a9
[INFO] running `Command { std: "docker" "create" "-v" "/var/lib/crater-agent-workspace/builds/worker-7-tc2/target:/opt/rustwide/target:rw,Z" "-v" "/var/lib/crater-agent-workspace/builds/worker-7-tc2/source:/opt/rustwide/workdir:ro,Z" "-v" "/var/lib/crater-agent-workspace/cargo-home:/opt/rustwide/cargo-home:ro,Z" "-v" "/var/lib/crater-agent-workspace/rustup-home:/opt/rustwide/rustup-home:ro,Z" "-e" "SOURCE_DIR=/opt/rustwide/workdir" "-e" "CARGO_TARGET_DIR=/opt/rustwide/target" "-e" "CARGO_INCREMENTAL=0" "-e" "RUST_BACKTRACE=full" "-e" "RUSTFLAGS=--cap-lints=warn" "-e" "RUSTDOCFLAGS=--cap-lints=warn" "-e" "CARGO_HOME=/opt/rustwide/cargo-home" "-e" "RUSTUP_HOME=/opt/rustwide/rustup-home" "-w" "/opt/rustwide/workdir" "-m" "1610612736" "--user" "0:0" "--network" "none" "ghcr.io/rust-lang/crates-build-env/linux@sha256:5ff2268d62e97bff2cde7d5815dd6ed5b47097566f13b8d0ca110b04b60e07ed" "/opt/rustwide/cargo-home/bin/cargo" "+beta-2023-04-20" "test" "--frozen", kill_on_drop: false }`
[INFO] [stdout] 6ca6f9fd301df091be5eeabbfd53fd74b77f2f9fd2b8022c1a4000148a889c12
[INFO] running `Command { std: "docker" "start" "-a" "6ca6f9fd301df091be5eeabbfd53fd74b77f2f9fd2b8022c1a4000148a889c12", kill_on_drop: false }`
[INFO] [stderr] warning: use of deprecated macro `try`: use the `?` operator instead
[INFO] [stderr]   --> src/relation.rs:72:13
[INFO] [stderr]    |
[INFO] [stderr] 72 |             try!(Err(format!("relation already exists: {}", name)))
[INFO] [stderr]    |             ^^^
[INFO] [stderr]    |
[INFO] [stderr]    = note: `#[warn(deprecated)]` on by default
[INFO] [stderr] 
[INFO] [stderr] warning: use of deprecated macro `try`: use the `?` operator instead
[INFO] [stderr]   --> src/relation.rs:76:13
[INFO] [stderr]    |
[INFO] [stderr] 76 |             try!(Err("number of attributes can't be zero"));
[INFO] [stderr]    |             ^^^
[INFO] [stderr] 
[INFO] [stderr] warning: use of deprecated macro `try`: use the `?` operator instead
[INFO] [stderr]   --> src/relation.rs:92:24
[INFO] [stderr]    |
[INFO] [stderr] 92 |             info_file: try!(File::create(info_file_name(name))),
[INFO] [stderr]    |                        ^^^
[INFO] [stderr] 
[INFO] [stderr] warning: use of deprecated macro `try`: use the `?` operator instead
[INFO] [stderr]   --> src/relation.rs:93:24
[INFO] [stderr]    |
[INFO] [stderr] 93 |             data_file: try!(File::create(data_file_name(name))),
[INFO] [stderr]    |                        ^^^
[INFO] [stderr] 
[INFO] [stderr] warning: use of deprecated macro `try`: use the `?` operator instead
[INFO] [stderr]   --> src/relation.rs:94:26
[INFO] [stderr]    |
[INFO] [stderr] 94 |             ovflow_file: try!(File::create(ovflow_file_name(name)))
[INFO] [stderr]    |                          ^^^
[INFO] [stderr] 
[INFO] [stderr] warning: use of deprecated macro `try`: use the `?` operator instead
[INFO] [stderr]    --> src/relation.rs:100:13
[INFO] [stderr]     |
[INFO] [stderr] 100 |             try!(page.close());
[INFO] [stderr]     |             ^^^
[INFO] [stderr] 
[INFO] [stderr] warning: use of deprecated macro `try`: use the `?` operator instead
[INFO] [stderr]   --> src/relation.rs:99:24
[INFO] [stderr]    |
[INFO] [stderr] 99 |             let page = try!(Page::new(&r.data_file));
[INFO] [stderr]    |                        ^^^
[INFO] [stderr] 
[INFO] [stderr] warning: use of deprecated macro `try`: use the `?` operator instead
[INFO] [stderr]    --> src/relation.rs:111:25
[INFO] [stderr]     |
[INFO] [stderr] 111 |         let info_file = try!(open_opts.open(info_file_name(name)));
[INFO] [stderr]     |                         ^^^
[INFO] [stderr] 
[INFO] [stderr] warning: use of deprecated macro `try`: use the `?` operator instead
[INFO] [stderr]    --> src/relation.rs:112:25
[INFO] [stderr]     |
[INFO] [stderr] 112 |         let num_attrs = try!(read_u32(&info_file));
[INFO] [stderr]     |                         ^^^
[INFO] [stderr] 
[INFO] [stderr] warning: use of deprecated macro `try`: use the `?` operator instead
[INFO] [stderr]    --> src/relation.rs:113:21
[INFO] [stderr]     |
[INFO] [stderr] 113 |         let depth = try!(read_u8(&info_file));
[INFO] [stderr]     |                     ^^^
[INFO] [stderr] 
[INFO] [stderr] warning: use of deprecated macro `try`: use the `?` operator instead
[INFO] [stderr]    --> src/relation.rs:114:29
[INFO] [stderr]     |
[INFO] [stderr] 114 |         let split_pointer = try!(read_u32(&info_file));
[INFO] [stderr]     |                             ^^^
[INFO] [stderr] 
[INFO] [stderr] warning: use of deprecated macro `try`: use the `?` operator instead
[INFO] [stderr]    --> src/relation.rs:115:25
[INFO] [stderr]     |
[INFO] [stderr] 115 |         let num_pages = try!(read_u64(&info_file));
[INFO] [stderr]     |                         ^^^
[INFO] [stderr] 
[INFO] [stderr] warning: use of deprecated macro `try`: use the `?` operator instead
[INFO] [stderr]    --> src/relation.rs:116:26
[INFO] [stderr]     |
[INFO] [stderr] 116 |         let num_tuples = try!(read_u64(&info_file));
[INFO] [stderr]     |                          ^^^
[INFO] [stderr] 
[INFO] [stderr] warning: use of deprecated macro `try`: use the `?` operator instead
[INFO] [stderr]    --> src/relation.rs:117:26
[INFO] [stderr]     |
[INFO] [stderr] 117 |         let choice_vec = try!(ChoiceVec::read(&info_file));
[INFO] [stderr]     |                          ^^^
[INFO] [stderr] 
[INFO] [stderr] warning: use of deprecated macro `try`: use the `?` operator instead
[INFO] [stderr]    --> src/relation.rs:129:24
[INFO] [stderr]     |
[INFO] [stderr] 129 |             data_file: try!(open_opts.open(data_file_name(name))),
[INFO] [stderr]     |                        ^^^
[INFO] [stderr] 
[INFO] [stderr] warning: use of deprecated macro `try`: use the `?` operator instead
[INFO] [stderr]    --> src/relation.rs:130:26
[INFO] [stderr]     |
[INFO] [stderr] 130 |             ovflow_file: try!(open_opts.open(ovflow_file_name(name)))
[INFO] [stderr]     |                          ^^^
[INFO] [stderr] 
[INFO] [stderr] warning: use of deprecated macro `try`: use the `?` operator instead
[INFO] [stderr]    --> src/relation.rs:162:13
[INFO] [stderr]     |
[INFO] [stderr] 162 |             try!(self.grow());
[INFO] [stderr]     |             ^^^
[INFO] [stderr] 
[INFO] [stderr] warning: use of deprecated macro `try`: use the `?` operator instead
[INFO] [stderr]    --> src/relation.rs:176:24
[INFO] [stderr]     |
[INFO] [stderr] 176 |         let mut page = try!(Page::read(&self.data_file, page_id));
[INFO] [stderr]     |                        ^^^
[INFO] [stderr] 
[INFO] [stderr] warning: use of deprecated macro `try`: use the `?` operator instead
[INFO] [stderr]    --> src/relation.rs:182:13
[INFO] [stderr]     |
[INFO] [stderr] 182 |             try!(page.write());
[INFO] [stderr]     |             ^^^
[INFO] [stderr] 
[INFO] [stderr] warning: use of deprecated macro `try`: use the `?` operator instead
[INFO] [stderr]    --> src/relation.rs:186:13
[INFO] [stderr]     |
[INFO] [stderr] 186 |             try!(page.add_to_overflow(&self.ovflow_file, &serialised_tuple));
[INFO] [stderr]     |             ^^^
[INFO] [stderr] 
[INFO] [stderr] warning: use of deprecated macro `try`: use the `?` operator instead
[INFO] [stderr]    --> src/relation.rs:236:9
[INFO] [stderr]     |
[INFO] [stderr] 236 |         try!(storage_page.write());
[INFO] [stderr]     |         ^^^
[INFO] [stderr] 
[INFO] [stderr] warning: use of deprecated macro `try`: use the `?` operator instead
[INFO] [stderr]    --> src/relation.rs:221:13
[INFO] [stderr]     |
[INFO] [stderr] 221 |             try!(Relation::load_next_page(next_page_id, ovflow_file, tuple_cache, tuples_seen, spare_pages));
[INFO] [stderr]     |             ^^^
[INFO] [stderr] 
[INFO] [stderr] warning: use of deprecated macro `try`: use the `?` operator instead
[INFO] [stderr]    --> src/relation.rs:228:35
[INFO] [stderr]     |
[INFO] [stderr] 228 |             let new_ovflow_page = try!(get_next_page_id(ovflow_file));
[INFO] [stderr]     |                                   ^^^
[INFO] [stderr] 
[INFO] [stderr] warning: use of deprecated macro `try`: use the `?` operator instead
[INFO] [stderr]    --> src/relation.rs:245:13
[INFO] [stderr]     |
[INFO] [stderr] 245 |             try!(storage_page.write());
[INFO] [stderr]     |             ^^^
[INFO] [stderr] 
[INFO] [stderr] warning: use of deprecated macro `try`: use the `?` operator instead
[INFO] [stderr]    --> src/relation.rs:265:25
[INFO] [stderr]     |
[INFO] [stderr] 265 |         let next_page = try!(Page::read(ovflow_file, *next_page_id));
[INFO] [stderr]     |                         ^^^
[INFO] [stderr] 
[INFO] [stderr] warning: use of deprecated macro `try`: use the `?` operator instead
[INFO] [stderr]    --> src/relation.rs:346:9
[INFO] [stderr]     |
[INFO] [stderr] 346 |         try!(low_page.close());
[INFO] [stderr]     |         ^^^
[INFO] [stderr] 
[INFO] [stderr] warning: use of deprecated macro `try`: use the `?` operator instead
[INFO] [stderr]    --> src/relation.rs:347:9
[INFO] [stderr]     |
[INFO] [stderr] 347 |         try!(high_page.close());
[INFO] [stderr]     |         ^^^
[INFO] [stderr] 
[INFO] [stderr] warning: use of deprecated macro `try`: use the `?` operator instead
[INFO] [stderr]    --> src/relation.rs:285:29
[INFO] [stderr]     |
[INFO] [stderr] 285 |         let mut high_page = try!(Page::new(&self.data_file));
[INFO] [stderr]     |                             ^^^
[INFO] [stderr] 
[INFO] [stderr] warning: use of deprecated macro `try`: use the `?` operator instead
[INFO] [stderr]    --> src/relation.rs:290:28
[INFO] [stderr]     |
[INFO] [stderr] 290 |         let old_low_page = try!(Page::read(&self.data_file, sp));
[INFO] [stderr]     |                            ^^^
[INFO] [stderr] 
[INFO] [stderr] warning: use of deprecated macro `try`: use the `?` operator instead
[INFO] [stderr]    --> src/relation.rs:327:17
[INFO] [stderr]     |
[INFO] [stderr] 327 |                 try!(Relation::store_tuple_grow(
[INFO] [stderr]     |                 ^^^
[INFO] [stderr] 
[INFO] [stderr] warning: use of deprecated macro `try`: use the `?` operator instead
[INFO] [stderr]    --> src/relation.rs:339:17
[INFO] [stderr]     |
[INFO] [stderr] 339 |                 try!(Relation::load_next_page(
[INFO] [stderr]     |                 ^^^
[INFO] [stderr] 
[INFO] [stderr] warning: use of deprecated macro `try`: use the `?` operator instead
[INFO] [stderr]    --> src/relation.rs:357:13
[INFO] [stderr]     |
[INFO] [stderr] 357 |             try!(leftover_page.write());
[INFO] [stderr]     |             ^^^
[INFO] [stderr] 
[INFO] [stderr] warning: use of deprecated macro `try`: use the `?` operator instead
[INFO] [stderr]    --> src/relation.rs:373:9
[INFO] [stderr]     |
[INFO] [stderr] 373 |         try!(f.seek(SeekFrom::Start(0)));
[INFO] [stderr]     |         ^^^
[INFO] [stderr] 
[INFO] [stderr] warning: use of deprecated macro `try`: use the `?` operator instead
[INFO] [stderr]    --> src/relation.rs:374:9
[INFO] [stderr]     |
[INFO] [stderr] 374 |         try!(write_u32(f, self.num_attrs));
[INFO] [stderr]     |         ^^^
[INFO] [stderr] 
[INFO] [stderr] warning: use of deprecated macro `try`: use the `?` operator instead
[INFO] [stderr]    --> src/relation.rs:375:9
[INFO] [stderr]     |
[INFO] [stderr] 375 |         try!(write_u8(f, self.depth));
[INFO] [stderr]     |         ^^^
[INFO] [stderr] 
[INFO] [stderr] warning: use of deprecated macro `try`: use the `?` operator instead
[INFO] [stderr]    --> src/relation.rs:376:9
[INFO] [stderr]     |
[INFO] [stderr] 376 |         try!(write_u32(f, self.split_pointer));
[INFO] [stderr]     |         ^^^
[INFO] [stderr] 
[INFO] [stderr] warning: use of deprecated macro `try`: use the `?` operator instead
[INFO] [stderr]    --> src/relation.rs:377:9
[INFO] [stderr]     |
[INFO] [stderr] 377 |         try!(write_u64(f, self.num_pages));
[INFO] [stderr]     |         ^^^
[INFO] [stderr] 
[INFO] [stderr] warning: use of deprecated macro `try`: use the `?` operator instead
[INFO] [stderr]    --> src/relation.rs:378:9
[INFO] [stderr]     |
[INFO] [stderr] 378 |         try!(write_u64(f, self.num_tuples));
[INFO] [stderr]     |         ^^^
[INFO] [stderr] 
[INFO] [stderr] warning: use of deprecated macro `try`: use the `?` operator instead
[INFO] [stderr]    --> src/relation.rs:379:9
[INFO] [stderr]     |
[INFO] [stderr] 379 |         try!(self.choice_vec.write(f));
[INFO] [stderr]     |         ^^^
[INFO] [stderr] 
[INFO] [stderr] warning: use of deprecated macro `try`: use the `?` operator instead
[INFO] [stderr]    --> src/relation.rs:400:9
[INFO] [stderr]     |
[INFO] [stderr] 400 |         try!(fs::remove_file(info_file_name(&self.name)));
[INFO] [stderr]     |         ^^^
[INFO] [stderr] 
[INFO] [stderr] warning: use of deprecated macro `try`: use the `?` operator instead
[INFO] [stderr]    --> src/relation.rs:401:9
[INFO] [stderr]     |
[INFO] [stderr] 401 |         try!(fs::remove_file(data_file_name(&self.name)));
[INFO] [stderr]     |         ^^^
[INFO] [stderr] 
[INFO] [stderr] warning: use of deprecated macro `try`: use the `?` operator instead
[INFO] [stderr]    --> src/relation.rs:402:9
[INFO] [stderr]     |
[INFO] [stderr] 402 |         try!(fs::remove_file(ovflow_file_name(&self.name)));
[INFO] [stderr]     |         ^^^
[INFO] [stderr] 
[INFO] [stderr] warning: use of deprecated macro `try`: use the `?` operator instead
[INFO] [stderr]   --> src/page.rs:33:18
[INFO] [stderr]    |
[INFO] [stderr] 33 |         let id = try!(get_next_page_id(file));
[INFO] [stderr]    |                  ^^^
[INFO] [stderr] 
[INFO] [stderr] warning: use of deprecated macro `try`: use the `?` operator instead
[INFO] [stderr]   --> src/page.rs:67:9
[INFO] [stderr]    |
[INFO] [stderr] 67 |         try!(seek_to_start(f, page_id));
[INFO] [stderr]    |         ^^^
[INFO] [stderr] 
[INFO] [stderr] warning: use of deprecated macro `try`: use the `?` operator instead
[INFO] [stderr]   --> src/page.rs:71:9
[INFO] [stderr]    |
[INFO] [stderr] 71 |         try!(f.read_exact(&mut buffer[..]));
[INFO] [stderr]    |         ^^^
[INFO] [stderr] 
[INFO] [stderr] warning: use of deprecated macro `try`: use the `?` operator instead
[INFO] [stderr]   --> src/page.rs:76:20
[INFO] [stderr]    |
[INFO] [stderr] 76 |         let free = try!(read_u32(&mut cursor));
[INFO] [stderr]    |                    ^^^
[INFO] [stderr] 
[INFO] [stderr] warning: use of deprecated macro `try`: use the `?` operator instead
[INFO] [stderr]   --> src/page.rs:77:22
[INFO] [stderr]    |
[INFO] [stderr] 77 |         let ovflow = try!(read_u32(&mut cursor));
[INFO] [stderr]    |                      ^^^
[INFO] [stderr] 
[INFO] [stderr] warning: use of deprecated macro `try`: use the `?` operator instead
[INFO] [stderr]   --> src/page.rs:78:26
[INFO] [stderr]    |
[INFO] [stderr] 78 |         let num_tuples = try!(read_u32(&mut cursor));
[INFO] [stderr]    |                          ^^^
[INFO] [stderr] 
[INFO] [stderr] warning: use of deprecated macro `try`: use the `?` operator instead
[INFO] [stderr]   --> src/page.rs:91:26
[INFO] [stderr]    |
[INFO] [stderr] 91 |         let bytes_read = try!(cursor.read(page.data.as_mut()));
[INFO] [stderr]    |                          ^^^
[INFO] [stderr] 
[INFO] [stderr] warning: use of deprecated macro `try`: use the `?` operator instead
[INFO] [stderr]   --> src/page.rs:98:9
[INFO] [stderr]    |
[INFO] [stderr] 98 |         try!(seek_to_start(&self.file, self.id));
[INFO] [stderr]    |         ^^^
[INFO] [stderr] 
[INFO] [stderr] warning: use of deprecated macro `try`: use the `?` operator instead
[INFO] [stderr]    --> src/page.rs:101:9
[INFO] [stderr]     |
[INFO] [stderr] 101 |         try!(write_u32(&mut buf, self.free));
[INFO] [stderr]     |         ^^^
[INFO] [stderr] 
[INFO] [stderr] warning: use of deprecated macro `try`: use the `?` operator instead
[INFO] [stderr]    --> src/page.rs:102:9
[INFO] [stderr]     |
[INFO] [stderr] 102 |         try!(write_u32(&mut buf, self.ovflow));
[INFO] [stderr]     |         ^^^
[INFO] [stderr] 
[INFO] [stderr] warning: use of deprecated macro `try`: use the `?` operator instead
[INFO] [stderr]    --> src/page.rs:103:9
[INFO] [stderr]     |
[INFO] [stderr] 103 |         try!(write_u32(&mut buf, self.num_tuples));
[INFO] [stderr]     |         ^^^
[INFO] [stderr] 
[INFO] [stderr] warning: use of deprecated macro `try`: use the `?` operator instead
[INFO] [stderr]    --> src/page.rs:104:9
[INFO] [stderr]     |
[INFO] [stderr] 104 |         try!(buf.write_all(self.data.as_ref()));
[INFO] [stderr]     |         ^^^
[INFO] [stderr] 
[INFO] [stderr] warning: use of deprecated macro `try`: use the `?` operator instead
[INFO] [stderr]    --> src/page.rs:105:9
[INFO] [stderr]     |
[INFO] [stderr] 105 |         try!(self.file.write_all(buf.as_ref()));
[INFO] [stderr]     |         ^^^
[INFO] [stderr] 
[INFO] [stderr] warning: use of deprecated macro `try`: use the `?` operator instead
[INFO] [stderr]    --> src/page.rs:106:9
[INFO] [stderr]     |
[INFO] [stderr] 106 |         try!(self.file.flush());
[INFO] [stderr]     |         ^^^
[INFO] [stderr] 
[INFO] [stderr] warning: use of deprecated macro `try`: use the `?` operator instead
[INFO] [stderr]    --> src/page.rs:166:13
[INFO] [stderr]     |
[INFO] [stderr] 166 |             try!(self.write());
[INFO] [stderr]     |             ^^^
[INFO] [stderr] 
[INFO] [stderr] warning: use of deprecated macro `try`: use the `?` operator instead
[INFO] [stderr]    --> src/page.rs:176:13
[INFO] [stderr]     |
[INFO] [stderr] 176 |             try!(self.write());
[INFO] [stderr]     |             ^^^
[INFO] [stderr] 
[INFO] [stderr] warning: use of deprecated macro `try`: use the `?` operator instead
[INFO] [stderr]    --> src/page.rs:177:13
[INFO] [stderr]     |
[INFO] [stderr] 177 |             try!(ovflow_page.write());
[INFO] [stderr]     |             ^^^
[INFO] [stderr] 
[INFO] [stderr] warning: use of deprecated macro `try`: use the `?` operator instead
[INFO] [stderr]    --> src/page.rs:173:35
[INFO] [stderr]     |
[INFO] [stderr] 173 |             let mut ovflow_page = try!(Page::new(ovflow_file));
[INFO] [stderr]     |                                   ^^^
[INFO] [stderr] 
[INFO] [stderr] warning: use of deprecated macro `try`: use the `?` operator instead
[INFO] [stderr]    --> src/page.rs:182:31
[INFO] [stderr]     |
[INFO] [stderr] 182 |         let mut ovflow_page = try!(Page::read(ovflow_file, self.ovflow));
[INFO] [stderr]     |                               ^^^
[INFO] [stderr] 
[INFO] [stderr] warning: use of deprecated macro `try`: use the `?` operator instead
[INFO] [stderr]    --> src/page.rs:230:23
[INFO] [stderr]     |
[INFO] [stderr] 230 |     let file_length = try!(file.metadata().map(|m| m.len()));
[INFO] [stderr]     |                       ^^^
[INFO] [stderr] 
[INFO] [stderr] warning: use of deprecated macro `try`: use the `?` operator instead
[INFO] [stderr]   --> src/choice_vec.rs:67:26
[INFO] [stderr]    |
[INFO] [stderr] 67 |             let l: u32 = try!(split[0].parse().or_else(|_| Err(ParseError::NumberUnparsable)));
[INFO] [stderr]    |                          ^^^
[INFO] [stderr] 
[INFO] [stderr] warning: use of deprecated macro `try`: use the `?` operator instead
[INFO] [stderr]   --> src/choice_vec.rs:68:25
[INFO] [stderr]    |
[INFO] [stderr] 68 |             let r: u8 = try!(split[1].parse().or_else(|_| Err(ParseError::NumberUnparsable)));
[INFO] [stderr]    |                         ^^^
[INFO] [stderr] 
[INFO] [stderr] warning: use of deprecated macro `try`: use the `?` operator instead
[INFO] [stderr]   --> src/choice_vec.rs:79:13
[INFO] [stderr]    |
[INFO] [stderr] 79 |             try!(write_u32(f, attr));
[INFO] [stderr]    |             ^^^
[INFO] [stderr] 
[INFO] [stderr] warning: use of deprecated macro `try`: use the `?` operator instead
[INFO] [stderr]   --> src/choice_vec.rs:80:13
[INFO] [stderr]    |
[INFO] [stderr] 80 |             try!(f.write_u8(val));
[INFO] [stderr]    |             ^^^
[INFO] [stderr] 
[INFO] [stderr] warning: use of deprecated macro `try`: use the `?` operator instead
[INFO] [stderr]   --> src/choice_vec.rs:88:24
[INFO] [stderr]    |
[INFO] [stderr] 88 |             let attr = try!(read_u32(f));
[INFO] [stderr]    |                        ^^^
[INFO] [stderr] 
[INFO] [stderr] warning: use of deprecated macro `try`: use the `?` operator instead
[INFO] [stderr]   --> src/choice_vec.rs:89:23
[INFO] [stderr]    |
[INFO] [stderr] 89 |             let val = try!(f.read_u8());
[INFO] [stderr]    |                       ^^^
[INFO] [stderr] 
[INFO] [stderr] warning: unnecessary parentheses around block return value
[INFO] [stderr]    --> src/partial_hash.rs:123:9
[INFO] [stderr]     |
[INFO] [stderr] 123 |         (1 << (self.highest_usable_bit))
[INFO] [stderr]     |         ^                              ^
[INFO] [stderr]     |
[INFO] [stderr]     = note: `#[warn(unused_parens)]` on by default
[INFO] [stderr] help: remove these parentheses
[INFO] [stderr]     |
[INFO] [stderr] 123 -         (1 << (self.highest_usable_bit))
[INFO] [stderr] 123 +         1 << (self.highest_usable_bit)
[INFO] [stderr]     |
[INFO] [stderr] 
[INFO] [stderr] warning: use of deprecated struct `std::hash::SipHasher`: use `std::collections::hash_map::DefaultHasher` instead
[INFO] [stderr]  --> src/util.rs:6:23
[INFO] [stderr]   |
[INFO] [stderr] 6 | use std::hash::{Hash, SipHasher, Hasher};
[INFO] [stderr]   |                       ^^^^^^^^^
[INFO] [stderr] 
[INFO] [stderr] warning: use of deprecated struct `std::hash::SipHasher`: use `std::collections::hash_map::DefaultHasher` instead
[INFO] [stderr]   --> src/util.rs:45:17
[INFO] [stderr]    |
[INFO] [stderr] 45 |     let mut s = SipHasher::new();
[INFO] [stderr]    |                 ^^^^^^^^^
[INFO] [stderr] 
[INFO] [stderr] warning: trait objects without an explicit `dyn` are deprecated
[INFO] [stderr]   --> src/util.rs:13:25
[INFO] [stderr]    |
[INFO] [stderr] 13 | pub type BoxError = Box<Error + Send + Sync>;
[INFO] [stderr]    |                         ^^^^^^^^^^^^^^^^^^^
[INFO] [stderr]    |
[INFO] [stderr]    = warning: this is accepted in the current edition (Rust 2015) but is a hard error in Rust 2021!
[INFO] [stderr]    = note: for more information, see <https://doc.rust-lang.org/nightly/edition-guide/rust-2021/warnings-promoted-to-error.html>
[INFO] [stderr]    = note: `#[warn(bare_trait_objects)]` on by default
[INFO] [stderr] help: use `dyn`
[INFO] [stderr]    |
[INFO] [stderr] 13 | pub type BoxError = Box<dyn Error + Send + Sync>;
[INFO] [stderr]    |                         +++
[INFO] [stderr] 
[INFO] [stderr] warning: use of deprecated method `std::error::Error::description`: use the Display impl or to_string()
[INFO] [stderr]   --> src/relation.rs:60:47
[INFO] [stderr]    |
[INFO] [stderr] 60 |                 error!("Reason: {}, {}", e, e.description());
[INFO] [stderr]    |                                               ^^^^^^^^^^^
[INFO] [stderr] 
[INFO] [stderr] warning: use of deprecated associated function `std::hash::SipHasher::new`: use `std::collections::hash_map::DefaultHasher` instead
[INFO] [stderr]   --> src/util.rs:45:28
[INFO] [stderr]    |
[INFO] [stderr] 45 |     let mut s = SipHasher::new();
[INFO] [stderr]    |                            ^^^
[INFO] [stderr] 
[INFO] [stderr] warning: unused import: `Write`
[INFO] [stderr]  --> src/relation.rs:3:37
[INFO] [stderr]   |
[INFO] [stderr] 3 | use std::io::{self, Seek, SeekFrom, Write};
[INFO] [stderr]   |                                     ^^^^^
[INFO] [stderr]   |
[INFO] [stderr]   = note: `#[warn(unused_imports)]` on by default
[INFO] [stderr] 
[INFO] [stderr] warning: variable does not need to be mutable
[INFO] [stderr]    --> src/page.rs:148:17
[INFO] [stderr]     |
[INFO] [stderr] 148 |             let mut dest = &mut self.data[self.free as usize .. new_free as usize];
[INFO] [stderr]     |                 ----^^^^
[INFO] [stderr]     |                 |
[INFO] [stderr]     |                 help: remove this `mut`
[INFO] [stderr]     |
[INFO] [stderr]     = note: `#[warn(unused_mut)]` on by default
[INFO] [stderr] 
[INFO] [stderr] warning: `malh` (lib) generated 76 warnings (run `cargo fix --lib -p malh` to apply 3 suggestions)
[INFO] [stderr] warning: use of deprecated macro `try`: use the `?` operator instead
[INFO] [stderr]   --> src/bin/insert.rs:18:9
[INFO] [stderr]    |
[INFO] [stderr] 18 |         try!(Err("Usage: insert <relation> [data file]"));
[INFO] [stderr]    |         ^^^
[INFO] [stderr]    |
[INFO] [stderr]    = note: `#[warn(deprecated)]` on by default
[INFO] [stderr] 
[INFO] [stderr] warning: use of deprecated macro `try`: use the `?` operator instead
[INFO] [stderr]   --> src/bin/insert.rs:22:24
[INFO] [stderr]    |
[INFO] [stderr] 22 |     let mut relation = try!(Relation::open(&relation_name, Writing)
[INFO] [stderr]    |                        ^^^
[INFO] [stderr] 
[INFO] [stderr] warning: use of deprecated macro `try`: use the `?` operator instead
[INFO] [stderr]   --> src/bin/insert.rs:29:17
[INFO] [stderr]    |
[INFO] [stderr] 29 |         let f = try!(File::open(&args[2]));
[INFO] [stderr]    |                 ^^^
[INFO] [stderr] 
[INFO] [stderr] warning: use of deprecated macro `try`: use the `?` operator instead
[INFO] [stderr]   --> src/bin/insert.rs:41:9
[INFO] [stderr]    |
[INFO] [stderr] 41 |         try!(relation.insert(tuple).map_err(|e| {
[INFO] [stderr]    |         ^^^
[INFO] [stderr] 
[INFO] [stderr] warning: use of deprecated macro `try`: use the `?` operator instead
[INFO] [stderr]   --> src/bin/insert.rs:38:21
[INFO] [stderr]    |
[INFO] [stderr] 38 |         let tuple = try!(Tuple::parse(&line, relation.num_attrs)
[INFO] [stderr]    |                     ^^^
[INFO] [stderr] 
[INFO] [stderr] warning: trait objects without an explicit `dyn` are deprecated
[INFO] [stderr]   --> src/bin/insert.rs:28:20
[INFO] [stderr]    |
[INFO] [stderr] 28 |     let input: Box<BufRead> = if args.len() == 3 {
[INFO] [stderr]    |                    ^^^^^^^
[INFO] [stderr]    |
[INFO] [stderr]    = warning: this is accepted in the current edition (Rust 2015) but is a hard error in Rust 2021!
[INFO] [stderr]    = note: for more information, see <https://doc.rust-lang.org/nightly/edition-guide/rust-2021/warnings-promoted-to-error.html>
[INFO] [stderr]    = note: `#[warn(bare_trait_objects)]` on by default
[INFO] [stderr] help: use `dyn`
[INFO] [stderr]    |
[INFO] [stderr] 28 |     let input: Box<dyn BufRead> = if args.len() == 3 {
[INFO] [stderr]    |                    +++
[INFO] [stderr] 
[INFO] [stderr] warning: use of deprecated macro `try`: use the `?` operator instead
[INFO] [stderr]   --> src/bin/create.rs:27:5
[INFO] [stderr]    |
[INFO] [stderr] 27 |     try!(
[INFO] [stderr]    |     ^^^
[INFO] [stderr]    |
[INFO] [stderr]    = note: `#[warn(deprecated)]` on by default
[INFO] [stderr] 
[INFO] [stderr] warning: use of deprecated macro `try`: use the `?` operator instead
[INFO] [stderr]   --> src/bin/create.rs:16:9
[INFO] [stderr]    |
[INFO] [stderr] 16 |         try!(Err("Usage: create <name> <num attrs> <num pages> <choice vec>"));
[INFO] [stderr]    |         ^^^
[INFO] [stderr] 
[INFO] [stderr] warning: use of deprecated macro `try`: use the `?` operator instead
[INFO] [stderr]   --> src/bin/create.rs:20:21
[INFO] [stderr]    |
[INFO] [stderr] 20 |     let num_attrs = try!(args[2].parse()
[INFO] [stderr]    |                     ^^^
[INFO] [stderr] 
[INFO] [stderr] warning: use of deprecated macro `try`: use the `?` operator instead
[INFO] [stderr]   --> src/bin/create.rs:22:25
[INFO] [stderr]    |
[INFO] [stderr] 22 |     let est_num_pages = try!(args[3].parse()
[INFO] [stderr]    |                         ^^^
[INFO] [stderr] 
[INFO] [stderr] warning: use of deprecated macro `try`: use the `?` operator instead
[INFO] [stderr]   --> src/bin/create.rs:24:22
[INFO] [stderr]    |
[INFO] [stderr] 24 |     let choice_vec = try!(ChoiceVec::parse(&args[4], num_attrs)
[INFO] [stderr]    |                      ^^^
[INFO] [stderr] 
[INFO] [stderr] warning: use of deprecated macro `try`: use the `?` operator instead
[INFO] [stderr]   --> src/bin/select.rs:16:9
[INFO] [stderr]    |
[INFO] [stderr] 16 |         try!(Err("Usage: select <relation name> <query>"));
[INFO] [stderr]    |         ^^^
[INFO] [stderr]    |
[INFO] [stderr]    = note: `#[warn(deprecated)]` on by default
[INFO] [stderr] 
[INFO] [stderr] warning: use of deprecated macro `try`: use the `?` operator instead
[INFO] [stderr]   --> src/bin/select.rs:22:20
[INFO] [stderr]    |
[INFO] [stderr] 22 |     let relation = try!(Relation::open(relation_name, Reading));
[INFO] [stderr]    |                    ^^^
[INFO] [stderr] 
[INFO] [stderr] warning: use of deprecated macro `try`: use the `?` operator instead
[INFO] [stderr]   --> src/bin/select.rs:23:17
[INFO] [stderr]    |
[INFO] [stderr] 23 |     let query = try!(Query::parse(query_string, relation.num_attrs)
[INFO] [stderr]    |                 ^^^
[INFO] [stderr] 
[INFO] [stderr] warning: use of deprecated macro `try`: use the `?` operator instead
[INFO] [stderr]   --> src/bin/select.rs:27:21
[INFO] [stderr]    |
[INFO] [stderr] 27 |         let tuple = try!(item);
[INFO] [stderr]    |                     ^^^
[INFO] [stderr] 
[INFO] [stderr] warning: use of deprecated macro `try`: use the `?` operator instead
[INFO] [stderr]   --> src/bin/stats.rs:16:9
[INFO] [stderr]    |
[INFO] [stderr] 16 |         try!(Err("Usage: stats <relation name>"));
[INFO] [stderr]    |         ^^^
[INFO] [stderr]    |
[INFO] [stderr]    = note: `#[warn(deprecated)]` on by default
[INFO] [stderr] 
[INFO] [stderr] warning: use of deprecated macro `try`: use the `?` operator instead
[INFO] [stderr]   --> src/bin/stats.rs:19:13
[INFO] [stderr]    |
[INFO] [stderr] 19 |     let r = try!(Relation::open(relation_name, Reading)
[INFO] [stderr]    |             ^^^
[INFO] [stderr] 
[INFO] [stderr] warning: the item `repeat` is imported redundantly
[INFO] [stderr]   --> tests/lib.rs:99:9
[INFO] [stderr]    |
[INFO] [stderr] 6  | use std::iter::repeat;
[INFO] [stderr]    |     ----------------- the item `repeat` is already imported here
[INFO] [stderr] ...
[INFO] [stderr] 99 |     use std::iter::repeat;
[INFO] [stderr]    |         ^^^^^^^^^^^^^^^^^
[INFO] [stderr]    |
[INFO] [stderr]    = note: `#[warn(unused_imports)]` on by default
[INFO] [stderr] 
[INFO] [stderr] warning: `malh` (bin "insert") generated 6 warnings (run `cargo fix --bin "insert"` to apply 1 suggestion)
[INFO] [stderr] warning: `malh` (bin "create") generated 5 warnings
[INFO] [stderr] warning: `malh` (lib test) generated 76 warnings (76 duplicates)
[INFO] [stderr] warning: `malh` (bin "insert" test) generated 6 warnings (6 duplicates)
[INFO] [stderr] warning: `malh` (bin "select") generated 4 warnings
[INFO] [stderr] warning: `malh` (bin "stats") generated 2 warnings
[INFO] [stderr] warning: `malh` (bin "create" test) generated 5 warnings (5 duplicates)
[INFO] [stderr] warning: `malh` (test "lib") generated 1 warning
[INFO] [stderr] warning: `malh` (bin "select" test) generated 4 warnings (4 duplicates)
[INFO] [stderr] warning: `malh` (bin "stats" test) generated 2 warnings (2 duplicates)
[INFO] [stderr]     Finished test [unoptimized + debuginfo] target(s) in 0.03s
[INFO] [stderr]      Running unittests src/lib.rs (/opt/rustwide/target/debug/deps/malh-9c19c8b5254a4ec7)
[INFO] [stdout] 
[INFO] [stdout] running 30 tests
[INFO] [stdout] test choice_vec::tests::parse_attr_too_high ... ok
[INFO] [stdout] test partial_hash::tests::hash_with_unknown ... ok
[INFO] [stdout] test partial_hash::tests::iter_3_pages ... ok
[INFO] [stdout] test partial_hash::tests::iter_yields_correct_values_for_5_pages ... ok
[INFO] [stdout] test partial_hash::tests::hash_matching_zero ... ok
[INFO] [stdout] test choice_vec::tests::parse_three ... ok
[INFO] [stdout] test partial_hash::tests::iter_single_page ... ok
[INFO] [stdout] test partial_hash::tests::iter_sp_zero ... ok
[INFO] [stdout] test partial_hash::tests::iter_yields_correct_values_for_8_pages ... ok
[INFO] [stdout] test partial_hash::tests::hash_matching_non_zero ... ok
[INFO] [stdout] test choice_vec::tests::parse_too_long ... ok
[INFO] [stdout] test partial_hash::tests::query_hash_same_as_tuple_hash ... ok
[INFO] [stdout] test query::tests::matching ... ok
[INFO] [stdout] test query::tests::parse_correctly_identify_unknowns ... ok
[INFO] [stdout] test partial_hash::tests::hash_when_known_isnt_0 ... ok
[INFO] [stdout] test choice_vec::tests::parse_bit_too_high ... ok
[INFO] [stdout] test partial_hash::tests::iter_with_no_ambiguities ... ok
[INFO] [stdout] test query::tests::parse_with_correct_arg_number ... ok
[INFO] [stdout] test tuple::test::parse_question_marks ... ok
[INFO] [stdout] test tuple::test::parse ... ok
[INFO] [stdout] test query::tests::parse_with_wrong_arg_number ... ok
[INFO] [stdout] test tuple::test::serialise_parse_bytes ... ok
[INFO] [stdout] test partial_hash::tests::iter_yields_correct_values_for_8_pages_with_unknown_hub ... ok
[INFO] [stdout] test partial_hash::tests::hash_mask_correctness ... ok
[INFO] [stdout] test util::test::test_bit ... ok
[INFO] [stdout] test util::test::test_hsb ... ok
[INFO] [stdout] test util::test::round_pages ... ok
[INFO] [stdout] test choice_vec::tests::parse_1_n_2s ... ok
[INFO] [stdout] test util::test::test_lower_bits ... ok
[INFO] [stdout] test choice_vec::tests::pathological_generate ... ok
[INFO] [stdout] 
[INFO] [stdout] test result: ok. 30 passed; 0 failed; 0 ignored; 0 measured; 0 filtered out; finished in 0.09s
[INFO] [stdout] 
[INFO] [stderr]      Running unittests src/bin/create.rs (/opt/rustwide/target/debug/deps/create-cc6f3e30691a32a4)
[INFO] [stdout] 
[INFO] [stdout] running 0 tests
[INFO] [stdout] 
[INFO] [stdout] test result: ok. 0 passed; 0 failed; 0 ignored; 0 measured; 0 filtered out; finished in 0.00s
[INFO] [stdout] 
[INFO] [stderr]      Running unittests src/bin/insert.rs (/opt/rustwide/target/debug/deps/insert-5b1ca2dbcadff1e4)
[INFO] [stdout] 
[INFO] [stdout] running 0 tests
[INFO] [stdout] 
[INFO] [stdout] test result: ok. 0 passed; 0 failed; 0 ignored; 0 measured; 0 filtered out; finished in 0.00s
[INFO] [stdout] 
[INFO] [stderr]      Running unittests src/bin/select.rs (/opt/rustwide/target/debug/deps/select-f13881acd7d14a54)
[INFO] [stdout] 
[INFO] [stdout] running 0 tests
[INFO] [stdout] 
[INFO] [stdout] test result: ok. 0 passed; 0 failed; 0 ignored; 0 measured; 0 filtered out; finished in 0.00s
[INFO] [stdout] 
[INFO] [stderr]      Running unittests src/bin/stats.rs (/opt/rustwide/target/debug/deps/stats-554e5f0ed75f3788)
[INFO] [stdout] 
[INFO] [stdout] running 0 tests
[INFO] [stdout] 
[INFO] [stdout] test result: ok. 0 passed; 0 failed; 0 ignored; 0 measured; 0 filtered out; finished in 0.00s
[INFO] [stdout] 
[INFO] [stderr]      Running tests/lib.rs (/opt/rustwide/target/debug/deps/lib-b68bedb17b78a073)
[INFO] [stdout] 
[INFO] [stdout] running 6 tests
[INFO] [stdout] test all_queries_generation ... ok
[INFO] [stdout] test random_insert_select ... FAILED
[INFO] [stdout] test select_single ... FAILED
[INFO] [stdout] test select_empty ... FAILED
[INFO] [stdout] test insert_oversize_tuple ... FAILED
[INFO] [stdout] test insert_largest_tuple ... FAILED
[INFO] [stdout] 
[INFO] [stdout] failures:
[INFO] [stdout] 
[INFO] [stdout] ---- random_insert_select stdout ----
[INFO] [stdout] thread 'random_insert_select' panicked at 'called `Result::unwrap()` on an `Err` value: Os { code: 30, kind: ReadOnlyFilesystem, message: "Read-only file system" }', tests/lib.rs:24:71
[INFO] [stdout] stack backtrace:
[INFO] [stdout]    0:     0x56310dd79bda - std::backtrace_rs::backtrace::libunwind::trace::h2f05d0192276a8f6
[INFO] [stdout]                                at /rustc/1b7dd2252b99671ce5d1cb9664c5f8636329436d/library/std/src/../../backtrace/src/backtrace/libunwind.rs:93:5
[INFO] [stdout]    1:     0x56310dd79bda - std::backtrace_rs::backtrace::trace_unsynchronized::hedc23dff7a1af150
[INFO] [stdout]                                at /rustc/1b7dd2252b99671ce5d1cb9664c5f8636329436d/library/std/src/../../backtrace/src/backtrace/mod.rs:66:5
[INFO] [stdout]    2:     0x56310dd79bda - std::sys_common::backtrace::_print_fmt::h17541ef7592f3ce2
[INFO] [stdout]                                at /rustc/1b7dd2252b99671ce5d1cb9664c5f8636329436d/library/std/src/sys_common/backtrace.rs:65:5
[INFO] [stdout]    3:     0x56310dd79bda - <std::sys_common::backtrace::_print::DisplayBacktrace as core::fmt::Display>::fmt::h20f75df5ab0c0792
[INFO] [stdout]                                at /rustc/1b7dd2252b99671ce5d1cb9664c5f8636329436d/library/std/src/sys_common/backtrace.rs:44:22
[INFO] [stdout]    4:     0x56310dd9d91f - core::fmt::write::h78109e6f466b3af6
[INFO] [stdout]                                at /rustc/1b7dd2252b99671ce5d1cb9664c5f8636329436d/library/core/src/fmt/mod.rs:1254:17
[INFO] [stdout]    5:     0x56310dd76f25 - std::io::Write::write_fmt::hd24bfb68a1b35a25
[INFO] [stdout]                                at /rustc/1b7dd2252b99671ce5d1cb9664c5f8636329436d/library/std/src/io/mod.rs:1698:15
[INFO] [stdout]    6:     0x56310dd799a5 - std::sys_common::backtrace::_print::h8dac57a9f8fbf9a5
[INFO] [stdout]                                at /rustc/1b7dd2252b99671ce5d1cb9664c5f8636329436d/library/std/src/sys_common/backtrace.rs:47:5
[INFO] [stdout]    7:     0x56310dd799a5 - std::sys_common::backtrace::print::hf9ecbf41d1aa712f
[INFO] [stdout]                                at /rustc/1b7dd2252b99671ce5d1cb9664c5f8636329436d/library/std/src/sys_common/backtrace.rs:34:9
[INFO] [stdout]    8:     0x56310dd7b65e - std::panicking::default_hook::{{closure}}::h04c07acfc84ca028
[INFO] [stdout]                                at /rustc/1b7dd2252b99671ce5d1cb9664c5f8636329436d/library/std/src/panicking.rs:269:22
[INFO] [stdout]    9:     0x56310dd7b391 - std::panicking::default_hook::h01f6bb23e1eceb2c
[INFO] [stdout]                                at /rustc/1b7dd2252b99671ce5d1cb9664c5f8636329436d/library/std/src/panicking.rs:285:9
[INFO] [stdout]   10:     0x56310dd196eb - <alloc::boxed::Box<F,A> as core::ops::function::Fn<Args>>::call::h87fe9f7b2fd49e4c
[INFO] [stdout]                                at /rustc/1b7dd2252b99671ce5d1cb9664c5f8636329436d/library/alloc/src/boxed.rs:1987:9
[INFO] [stdout]   11:     0x56310dd196eb - test::test_main::{{closure}}::he94d679243a7531b
[INFO] [stdout]                                at /rustc/1b7dd2252b99671ce5d1cb9664c5f8636329436d/library/test/src/lib.rs:134:21
[INFO] [stdout]   12:     0x56310dd7bd44 - <alloc::boxed::Box<F,A> as core::ops::function::Fn<Args>>::call::h3f2d6d8b14c4769f
[INFO] [stdout]                                at /rustc/1b7dd2252b99671ce5d1cb9664c5f8636329436d/library/alloc/src/boxed.rs:1987:9
[INFO] [stdout]   13:     0x56310dd7bd44 - std::panicking::rust_panic_with_hook::h2bb3722bbaf2f6df
[INFO] [stdout]                                at /rustc/1b7dd2252b99671ce5d1cb9664c5f8636329436d/library/std/src/panicking.rs:695:13
[INFO] [stdout]   14:     0x56310dd7bab9 - std::panicking::begin_panic_handler::{{closure}}::h91bc7f36a4be011b
[INFO] [stdout]                                at /rustc/1b7dd2252b99671ce5d1cb9664c5f8636329436d/library/std/src/panicking.rs:582:13
[INFO] [stdout]   15:     0x56310dd7a046 - std::sys_common::backtrace::__rust_end_short_backtrace::h8b3d3717114f9e59
[INFO] [stdout]                                at /rustc/1b7dd2252b99671ce5d1cb9664c5f8636329436d/library/std/src/sys_common/backtrace.rs:150:18
[INFO] [stdout]   16:     0x56310dd7b812 - rust_begin_unwind
[INFO] [stdout]                                at /rustc/1b7dd2252b99671ce5d1cb9664c5f8636329436d/library/std/src/panicking.rs:578:5
[INFO] [stdout]   17:     0x56310dcd8c43 - core::panicking::panic_fmt::hfd368e3fbdabea26
[INFO] [stdout]                                at /rustc/1b7dd2252b99671ce5d1cb9664c5f8636329436d/library/core/src/panicking.rs:67:14
[INFO] [stdout]   18:     0x56310dcd9183 - core::result::unwrap_failed::he54eb4b2f125b26f
[INFO] [stdout]                                at /rustc/1b7dd2252b99671ce5d1cb9664c5f8636329436d/library/core/src/result.rs:1687:5
[INFO] [stdout]   19:     0x56310dcdeb8c - core::result::Result<T,E>::unwrap::h5435296580199433
[INFO] [stdout]                                at /rustc/1b7dd2252b99671ce5d1cb9664c5f8636329436d/library/core/src/result.rs:1089:23
[INFO] [stdout]   20:     0x56310dce151a - lib::TestRelation::new::h76ac80c870307146
[INFO] [stdout]                                at /opt/rustwide/workdir/tests/lib.rs:24:9
[INFO] [stdout]   21:     0x56310dce2762 - lib::insert_select::h17e9ab0a8b79b334
[INFO] [stdout]                                at /opt/rustwide/workdir/tests/lib.rs:152:17
[INFO] [stdout]   22:     0x56310dce38b0 - lib::random_insert_select::heb77a4180218a333
[INFO] [stdout]                                at /opt/rustwide/workdir/tests/lib.rs:177:5
[INFO] [stdout]   23:     0x56310dce3887 - lib::random_insert_select::{{closure}}::hf790a6560888490b
[INFO] [stdout]                                at /opt/rustwide/workdir/tests/lib.rs:176:27
[INFO] [stdout]   24:     0x56310dce5415 - core::ops::function::FnOnce::call_once::h60243bf234e87a79
[INFO] [stdout]                                at /rustc/1b7dd2252b99671ce5d1cb9664c5f8636329436d/library/core/src/ops/function.rs:250:5
[INFO] [stdout]   25:     0x56310dd1e5bf - core::ops::function::FnOnce::call_once::ha6a70e79f7481a7e
[INFO] [stdout]                                at /rustc/1b7dd2252b99671ce5d1cb9664c5f8636329436d/library/core/src/ops/function.rs:250:5
[INFO] [stdout]   26:     0x56310dd1e5bf - test::__rust_begin_short_backtrace::hce33033019b61e69
[INFO] [stdout]                                at /rustc/1b7dd2252b99671ce5d1cb9664c5f8636329436d/library/test/src/lib.rs:655:18
[INFO] [stdout]   27:     0x56310dcebdac - test::run_test::{{closure}}::h858d3528838ae3e5
[INFO] [stdout]                                at /rustc/1b7dd2252b99671ce5d1cb9664c5f8636329436d/library/test/src/lib.rs:646:30
[INFO] [stdout]   28:     0x56310dcebdac - core::ops::function::FnOnce::call_once{{vtable.shim}}::he8ac2b00f01ae79e
[INFO] [stdout]                                at /rustc/1b7dd2252b99671ce5d1cb9664c5f8636329436d/library/core/src/ops/function.rs:250:5
[INFO] [stdout]   29:     0x56310dd1d696 - <alloc::boxed::Box<F,A> as core::ops::function::FnOnce<Args>>::call_once::h8093d25b522725ef
[INFO] [stdout]                                at /rustc/1b7dd2252b99671ce5d1cb9664c5f8636329436d/library/alloc/src/boxed.rs:1973:9
[INFO] [stdout]   30:     0x56310dd1d696 - <core::panic::unwind_safe::AssertUnwindSafe<F> as core::ops::function::FnOnce<()>>::call_once::h5c334c204e4a3913
[INFO] [stdout]                                at /rustc/1b7dd2252b99671ce5d1cb9664c5f8636329436d/library/core/src/panic/unwind_safe.rs:271:9
[INFO] [stdout]   31:     0x56310dd1d696 - std::panicking::try::do_call::ha8b740c7b9478074
[INFO] [stdout]                                at /rustc/1b7dd2252b99671ce5d1cb9664c5f8636329436d/library/std/src/panicking.rs:485:40
[INFO] [stdout]   32:     0x56310dd1d696 - std::panicking::try::h5d34f63d0e41b64e
[INFO] [stdout]                                at /rustc/1b7dd2252b99671ce5d1cb9664c5f8636329436d/library/std/src/panicking.rs:449:19
[INFO] [stdout]   33:     0x56310dd1d696 - std::panic::catch_unwind::hcfbb511e1aa7fc67
[INFO] [stdout]                                at /rustc/1b7dd2252b99671ce5d1cb9664c5f8636329436d/library/std/src/panic.rs:140:14
[INFO] [stdout]   34:     0x56310dd1d696 - test::run_test_in_process::h9abda90f802eaf21
[INFO] [stdout]                                at /rustc/1b7dd2252b99671ce5d1cb9664c5f8636329436d/library/test/src/lib.rs:678:27
[INFO] [stdout]   35:     0x56310dd1d696 - test::run_test::run_test_inner::{{closure}}::h0f058de91f6c6edf
[INFO] [stdout]                                at /rustc/1b7dd2252b99671ce5d1cb9664c5f8636329436d/library/test/src/lib.rs:572:39
[INFO] [stdout]   36:     0x56310dce65b5 - test::run_test::run_test_inner::{{closure}}::h5ca48a4c59c6c1fb
[INFO] [stdout]                                at /rustc/1b7dd2252b99671ce5d1cb9664c5f8636329436d/library/test/src/lib.rs:599:37
[INFO] [stdout]   37:     0x56310dce65b5 - std::sys_common::backtrace::__rust_begin_short_backtrace::h32bd51e1495d4a33
[INFO] [stdout]                                at /rustc/1b7dd2252b99671ce5d1cb9664c5f8636329436d/library/std/src/sys_common/backtrace.rs:134:18
[INFO] [stdout]   38:     0x56310dcebaf1 - std::thread::Builder::spawn_unchecked_::{{closure}}::{{closure}}::hc086fae9b128b2db
[INFO] [stdout]                                at /rustc/1b7dd2252b99671ce5d1cb9664c5f8636329436d/library/std/src/thread/mod.rs:526:17
[INFO] [stdout]   39:     0x56310dcebaf1 - <core::panic::unwind_safe::AssertUnwindSafe<F> as core::ops::function::FnOnce<()>>::call_once::hb66571888d270d43
[INFO] [stdout]                                at /rustc/1b7dd2252b99671ce5d1cb9664c5f8636329436d/library/core/src/panic/unwind_safe.rs:271:9
[INFO] [stdout]   40:     0x56310dcebaf1 - std::panicking::try::do_call::h4fa2ef4f6e51fecf
[INFO] [stdout]                                at /rustc/1b7dd2252b99671ce5d1cb9664c5f8636329436d/library/std/src/panicking.rs:485:40
[INFO] [stdout]   41:     0x56310dcebaf1 - std::panicking::try::h1e9e22b8584489b5
[INFO] [stdout]                                at /rustc/1b7dd2252b99671ce5d1cb9664c5f8636329436d/library/std/src/panicking.rs:449:19
[INFO] [stdout]   42:     0x56310dcebaf1 - std::panic::catch_unwind::h44698a3de0e0769e
[INFO] [stdout]                                at /rustc/1b7dd2252b99671ce5d1cb9664c5f8636329436d/library/std/src/panic.rs:140:14
[INFO] [stdout]   43:     0x56310dcebaf1 - std::thread::Builder::spawn_unchecked_::{{closure}}::h50153abde3fe239e
[INFO] [stdout]                                at /rustc/1b7dd2252b99671ce5d1cb9664c5f8636329436d/library/std/src/thread/mod.rs:525:30
[INFO] [stdout]   44:     0x56310dcebaf1 - core::ops::function::FnOnce::call_once{{vtable.shim}}::hbe5bbf6f38394364
[INFO] [stdout]                                at /rustc/1b7dd2252b99671ce5d1cb9664c5f8636329436d/library/core/src/ops/function.rs:250:5
[INFO] [stdout]   45:     0x56310dd802d5 - <alloc::boxed::Box<F,A> as core::ops::function::FnOnce<Args>>::call_once::h0d83cb2920a49046
[INFO] [stdout]                                at /rustc/1b7dd2252b99671ce5d1cb9664c5f8636329436d/library/alloc/src/boxed.rs:1973:9
[INFO] [stdout]   46:     0x56310dd802d5 - <alloc::boxed::Box<F,A> as core::ops::function::FnOnce<Args>>::call_once::hbe0a008aa7d9ef59
[INFO] [stdout]                                at /rustc/1b7dd2252b99671ce5d1cb9664c5f8636329436d/library/alloc/src/boxed.rs:1973:9
[INFO] [stdout]   47:     0x56310dd802d5 - std::sys::unix::thread::Thread::new::thread_start::h3a466996bdf6b1f9
[INFO] [stdout]                                at /rustc/1b7dd2252b99671ce5d1cb9664c5f8636329436d/library/std/src/sys/unix/thread.rs:108:17
[INFO] [stdout]   48:     0x7fd691122b43 - <unknown>
[INFO] [stdout]   49:     0x7fd6911b3bb4 - __clone
[INFO] [stdout]   50:                0x0 - <unknown>
[INFO] [stdout] 
[INFO] [stdout] ---- select_single stdout ----
[INFO] [stdout] thread 'select_single' panicked at 'called `Result::unwrap()` on an `Err` value: Os { code: 30, kind: ReadOnlyFilesystem, message: "Read-only file system" }', tests/lib.rs:24:71
[INFO] [stdout] stack backtrace:
[INFO] [stdout]    0:     0x56310dd79bda - std::backtrace_rs::backtrace::libunwind::trace::h2f05d0192276a8f6
[INFO] [stdout]                                at /rustc/1b7dd2252b99671ce5d1cb9664c5f8636329436d/library/std/src/../../backtrace/src/backtrace/libunwind.rs:93:5
[INFO] [stdout]    1:     0x56310dd79bda - std::backtrace_rs::backtrace::trace_unsynchronized::hedc23dff7a1af150
[INFO] [stdout]                                at /rustc/1b7dd2252b99671ce5d1cb9664c5f8636329436d/library/std/src/../../backtrace/src/backtrace/mod.rs:66:5
[INFO] [stdout]    2:     0x56310dd79bda - std::sys_common::backtrace::_print_fmt::h17541ef7592f3ce2
[INFO] [stdout]                                at /rustc/1b7dd2252b99671ce5d1cb9664c5f8636329436d/library/std/src/sys_common/backtrace.rs:65:5
[INFO] [stdout]    3:     0x56310dd79bda - <std::sys_common::backtrace::_print::DisplayBacktrace as core::fmt::Display>::fmt::h20f75df5ab0c0792
[INFO] [stdout]                                at /rustc/1b7dd2252b99671ce5d1cb9664c5f8636329436d/library/std/src/sys_common/backtrace.rs:44:22
[INFO] [stdout]    4:     0x56310dd9d91f - core::fmt::write::h78109e6f466b3af6
[INFO] [stdout]                                at /rustc/1b7dd2252b99671ce5d1cb9664c5f8636329436d/library/core/src/fmt/mod.rs:1254:17
[INFO] [stdout]    5:     0x56310dd76f25 - std::io::Write::write_fmt::hd24bfb68a1b35a25
[INFO] [stdout]                                at /rustc/1b7dd2252b99671ce5d1cb9664c5f8636329436d/library/std/src/io/mod.rs:1698:15
[INFO] [stdout]    6:     0x56310dd799a5 - std::sys_common::backtrace::_print::h8dac57a9f8fbf9a5
[INFO] [stdout]                                at /rustc/1b7dd2252b99671ce5d1cb9664c5f8636329436d/library/std/src/sys_common/backtrace.rs:47:5
[INFO] [stdout]    7:     0x56310dd799a5 - std::sys_common::backtrace::print::hf9ecbf41d1aa712f
[INFO] [stdout]                                at /rustc/1b7dd2252b99671ce5d1cb9664c5f8636329436d/library/std/src/sys_common/backtrace.rs:34:9
[INFO] [stdout]    8:     0x56310dd7b65e - std::panicking::default_hook::{{closure}}::h04c07acfc84ca028
[INFO] [stdout]                                at /rustc/1b7dd2252b99671ce5d1cb9664c5f8636329436d/library/std/src/panicking.rs:269:22
[INFO] [stdout]    9:     0x56310dd7b391 - std::panicking::default_hook::h01f6bb23e1eceb2c
[INFO] [stdout]                                at /rustc/1b7dd2252b99671ce5d1cb9664c5f8636329436d/library/std/src/panicking.rs:285:9
[INFO] [stdout]   10:     0x56310dd196eb - <alloc::boxed::Box<F,A> as core::ops::function::Fn<Args>>::call::h87fe9f7b2fd49e4c
[INFO] [stdout]                                at /rustc/1b7dd2252b99671ce5d1cb9664c5f8636329436d/library/alloc/src/boxed.rs:1987:9
[INFO] [stdout]   11:     0x56310dd196eb - test::test_main::{{closure}}::he94d679243a7531b
[INFO] [stdout]                                at /rustc/1b7dd2252b99671ce5d1cb9664c5f8636329436d/library/test/src/lib.rs:134:21
[INFO] [stdout]   12:     0x56310dd7bd44 - <alloc::boxed::Box<F,A> as core::ops::function::Fn<Args>>::call::h3f2d6d8b14c4769f
[INFO] [stdout]                                at /rustc/1b7dd2252b99671ce5d1cb9664c5f8636329436d/library/alloc/src/boxed.rs:1987:9
[INFO] [stdout]   13:     0x56310dd7bd44 - std::panicking::rust_panic_with_hook::h2bb3722bbaf2f6df
[INFO] [stdout]                                at /rustc/1b7dd2252b99671ce5d1cb9664c5f8636329436d/library/std/src/panicking.rs:695:13
[INFO] [stdout]   14:     0x56310dd7bab9 - std::panicking::begin_panic_handler::{{closure}}::h91bc7f36a4be011b
[INFO] [stdout]                                at /rustc/1b7dd2252b99671ce5d1cb9664c5f8636329436d/library/std/src/panicking.rs:582:13
[INFO] [stdout]   15:     0x56310dd7a046 - std::sys_common::backtrace::__rust_end_short_backtrace::h8b3d3717114f9e59
[INFO] [stdout]                                at /rustc/1b7dd2252b99671ce5d1cb9664c5f8636329436d/library/std/src/sys_common/backtrace.rs:150:18
[INFO] [stdout]   16:     0x56310dd7b812 - rust_begin_unwind
[INFO] [stdout]                                at /rustc/1b7dd2252b99671ce5d1cb9664c5f8636329436d/library/std/src/panicking.rs:578:5
[INFO] [stdout]   17:     0x56310dcd8c43 - core::panicking::panic_fmt::hfd368e3fbdabea26
[INFO] [stdout]                                at /rustc/1b7dd2252b99671ce5d1cb9664c5f8636329436d/library/core/src/panicking.rs:67:14
[INFO] [stdout]   18:     0x56310dcd9183 - core::result::unwrap_failed::he54eb4b2f125b26f
[INFO] [stdout]                                at /rustc/1b7dd2252b99671ce5d1cb9664c5f8636329436d/library/core/src/result.rs:1687:5
[INFO] [stdout]   19:     0x56310dcdeb8c - core::result::Result<T,E>::unwrap::h5435296580199433
[INFO] [stdout]                                at /rustc/1b7dd2252b99671ce5d1cb9664c5f8636329436d/library/core/src/result.rs:1089:23
[INFO] [stdout]   20:     0x56310dce151a - lib::TestRelation::new::h76ac80c870307146
[INFO] [stdout]                                at /opt/rustwide/workdir/tests/lib.rs:24:9
[INFO] [stdout]   21:     0x56310dce169b - lib::select_single_::he8a757f770644050
[INFO] [stdout]                                at /opt/rustwide/workdir/tests/lib.rs:59:17
[INFO] [stdout]   22:     0x56310dce36a2 - lib::select_single::h9ad15c32bfe2b92b
[INFO] [stdout]                                at /opt/rustwide/workdir/tests/lib.rs:91:9
[INFO] [stdout]   23:     0x56310dce3637 - lib::select_single::{{closure}}::h4ae5927cee9b27fd
[INFO] [stdout]                                at /opt/rustwide/workdir/tests/lib.rs:88:20
[INFO] [stdout]   24:     0x56310dce5315 - core::ops::function::FnOnce::call_once::h45085790599ebfd8
[INFO] [stdout]                                at /rustc/1b7dd2252b99671ce5d1cb9664c5f8636329436d/library/core/src/ops/function.rs:250:5
[INFO] [stdout]   25:     0x56310dd1e5bf - core::ops::function::FnOnce::call_once::ha6a70e79f7481a7e
[INFO] [stdout]                                at /rustc/1b7dd2252b99671ce5d1cb9664c5f8636329436d/library/core/src/ops/function.rs:250:5
[INFO] [stdout]   26:     0x56310dd1e5bf - test::__rust_begin_short_backtrace::hce33033019b61e69
[INFO] [stdout]                                at /rustc/1b7dd2252b99671ce5d1cb9664c5f8636329436d/library/test/src/lib.rs:655:18
[INFO] [stdout]   27:     0x56310dcebdac - test::run_test::{{closure}}::h858d3528838ae3e5
[INFO] [stdout]                                at /rustc/1b7dd2252b99671ce5d1cb9664c5f8636329436d/library/test/src/lib.rs:646:30
[INFO] [stdout]   28:     0x56310dcebdac - core::ops::function::FnOnce::call_once{{vtable.shim}}::he8ac2b00f01ae79e
[INFO] [stdout]                                at /rustc/1b7dd2252b99671ce5d1cb9664c5f8636329436d/library/core/src/ops/function.rs:250:5
[INFO] [stdout]   29:     0x56310dd1d696 - <alloc::boxed::Box<F,A> as core::ops::function::FnOnce<Args>>::call_once::h8093d25b522725ef
[INFO] [stdout]                                at /rustc/1b7dd2252b99671ce5d1cb9664c5f8636329436d/library/alloc/src/boxed.rs:1973:9
[INFO] [stdout]   30:     0x56310dd1d696 - <core::panic::unwind_safe::AssertUnwindSafe<F> as core::ops::function::FnOnce<()>>::call_once::h5c334c204e4a3913
[INFO] [stdout]                                at /rustc/1b7dd2252b99671ce5d1cb9664c5f8636329436d/library/core/src/panic/unwind_safe.rs:271:9
[INFO] [stdout]   31:     0x56310dd1d696 - std::panicking::try::do_call::ha8b740c7b9478074
[INFO] [stdout]                                at /rustc/1b7dd2252b99671ce5d1cb9664c5f8636329436d/library/std/src/panicking.rs:485:40
[INFO] [stdout]   32:     0x56310dd1d696 - std::panicking::try::h5d34f63d0e41b64e
[INFO] [stdout]                                at /rustc/1b7dd2252b99671ce5d1cb9664c5f8636329436d/library/std/src/panicking.rs:449:19
[INFO] [stdout]   33:     0x56310dd1d696 - std::panic::catch_unwind::hcfbb511e1aa7fc67
[INFO] [stdout]                                at /rustc/1b7dd2252b99671ce5d1cb9664c5f8636329436d/library/std/src/panic.rs:140:14
[INFO] [stdout]   34:     0x56310dd1d696 - test::run_test_in_process::h9abda90f802eaf21
[INFO] [stdout]                                at /rustc/1b7dd2252b99671ce5d1cb9664c5f8636329436d/library/test/src/lib.rs:678:27
[INFO] [stdout]   35:     0x56310dd1d696 - test::run_test::run_test_inner::{{closure}}::h0f058de91f6c6edf
[INFO] [stdout]                                at /rustc/1b7dd2252b99671ce5d1cb9664c5f8636329436d/library/test/src/lib.rs:572:39
[INFO] [stdout]   36:     0x56310dce65b5 - test::run_test::run_test_inner::{{closure}}::h5ca48a4c59c6c1fb
[INFO] [stdout]                                at /rustc/1b7dd2252b99671ce5d1cb9664c5f8636329436d/library/test/src/lib.rs:599:37
[INFO] [stdout]   37:     0x56310dce65b5 - std::sys_common::backtrace::__rust_begin_short_backtrace::h32bd51e1495d4a33
[INFO] [stdout]                                at /rustc/1b7dd2252b99671ce5d1cb9664c5f8636329436d/library/std/src/sys_common/backtrace.rs:134:18
[INFO] [stdout]   38:     0x56310dcebaf1 - std::thread::Builder::spawn_unchecked_::{{closure}}::{{closure}}::hc086fae9b128b2db
[INFO] [stdout]                                at /rustc/1b7dd2252b99671ce5d1cb9664c5f8636329436d/library/std/src/thread/mod.rs:526:17
[INFO] [stdout]   39:     0x56310dcebaf1 - <core::panic::unwind_safe::AssertUnwindSafe<F> as core::ops::function::FnOnce<()>>::call_once::hb66571888d270d43
[INFO] [stdout]                                at /rustc/1b7dd2252b99671ce5d1cb9664c5f8636329436d/library/core/src/panic/unwind_safe.rs:271:9
[INFO] [stdout]   40:     0x56310dcebaf1 - std::panicking::try::do_call::h4fa2ef4f6e51fecf
[INFO] [stdout]                                at /rustc/1b7dd2252b99671ce5d1cb9664c5f8636329436d/library/std/src/panicking.rs:485:40
[INFO] [stdout]   41:     0x56310dcebaf1 - std::panicking::try::h1e9e22b8584489b5
[INFO] [stdout]                                at /rustc/1b7dd2252b99671ce5d1cb9664c5f8636329436d/library/std/src/panicking.rs:449:19
[INFO] [stdout]   42:     0x56310dcebaf1 - std::panic::catch_unwind::h44698a3de0e0769e
[INFO] [stdout]                                at /rustc/1b7dd2252b99671ce5d1cb9664c5f8636329436d/library/std/src/panic.rs:140:14
[INFO] [stdout]   43:     0x56310dcebaf1 - std::thread::Builder::spawn_unchecked_::{{closure}}::h50153abde3fe239e
[INFO] [stdout]                                at /rustc/1b7dd2252b99671ce5d1cb9664c5f8636329436d/library/std/src/thread/mod.rs:525:30
[INFO] [stdout]   44:     0x56310dcebaf1 - core::ops::function::FnOnce::call_once{{vtable.shim}}::hbe5bbf6f38394364
[INFO] [stdout]                                at /rustc/1b7dd2252b99671ce5d1cb9664c5f8636329436d/library/core/src/ops/function.rs:250:5
[INFO] [stdout]   45:     0x56310dd802d5 - <alloc::boxed::Box<F,A> as core::ops::function::FnOnce<Args>>::call_once::h0d83cb2920a49046
[INFO] [stdout]                                at /rustc/1b7dd2252b99671ce5d1cb9664c5f8636329436d/library/alloc/src/boxed.rs:1973:9
[INFO] [stdout]   46:     0x56310dd802d5 - <alloc::boxed::Box<F,A> as core::ops::function::FnOnce<Args>>::call_once::hbe0a008aa7d9ef59
[INFO] [stdout]                                at /rustc/1b7dd2252b99671ce5d1cb9664c5f8636329436d/library/alloc/src/boxed.rs:1973:9
[INFO] [stdout]   47:     0x56310dd802d5 - std::sys::unix::thread::Thread::new::thread_start::h3a466996bdf6b1f9
[INFO] [stdout]                                at /rustc/1b7dd2252b99671ce5d1cb9664c5f8636329436d/library/std/src/sys/unix/thread.rs:108:17
[INFO] [stdout]   48:     0x7fd691122b43 - <unknown>
[INFO] [stdout]   49:     0x7fd6911b3bb4 - __clone
[INFO] [stdout]   50:                0x0 - <unknown>
[INFO] [stdout] 
[INFO] [stdout] ---- select_empty stdout ----
[INFO] [stdout] thread 'select_empty' panicked at 'called `Result::unwrap()` on an `Err` value: Os { code: 30, kind: ReadOnlyFilesystem, message: "Read-only file system" }', tests/lib.rs:24:71
[INFO] [stdout] stack backtrace:
[INFO] [stdout]    0:     0x56310dd79bda - std::backtrace_rs::backtrace::libunwind::trace::h2f05d0192276a8f6
[INFO] [stdout]                                at /rustc/1b7dd2252b99671ce5d1cb9664c5f8636329436d/library/std/src/../../backtrace/src/backtrace/libunwind.rs:93:5
[INFO] [stdout]    1:     0x56310dd79bda - std::backtrace_rs::backtrace::trace_unsynchronized::hedc23dff7a1af150
[INFO] [stdout]                                at /rustc/1b7dd2252b99671ce5d1cb9664c5f8636329436d/library/std/src/../../backtrace/src/backtrace/mod.rs:66:5
[INFO] [stdout]    2:     0x56310dd79bda - std::sys_common::backtrace::_print_fmt::h17541ef7592f3ce2
[INFO] [stdout]                                at /rustc/1b7dd2252b99671ce5d1cb9664c5f8636329436d/library/std/src/sys_common/backtrace.rs:65:5
[INFO] [stdout]    3:     0x56310dd79bda - <std::sys_common::backtrace::_print::DisplayBacktrace as core::fmt::Display>::fmt::h20f75df5ab0c0792
[INFO] [stdout]                                at /rustc/1b7dd2252b99671ce5d1cb9664c5f8636329436d/library/std/src/sys_common/backtrace.rs:44:22
[INFO] [stdout]    4:     0x56310dd9d91f - core::fmt::write::h78109e6f466b3af6
[INFO] [stdout]                                at /rustc/1b7dd2252b99671ce5d1cb9664c5f8636329436d/library/core/src/fmt/mod.rs:1254:17
[INFO] [stdout]    5:     0x56310dd76f25 - std::io::Write::write_fmt::hd24bfb68a1b35a25
[INFO] [stdout]                                at /rustc/1b7dd2252b99671ce5d1cb9664c5f8636329436d/library/std/src/io/mod.rs:1698:15
[INFO] [stdout]    6:     0x56310dd799a5 - std::sys_common::backtrace::_print::h8dac57a9f8fbf9a5
[INFO] [stdout]                                at /rustc/1b7dd2252b99671ce5d1cb9664c5f8636329436d/library/std/src/sys_common/backtrace.rs:47:5
[INFO] [stdout]    7:     0x56310dd799a5 - std::sys_common::backtrace::print::hf9ecbf41d1aa712f
[INFO] [stdout]                                at /rustc/1b7dd2252b99671ce5d1cb9664c5f8636329436d/library/std/src/sys_common/backtrace.rs:34:9
[INFO] [stdout]    8:     0x56310dd7b65e - std::panicking::default_hook::{{closure}}::h04c07acfc84ca028
[INFO] [stdout]                                at /rustc/1b7dd2252b99671ce5d1cb9664c5f8636329436d/library/std/src/panicking.rs:269:22
[INFO] [stdout]    9:     0x56310dd7b391 - std::panicking::default_hook::h01f6bb23e1eceb2c
[INFO] [stdout]                                at /rustc/1b7dd2252b99671ce5d1cb9664c5f8636329436d/library/std/src/panicking.rs:285:9
[INFO] [stdout]   10:     0x56310dd196eb - <alloc::boxed::Box<F,A> as core::ops::function::Fn<Args>>::call::h87fe9f7b2fd49e4c
[INFO] [stdout]                                at /rustc/1b7dd2252b99671ce5d1cb9664c5f8636329436d/library/alloc/src/boxed.rs:1987:9
[INFO] [stdout]   11:     0x56310dd196eb - test::test_main::{{closure}}::he94d679243a7531b
[INFO] [stdout]                                at /rustc/1b7dd2252b99671ce5d1cb9664c5f8636329436d/library/test/src/lib.rs:134:21
[INFO] [stdout]   12:     0x56310dd7bd44 - <alloc::boxed::Box<F,A> as core::ops::function::Fn<Args>>::call::h3f2d6d8b14c4769f
[INFO] [stdout]                                at /rustc/1b7dd2252b99671ce5d1cb9664c5f8636329436d/library/alloc/src/boxed.rs:1987:9
[INFO] [stdout]   13:     0x56310dd7bd44 - std::panicking::rust_panic_with_hook::h2bb3722bbaf2f6df
[INFO] [stdout]                                at /rustc/1b7dd2252b99671ce5d1cb9664c5f8636329436d/library/std/src/panicking.rs:695:13
[INFO] [stdout]   14:     0x56310dd7bab9 - std::panicking::begin_panic_handler::{{closure}}::h91bc7f36a4be011b
[INFO] [stdout]                                at /rustc/1b7dd2252b99671ce5d1cb9664c5f8636329436d/library/std/src/panicking.rs:582:13
[INFO] [stdout]   15:     0x56310dd7a046 - std::sys_common::backtrace::__rust_end_short_backtrace::h8b3d3717114f9e59
[INFO] [stdout]                                at /rustc/1b7dd2252b99671ce5d1cb9664c5f8636329436d/library/std/src/sys_common/backtrace.rs:150:18
[INFO] [stdout]   16:     0x56310dd7b812 - rust_begin_unwind
[INFO] [stdout]                                at /rustc/1b7dd2252b99671ce5d1cb9664c5f8636329436d/library/std/src/panicking.rs:578:5
[INFO] [stdout]   17:     0x56310dcd8c43 - core::panicking::panic_fmt::hfd368e3fbdabea26
[INFO] [stdout]                                at /rustc/1b7dd2252b99671ce5d1cb9664c5f8636329436d/library/core/src/panicking.rs:67:14
[INFO] [stdout]   18:     0x56310dcd9183 - core::result::unwrap_failed::he54eb4b2f125b26f
[INFO] [stdout]                                at /rustc/1b7dd2252b99671ce5d1cb9664c5f8636329436d/library/core/src/result.rs:1687:5
[INFO] [stdout]   19:     0x56310dcdeb8c - core::result::Result<T,E>::unwrap::h5435296580199433
[INFO] [stdout]                                at /rustc/1b7dd2252b99671ce5d1cb9664c5f8636329436d/library/core/src/result.rs:1089:23
[INFO] [stdout]   20:     0x56310dce151a - lib::TestRelation::new::h76ac80c870307146
[INFO] [stdout]                                at /opt/rustwide/workdir/tests/lib.rs:24:9
[INFO] [stdout]   21:     0x56310dce3456 - lib::select_empty::h3b4cbc5f120e1745
[INFO] [stdout]                                at /opt/rustwide/workdir/tests/lib.rs:52:13
[INFO] [stdout]   22:     0x56310dce3417 - lib::select_empty::{{closure}}::hd5052640811d708c
[INFO] [stdout]                                at /opt/rustwide/workdir/tests/lib.rs:51:19
[INFO] [stdout]   23:     0x56310dce5455 - core::ops::function::FnOnce::call_once::h935131210f6407a8
[INFO] [stdout]                                at /rustc/1b7dd2252b99671ce5d1cb9664c5f8636329436d/library/core/src/ops/function.rs:250:5
[INFO] [stdout]   24:     0x56310dd1e5bf - core::ops::function::FnOnce::call_once::ha6a70e79f7481a7e
[INFO] [stdout]                                at /rustc/1b7dd2252b99671ce5d1cb9664c5f8636329436d/library/core/src/ops/function.rs:250:5
[INFO] [stdout]   25:     0x56310dd1e5bf - test::__rust_begin_short_backtrace::hce33033019b61e69
[INFO] [stdout]                                at /rustc/1b7dd2252b99671ce5d1cb9664c5f8636329436d/library/test/src/lib.rs:655:18
[INFO] [stdout]   26:     0x56310dcebdac - test::run_test::{{closure}}::h858d3528838ae3e5
[INFO] [stdout]                                at /rustc/1b7dd2252b99671ce5d1cb9664c5f8636329436d/library/test/src/lib.rs:646:30
[INFO] [stdout]   27:     0x56310dcebdac - core::ops::function::FnOnce::call_once{{vtable.shim}}::he8ac2b00f01ae79e
[INFO] [stdout]                                at /rustc/1b7dd2252b99671ce5d1cb9664c5f8636329436d/library/core/src/ops/function.rs:250:5
[INFO] [stdout]   28:     0x56310dd1d696 - <alloc::boxed::Box<F,A> as core::ops::function::FnOnce<Args>>::call_once::h8093d25b522725ef
[INFO] [stdout]                                at /rustc/1b7dd2252b99671ce5d1cb9664c5f8636329436d/library/alloc/src/boxed.rs:1973:9
[INFO] [stdout]   29:     0x56310dd1d696 - <core::panic::unwind_safe::AssertUnwindSafe<F> as core::ops::function::FnOnce<()>>::call_once::h5c334c204e4a3913
[INFO] [stdout]                                at /rustc/1b7dd2252b99671ce5d1cb9664c5f8636329436d/library/core/src/panic/unwind_safe.rs:271:9
[INFO] [stdout]   30:     0x56310dd1d696 - std::panicking::try::do_call::ha8b740c7b9478074
[INFO] [stdout]                                at /rustc/1b7dd2252b99671ce5d1cb9664c5f8636329436d/library/std/src/panicking.rs:485:40
[INFO] [stdout]   31:     0x56310dd1d696 - std::panicking::try::h5d34f63d0e41b64e
[INFO] [stdout]                                at /rustc/1b7dd2252b99671ce5d1cb9664c5f8636329436d/library/std/src/panicking.rs:449:19
[INFO] [stdout]   32:     0x56310dd1d696 - std::panic::catch_unwind::hcfbb511e1aa7fc67
[INFO] [stdout]                                at /rustc/1b7dd2252b99671ce5d1cb9664c5f8636329436d/library/std/src/panic.rs:140:14
[INFO] [stdout]   33:     0x56310dd1d696 - test::run_test_in_process::h9abda90f802eaf21
[INFO] [stdout]                                at /rustc/1b7dd2252b99671ce5d1cb9664c5f8636329436d/library/test/src/lib.rs:678:27
[INFO] [stdout]   34:     0x56310dd1d696 - test::run_test::run_test_inner::{{closure}}::h0f058de91f6c6edf
[INFO] [stdout]                                at /rustc/1b7dd2252b99671ce5d1cb9664c5f8636329436d/library/test/src/lib.rs:572:39
[INFO] [stdout]   35:     0x56310dce65b5 - test::run_test::run_test_inner::{{closure}}::h5ca48a4c59c6c1fb
[INFO] [stdout]                                at /rustc/1b7dd2252b99671ce5d1cb9664c5f8636329436d/library/test/src/lib.rs:599:37
[INFO] [stdout]   36:     0x56310dce65b5 - std::sys_common::backtrace::__rust_begin_short_backtrace::h32bd51e1495d4a33
[INFO] [stdout]                                at /rustc/1b7dd2252b99671ce5d1cb9664c5f8636329436d/library/std/src/sys_common/backtrace.rs:134:18
[INFO] [stdout]   37:     0x56310dcebaf1 - std::thread::Builder::spawn_unchecked_::{{closure}}::{{closure}}::hc086fae9b128b2db
[INFO] [stdout]                                at /rustc/1b7dd2252b99671ce5d1cb9664c5f8636329436d/library/std/src/thread/mod.rs:526:17
[INFO] [stdout]   38:     0x56310dcebaf1 - <core::panic::unwind_safe::AssertUnwindSafe<F> as core::ops::function::FnOnce<()>>::call_once::hb66571888d270d43
[INFO] [stdout]                                at /rustc/1b7dd2252b99671ce5d1cb9664c5f8636329436d/library/core/src/panic/unwind_safe.rs:271:9
[INFO] [stdout]   39:     0x56310dcebaf1 - std::panicking::try::do_call::h4fa2ef4f6e51fecf
[INFO] [stdout]                                at /rustc/1b7dd2252b99671ce5d1cb9664c5f8636329436d/library/std/src/panicking.rs:485:40
[INFO] [stdout]   40:     0x56310dcebaf1 - std::panicking::try::h1e9e22b8584489b5
[INFO] [stdout]                                at /rustc/1b7dd2252b99671ce5d1cb9664c5f8636329436d/library/std/src/panicking.rs:449:19
[INFO] [stdout]   41:     0x56310dcebaf1 - std::panic::catch_unwind::h44698a3de0e0769e
[INFO] [stdout]                                at /rustc/1b7dd2252b99671ce5d1cb9664c5f8636329436d/library/std/src/panic.rs:140:14
[INFO] [stdout]   42:     0x56310dcebaf1 - std::thread::Builder::spawn_unchecked_::{{closure}}::h50153abde3fe239e
[INFO] [stdout]                                at /rustc/1b7dd2252b99671ce5d1cb9664c5f8636329436d/library/std/src/thread/mod.rs:525:30
[INFO] [stdout]   43:     0x56310dcebaf1 - core::ops::function::FnOnce::call_once{{vtable.shim}}::hbe5bbf6f38394364
[INFO] [stdout]                                at /rustc/1b7dd2252b99671ce5d1cb9664c5f8636329436d/library/core/src/ops/function.rs:250:5
[INFO] [stdout]   44:     0x56310dd802d5 - <alloc::boxed::Box<F,A> as core::ops::function::FnOnce<Args>>::call_once::h0d83cb2920a49046
[INFO] [stdout]                                at /rustc/1b7dd2252b99671ce5d1cb9664c5f8636329436d/library/alloc/src/boxed.rs:1973:9
[INFO] [stdout]   45:     0x56310dd802d5 - <alloc::boxed::Box<F,A> as core::ops::function::FnOnce<Args>>::call_once::hbe0a008aa7d9ef59
[INFO] [stdout]                                at /rustc/1b7dd2252b99671ce5d1cb9664c5f8636329436d/library/alloc/src/boxed.rs:1973:9
[INFO] [stdout]   46:     0x56310dd802d5 - std::sys::unix::thread::Thread::new::thread_start::h3a466996bdf6b1f9
[INFO] [stdout]                                at /rustc/1b7dd2252b99671ce5d1cb9664c5f8636329436d/library/std/src/sys/unix/thread.rs:108:17
[INFO] [stdout]   47:     0x7fd691122b43 - <unknown>
[INFO] [stdout]   48:     0x7fd6911b3bb4 - __clone
[INFO] [stdout]   49:                0x0 - <unknown>
[INFO] [stdout] 
[INFO] [stdout] ---- insert_oversize_tuple stdout ----
[INFO] [stdout] thread 'insert_oversize_tuple' panicked at 'called `Result::unwrap()` on an `Err` value: Os { code: 30, kind: ReadOnlyFilesystem, message: "Read-only file system" }', tests/lib.rs:24:71
[INFO] [stdout] stack backtrace:
[INFO] [stdout]    0:     0x56310dd79bda - std::backtrace_rs::backtrace::libunwind::trace::h2f05d0192276a8f6
[INFO] [stdout]                                at /rustc/1b7dd2252b99671ce5d1cb9664c5f8636329436d/library/std/src/../../backtrace/src/backtrace/libunwind.rs:93:5
[INFO] [stdout]    1:     0x56310dd79bda - std::backtrace_rs::backtrace::trace_unsynchronized::hedc23dff7a1af150
[INFO] [stdout]                                at /rustc/1b7dd2252b99671ce5d1cb9664c5f8636329436d/library/std/src/../../backtrace/src/backtrace/mod.rs:66:5
[INFO] [stdout]    2:     0x56310dd79bda - std::sys_common::backtrace::_print_fmt::h17541ef7592f3ce2
[INFO] [stdout]                                at /rustc/1b7dd2252b99671ce5d1cb9664c5f8636329436d/library/std/src/sys_common/backtrace.rs:65:5
[INFO] [stdout]    3:     0x56310dd79bda - <std::sys_common::backtrace::_print::DisplayBacktrace as core::fmt::Display>::fmt::h20f75df5ab0c0792
[INFO] [stdout]                                at /rustc/1b7dd2252b99671ce5d1cb9664c5f8636329436d/library/std/src/sys_common/backtrace.rs:44:22
[INFO] [stdout]    4:     0x56310dd9d91f - core::fmt::write::h78109e6f466b3af6
[INFO] [stdout]                                at /rustc/1b7dd2252b99671ce5d1cb9664c5f8636329436d/library/core/src/fmt/mod.rs:1254:17
[INFO] [stdout]    5:     0x56310dd76f25 - std::io::Write::write_fmt::hd24bfb68a1b35a25
[INFO] [stdout]                                at /rustc/1b7dd2252b99671ce5d1cb9664c5f8636329436d/library/std/src/io/mod.rs:1698:15
[INFO] [stdout]    6:     0x56310dd799a5 - std::sys_common::backtrace::_print::h8dac57a9f8fbf9a5
[INFO] [stdout]                                at /rustc/1b7dd2252b99671ce5d1cb9664c5f8636329436d/library/std/src/sys_common/backtrace.rs:47:5
[INFO] [stdout]    7:     0x56310dd799a5 - std::sys_common::backtrace::print::hf9ecbf41d1aa712f
[INFO] [stdout]                                at /rustc/1b7dd2252b99671ce5d1cb9664c5f8636329436d/library/std/src/sys_common/backtrace.rs:34:9
[INFO] [stdout]    8:     0x56310dd7b65e - std::panicking::default_hook::{{closure}}::h04c07acfc84ca028
[INFO] [stdout]                                at /rustc/1b7dd2252b99671ce5d1cb9664c5f8636329436d/library/std/src/panicking.rs:269:22
[INFO] [stdout]    9:     0x56310dd7b391 - std::panicking::default_hook::h01f6bb23e1eceb2c
[INFO] [stdout]                                at /rustc/1b7dd2252b99671ce5d1cb9664c5f8636329436d/library/std/src/panicking.rs:285:9
[INFO] [stdout]   10:     0x56310dd196eb - <alloc::boxed::Box<F,A> as core::ops::function::Fn<Args>>::call::h87fe9f7b2fd49e4c
[INFO] [stdout]                                at /rustc/1b7dd2252b99671ce5d1cb9664c5f8636329436d/library/alloc/src/boxed.rs:1987:9
[INFO] [stdout]   11:     0x56310dd196eb - test::test_main::{{closure}}::he94d679243a7531b
[INFO] [stdout]                                at /rustc/1b7dd2252b99671ce5d1cb9664c5f8636329436d/library/test/src/lib.rs:134:21
[INFO] [stdout]   12:     0x56310dd7bd44 - <alloc::boxed::Box<F,A> as core::ops::function::Fn<Args>>::call::h3f2d6d8b14c4769f
[INFO] [stdout]                                at /rustc/1b7dd2252b99671ce5d1cb9664c5f8636329436d/library/alloc/src/boxed.rs:1987:9
[INFO] [stdout]   13:     0x56310dd7bd44 - std::panicking::rust_panic_with_hook::h2bb3722bbaf2f6df
[INFO] [stdout]                                at /rustc/1b7dd2252b99671ce5d1cb9664c5f8636329436d/library/std/src/panicking.rs:695:13
[INFO] [stdout]   14:     0x56310dd7bab9 - std::panicking::begin_panic_handler::{{closure}}::h91bc7f36a4be011b
[INFO] [stdout]                                at /rustc/1b7dd2252b99671ce5d1cb9664c5f8636329436d/library/std/src/panicking.rs:582:13
[INFO] [stdout]   15:     0x56310dd7a046 - std::sys_common::backtrace::__rust_end_short_backtrace::h8b3d3717114f9e59
[INFO] [stdout]                                at /rustc/1b7dd2252b99671ce5d1cb9664c5f8636329436d/library/std/src/sys_common/backtrace.rs:150:18
[INFO] [stdout]   16:     0x56310dd7b812 - rust_begin_unwind
[INFO] [stdout]                                at /rustc/1b7dd2252b99671ce5d1cb9664c5f8636329436d/library/std/src/panicking.rs:578:5
[INFO] [stdout]   17:     0x56310dcd8c43 - core::panicking::panic_fmt::hfd368e3fbdabea26
[INFO] [stdout]                                at /rustc/1b7dd2252b99671ce5d1cb9664c5f8636329436d/library/core/src/panicking.rs:67:14
[INFO] [stdout]   18:     0x56310dcd9183 - core::result::unwrap_failed::he54eb4b2f125b26f
[INFO] [stdout]                                at /rustc/1b7dd2252b99671ce5d1cb9664c5f8636329436d/library/core/src/result.rs:1687:5
[INFO] [stdout]   19:     0x56310dcdeb8c - core::result::Result<T,E>::unwrap::h5435296580199433
[INFO] [stdout]                                at /rustc/1b7dd2252b99671ce5d1cb9664c5f8636329436d/library/core/src/result.rs:1089:23
[INFO] [stdout]   20:     0x56310dce151a - lib::TestRelation::new::h76ac80c870307146
[INFO] [stdout]                                at /opt/rustwide/workdir/tests/lib.rs:24:9
[INFO] [stdout]   21:     0x56310dce2ff6 - lib::insert_oversize_tuple::h62b48b7a753de16c
[INFO] [stdout]                                at /opt/rustwide/workdir/tests/lib.rs:36:17
[INFO] [stdout]   22:     0x56310dce2fb7 - lib::insert_oversize_tuple::{{closure}}::h398f07d2ab7d2d92
[INFO] [stdout]                                at /opt/rustwide/workdir/tests/lib.rs:35:28
[INFO] [stdout]   23:     0x56310dce5355 - core::ops::function::FnOnce::call_once::h4d0d5e0c3d103595
[INFO] [stdout]                                at /rustc/1b7dd2252b99671ce5d1cb9664c5f8636329436d/library/core/src/ops/function.rs:250:5
[INFO] [stdout]   24:     0x56310dd1e5bf - core::ops::function::FnOnce::call_once::ha6a70e79f7481a7e
[INFO] [stdout]                                at /rustc/1b7dd2252b99671ce5d1cb9664c5f8636329436d/library/core/src/ops/function.rs:250:5
[INFO] [stdout]   25:     0x56310dd1e5bf - test::__rust_begin_short_backtrace::hce33033019b61e69
[INFO] [stdout]                                at /rustc/1b7dd2252b99671ce5d1cb9664c5f8636329436d/library/test/src/lib.rs:655:18
[INFO] [stdout]   26:     0x56310dcebdac - test::run_test::{{closure}}::h858d3528838ae3e5
[INFO] [stdout]                                at /rustc/1b7dd2252b99671ce5d1cb9664c5f8636329436d/library/test/src/lib.rs:646:30
[INFO] [stdout]   27:     0x56310dcebdac - core::ops::function::FnOnce::call_once{{vtable.shim}}::he8ac2b00f01ae79e
[INFO] [stdout]                                at /rustc/1b7dd2252b99671ce5d1cb9664c5f8636329436d/library/core/src/ops/function.rs:250:5
[INFO] [stdout]   28:     0x56310dd1d696 - <alloc::boxed::Box<F,A> as core::ops::function::FnOnce<Args>>::call_once::h8093d25b522725ef
[INFO] [stdout]                                at /rustc/1b7dd2252b99671ce5d1cb9664c5f8636329436d/library/alloc/src/boxed.rs:1973:9
[INFO] [stdout]   29:     0x56310dd1d696 - <core::panic::unwind_safe::AssertUnwindSafe<F> as core::ops::function::FnOnce<()>>::call_once::h5c334c204e4a3913
[INFO] [stdout]                                at /rustc/1b7dd2252b99671ce5d1cb9664c5f8636329436d/library/core/src/panic/unwind_safe.rs:271:9
[INFO] [stdout]   30:     0x56310dd1d696 - std::panicking::try::do_call::ha8b740c7b9478074
[INFO] [stdout]                                at /rustc/1b7dd2252b99671ce5d1cb9664c5f8636329436d/library/std/src/panicking.rs:485:40
[INFO] [stdout]   31:     0x56310dd1d696 - std::panicking::try::h5d34f63d0e41b64e
[INFO] [stdout]                                at /rustc/1b7dd2252b99671ce5d1cb9664c5f8636329436d/library/std/src/panicking.rs:449:19
[INFO] [stdout]   32:     0x56310dd1d696 - std::panic::catch_unwind::hcfbb511e1aa7fc67
[INFO] [stdout]                                at /rustc/1b7dd2252b99671ce5d1cb9664c5f8636329436d/library/std/src/panic.rs:140:14
[INFO] [stdout]   33:     0x56310dd1d696 - test::run_test_in_process::h9abda90f802eaf21
[INFO] [stdout]                                at /rustc/1b7dd2252b99671ce5d1cb9664c5f8636329436d/library/test/src/lib.rs:678:27
[INFO] [stdout]   34:     0x56310dd1d696 - test::run_test::run_test_inner::{{closure}}::h0f058de91f6c6edf
[INFO] [stdout]                                at /rustc/1b7dd2252b99671ce5d1cb9664c5f8636329436d/library/test/src/lib.rs:572:39
[INFO] [stdout]   35:     0x56310dce65b5 - test::run_test::run_test_inner::{{closure}}::h5ca48a4c59c6c1fb
[INFO] [stdout]                                at /rustc/1b7dd2252b99671ce5d1cb9664c5f8636329436d/library/test/src/lib.rs:599:37
[INFO] [stdout]   36:     0x56310dce65b5 - std::sys_common::backtrace::__rust_begin_short_backtrace::h32bd51e1495d4a33
[INFO] [stdout]                                at /rustc/1b7dd2252b99671ce5d1cb9664c5f8636329436d/library/std/src/sys_common/backtrace.rs:134:18
[INFO] [stdout]   37:     0x56310dcebaf1 - std::thread::Builder::spawn_unchecked_::{{closure}}::{{closure}}::hc086fae9b128b2db
[INFO] [stdout]                                at /rustc/1b7dd2252b99671ce5d1cb9664c5f8636329436d/library/std/src/thread/mod.rs:526:17
[INFO] [stdout]   38:     0x56310dcebaf1 - <core::panic::unwind_safe::AssertUnwindSafe<F> as core::ops::function::FnOnce<()>>::call_once::hb66571888d270d43
[INFO] [stdout]                                at /rustc/1b7dd2252b99671ce5d1cb9664c5f8636329436d/library/core/src/panic/unwind_safe.rs:271:9
[INFO] [stdout]   39:     0x56310dcebaf1 - std::panicking::try::do_call::h4fa2ef4f6e51fecf
[INFO] [stdout]                                at /rustc/1b7dd2252b99671ce5d1cb9664c5f8636329436d/library/std/src/panicking.rs:485:40
[INFO] [stdout]   40:     0x56310dcebaf1 - std::panicking::try::h1e9e22b8584489b5
[INFO] [stdout]                                at /rustc/1b7dd2252b99671ce5d1cb9664c5f8636329436d/library/std/src/panicking.rs:449:19
[INFO] [stdout]   41:     0x56310dcebaf1 - std::panic::catch_unwind::h44698a3de0e0769e
[INFO] [stdout]                                at /rustc/1b7dd2252b99671ce5d1cb9664c5f8636329436d/library/std/src/panic.rs:140:14
[INFO] [stdout]   42:     0x56310dcebaf1 - std::thread::Builder::spawn_unchecked_::{{closure}}::h50153abde3fe239e
[INFO] [stdout]                                at /rustc/1b7dd2252b99671ce5d1cb9664c5f8636329436d/library/std/src/thread/mod.rs:525:30
[INFO] [stdout]   43:     0x56310dcebaf1 - core::ops::function::FnOnce::call_once{{vtable.shim}}::hbe5bbf6f38394364
[INFO] [stdout]                                at /rustc/1b7dd2252b99671ce5d1cb9664c5f8636329436d/library/core/src/ops/function.rs:250:5
[INFO] [stdout]   44:     0x56310dd802d5 - <alloc::boxed::Box<F,A> as core::ops::function::FnOnce<Args>>::call_once::h0d83cb2920a49046
[INFO] [stdout]                                at /rustc/1b7dd2252b99671ce5d1cb9664c5f8636329436d/library/alloc/src/boxed.rs:1973:9
[INFO] [stdout]   45:     0x56310dd802d5 - <alloc::boxed::Box<F,A> as core::ops::function::FnOnce<Args>>::call_once::hbe0a008aa7d9ef59
[INFO] [stdout]                                at /rustc/1b7dd2252b99671ce5d1cb9664c5f8636329436d/library/alloc/src/boxed.rs:1973:9
[INFO] [stdout]   46:     0x56310dd802d5 - std::sys::unix::thread::Thread::new::thread_start::h3a466996bdf6b1f9
[INFO] [stdout]                                at /rustc/1b7dd2252b99671ce5d1cb9664c5f8636329436d/library/std/src/sys/unix/thread.rs:108:17
[INFO] [stdout]   47:     0x7fd691122b43 - <unknown>
[INFO] [stdout]   48:     0x7fd6911b3bb4 - __clone
[INFO] [stdout]   49:                0x0 - <unknown>
[INFO] [stdout] 
[INFO] [stdout] ---- insert_largest_tuple stdout ----
[INFO] [stdout] thread 'insert_largest_tuple' panicked at 'called `Result::unwrap()` on an `Err` value: Os { code: 30, kind: ReadOnlyFilesystem, message: "Read-only file system" }', tests/lib.rs:24:71
[INFO] [stdout] stack backtrace:
[INFO] [stdout]    0:     0x56310dd79bda - std::backtrace_rs::backtrace::libunwind::trace::h2f05d0192276a8f6
[INFO] [stdout]                                at /rustc/1b7dd2252b99671ce5d1cb9664c5f8636329436d/library/std/src/../../backtrace/src/backtrace/libunwind.rs:93:5
[INFO] [stdout]    1:     0x56310dd79bda - std::backtrace_rs::backtrace::trace_unsynchronized::hedc23dff7a1af150
[INFO] [stdout]                                at /rustc/1b7dd2252b99671ce5d1cb9664c5f8636329436d/library/std/src/../../backtrace/src/backtrace/mod.rs:66:5
[INFO] [stdout]    2:     0x56310dd79bda - std::sys_common::backtrace::_print_fmt::h17541ef7592f3ce2
[INFO] [stdout]                                at /rustc/1b7dd2252b99671ce5d1cb9664c5f8636329436d/library/std/src/sys_common/backtrace.rs:65:5
[INFO] [stdout]    3:     0x56310dd79bda - <std::sys_common::backtrace::_print::DisplayBacktrace as core::fmt::Display>::fmt::h20f75df5ab0c0792
[INFO] [stdout]                                at /rustc/1b7dd2252b99671ce5d1cb9664c5f8636329436d/library/std/src/sys_common/backtrace.rs:44:22
[INFO] [stdout]    4:     0x56310dd9d91f - core::fmt::write::h78109e6f466b3af6
[INFO] [stdout]                                at /rustc/1b7dd2252b99671ce5d1cb9664c5f8636329436d/library/core/src/fmt/mod.rs:1254:17
[INFO] [stdout]    5:     0x56310dd76f25 - std::io::Write::write_fmt::hd24bfb68a1b35a25
[INFO] [stdout]                                at /rustc/1b7dd2252b99671ce5d1cb9664c5f8636329436d/library/std/src/io/mod.rs:1698:15
[INFO] [stdout]    6:     0x56310dd799a5 - std::sys_common::backtrace::_print::h8dac57a9f8fbf9a5
[INFO] [stdout]                                at /rustc/1b7dd2252b99671ce5d1cb9664c5f8636329436d/library/std/src/sys_common/backtrace.rs:47:5
[INFO] [stderr] error: test failed, to rerun pass `--test lib`
[INFO] [stdout]    7:     0x56310dd799a5 - std::sys_common::backtrace::print::hf9ecbf41d1aa712f
[INFO] [stdout]                                at /rustc/1b7dd2252b99671ce5d1cb9664c5f8636329436d/library/std/src/sys_common/backtrace.rs:34:9
[INFO] [stdout]    8:     0x56310dd7b65e - std::panicking::default_hook::{{closure}}::h04c07acfc84ca028
[INFO] [stdout]                                at /rustc/1b7dd2252b99671ce5d1cb9664c5f8636329436d/library/std/src/panicking.rs:269:22
[INFO] [stdout]    9:     0x56310dd7b391 - std::panicking::default_hook::h01f6bb23e1eceb2c
[INFO] [stdout]                                at /rustc/1b7dd2252b99671ce5d1cb9664c5f8636329436d/library/std/src/panicking.rs:285:9
[INFO] [stdout]   10:     0x56310dd196eb - <alloc::boxed::Box<F,A> as core::ops::function::Fn<Args>>::call::h87fe9f7b2fd49e4c
[INFO] [stdout]                                at /rustc/1b7dd2252b99671ce5d1cb9664c5f8636329436d/library/alloc/src/boxed.rs:1987:9
[INFO] [stdout]   11:     0x56310dd196eb - test::test_main::{{closure}}::he94d679243a7531b
[INFO] [stdout]                                at /rustc/1b7dd2252b99671ce5d1cb9664c5f8636329436d/library/test/src/lib.rs:134:21
[INFO] [stdout]   12:     0x56310dd7bd44 - <alloc::boxed::Box<F,A> as core::ops::function::Fn<Args>>::call::h3f2d6d8b14c4769f
[INFO] [stdout]                                at /rustc/1b7dd2252b99671ce5d1cb9664c5f8636329436d/library/alloc/src/boxed.rs:1987:9
[INFO] [stdout]   13:     0x56310dd7bd44 - std::panicking::rust_panic_with_hook::h2bb3722bbaf2f6df
[INFO] [stdout]                                at /rustc/1b7dd2252b99671ce5d1cb9664c5f8636329436d/library/std/src/panicking.rs:695:13
[INFO] [stdout]   14:     0x56310dd7bab9 - std::panicking::begin_panic_handler::{{closure}}::h91bc7f36a4be011b
[INFO] [stdout]                                at /rustc/1b7dd2252b99671ce5d1cb9664c5f8636329436d/library/std/src/panicking.rs:582:13
[INFO] [stdout]   15:     0x56310dd7a046 - std::sys_common::backtrace::__rust_end_short_backtrace::h8b3d3717114f9e59
[INFO] [stdout]                                at /rustc/1b7dd2252b99671ce5d1cb9664c5f8636329436d/library/std/src/sys_common/backtrace.rs:150:18
[INFO] [stdout]   16:     0x56310dd7b812 - rust_begin_unwind
[INFO] [stdout]                                at /rustc/1b7dd2252b99671ce5d1cb9664c5f8636329436d/library/std/src/panicking.rs:578:5
[INFO] [stdout]   17:     0x56310dcd8c43 - core::panicking::panic_fmt::hfd368e3fbdabea26
[INFO] [stdout]                                at /rustc/1b7dd2252b99671ce5d1cb9664c5f8636329436d/library/core/src/panicking.rs:67:14
[INFO] [stdout]   18:     0x56310dcd9183 - core::result::unwrap_failed::he54eb4b2f125b26f
[INFO] [stdout]                                at /rustc/1b7dd2252b99671ce5d1cb9664c5f8636329436d/library/core/src/result.rs:1687:5
[INFO] [stdout]   19:     0x56310dcdeb8c - core::result::Result<T,E>::unwrap::h5435296580199433
[INFO] [stdout]                                at /rustc/1b7dd2252b99671ce5d1cb9664c5f8636329436d/library/core/src/result.rs:1089:23
[INFO] [stdout]   20:     0x56310dce151a - lib::TestRelation::new::h76ac80c870307146
[INFO] [stdout]                                at /opt/rustwide/workdir/tests/lib.rs:24:9
[INFO] [stdout]   21:     0x56310dce3236 - lib::insert_largest_tuple::hc4a09cfd515cda74
[INFO] [stdout]                                at /opt/rustwide/workdir/tests/lib.rs:44:17
[INFO] [stdout]   22:     0x56310dce31f7 - lib::insert_largest_tuple::{{closure}}::h3126c9dee02a5e9d
[INFO] [stdout]                                at /opt/rustwide/workdir/tests/lib.rs:43:27
[INFO] [stdout]   23:     0x56310dce5395 - core::ops::function::FnOnce::call_once::h516dc11491087ade
[INFO] [stdout]                                at /rustc/1b7dd2252b99671ce5d1cb9664c5f8636329436d/library/core/src/ops/function.rs:250:5
[INFO] [stdout]   24:     0x56310dd1e5bf - core::ops::function::FnOnce::call_once::ha6a70e79f7481a7e
[INFO] [stdout]                                at /rustc/1b7dd2252b99671ce5d1cb9664c5f8636329436d/library/core/src/ops/function.rs:250:5
[INFO] [stdout]   25:     0x56310dd1e5bf - test::__rust_begin_short_backtrace::hce33033019b61e69
[INFO] [stdout]                                at /rustc/1b7dd2252b99671ce5d1cb9664c5f8636329436d/library/test/src/lib.rs:655:18
[INFO] [stdout]   26:     0x56310dcebdac - test::run_test::{{closure}}::h858d3528838ae3e5
[INFO] [stdout]                                at /rustc/1b7dd2252b99671ce5d1cb9664c5f8636329436d/library/test/src/lib.rs:646:30
[INFO] [stdout]   27:     0x56310dcebdac - core::ops::function::FnOnce::call_once{{vtable.shim}}::he8ac2b00f01ae79e
[INFO] [stdout]                                at /rustc/1b7dd2252b99671ce5d1cb9664c5f8636329436d/library/core/src/ops/function.rs:250:5
[INFO] [stdout]   28:     0x56310dd1d696 - <alloc::boxed::Box<F,A> as core::ops::function::FnOnce<Args>>::call_once::h8093d25b522725ef
[INFO] [stdout]                                at /rustc/1b7dd2252b99671ce5d1cb9664c5f8636329436d/library/alloc/src/boxed.rs:1973:9
[INFO] [stdout]   29:     0x56310dd1d696 - <core::panic::unwind_safe::AssertUnwindSafe<F> as core::ops::function::FnOnce<()>>::call_once::h5c334c204e4a3913
[INFO] [stdout]                                at /rustc/1b7dd2252b99671ce5d1cb9664c5f8636329436d/library/core/src/panic/unwind_safe.rs:271:9
[INFO] [stdout]   30:     0x56310dd1d696 - std::panicking::try::do_call::ha8b740c7b9478074
[INFO] [stdout]                                at /rustc/1b7dd2252b99671ce5d1cb9664c5f8636329436d/library/std/src/panicking.rs:485:40
[INFO] [stdout]   31:     0x56310dd1d696 - std::panicking::try::h5d34f63d0e41b64e
[INFO] [stdout]                                at /rustc/1b7dd2252b99671ce5d1cb9664c5f8636329436d/library/std/src/panicking.rs:449:19
[INFO] [stdout]   32:     0x56310dd1d696 - std::panic::catch_unwind::hcfbb511e1aa7fc67
[INFO] [stdout]                                at /rustc/1b7dd2252b99671ce5d1cb9664c5f8636329436d/library/std/src/panic.rs:140:14
[INFO] [stdout]   33:     0x56310dd1d696 - test::run_test_in_process::h9abda90f802eaf21
[INFO] [stdout]                                at /rustc/1b7dd2252b99671ce5d1cb9664c5f8636329436d/library/test/src/lib.rs:678:27
[INFO] [stdout]   34:     0x56310dd1d696 - test::run_test::run_test_inner::{{closure}}::h0f058de91f6c6edf
[INFO] [stdout]                                at /rustc/1b7dd2252b99671ce5d1cb9664c5f8636329436d/library/test/src/lib.rs:572:39
[INFO] [stdout]   35:     0x56310dce65b5 - test::run_test::run_test_inner::{{closure}}::h5ca48a4c59c6c1fb
[INFO] [stdout]                                at /rustc/1b7dd2252b99671ce5d1cb9664c5f8636329436d/library/test/src/lib.rs:599:37
[INFO] [stdout]   36:     0x56310dce65b5 - std::sys_common::backtrace::__rust_begin_short_backtrace::h32bd51e1495d4a33
[INFO] [stdout]                                at /rustc/1b7dd2252b99671ce5d1cb9664c5f8636329436d/library/std/src/sys_common/backtrace.rs:134:18
[INFO] [stdout]   37:     0x56310dcebaf1 - std::thread::Builder::spawn_unchecked_::{{closure}}::{{closure}}::hc086fae9b128b2db
[INFO] [stdout]                                at /rustc/1b7dd2252b99671ce5d1cb9664c5f8636329436d/library/std/src/thread/mod.rs:526:17
[INFO] [stdout]   38:     0x56310dcebaf1 - <core::panic::unwind_safe::AssertUnwindSafe<F> as core::ops::function::FnOnce<()>>::call_once::hb66571888d270d43
[INFO] [stdout]                                at /rustc/1b7dd2252b99671ce5d1cb9664c5f8636329436d/library/core/src/panic/unwind_safe.rs:271:9
[INFO] [stdout]   39:     0x56310dcebaf1 - std::panicking::try::do_call::h4fa2ef4f6e51fecf
[INFO] [stdout]                                at /rustc/1b7dd2252b99671ce5d1cb9664c5f8636329436d/library/std/src/panicking.rs:485:40
[INFO] [stdout]   40:     0x56310dcebaf1 - std::panicking::try::h1e9e22b8584489b5
[INFO] [stdout]                                at /rustc/1b7dd2252b99671ce5d1cb9664c5f8636329436d/library/std/src/panicking.rs:449:19
[INFO] [stdout]   41:     0x56310dcebaf1 - std::panic::catch_unwind::h44698a3de0e0769e
[INFO] [stdout]                                at /rustc/1b7dd2252b99671ce5d1cb9664c5f8636329436d/library/std/src/panic.rs:140:14
[INFO] [stdout]   42:     0x56310dcebaf1 - std::thread::Builder::spawn_unchecked_::{{closure}}::h50153abde3fe239e
[INFO] [stdout]                                at /rustc/1b7dd2252b99671ce5d1cb9664c5f8636329436d/library/std/src/thread/mod.rs:525:30
[INFO] [stdout]   43:     0x56310dcebaf1 - core::ops::function::FnOnce::call_once{{vtable.shim}}::hbe5bbf6f38394364
[INFO] [stdout]                                at /rustc/1b7dd2252b99671ce5d1cb9664c5f8636329436d/library/core/src/ops/function.rs:250:5
[INFO] [stdout]   44:     0x56310dd802d5 - <alloc::boxed::Box<F,A> as core::ops::function::FnOnce<Args>>::call_once::h0d83cb2920a49046
[INFO] [stdout]                                at /rustc/1b7dd2252b99671ce5d1cb9664c5f8636329436d/library/alloc/src/boxed.rs:1973:9
[INFO] [stdout]   45:     0x56310dd802d5 - <alloc::boxed::Box<F,A> as core::ops::function::FnOnce<Args>>::call_once::hbe0a008aa7d9ef59
[INFO] [stdout]                                at /rustc/1b7dd2252b99671ce5d1cb9664c5f8636329436d/library/alloc/src/boxed.rs:1973:9
[INFO] [stdout]   46:     0x56310dd802d5 - std::sys::unix::thread::Thread::new::thread_start::h3a466996bdf6b1f9
[INFO] [stdout]                                at /rustc/1b7dd2252b99671ce5d1cb9664c5f8636329436d/library/std/src/sys/unix/thread.rs:108:17
[INFO] [stdout]   47:     0x7fd691122b43 - <unknown>
[INFO] [stdout]   48:     0x7fd6911b3bb4 - __clone
[INFO] [stdout]   49:                0x0 - <unknown>
[INFO] [stdout] 
[INFO] [stdout] 
[INFO] [stdout] failures:
[INFO] [stdout]     insert_largest_tuple
[INFO] [stdout]     insert_oversize_tuple
[INFO] [stdout]     random_insert_select
[INFO] [stdout]     select_empty
[INFO] [stdout]     select_single
[INFO] [stdout] 
[INFO] [stdout] test result: FAILED. 1 passed; 5 failed; 0 ignored; 0 measured; 0 filtered out; finished in 0.03s
[INFO] [stdout] 
[INFO] running `Command { std: "docker" "inspect" "6ca6f9fd301df091be5eeabbfd53fd74b77f2f9fd2b8022c1a4000148a889c12", kill_on_drop: false }`
[INFO] running `Command { std: "docker" "rm" "-f" "6ca6f9fd301df091be5eeabbfd53fd74b77f2f9fd2b8022c1a4000148a889c12", kill_on_drop: false }`
[INFO] [stdout] 6ca6f9fd301df091be5eeabbfd53fd74b77f2f9fd2b8022c1a4000148a889c12
