[INFO] cloning repository https://github.com/michaelmez39/sorts
[INFO] running `Command { std: "git" "-c" "credential.helper=" "-c" "credential.helper=/workspace/cargo-home/bin/git-credential-null" "clone" "--bare" "https://github.com/michaelmez39/sorts" "/workspace/cache/git-repos/https%3A%2F%2Fgithub.com%2Fmichaelmez39%2Fsorts", kill_on_drop: false }`
[INFO] [stderr] Cloning into bare repository '/workspace/cache/git-repos/https%3A%2F%2Fgithub.com%2Fmichaelmez39%2Fsorts'...
[INFO] running `Command { std: "git" "rev-parse" "HEAD", kill_on_drop: false }`
[INFO] [stdout] 236c268df3b5d989cfd2dacee4ecce81f22b9239
[INFO] testing michaelmez39/sorts against 1.69.0 for beta-1.70-1
[INFO] running `Command { std: "git" "clone" "/workspace/cache/git-repos/https%3A%2F%2Fgithub.com%2Fmichaelmez39%2Fsorts" "/workspace/builds/worker-2-tc1/source", kill_on_drop: false }`
[INFO] [stderr] Cloning into '/workspace/builds/worker-2-tc1/source'...
[INFO] [stderr] done.
[INFO] validating manifest of git repo https://github.com/michaelmez39/sorts on toolchain 1.69.0
[INFO] running `Command { std: CARGO_HOME="/workspace/cargo-home" RUSTUP_HOME="/workspace/rustup-home" "/workspace/cargo-home/bin/cargo" "+1.69.0" "metadata" "--manifest-path" "Cargo.toml" "--no-deps", kill_on_drop: false }`
[INFO] started tweaking git repo https://github.com/michaelmez39/sorts
[INFO] finished tweaking git repo https://github.com/michaelmez39/sorts
[INFO] tweaked toml for git repo https://github.com/michaelmez39/sorts written to /workspace/builds/worker-2-tc1/source/Cargo.toml
[INFO] crate git repo https://github.com/michaelmez39/sorts already has a lockfile, it will not be regenerated
[INFO] running `Command { std: CARGO_HOME="/workspace/cargo-home" RUSTUP_HOME="/workspace/rustup-home" "/workspace/cargo-home/bin/cargo" "+1.69.0" "fetch" "--manifest-path" "Cargo.toml", kill_on_drop: false }`
[INFO] running `Command { std: "docker" "create" "-v" "/var/lib/crater-agent-workspace/builds/worker-2-tc1/target:/opt/rustwide/target:rw,Z" "-v" "/var/lib/crater-agent-workspace/builds/worker-2-tc1/source:/opt/rustwide/workdir:ro,Z" "-v" "/var/lib/crater-agent-workspace/cargo-home:/opt/rustwide/cargo-home:ro,Z" "-v" "/var/lib/crater-agent-workspace/rustup-home:/opt/rustwide/rustup-home:ro,Z" "-e" "SOURCE_DIR=/opt/rustwide/workdir" "-e" "CARGO_TARGET_DIR=/opt/rustwide/target" "-e" "CARGO_HOME=/opt/rustwide/cargo-home" "-e" "RUSTUP_HOME=/opt/rustwide/rustup-home" "-w" "/opt/rustwide/workdir" "-m" "1610612736" "--user" "0:0" "--network" "none" "ghcr.io/rust-lang/crates-build-env/linux@sha256:5ff2268d62e97bff2cde7d5815dd6ed5b47097566f13b8d0ca110b04b60e07ed" "/opt/rustwide/cargo-home/bin/cargo" "+1.69.0" "metadata" "--no-deps" "--format-version=1", kill_on_drop: false }`
[INFO] [stdout] 30f8aac996d4f1ff6d0c0362b55782f1ac175bbda193653ac5fa92e53d5a0150
[INFO] running `Command { std: "docker" "start" "-a" "30f8aac996d4f1ff6d0c0362b55782f1ac175bbda193653ac5fa92e53d5a0150", kill_on_drop: false }`
[INFO] running `Command { std: "docker" "inspect" "30f8aac996d4f1ff6d0c0362b55782f1ac175bbda193653ac5fa92e53d5a0150", kill_on_drop: false }`
[INFO] running `Command { std: "docker" "rm" "-f" "30f8aac996d4f1ff6d0c0362b55782f1ac175bbda193653ac5fa92e53d5a0150", kill_on_drop: false }`
[INFO] [stdout] 30f8aac996d4f1ff6d0c0362b55782f1ac175bbda193653ac5fa92e53d5a0150
[INFO] running `Command { std: "docker" "create" "-v" "/var/lib/crater-agent-workspace/builds/worker-2-tc1/target:/opt/rustwide/target:rw,Z" "-v" "/var/lib/crater-agent-workspace/builds/worker-2-tc1/source:/opt/rustwide/workdir:ro,Z" "-v" "/var/lib/crater-agent-workspace/cargo-home:/opt/rustwide/cargo-home:ro,Z" "-v" "/var/lib/crater-agent-workspace/rustup-home:/opt/rustwide/rustup-home:ro,Z" "-e" "SOURCE_DIR=/opt/rustwide/workdir" "-e" "CARGO_TARGET_DIR=/opt/rustwide/target" "-e" "CARGO_INCREMENTAL=0" "-e" "RUST_BACKTRACE=full" "-e" "RUSTFLAGS=--cap-lints=warn" "-e" "RUSTDOCFLAGS=--cap-lints=warn" "-e" "CARGO_HOME=/opt/rustwide/cargo-home" "-e" "RUSTUP_HOME=/opt/rustwide/rustup-home" "-w" "/opt/rustwide/workdir" "-m" "1610612736" "--user" "0:0" "--network" "none" "ghcr.io/rust-lang/crates-build-env/linux@sha256:5ff2268d62e97bff2cde7d5815dd6ed5b47097566f13b8d0ca110b04b60e07ed" "/opt/rustwide/cargo-home/bin/cargo" "+1.69.0" "build" "--frozen" "--message-format=json", kill_on_drop: false }`
[INFO] [stdout] 9194dbb8339f778c4c5d4fe9ea0fbf5f7a159479995535835ff7110e9b819e3a
[INFO] running `Command { std: "docker" "start" "-a" "9194dbb8339f778c4c5d4fe9ea0fbf5f7a159479995535835ff7110e9b819e3a", kill_on_drop: false }`
[INFO] [stderr]    Compiling autocfg v1.0.0
[INFO] [stderr]    Compiling libc v0.2.67
[INFO] [stderr]    Compiling cfg-if v0.1.10
[INFO] [stderr]    Compiling pkg-config v0.3.17
[INFO] [stderr]    Compiling cc v1.0.50
[INFO] [stderr]    Compiling byteorder v1.3.4
[INFO] [stderr]    Compiling semver-parser v0.7.0
[INFO] [stderr]    Compiling proc-macro2 v1.0.9
[INFO] [stderr]    Compiling unicode-xid v0.2.0
[INFO] [stderr]    Compiling maybe-uninit v2.0.0
[INFO] [stderr]    Compiling arrayvec v0.4.12
[INFO] [stderr]    Compiling crc32fast v1.2.0
[INFO] [stderr]    Compiling nodrop v0.1.14
[INFO] [stderr]    Compiling getrandom v0.1.14
[INFO] [stderr]    Compiling adler32 v1.0.4
[INFO] [stderr]    Compiling syn v1.0.16
[INFO] [stderr]    Compiling bitflags v1.2.1
[INFO] [stderr]    Compiling scopeguard v1.1.0
[INFO] [stderr]    Compiling log v0.4.8
[INFO] [stderr]    Compiling semver v0.9.0
[INFO] [stderr]    Compiling inflate v0.4.5
[INFO] [stderr]    Compiling palette v0.5.0
[INFO] [stderr]    Compiling rustc_version v0.2.3
[INFO] [stderr]    Compiling num-traits v0.2.11
[INFO] [stderr]    Compiling crossbeam-utils v0.7.2
[INFO] [stderr]    Compiling cmake v0.1.42
[INFO] [stderr]    Compiling num-integer v0.1.42
[INFO] [stderr]    Compiling crossbeam-epoch v0.8.2
[INFO] [stderr]    Compiling num-iter v0.1.40
[INFO] [stderr]    Compiling servo-fontconfig-sys v4.0.9
[INFO] [stderr]    Compiling num-rational v0.2.3
[INFO] [stderr]    Compiling deflate v0.7.20
[INFO] [stderr]    Compiling memoffset v0.5.3
[INFO] [stderr]    Compiling ppv-lite86 v0.2.6
[INFO] [stderr]    Compiling rayon-core v1.7.0
[INFO] [stderr]    Compiling same-file v1.0.6
[INFO] [stderr]    Compiling quote v1.0.3
[INFO] [stderr]    Compiling walkdir v2.3.1
[INFO] [stderr]    Compiling time v0.1.42
[INFO] [stderr]    Compiling dirs v1.0.5
[INFO] [stderr]    Compiling memmap v0.7.0
[INFO] [stderr]    Compiling num_cpus v1.12.0
[INFO] [stderr]    Compiling png v0.15.3
[INFO] [stderr]    Compiling servo-freetype-sys v4.0.5
[INFO] [stderr]    Compiling expat-sys v2.1.6
[INFO] [stderr]    Compiling c2-chacha v0.2.3
[INFO] [stderr]    Compiling rand_core v0.5.1
[INFO] [stderr]    Compiling stb_truetype v0.3.1
[INFO] [stderr]    Compiling jpeg-decoder v0.1.18
[INFO] [stderr]    Compiling float-ord v0.2.0
[INFO] [stderr]    Compiling crossbeam-queue v0.2.1
[INFO] [stderr]    Compiling freetype v0.4.1
[INFO] [stderr]    Compiling arrayvec v0.5.1
[INFO] [stderr]    Compiling color_quant v1.0.1
[INFO] [stderr]    Compiling lzw v0.10.0
[INFO] [stderr]    Compiling rand_chacha v0.2.1
[INFO] [stderr]    Compiling servo-fontconfig v0.4.0
[INFO] [stderr]    Compiling either v1.5.3
[INFO] [stderr]    Compiling crossbeam-deque v0.7.3
[INFO] [stderr]    Compiling rand v0.7.3
[INFO] [stderr]    Compiling euclid v0.20.7
[INFO] [stderr]    Compiling approx v0.3.2
[INFO] [stderr]    Compiling ordered-float v1.0.2
[INFO] [stderr]    Compiling gif v0.10.3
[INFO] [stderr]    Compiling rusttype v0.8.2
[INFO] [stderr]    Compiling chrono v0.4.11
[INFO] [stderr]    Compiling rayon v1.3.0
[INFO] [stderr]    Compiling image v0.22.5
[INFO] [stderr]    Compiling lyon_geom v0.14.1
[INFO] [stderr]    Compiling lyon_path v0.14.0
[INFO] [stderr]    Compiling font-kit v0.4.0
[INFO] [stderr]    Compiling palette_derive v0.5.0
[INFO] [stderr]    Compiling plotters v0.2.12
[INFO] [stderr]    Compiling sorts v0.1.0 (/opt/rustwide/workdir)
[INFO] [stderr]     Finished dev [unoptimized + debuginfo] target(s) in 10.16s
[INFO] running `Command { std: "docker" "inspect" "9194dbb8339f778c4c5d4fe9ea0fbf5f7a159479995535835ff7110e9b819e3a", kill_on_drop: false }`
[INFO] running `Command { std: "docker" "rm" "-f" "9194dbb8339f778c4c5d4fe9ea0fbf5f7a159479995535835ff7110e9b819e3a", kill_on_drop: false }`
[INFO] [stdout] 9194dbb8339f778c4c5d4fe9ea0fbf5f7a159479995535835ff7110e9b819e3a
[INFO] running `Command { std: "docker" "create" "-v" "/var/lib/crater-agent-workspace/builds/worker-2-tc1/target:/opt/rustwide/target:rw,Z" "-v" "/var/lib/crater-agent-workspace/builds/worker-2-tc1/source:/opt/rustwide/workdir:ro,Z" "-v" "/var/lib/crater-agent-workspace/cargo-home:/opt/rustwide/cargo-home:ro,Z" "-v" "/var/lib/crater-agent-workspace/rustup-home:/opt/rustwide/rustup-home:ro,Z" "-e" "SOURCE_DIR=/opt/rustwide/workdir" "-e" "CARGO_TARGET_DIR=/opt/rustwide/target" "-e" "CARGO_INCREMENTAL=0" "-e" "RUST_BACKTRACE=full" "-e" "RUSTFLAGS=--cap-lints=warn" "-e" "RUSTDOCFLAGS=--cap-lints=warn" "-e" "CARGO_HOME=/opt/rustwide/cargo-home" "-e" "RUSTUP_HOME=/opt/rustwide/rustup-home" "-w" "/opt/rustwide/workdir" "-m" "1610612736" "--user" "0:0" "--network" "none" "ghcr.io/rust-lang/crates-build-env/linux@sha256:5ff2268d62e97bff2cde7d5815dd6ed5b47097566f13b8d0ca110b04b60e07ed" "/opt/rustwide/cargo-home/bin/cargo" "+1.69.0" "test" "--frozen" "--no-run" "--message-format=json", kill_on_drop: false }`
[INFO] [stdout] d156a841c812dee5174cbe7dddbc090e65242165f6bc9cdd9fa8ab469c73de19
[INFO] running `Command { std: "docker" "start" "-a" "d156a841c812dee5174cbe7dddbc090e65242165f6bc9cdd9fa8ab469c73de19", kill_on_drop: false }`
[INFO] [stderr]     Blocking waiting for file lock on package cache
[INFO] [stderr]    Compiling sorts v0.1.0 (/opt/rustwide/workdir)
[INFO] [stderr]     Finished test [unoptimized + debuginfo] target(s) in 1.89s
[INFO] running `Command { std: "docker" "inspect" "d156a841c812dee5174cbe7dddbc090e65242165f6bc9cdd9fa8ab469c73de19", kill_on_drop: false }`
[INFO] running `Command { std: "docker" "rm" "-f" "d156a841c812dee5174cbe7dddbc090e65242165f6bc9cdd9fa8ab469c73de19", kill_on_drop: false }`
[INFO] [stdout] d156a841c812dee5174cbe7dddbc090e65242165f6bc9cdd9fa8ab469c73de19
[INFO] running `Command { std: "docker" "create" "-v" "/var/lib/crater-agent-workspace/builds/worker-2-tc1/target:/opt/rustwide/target:rw,Z" "-v" "/var/lib/crater-agent-workspace/builds/worker-2-tc1/source:/opt/rustwide/workdir:ro,Z" "-v" "/var/lib/crater-agent-workspace/cargo-home:/opt/rustwide/cargo-home:ro,Z" "-v" "/var/lib/crater-agent-workspace/rustup-home:/opt/rustwide/rustup-home:ro,Z" "-e" "SOURCE_DIR=/opt/rustwide/workdir" "-e" "CARGO_TARGET_DIR=/opt/rustwide/target" "-e" "CARGO_INCREMENTAL=0" "-e" "RUST_BACKTRACE=full" "-e" "RUSTFLAGS=--cap-lints=warn" "-e" "RUSTDOCFLAGS=--cap-lints=warn" "-e" "CARGO_HOME=/opt/rustwide/cargo-home" "-e" "RUSTUP_HOME=/opt/rustwide/rustup-home" "-w" "/opt/rustwide/workdir" "-m" "1610612736" "--user" "0:0" "--network" "none" "ghcr.io/rust-lang/crates-build-env/linux@sha256:5ff2268d62e97bff2cde7d5815dd6ed5b47097566f13b8d0ca110b04b60e07ed" "/opt/rustwide/cargo-home/bin/cargo" "+1.69.0" "test" "--frozen", kill_on_drop: false }`
[INFO] [stdout] 077ca66f5e5570e48c907182b74a6cbd89c95b0752ce48c344d48204522e8808
[INFO] running `Command { std: "docker" "start" "-a" "077ca66f5e5570e48c907182b74a6cbd89c95b0752ce48c344d48204522e8808", kill_on_drop: false }`
[INFO] [stderr]     Finished test [unoptimized + debuginfo] target(s) in 0.09s
[INFO] [stderr]      Running unittests src/lib.rs (/opt/rustwide/target/debug/deps/sorts-00e6383317fe226c)
[INFO] [stdout] 
[INFO] [stdout] running 0 tests
[INFO] [stdout] 
[INFO] [stdout] test result: ok. 0 passed; 0 failed; 0 ignored; 0 measured; 0 filtered out; finished in 0.00s
[INFO] [stdout] 
[INFO] [stderr]      Running tests/benchmarks.rs (/opt/rustwide/target/debug/deps/benchmarks-80287055061107d6)
[INFO] [stdout] 
[INFO] [stdout] running 1 test
[INFO] [stdout] test sort_time has been running for over 60 seconds
[INFO] [stdout] test sort_time ... FAILED
[INFO] [stdout] 
[INFO] [stdout] failures:
[INFO] [stdout] 
[INFO] [stdout] ---- sort_time stdout ----
[INFO] [stdout] results: MultiTime { rand: [1.186346769s, 4.157297793s, 19.060860878s, 83.68104694s], ord: [1.192335947s, 4.69748641s, 21.243282457s, 94.750575064s], rev: [838.072814ms, 3.131250469s, 19.097729237s, 80.902090994s] }
[INFO] [stdout] thread 'sort_time' panicked at 'Unable to save the bitmap: DrawingError(IOError(Os { code: 30, kind: ReadOnlyFilesystem, message: "Read-only file system" }))', /opt/rustwide/cargo-home/registry/src/github.com-1ecc6299db9ec823/plotters-0.2.12/src/drawing/backend_impl/bitmap.rs:1001:28
[INFO] [stdout] stack backtrace:
[INFO] [stdout]    0:     0x55786c302dda - std::backtrace_rs::backtrace::libunwind::trace::ha9053a9a07ca49cb
[INFO] [stdout]                                at /rustc/84c898d65adf2f39a5a98507f1fe0ce10a2b8dbc/library/std/src/../../backtrace/src/backtrace/libunwind.rs:93:5
[INFO] [stdout]    1:     0x55786c302dda - std::backtrace_rs::backtrace::trace_unsynchronized::h9c2852a457ad564e
[INFO] [stdout]                                at /rustc/84c898d65adf2f39a5a98507f1fe0ce10a2b8dbc/library/std/src/../../backtrace/src/backtrace/mod.rs:66:5
[INFO] [stdout]    2:     0x55786c302dda - std::sys_common::backtrace::_print_fmt::h457936fbfaa0070f
[INFO] [stdout]                                at /rustc/84c898d65adf2f39a5a98507f1fe0ce10a2b8dbc/library/std/src/sys_common/backtrace.rs:65:5
[INFO] [stdout]    3:     0x55786c302dda - <std::sys_common::backtrace::_print::DisplayBacktrace as core::fmt::Display>::fmt::h5779d7bf7f70cb0c
[INFO] [stdout]                                at /rustc/84c898d65adf2f39a5a98507f1fe0ce10a2b8dbc/library/std/src/sys_common/backtrace.rs:44:22
[INFO] [stdout]    4:     0x55786c326c1e - core::fmt::write::h5a4baaff1bcd3eb5
[INFO] [stdout]                                at /rustc/84c898d65adf2f39a5a98507f1fe0ce10a2b8dbc/library/core/src/fmt/mod.rs:1232:17
[INFO] [stdout]    5:     0x55786c300155 - std::io::Write::write_fmt::h478f79c628ef31d1
[INFO] [stdout]                                at /rustc/84c898d65adf2f39a5a98507f1fe0ce10a2b8dbc/library/std/src/io/mod.rs:1684:15
[INFO] [stdout]    6:     0x55786c302ba5 - std::sys_common::backtrace::_print::h5fcdc36060f177e8
[INFO] [stdout]                                at /rustc/84c898d65adf2f39a5a98507f1fe0ce10a2b8dbc/library/std/src/sys_common/backtrace.rs:47:5
[INFO] [stdout]    7:     0x55786c302ba5 - std::sys_common::backtrace::print::h54ca9458b876c8bf
[INFO] [stdout]                                at /rustc/84c898d65adf2f39a5a98507f1fe0ce10a2b8dbc/library/std/src/sys_common/backtrace.rs:34:9
[INFO] [stdout]    8:     0x55786c30496f - std::panicking::default_hook::{{closure}}::hbe471161c7664ed6
[INFO] [stdout]                                at /rustc/84c898d65adf2f39a5a98507f1fe0ce10a2b8dbc/library/std/src/panicking.rs:271:22
[INFO] [stdout]    9:     0x55786c30462f - std::panicking::default_hook::ha3500da57aa4ac4f
[INFO] [stdout]                                at /rustc/84c898d65adf2f39a5a98507f1fe0ce10a2b8dbc/library/std/src/panicking.rs:287:9
[INFO] [stdout]   10:     0x55786c226d37 - <alloc::boxed::Box<F,A> as core::ops::function::Fn<Args>>::call::hdf1b89dd137ece34
[INFO] [stdout]                                at /rustc/84c898d65adf2f39a5a98507f1fe0ce10a2b8dbc/library/alloc/src/boxed.rs:2001:9
[INFO] [stdout]   11:     0x55786c226d37 - test::test_main::{{closure}}::h9081a79f20e75698
[INFO] [stdout]                                at /rustc/84c898d65adf2f39a5a98507f1fe0ce10a2b8dbc/library/test/src/lib.rs:135:21
[INFO] [stdout]   12:     0x55786c30509d - <alloc::boxed::Box<F,A> as core::ops::function::Fn<Args>>::call::h6507bddc3eebb4a5
[INFO] [stdout]                                at /rustc/84c898d65adf2f39a5a98507f1fe0ce10a2b8dbc/library/alloc/src/boxed.rs:2001:9
[INFO] [stdout]   13:     0x55786c30509d - std::panicking::rust_panic_with_hook::h50c09d000dc561d2
[INFO] [stdout]                                at /rustc/84c898d65adf2f39a5a98507f1fe0ce10a2b8dbc/library/std/src/panicking.rs:696:13
[INFO] [stdout]   14:     0x55786c304e19 - std::panicking::begin_panic_handler::{{closure}}::h9e2b2176e00e0d9c
[INFO] [stdout]                                at /rustc/84c898d65adf2f39a5a98507f1fe0ce10a2b8dbc/library/std/src/panicking.rs:583:13
[INFO] [stdout]   15:     0x55786c303246 - std::sys_common::backtrace::__rust_end_short_backtrace::h5739b8e512c09d02
[INFO] [stdout]                                at /rustc/84c898d65adf2f39a5a98507f1fe0ce10a2b8dbc/library/std/src/sys_common/backtrace.rs:150:18
[INFO] [stdout]   16:     0x55786c304b22 - rust_begin_unwind
[INFO] [stdout]                                at /rustc/84c898d65adf2f39a5a98507f1fe0ce10a2b8dbc/library/std/src/panicking.rs:579:5
[INFO] [stdout]   17:     0x55786c184033 - core::panicking::panic_fmt::hf33a1475b4dc5c3e
[INFO] [stdout]                                at /rustc/84c898d65adf2f39a5a98507f1fe0ce10a2b8dbc/library/core/src/panicking.rs:64:14
[INFO] [stdout]   18:     0x55786c184483 - core::result::unwrap_failed::hdff5465d74574b44
[INFO] [stdout]                                at /rustc/84c898d65adf2f39a5a98507f1fe0ce10a2b8dbc/library/core/src/result.rs:1750:5
[INFO] [stdout]   19:     0x55786c1b0e6c - core::result::Result<T,E>::expect::h4d732c9fb74e5c33
[INFO] [stdout]                                at /rustc/84c898d65adf2f39a5a98507f1fe0ce10a2b8dbc/library/core/src/result.rs:1047:23
[INFO] [stdout]   20:     0x55786c1a1366 - <plotters::drawing::backend_impl::bitmap::BitMapBackend<P> as core::ops::drop::Drop>::drop::h51fcb351f4f22a12
[INFO] [stdout]                                at /opt/rustwide/cargo-home/registry/src/github.com-1ecc6299db9ec823/plotters-0.2.12/src/drawing/backend_impl/bitmap.rs:1001:13
[INFO] [stdout]   21:     0x55786c1d4073 - core::ptr::drop_in_place<plotters::drawing::backend_impl::bitmap::BitMapBackend>::h61570981bacdaaff
[INFO] [stdout]                                at /rustc/84c898d65adf2f39a5a98507f1fe0ce10a2b8dbc/library/core/src/ptr/mod.rs:490:1
[INFO] [stdout]   22:     0x55786c1d25ba - core::ptr::drop_in_place<core::cell::UnsafeCell<plotters::drawing::backend_impl::bitmap::BitMapBackend>>::h459f4511a6df3c94
[INFO] [stdout]                                at /rustc/84c898d65adf2f39a5a98507f1fe0ce10a2b8dbc/library/core/src/ptr/mod.rs:490:1
[INFO] [stdout]   23:     0x55786c1d256e - core::ptr::drop_in_place<core::cell::RefCell<plotters::drawing::backend_impl::bitmap::BitMapBackend>>::he1c0141b9f50adfc
[INFO] [stdout]                                at /rustc/84c898d65adf2f39a5a98507f1fe0ce10a2b8dbc/library/core/src/ptr/mod.rs:490:1
[INFO] [stdout]   24:     0x55786c1d9a81 - <alloc::rc::Rc<T> as core::ops::drop::Drop>::drop::hbdeb56e297f7e668
[INFO] [stdout]                                at /rustc/84c898d65adf2f39a5a98507f1fe0ce10a2b8dbc/library/alloc/src/rc.rs:1593:17
[INFO] [stdout]   25:     0x55786c1d289a - core::ptr::drop_in_place<alloc::rc::Rc<core::cell::RefCell<plotters::drawing::backend_impl::bitmap::BitMapBackend>>>::h78a079a6c202bddc
[INFO] [stdout]                                at /rustc/84c898d65adf2f39a5a98507f1fe0ce10a2b8dbc/library/core/src/ptr/mod.rs:490:1
[INFO] [stdout]   26:     0x55786c1d2bae - core::ptr::drop_in_place<plotters::drawing::area::DrawingArea<plotters::drawing::backend_impl::bitmap::BitMapBackend,plotters::coord::Shift>>::hc836cce44983d0c1
[INFO] [stdout]                                at /rustc/84c898d65adf2f39a5a98507f1fe0ce10a2b8dbc/library/core/src/ptr/mod.rs:490:1
[INFO] [stdout]   27:     0x55786c1ef58e - benchmarks::sort_time::hc90aa9823148abad
[INFO] [stdout]                                at /opt/rustwide/workdir/tests/benchmarks.rs:164:1
[INFO] [stdout]   28:     0x55786c1ed257 - benchmarks::sort_time::{{closure}}::h60931204cebfee05
[INFO] [stdout]                                at /opt/rustwide/workdir/tests/benchmarks.rs:105:16
[INFO] [stdout]   29:     0x55786c1d21c5 - core::ops::function::FnOnce::call_once::h0aedfc3883c6f4b0
[INFO] [stdout]                                at /rustc/84c898d65adf2f39a5a98507f1fe0ce10a2b8dbc/library/core/src/ops/function.rs:250:5
[INFO] [stdout]   30:     0x55786c22c11f - core::ops::function::FnOnce::call_once::h7d969581be7d0075
[INFO] [stdout]                                at /rustc/84c898d65adf2f39a5a98507f1fe0ce10a2b8dbc/library/core/src/ops/function.rs:250:5
[INFO] [stdout]   31:     0x55786c22c11f - test::__rust_begin_short_backtrace::hca25a52684e56655
[INFO] [stdout]                                at /rustc/84c898d65adf2f39a5a98507f1fe0ce10a2b8dbc/library/test/src/lib.rs:656:18
[INFO] [stdout]   32:     0x55786c1fd73c - test::run_test::{{closure}}::ha8ac744c4af1a4bb
[INFO] [stdout]                                at /rustc/84c898d65adf2f39a5a98507f1fe0ce10a2b8dbc/library/test/src/lib.rs:647:30
[INFO] [stdout]   33:     0x55786c1fd73c - core::ops::function::FnOnce::call_once{{vtable.shim}}::h7b411a9ed45bdecf
[INFO] [stdout]                                at /rustc/84c898d65adf2f39a5a98507f1fe0ce10a2b8dbc/library/core/src/ops/function.rs:250:5
[INFO] [stdout]   34:     0x55786c22b0e6 - <alloc::boxed::Box<F,A> as core::ops::function::FnOnce<Args>>::call_once::hd05328869a8ed200
[INFO] [stdout]                                at /rustc/84c898d65adf2f39a5a98507f1fe0ce10a2b8dbc/library/alloc/src/boxed.rs:1987:9
[INFO] [stdout]   35:     0x55786c22b0e6 - <core::panic::unwind_safe::AssertUnwindSafe<F> as core::ops::function::FnOnce<()>>::call_once::h0c601ce20bd5b2be
[INFO] [stdout]                                at /rustc/84c898d65adf2f39a5a98507f1fe0ce10a2b8dbc/library/core/src/panic/unwind_safe.rs:271:9
[INFO] [stdout]   36:     0x55786c22b0e6 - std::panicking::try::do_call::ha4be5c164fe30854
[INFO] [stdout]                                at /rustc/84c898d65adf2f39a5a98507f1fe0ce10a2b8dbc/library/std/src/panicking.rs:487:40
[INFO] [stdout]   37:     0x55786c22b0e6 - std::panicking::try::h604546f3609af05f
[INFO] [stdout]                                at /rustc/84c898d65adf2f39a5a98507f1fe0ce10a2b8dbc/library/std/src/panicking.rs:451:19
[INFO] [stdout]   38:     0x55786c22b0e6 - std::panic::catch_unwind::h5bfa8afe44c9c2f9
[INFO] [stdout]                                at /rustc/84c898d65adf2f39a5a98507f1fe0ce10a2b8dbc/library/std/src/panic.rs:140:14
[INFO] [stdout]   39:     0x55786c22b0e6 - test::run_test_in_process::hd50dee55dd63e6aa
[INFO] [stdout]                                at /rustc/84c898d65adf2f39a5a98507f1fe0ce10a2b8dbc/library/test/src/lib.rs:679:27
[INFO] [stdout]   40:     0x55786c22b0e6 - test::run_test::run_test_inner::{{closure}}::h4aa0f433aa85cea8
[INFO] [stdout]                                at /rustc/84c898d65adf2f39a5a98507f1fe0ce10a2b8dbc/library/test/src/lib.rs:573:39
[INFO] [stdout]   41:     0x55786c1f7db1 - test::run_test::run_test_inner::{{closure}}::had56431adf24b4d6
[INFO] [stdout]                                at /rustc/84c898d65adf2f39a5a98507f1fe0ce10a2b8dbc/library/test/src/lib.rs:600:37
[INFO] [stdout]   42:     0x55786c1f7db1 - std::sys_common::backtrace::__rust_begin_short_backtrace::ha8d9890e0c73bf13
[INFO] [stdout]                                at /rustc/84c898d65adf2f39a5a98507f1fe0ce10a2b8dbc/library/std/src/sys_common/backtrace.rs:134:18
[INFO] [stdout]   43:     0x55786c1fd7cb - std::thread::Builder::spawn_unchecked_::{{closure}}::{{closure}}::h251832bcb4a95327
[INFO] [stdout]                                at /rustc/84c898d65adf2f39a5a98507f1fe0ce10a2b8dbc/library/std/src/thread/mod.rs:560:17
[INFO] [stdout]   44:     0x55786c1fd7cb - <core::panic::unwind_safe::AssertUnwindSafe<F> as core::ops::function::FnOnce<()>>::call_once::h8fdff598fa414831
[INFO] [stdout]                                at /rustc/84c898d65adf2f39a5a98507f1fe0ce10a2b8dbc/library/core/src/panic/unwind_safe.rs:271:9
[INFO] [stdout]   45:     0x55786c1fd7cb - std::panicking::try::do_call::h455dd2f7764a950f
[INFO] [stdout]                                at /rustc/84c898d65adf2f39a5a98507f1fe0ce10a2b8dbc/library/std/src/panicking.rs:487:40
[INFO] [stdout]   46:     0x55786c1fd7cb - std::panicking::try::had6f23b7b73ae72a
[INFO] [stdout]                                at /rustc/84c898d65adf2f39a5a98507f1fe0ce10a2b8dbc/library/std/src/panicking.rs:451:19
[INFO] [stdout]   47:     0x55786c1fd7cb - std::panic::catch_unwind::ha6a5ca3915b4dad0
[INFO] [stdout]                                at /rustc/84c898d65adf2f39a5a98507f1fe0ce10a2b8dbc/library/std/src/panic.rs:140:14
[INFO] [stdout]   48:     0x55786c1fd7cb - std::thread::Builder::spawn_unchecked_::{{closure}}::h883b72ef75da6231
[INFO] [stdout]                                at /rustc/84c898d65adf2f39a5a98507f1fe0ce10a2b8dbc/library/std/src/thread/mod.rs:559:30
[INFO] [stdout]   49:     0x55786c1fd7cb - core::ops::function::FnOnce::call_once{{vtable.shim}}::hb7dff73dc8bd2ccb
[INFO] [stdout]                                at /rustc/84c898d65adf2f39a5a98507f1fe0ce10a2b8dbc/library/core/src/ops/function.rs:250:5
[INFO] [stdout]   50:     0x55786c309483 - <alloc::boxed::Box<F,A> as core::ops::function::FnOnce<Args>>::call_once::h39990b24eedef2ab
[INFO] [stdout]                                at /rustc/84c898d65adf2f39a5a98507f1fe0ce10a2b8dbc/library/alloc/src/boxed.rs:1987:9
[INFO] [stdout]   51:     0x55786c309483 - <alloc::boxed::Box<F,A> as core::ops::function::FnOnce<Args>>::call_once::h01a027258444143b
[INFO] [stdout]                                at /rustc/84c898d65adf2f39a5a98507f1fe0ce10a2b8dbc/library/alloc/src/boxed.rs:1987:9
[INFO] [stdout]   52:     0x55786c309483 - std::sys::unix::thread::Thread::new::thread_start::ha4f1cdd9c25884ba
[INFO] [stdout]                                at /rustc/84c898d65adf2f39a5a98507f1fe0ce10a2b8dbc/library/std/src/sys/unix/thread.rs:108:17
[INFO] [stdout]   53:     0x7f17c6606b43 - <unknown>
[INFO] [stdout]   54:     0x7f17c6697bb4 - __clone
[INFO] [stdout]   55:                0x0 - <unknown>
[INFO] [stdout] 
[INFO] [stdout] 
[INFO] [stdout] failures:
[INFO] [stdout]     sort_time
[INFO] [stdout] 
[INFO] [stdout] test result: FAILED. 0 passed; 1 failed; 0 ignored; 0 measured; 0 filtered out; finished in 334.59s
[INFO] [stdout] 
[INFO] [stderr] error: test failed, to rerun pass `--test benchmarks`
[INFO] running `Command { std: "docker" "inspect" "077ca66f5e5570e48c907182b74a6cbd89c95b0752ce48c344d48204522e8808", kill_on_drop: false }`
[INFO] running `Command { std: "docker" "rm" "-f" "077ca66f5e5570e48c907182b74a6cbd89c95b0752ce48c344d48204522e8808", kill_on_drop: false }`
[INFO] [stdout] 077ca66f5e5570e48c907182b74a6cbd89c95b0752ce48c344d48204522e8808
