[INFO] cloning repository https://github.com/mic90/tokio-wifiscanner
[INFO] running `Command { std: "git" "-c" "credential.helper=" "-c" "credential.helper=/workspace/cargo-home/bin/git-credential-null" "clone" "--bare" "https://github.com/mic90/tokio-wifiscanner" "/workspace/cache/git-repos/https%3A%2F%2Fgithub.com%2Fmic90%2Ftokio-wifiscanner", kill_on_drop: false }`
[INFO] [stderr] Cloning into bare repository '/workspace/cache/git-repos/https%3A%2F%2Fgithub.com%2Fmic90%2Ftokio-wifiscanner'...
[INFO] running `Command { std: "git" "rev-parse" "HEAD", kill_on_drop: false }`
[INFO] [stdout] 045a0b63ba288d13f4001d37cbd89e43adc70ff9
[INFO] testing mic90/tokio-wifiscanner against beta-2023-04-20 for beta-1.70-1
[INFO] running `Command { std: "git" "clone" "/workspace/cache/git-repos/https%3A%2F%2Fgithub.com%2Fmic90%2Ftokio-wifiscanner" "/workspace/builds/worker-1-tc2/source", kill_on_drop: false }`
[INFO] [stderr] Cloning into '/workspace/builds/worker-1-tc2/source'...
[INFO] [stderr] done.
[INFO] validating manifest of git repo https://github.com/mic90/tokio-wifiscanner on toolchain beta-2023-04-20
[INFO] running `Command { std: CARGO_HOME="/workspace/cargo-home" RUSTUP_HOME="/workspace/rustup-home" "/workspace/cargo-home/bin/cargo" "+beta-2023-04-20" "metadata" "--manifest-path" "Cargo.toml" "--no-deps", kill_on_drop: false }`
[INFO] started tweaking git repo https://github.com/mic90/tokio-wifiscanner
[INFO] removed 0 missing examples
[INFO] finished tweaking git repo https://github.com/mic90/tokio-wifiscanner
[INFO] tweaked toml for git repo https://github.com/mic90/tokio-wifiscanner written to /workspace/builds/worker-1-tc2/source/Cargo.toml
[INFO] crate git repo https://github.com/mic90/tokio-wifiscanner already has a lockfile, it will not be regenerated
[INFO] running `Command { std: CARGO_HOME="/workspace/cargo-home" RUSTUP_HOME="/workspace/rustup-home" "/workspace/cargo-home/bin/cargo" "+beta-2023-04-20" "fetch" "--manifest-path" "Cargo.toml", kill_on_drop: false }`
[INFO] running `Command { std: "docker" "create" "-v" "/var/lib/crater-agent-workspace/builds/worker-1-tc2/target:/opt/rustwide/target:rw,Z" "-v" "/var/lib/crater-agent-workspace/builds/worker-1-tc2/source:/opt/rustwide/workdir:ro,Z" "-v" "/var/lib/crater-agent-workspace/cargo-home:/opt/rustwide/cargo-home:ro,Z" "-v" "/var/lib/crater-agent-workspace/rustup-home:/opt/rustwide/rustup-home:ro,Z" "-e" "SOURCE_DIR=/opt/rustwide/workdir" "-e" "CARGO_TARGET_DIR=/opt/rustwide/target" "-e" "CARGO_HOME=/opt/rustwide/cargo-home" "-e" "RUSTUP_HOME=/opt/rustwide/rustup-home" "-w" "/opt/rustwide/workdir" "-m" "1610612736" "--user" "0:0" "--network" "none" "ghcr.io/rust-lang/crates-build-env/linux@sha256:5ff2268d62e97bff2cde7d5815dd6ed5b47097566f13b8d0ca110b04b60e07ed" "/opt/rustwide/cargo-home/bin/cargo" "+beta-2023-04-20" "metadata" "--no-deps" "--format-version=1", kill_on_drop: false }`
[INFO] [stdout] 01b50d4aaccd51a1fd7f4249c309efb0938bfdd5feacd5075c266aa0c496c6f4
[INFO] running `Command { std: "docker" "start" "-a" "01b50d4aaccd51a1fd7f4249c309efb0938bfdd5feacd5075c266aa0c496c6f4", kill_on_drop: false }`
[INFO] running `Command { std: "docker" "inspect" "01b50d4aaccd51a1fd7f4249c309efb0938bfdd5feacd5075c266aa0c496c6f4", kill_on_drop: false }`
[INFO] running `Command { std: "docker" "rm" "-f" "01b50d4aaccd51a1fd7f4249c309efb0938bfdd5feacd5075c266aa0c496c6f4", kill_on_drop: false }`
[INFO] [stdout] 01b50d4aaccd51a1fd7f4249c309efb0938bfdd5feacd5075c266aa0c496c6f4
[INFO] running `Command { std: "docker" "create" "-v" "/var/lib/crater-agent-workspace/builds/worker-1-tc2/target:/opt/rustwide/target:rw,Z" "-v" "/var/lib/crater-agent-workspace/builds/worker-1-tc2/source:/opt/rustwide/workdir:ro,Z" "-v" "/var/lib/crater-agent-workspace/cargo-home:/opt/rustwide/cargo-home:ro,Z" "-v" "/var/lib/crater-agent-workspace/rustup-home:/opt/rustwide/rustup-home:ro,Z" "-e" "SOURCE_DIR=/opt/rustwide/workdir" "-e" "CARGO_TARGET_DIR=/opt/rustwide/target" "-e" "CARGO_INCREMENTAL=0" "-e" "RUST_BACKTRACE=full" "-e" "RUSTFLAGS=--cap-lints=warn" "-e" "RUSTDOCFLAGS=--cap-lints=warn" "-e" "CARGO_HOME=/opt/rustwide/cargo-home" "-e" "RUSTUP_HOME=/opt/rustwide/rustup-home" "-w" "/opt/rustwide/workdir" "-m" "1610612736" "--user" "0:0" "--network" "none" "ghcr.io/rust-lang/crates-build-env/linux@sha256:5ff2268d62e97bff2cde7d5815dd6ed5b47097566f13b8d0ca110b04b60e07ed" "/opt/rustwide/cargo-home/bin/cargo" "+beta-2023-04-20" "build" "--frozen" "--message-format=json", kill_on_drop: false }`
[INFO] [stdout] df4ff4a6b55cd6b0c48d8bea474fe9692177ec9d4f98f808015d4375efda5735
[INFO] running `Command { std: "docker" "start" "-a" "df4ff4a6b55cd6b0c48d8bea474fe9692177ec9d4f98f808015d4375efda5735", kill_on_drop: false }`
[INFO] [stderr]    Compiling proc-macro2 v1.0.24
[INFO] [stderr]    Compiling libc v0.2.82
[INFO] [stderr]    Compiling unicode-xid v0.2.1
[INFO] [stderr]    Compiling syn v1.0.60
[INFO] [stderr]    Compiling log v0.4.13
[INFO] [stderr]    Compiling memchr v2.3.4
[INFO] [stderr]    Compiling once_cell v1.5.2
[INFO] [stderr]    Compiling cfg-if v0.1.10
[INFO] [stderr]    Compiling autocfg v1.0.1
[INFO] [stderr]    Compiling regex-syntax v0.6.22
[INFO] [stderr]    Compiling pin-project-lite v0.2.4
[INFO] [stderr]    Compiling bytes v1.0.1
[INFO] [stderr]    Compiling either v1.6.1
[INFO] [stderr]    Compiling itertools v0.10.0
[INFO] [stderr]    Compiling thread_local v1.1.2
[INFO] [stderr]    Compiling tokio v1.1.0
[INFO] [stderr]    Compiling aho-corasick v0.7.15
[INFO] [stderr]    Compiling quote v1.0.8
[INFO] [stderr]    Compiling mio v0.7.7
[INFO] [stderr]    Compiling signal-hook-registry v1.3.0
[INFO] [stderr]    Compiling regex v1.4.3
[INFO] [stderr]    Compiling tokio-macros v1.0.0
[INFO] [stderr]    Compiling tokio-wifiscanner v0.2.1 (/opt/rustwide/workdir)
[INFO] [stderr]     Finished dev [unoptimized + debuginfo] target(s) in 10.48s
[INFO] running `Command { std: "docker" "inspect" "df4ff4a6b55cd6b0c48d8bea474fe9692177ec9d4f98f808015d4375efda5735", kill_on_drop: false }`
[INFO] running `Command { std: "docker" "rm" "-f" "df4ff4a6b55cd6b0c48d8bea474fe9692177ec9d4f98f808015d4375efda5735", kill_on_drop: false }`
[INFO] [stdout] df4ff4a6b55cd6b0c48d8bea474fe9692177ec9d4f98f808015d4375efda5735
[INFO] running `Command { std: "docker" "create" "-v" "/var/lib/crater-agent-workspace/builds/worker-1-tc2/target:/opt/rustwide/target:rw,Z" "-v" "/var/lib/crater-agent-workspace/builds/worker-1-tc2/source:/opt/rustwide/workdir:ro,Z" "-v" "/var/lib/crater-agent-workspace/cargo-home:/opt/rustwide/cargo-home:ro,Z" "-v" "/var/lib/crater-agent-workspace/rustup-home:/opt/rustwide/rustup-home:ro,Z" "-e" "SOURCE_DIR=/opt/rustwide/workdir" "-e" "CARGO_TARGET_DIR=/opt/rustwide/target" "-e" "CARGO_INCREMENTAL=0" "-e" "RUST_BACKTRACE=full" "-e" "RUSTFLAGS=--cap-lints=warn" "-e" "RUSTDOCFLAGS=--cap-lints=warn" "-e" "CARGO_HOME=/opt/rustwide/cargo-home" "-e" "RUSTUP_HOME=/opt/rustwide/rustup-home" "-w" "/opt/rustwide/workdir" "-m" "1610612736" "--user" "0:0" "--network" "none" "ghcr.io/rust-lang/crates-build-env/linux@sha256:5ff2268d62e97bff2cde7d5815dd6ed5b47097566f13b8d0ca110b04b60e07ed" "/opt/rustwide/cargo-home/bin/cargo" "+beta-2023-04-20" "test" "--frozen" "--no-run" "--message-format=json", kill_on_drop: false }`
[INFO] [stdout] 5af0341c83d566eae24b0cb62e26130fad48ccbc7ae54584403b2b930c668aaf
[INFO] running `Command { std: "docker" "start" "-a" "5af0341c83d566eae24b0cb62e26130fad48ccbc7ae54584403b2b930c668aaf", kill_on_drop: false }`
[INFO] [stderr]    Compiling tokio-wifiscanner v0.2.1 (/opt/rustwide/workdir)
[INFO] [stderr]     Finished test [unoptimized + debuginfo] target(s) in 0.81s
[INFO] running `Command { std: "docker" "inspect" "5af0341c83d566eae24b0cb62e26130fad48ccbc7ae54584403b2b930c668aaf", kill_on_drop: false }`
[INFO] running `Command { std: "docker" "rm" "-f" "5af0341c83d566eae24b0cb62e26130fad48ccbc7ae54584403b2b930c668aaf", kill_on_drop: false }`
[INFO] [stdout] 5af0341c83d566eae24b0cb62e26130fad48ccbc7ae54584403b2b930c668aaf
[INFO] running `Command { std: "docker" "create" "-v" "/var/lib/crater-agent-workspace/builds/worker-1-tc2/target:/opt/rustwide/target:rw,Z" "-v" "/var/lib/crater-agent-workspace/builds/worker-1-tc2/source:/opt/rustwide/workdir:ro,Z" "-v" "/var/lib/crater-agent-workspace/cargo-home:/opt/rustwide/cargo-home:ro,Z" "-v" "/var/lib/crater-agent-workspace/rustup-home:/opt/rustwide/rustup-home:ro,Z" "-e" "SOURCE_DIR=/opt/rustwide/workdir" "-e" "CARGO_TARGET_DIR=/opt/rustwide/target" "-e" "CARGO_INCREMENTAL=0" "-e" "RUST_BACKTRACE=full" "-e" "RUSTFLAGS=--cap-lints=warn" "-e" "RUSTDOCFLAGS=--cap-lints=warn" "-e" "CARGO_HOME=/opt/rustwide/cargo-home" "-e" "RUSTUP_HOME=/opt/rustwide/rustup-home" "-w" "/opt/rustwide/workdir" "-m" "1610612736" "--user" "0:0" "--network" "none" "ghcr.io/rust-lang/crates-build-env/linux@sha256:5ff2268d62e97bff2cde7d5815dd6ed5b47097566f13b8d0ca110b04b60e07ed" "/opt/rustwide/cargo-home/bin/cargo" "+beta-2023-04-20" "test" "--frozen", kill_on_drop: false }`
[INFO] [stdout] 470e58389436e59907e71086dcf8490990c8bfd1c5ac9abd55e8ddddbb4c132e
[INFO] running `Command { std: "docker" "start" "-a" "470e58389436e59907e71086dcf8490990c8bfd1c5ac9abd55e8ddddbb4c132e", kill_on_drop: false }`
[INFO] [stderr]     Finished test [unoptimized + debuginfo] target(s) in 0.02s
[INFO] [stderr]      Running unittests src/lib.rs (/opt/rustwide/target/debug/deps/tokio_wifiscanner-44e791e7cd7e1123)
[INFO] [stdout] 
[INFO] [stdout] running 2 tests
[INFO] [stdout] test sys::linux::tests::should_parse_iw_dev ... ok
[INFO] [stdout] test sys::linux::tests::should_parse_iw_dev_scan ... ok
[INFO] [stdout] 
[INFO] [stdout] test result: ok. 2 passed; 0 failed; 0 ignored; 0 measured; 0 filtered out; finished in 0.00s
[INFO] [stdout] 
[INFO] [stderr]    Doc-tests tokio-wifiscanner
[INFO] [stdout] 
[INFO] [stdout] running 2 tests
[INFO] [stdout] test src/lib.rs - (line 25) ... ok
[INFO] [stdout] test src/lib.rs - (line 31) ... FAILED
[INFO] [stdout] 
[INFO] [stdout] failures:
[INFO] [stdout] 
[INFO] [stdout] ---- src/lib.rs - (line 31) stdout ----
[INFO] [stdout] Test executable failed (exit status: 101).
[INFO] [stdout] 
[INFO] [stdout] stderr:
[INFO] [stdout] thread 'main' panicked at 'Cannot scan network: CommandNotFound', src/lib.rs:5:51
[INFO] [stdout] stack backtrace:
[INFO] [stdout]    0:     0x559d7923a8ba - std::backtrace_rs::backtrace::libunwind::trace::h2f05d0192276a8f6
[INFO] [stdout]                                at /rustc/1b7dd2252b99671ce5d1cb9664c5f8636329436d/library/std/src/../../backtrace/src/backtrace/libunwind.rs:93:5
[INFO] [stdout]    1:     0x559d7923a8ba - std::backtrace_rs::backtrace::trace_unsynchronized::hedc23dff7a1af150
[INFO] [stdout]                                at /rustc/1b7dd2252b99671ce5d1cb9664c5f8636329436d/library/std/src/../../backtrace/src/backtrace/mod.rs:66:5
[INFO] [stdout]    2:     0x559d7923a8ba - std::sys_common::backtrace::_print_fmt::h17541ef7592f3ce2
[INFO] [stdout]                                at /rustc/1b7dd2252b99671ce5d1cb9664c5f8636329436d/library/std/src/sys_common/backtrace.rs:65:5
[INFO] [stdout]    3:     0x559d7923a8ba - <std::sys_common::backtrace::_print::DisplayBacktrace as core::fmt::Display>::fmt::h20f75df5ab0c0792
[INFO] [stdout]                                at /rustc/1b7dd2252b99671ce5d1cb9664c5f8636329436d/library/std/src/sys_common/backtrace.rs:44:22
[INFO] [stdout]    4:     0x559d79258a8f - core::fmt::write::h78109e6f466b3af6
[INFO] [stdout]                                at /rustc/1b7dd2252b99671ce5d1cb9664c5f8636329436d/library/core/src/fmt/mod.rs:1254:17
[INFO] [stdout]    5:     0x559d79238385 - std::io::Write::write_fmt::hc59e1b02dd273c8a
[INFO] [stdout]                                at /rustc/1b7dd2252b99671ce5d1cb9664c5f8636329436d/library/std/src/io/mod.rs:1698:15
[INFO] [stdout]    6:     0x559d7923a685 - std::sys_common::backtrace::_print::h8dac57a9f8fbf9a5
[INFO] [stdout]                                at /rustc/1b7dd2252b99671ce5d1cb9664c5f8636329436d/library/std/src/sys_common/backtrace.rs:47:5
[INFO] [stdout]    7:     0x559d7923a685 - std::sys_common::backtrace::print::hf9ecbf41d1aa712f
[INFO] [stdout]                                at /rustc/1b7dd2252b99671ce5d1cb9664c5f8636329436d/library/std/src/sys_common/backtrace.rs:34:9
[INFO] [stdout]    8:     0x559d7923bdae - std::panicking::default_hook::{{closure}}::h04c07acfc84ca028
[INFO] [stdout]                                at /rustc/1b7dd2252b99671ce5d1cb9664c5f8636329436d/library/std/src/panicking.rs:269:22
[INFO] [stdout]    9:     0x559d7923bb55 - std::panicking::default_hook::h01f6bb23e1eceb2c
[INFO] [stdout]                                at /rustc/1b7dd2252b99671ce5d1cb9664c5f8636329436d/library/std/src/panicking.rs:288:9
[INFO] [stdout]   10:     0x559d7923c30e - std::panicking::rust_panic_with_hook::h2bb3722bbaf2f6df
[INFO] [stdout]                                at /rustc/1b7dd2252b99671ce5d1cb9664c5f8636329436d/library/std/src/panicking.rs:691:13
[INFO] [stdout]   11:     0x559d7923c209 - std::panicking::begin_panic_handler::{{closure}}::h91bc7f36a4be011b
[INFO] [stdout]                                at /rustc/1b7dd2252b99671ce5d1cb9664c5f8636329436d/library/std/src/panicking.rs:582:13
[INFO] [stdout]   12:     0x559d7923ad26 - std::sys_common::backtrace::__rust_end_short_backtrace::h8b3d3717114f9e59
[INFO] [stdout]                                at /rustc/1b7dd2252b99671ce5d1cb9664c5f8636329436d/library/std/src/sys_common/backtrace.rs:150:18
[INFO] [stdout]   13:     0x559d7923bf62 - rust_begin_unwind
[INFO] [stdout]                                at /rustc/1b7dd2252b99671ce5d1cb9664c5f8636329436d/library/std/src/panicking.rs:578:5
[INFO] [stdout]   14:     0x559d7919c463 - core::panicking::panic_fmt::hfd368e3fbdabea26
[INFO] [stdout]                                at /rustc/1b7dd2252b99671ce5d1cb9664c5f8636329436d/library/core/src/panicking.rs:67:14
[INFO] [stdout]   15:     0x559d7919c943 - core::result::unwrap_failed::he54eb4b2f125b26f
[INFO] [stdout]                                at /rustc/1b7dd2252b99671ce5d1cb9664c5f8636329436d/library/core/src/result.rs:1687:5
[INFO] [stdout]   16:     0x559d791a1359 - core::result::Result<T,E>::expect::h7e3f8b1561606428
[INFO] [stdout]   17:     0x559d791a8017 - rust_out::main::{{closure}}::h8b7f9c3b65b87d09
[INFO] [stdout]   18:     0x559d791a6c2a - <core::pin::Pin<P> as core::future::future::Future>::poll::h267bd7065fc300bb
[INFO] [stdout]   19:     0x559d791a5d0a - tokio::runtime::basic_scheduler::Inner<P>::block_on::{{closure}}::{{closure}}::ha0f4b69941385ab0
[INFO] [stdout]   20:     0x559d791a2de8 - tokio::coop::with_budget::{{closure}}::he5e17b7fc564125d
[INFO] [stdout]   21:     0x559d7919ef8e - std::thread::local::LocalKey<T>::try_with::hf05d1a9312af61dd
[INFO] [stdout]   22:     0x559d7919eac6 - std::thread::local::LocalKey<T>::with::hf804d2e86f672ff3
[INFO] [stdout]   23:     0x559d791a576a - tokio::runtime::basic_scheduler::Inner<P>::block_on::{{closure}}::h8cb283dfd2155e1a
[INFO] [stdout]   24:     0x559d791a67a1 - tokio::runtime::basic_scheduler::enter::{{closure}}::h766c32e95d57b889
[INFO] [stdout]   25:     0x559d791a3cb7 - tokio::macros::scoped_tls::ScopedKey<T>::set::h6c6b9a5cf8348945
[INFO] [stdout]   26:     0x559d791a6726 - tokio::runtime::basic_scheduler::enter::h692089f19491aab5
[INFO] [stdout]   27:     0x559d791a54be - tokio::runtime::basic_scheduler::Inner<P>::block_on::hbb566e47757b2772
[INFO] [stdout]   28:     0x559d791a5db4 - tokio::runtime::basic_scheduler::InnerGuard<P>::block_on::h66dd89eddd8c0239
[INFO] [stdout]   29:     0x559d791a60a7 - tokio::runtime::basic_scheduler::BasicScheduler<P>::block_on::h2362831ded3009e5
[INFO] [stdout]   30:     0x559d791a6942 - tokio::runtime::Runtime::block_on::h497f2bc98814a785
[INFO] [stdout]   31:     0x559d791a7d57 - rust_out::main::h2731449a68dfa004
[INFO] [stdout]   32:     0x559d7919f723 - core::ops::function::FnOnce::call_once::hd1715aa1b26fc35c
[INFO] [stdout]   33:     0x559d7919e8e6 - std::sys_common::backtrace::__rust_begin_short_backtrace::h8d2b4d09ce515535
[INFO] [stdout]   34:     0x559d7919e939 - std::rt::lang_start::{{closure}}::hc9a918c63b0dc835
[INFO] [stdout]   35:     0x559d7923575e - core::ops::function::impls::<impl core::ops::function::FnOnce<A> for &F>::call_once::h2eb19b8ce4148df4
[INFO] [stdout]                                at /rustc/1b7dd2252b99671ce5d1cb9664c5f8636329436d/library/core/src/ops/function.rs:287:13
[INFO] [stdout]   36:     0x559d7923575e - std::panicking::try::do_call::h2e900feff5d504c5
[INFO] [stdout]                                at /rustc/1b7dd2252b99671ce5d1cb9664c5f8636329436d/library/std/src/panicking.rs:485:40
[INFO] [stdout]   37:     0x559d7923575e - std::panicking::try::h8854836cb85aa9f2
[INFO] [stdout]                                at /rustc/1b7dd2252b99671ce5d1cb9664c5f8636329436d/library/std/src/panicking.rs:449:19
[INFO] [stdout]   38:     0x559d7923575e - std::panic::catch_unwind::h706025dd4c48f64b
[INFO] [stdout]                                at /rustc/1b7dd2252b99671ce5d1cb9664c5f8636329436d/library/std/src/panic.rs:140:14
[INFO] [stdout]   39:     0x559d7923575e - std::rt::lang_start_internal::{{closure}}::h7be5b97f4a07a91a
[INFO] [stdout]                                at /rustc/1b7dd2252b99671ce5d1cb9664c5f8636329436d/library/std/src/rt.rs:148:48
[INFO] [stdout]   40:     0x559d7923575e - std::panicking::try::do_call::h59847e9d0a176965
[INFO] [stdout]                                at /rustc/1b7dd2252b99671ce5d1cb9664c5f8636329436d/library/std/src/panicking.rs:485:40
[INFO] [stdout]   41:     0x559d7923575e - std::panicking::try::h399a918ba8522823
[INFO] [stdout]                                at /rustc/1b7dd2252b99671ce5d1cb9664c5f8636329436d/library/std/src/panicking.rs:449:19
[INFO] [stdout]   42:     0x559d7923575e - std::panic::catch_unwind::hca7ca6c55b2a2e26
[INFO] [stdout]                                at /rustc/1b7dd2252b99671ce5d1cb9664c5f8636329436d/library/std/src/panic.rs:140:14
[INFO] [stdout]   43:     0x559d7923575e - std::rt::lang_start_internal::h2c807a81560459eb
[INFO] [stdout]                                at /rustc/1b7dd2252b99671ce5d1cb9664c5f8636329436d/library/std/src/rt.rs:148:20
[INFO] [stdout]   44:     0x559d7919e917 - std::rt::lang_start::hc4bd3329ce767e23
[INFO] [stdout]   45:     0x559d791a87e5 - main
[INFO] [stdout]   46:     0x7f557e9bcd90 - <unknown>
[INFO] [stdout]   47:     0x7f557e9bce40 - __libc_start_main
[INFO] [stdout]   48:     0x559d7919cb25 - _start
[INFO] [stdout]   49:                0x0 - <unknown>
[INFO] [stdout] 
[INFO] [stdout] 
[INFO] [stdout] 
[INFO] [stdout] failures:
[INFO] [stdout]     src/lib.rs - (line 31)
[INFO] [stdout] 
[INFO] [stdout] test result: FAILED. 1 passed; 1 failed; 0 ignored; 0 measured; 0 filtered out; finished in 0.58s
[INFO] [stdout] 
[INFO] [stderr] error: doctest failed, to rerun pass `--doc`
[INFO] running `Command { std: "docker" "inspect" "470e58389436e59907e71086dcf8490990c8bfd1c5ac9abd55e8ddddbb4c132e", kill_on_drop: false }`
[INFO] running `Command { std: "docker" "rm" "-f" "470e58389436e59907e71086dcf8490990c8bfd1c5ac9abd55e8ddddbb4c132e", kill_on_drop: false }`
[INFO] [stdout] 470e58389436e59907e71086dcf8490990c8bfd1c5ac9abd55e8ddddbb4c132e
