[INFO] cloning repository https://github.com/mh-alahdadian/rust-learn
[INFO] running `Command { std: "git" "-c" "credential.helper=" "-c" "credential.helper=/workspace/cargo-home/bin/git-credential-null" "clone" "--bare" "https://github.com/mh-alahdadian/rust-learn" "/workspace/cache/git-repos/https%3A%2F%2Fgithub.com%2Fmh-alahdadian%2Frust-learn", kill_on_drop: false }`
[INFO] [stderr] Cloning into bare repository '/workspace/cache/git-repos/https%3A%2F%2Fgithub.com%2Fmh-alahdadian%2Frust-learn'...
[INFO] running `Command { std: "git" "rev-parse" "HEAD", kill_on_drop: false }`
[INFO] [stdout] 5358a56d34c6143fe534467e5122dfc18035ff93
[INFO] testing mh-alahdadian/rust-learn against beta-2023-04-20 for beta-1.70-1
[INFO] running `Command { std: "git" "clone" "/workspace/cache/git-repos/https%3A%2F%2Fgithub.com%2Fmh-alahdadian%2Frust-learn" "/workspace/builds/worker-5-tc2/source", kill_on_drop: false }`
[INFO] [stderr] Cloning into '/workspace/builds/worker-5-tc2/source'...
[INFO] [stderr] done.
[INFO] validating manifest of git repo https://github.com/mh-alahdadian/rust-learn on toolchain beta-2023-04-20
[INFO] running `Command { std: CARGO_HOME="/workspace/cargo-home" RUSTUP_HOME="/workspace/rustup-home" "/workspace/cargo-home/bin/cargo" "+beta-2023-04-20" "metadata" "--manifest-path" "Cargo.toml" "--no-deps", kill_on_drop: false }`
[INFO] started tweaking git repo https://github.com/mh-alahdadian/rust-learn
[INFO] finished tweaking git repo https://github.com/mh-alahdadian/rust-learn
[INFO] tweaked toml for git repo https://github.com/mh-alahdadian/rust-learn written to /workspace/builds/worker-5-tc2/source/Cargo.toml
[INFO] crate git repo https://github.com/mh-alahdadian/rust-learn already has a lockfile, it will not be regenerated
[INFO] running `Command { std: CARGO_HOME="/workspace/cargo-home" RUSTUP_HOME="/workspace/rustup-home" "/workspace/cargo-home/bin/cargo" "+beta-2023-04-20" "fetch" "--manifest-path" "Cargo.toml", kill_on_drop: false }`
[INFO] running `Command { std: "docker" "create" "-v" "/var/lib/crater-agent-workspace/builds/worker-5-tc2/target:/opt/rustwide/target:rw,Z" "-v" "/var/lib/crater-agent-workspace/builds/worker-5-tc2/source:/opt/rustwide/workdir:ro,Z" "-v" "/var/lib/crater-agent-workspace/cargo-home:/opt/rustwide/cargo-home:ro,Z" "-v" "/var/lib/crater-agent-workspace/rustup-home:/opt/rustwide/rustup-home:ro,Z" "-e" "SOURCE_DIR=/opt/rustwide/workdir" "-e" "CARGO_TARGET_DIR=/opt/rustwide/target" "-e" "CARGO_HOME=/opt/rustwide/cargo-home" "-e" "RUSTUP_HOME=/opt/rustwide/rustup-home" "-w" "/opt/rustwide/workdir" "-m" "1610612736" "--user" "0:0" "--network" "none" "ghcr.io/rust-lang/crates-build-env/linux@sha256:5ff2268d62e97bff2cde7d5815dd6ed5b47097566f13b8d0ca110b04b60e07ed" "/opt/rustwide/cargo-home/bin/cargo" "+beta-2023-04-20" "metadata" "--no-deps" "--format-version=1", kill_on_drop: false }`
[INFO] [stdout] 5045dbca97d93124d7b862b0407f42a79d7fe0b555ae8baaaede2303a7ce46d6
[INFO] running `Command { std: "docker" "start" "-a" "5045dbca97d93124d7b862b0407f42a79d7fe0b555ae8baaaede2303a7ce46d6", kill_on_drop: false }`
[INFO] running `Command { std: "docker" "inspect" "5045dbca97d93124d7b862b0407f42a79d7fe0b555ae8baaaede2303a7ce46d6", kill_on_drop: false }`
[INFO] running `Command { std: "docker" "rm" "-f" "5045dbca97d93124d7b862b0407f42a79d7fe0b555ae8baaaede2303a7ce46d6", kill_on_drop: false }`
[INFO] [stdout] 5045dbca97d93124d7b862b0407f42a79d7fe0b555ae8baaaede2303a7ce46d6
[INFO] running `Command { std: "docker" "create" "-v" "/var/lib/crater-agent-workspace/builds/worker-5-tc2/target:/opt/rustwide/target:rw,Z" "-v" "/var/lib/crater-agent-workspace/builds/worker-5-tc2/source:/opt/rustwide/workdir:ro,Z" "-v" "/var/lib/crater-agent-workspace/cargo-home:/opt/rustwide/cargo-home:ro,Z" "-v" "/var/lib/crater-agent-workspace/rustup-home:/opt/rustwide/rustup-home:ro,Z" "-e" "SOURCE_DIR=/opt/rustwide/workdir" "-e" "CARGO_TARGET_DIR=/opt/rustwide/target" "-e" "CARGO_INCREMENTAL=0" "-e" "RUST_BACKTRACE=full" "-e" "RUSTFLAGS=--cap-lints=warn" "-e" "RUSTDOCFLAGS=--cap-lints=warn" "-e" "CARGO_HOME=/opt/rustwide/cargo-home" "-e" "RUSTUP_HOME=/opt/rustwide/rustup-home" "-w" "/opt/rustwide/workdir" "-m" "1610612736" "--user" "0:0" "--network" "none" "ghcr.io/rust-lang/crates-build-env/linux@sha256:5ff2268d62e97bff2cde7d5815dd6ed5b47097566f13b8d0ca110b04b60e07ed" "/opt/rustwide/cargo-home/bin/cargo" "+beta-2023-04-20" "build" "--frozen" "--message-format=json", kill_on_drop: false }`
[INFO] [stdout] 0a43ff6beb1f255caa153e3da13a1d24a94714652a2b704a48a926ccb4df9639
[INFO] running `Command { std: "docker" "start" "-a" "0a43ff6beb1f255caa153e3da13a1d24a94714652a2b704a48a926ccb4df9639", kill_on_drop: false }`
[INFO] [stderr]    Compiling proc-macro2 v1.0.36
[INFO] [stderr]    Compiling unicode-xid v0.2.2
[INFO] [stderr]    Compiling syn v1.0.86
[INFO] [stderr]    Compiling memchr v2.4.1
[INFO] [stderr]    Compiling libc v0.2.119
[INFO] [stderr]    Compiling futures-core v0.3.21
[INFO] [stderr]    Compiling cfg-if v1.0.0
[INFO] [stderr]    Compiling version_check v0.9.4
[INFO] [stderr]    Compiling futures-io v0.3.21
[INFO] [stderr]    Compiling pin-project-lite v0.2.8
[INFO] [stderr]    Compiling log v0.4.14
[INFO] [stderr]    Compiling slab v0.4.5
[INFO] [stderr]    Compiling cache-padded v1.2.0
[INFO] [stderr]    Compiling event-listener v2.5.2
[INFO] [stderr]    Compiling waker-fn v1.1.0
[INFO] [stderr]    Compiling parking v2.0.0
[INFO] [stderr]    Compiling concurrent-queue v1.2.2
[INFO] [stderr]    Compiling fastrand v1.7.0
[INFO] [stderr]    Compiling futures-channel v0.3.21
[INFO] [stderr]    Compiling futures-task v0.3.21
[INFO] [stderr]    Compiling autocfg v1.1.0
[INFO] [stderr]    Compiling once_cell v1.9.0
[INFO] [stderr]    Compiling pin-utils v0.1.0
[INFO] [stderr]    Compiling async-task v4.1.0
[INFO] [stderr]    Compiling futures-sink v0.3.21
[INFO] [stderr]    Compiling cc v1.0.73
[INFO] [stderr]    Compiling futures-util v0.3.21
[INFO] [stderr]    Compiling gimli v0.26.1
[INFO] [stderr]    Compiling atomic-waker v1.0.0
[INFO] [stderr]    Compiling value-bag v1.0.0-alpha.8
[INFO] [stderr]    Compiling adler v1.0.2
[INFO] [stderr]    Compiling crossbeam-utils v0.8.7
[INFO] [stderr]    Compiling error-chain v0.12.4
[INFO] [stderr]    Compiling async-mutex v1.4.0
[INFO] [stderr]    Compiling miniz_oxide v0.4.4
[INFO] [stderr]    Compiling async-channel v1.6.1
[INFO] [stderr]    Compiling ppv-lite86 v0.2.16
[INFO] [stderr]    Compiling rustc-demangle v0.1.21
[INFO] [stderr]    Compiling lazy_static v1.4.0
[INFO] [stderr]    Compiling async-lock v2.5.0
[INFO] [stderr]    Compiling quote v1.0.15
[INFO] [stderr]    Compiling futures-lite v1.12.0
[INFO] [stderr]    Compiling object v0.27.1
[INFO] [stderr]    Compiling backtrace v0.3.64
[INFO] [stderr]    Compiling socket2 v0.4.4
[INFO] [stderr]    Compiling getrandom v0.2.5
[INFO] [stderr]    Compiling num_cpus v1.13.1
[INFO] [stderr]    Compiling rand_core v0.6.3
[INFO] [stderr]    Compiling blocking v1.1.0
[INFO] [stderr]    Compiling async-executor v1.4.1
[INFO] [stderr]    Compiling rand_chacha v0.3.1
[INFO] [stderr]    Compiling rand v0.8.5
[INFO] [stderr]    Compiling addr2line v0.17.0
[INFO] [stderr]    Compiling ctor v0.1.21
[INFO] [stderr]    Compiling futures-macro v0.3.21
[INFO] [stderr]    Compiling async-attributes v1.1.2
[INFO] [stderr]    Compiling polling v2.2.0
[INFO] [stderr]    Compiling kv-log-macro v1.0.7
[INFO] [stderr]    Compiling async-io v1.6.0
[INFO] [stderr]    Compiling async-global-executor v2.0.3
[INFO] [stderr]    Compiling async-std v1.10.0
[INFO] [stderr]    Compiling futures-executor v0.3.21
[INFO] [stderr]    Compiling futures v0.3.21
[INFO] [stderr]    Compiling learn-rust v0.1.0 (/opt/rustwide/workdir)
[INFO] [stderr]     Finished dev [unoptimized + debuginfo] target(s) in 22.31s
[INFO] running `Command { std: "docker" "inspect" "0a43ff6beb1f255caa153e3da13a1d24a94714652a2b704a48a926ccb4df9639", kill_on_drop: false }`
[INFO] running `Command { std: "docker" "rm" "-f" "0a43ff6beb1f255caa153e3da13a1d24a94714652a2b704a48a926ccb4df9639", kill_on_drop: false }`
[INFO] [stdout] 0a43ff6beb1f255caa153e3da13a1d24a94714652a2b704a48a926ccb4df9639
[INFO] running `Command { std: "docker" "create" "-v" "/var/lib/crater-agent-workspace/builds/worker-5-tc2/target:/opt/rustwide/target:rw,Z" "-v" "/var/lib/crater-agent-workspace/builds/worker-5-tc2/source:/opt/rustwide/workdir:ro,Z" "-v" "/var/lib/crater-agent-workspace/cargo-home:/opt/rustwide/cargo-home:ro,Z" "-v" "/var/lib/crater-agent-workspace/rustup-home:/opt/rustwide/rustup-home:ro,Z" "-e" "SOURCE_DIR=/opt/rustwide/workdir" "-e" "CARGO_TARGET_DIR=/opt/rustwide/target" "-e" "CARGO_INCREMENTAL=0" "-e" "RUST_BACKTRACE=full" "-e" "RUSTFLAGS=--cap-lints=warn" "-e" "RUSTDOCFLAGS=--cap-lints=warn" "-e" "CARGO_HOME=/opt/rustwide/cargo-home" "-e" "RUSTUP_HOME=/opt/rustwide/rustup-home" "-w" "/opt/rustwide/workdir" "-m" "1610612736" "--user" "0:0" "--network" "none" "ghcr.io/rust-lang/crates-build-env/linux@sha256:5ff2268d62e97bff2cde7d5815dd6ed5b47097566f13b8d0ca110b04b60e07ed" "/opt/rustwide/cargo-home/bin/cargo" "+beta-2023-04-20" "test" "--frozen" "--no-run" "--message-format=json", kill_on_drop: false }`
[INFO] [stdout] ea333a3191dc3ec612095b279422f1e585b96b99535ef5e2d1d88c0e3986b504
[INFO] running `Command { std: "docker" "start" "-a" "ea333a3191dc3ec612095b279422f1e585b96b99535ef5e2d1d88c0e3986b504", kill_on_drop: false }`
[INFO] [stderr]    Compiling learn-rust v0.1.0 (/opt/rustwide/workdir)
[INFO] [stdout] warning: unused variable: `i`
[INFO] [stdout]   --> tests/var_refs.rs:35:14
[INFO] [stdout]    |
[INFO] [stdout] 35 |         for (i, &item) in bytes.iter().enumerate() {
[INFO] [stdout]    |              ^ help: if this is intentional, prefix it with an underscore: `_i`
[INFO] [stdout]    |
[INFO] [stdout]    = note: `#[warn(unused_variables)]` on by default
[INFO] [stdout] 
[INFO] [stdout] 
[INFO] [stdout] warning: value assigned to `s` is never read
[INFO] [stdout]   --> tests/var_refs.rs:66:9
[INFO] [stdout]    |
[INFO] [stdout] 66 |         s = &mut String::from("world2");
[INFO] [stdout]    |         ^
[INFO] [stdout]    |
[INFO] [stdout]    = help: maybe it is overwritten before being read?
[INFO] [stdout]    = note: `#[warn(unused_assignments)]` on by default
[INFO] [stdout] 
[INFO] [stdout] 
[INFO] [stdout] warning: unused variable: `x`
[INFO] [stdout]   --> tests/var_refs.rs:75:9
[INFO] [stdout]    |
[INFO] [stdout] 75 |     let x = 5;
[INFO] [stdout]    |         ^ help: if this is intentional, prefix it with an underscore: `_x`
[INFO] [stdout] 
[INFO] [stdout] 
[INFO] [stdout] warning: unused variable: `x`
[INFO] [stdout]    --> tests/var_refs.rs:123:9
[INFO] [stdout]     |
[INFO] [stdout] 123 |     let x: &str = &**m;
[INFO] [stdout]     |         ^ help: if this is intentional, prefix it with an underscore: `_x`
[INFO] [stdout] 
[INFO] [stdout] 
[INFO] [stdout] warning: unused variable: `x`
[INFO] [stdout]    --> tests/var_refs.rs:124:9
[INFO] [stdout]     |
[INFO] [stdout] 124 |     let x: &str = &*m;
[INFO] [stdout]     |         ^ help: if this is intentional, prefix it with an underscore: `_x`
[INFO] [stdout] 
[INFO] [stdout] 
[INFO] [stdout] warning: function `first_word2` is never used
[INFO] [stdout]   --> tests/var_refs.rs:42:8
[INFO] [stdout]    |
[INFO] [stdout] 42 |     fn first_word2<'a, 'b>(s: &'a String) -> &'a str {
[INFO] [stdout]    |        ^^^^^^^^^^^
[INFO] [stdout]    |
[INFO] [stdout]    = note: `#[warn(dead_code)]` on by default
[INFO] [stdout] 
[INFO] [stdout] 
[INFO] [stdout] warning: identifier contains uncommon Unicode codepoints
[INFO] [stdout]   --> tests/post.rs:25:13
[INFO] [stdout]    |
[INFO] [stdout] 25 |             ـ => "",
[INFO] [stdout]    |             ^
[INFO] [stdout]    |
[INFO] [stdout]    = note: `#[warn(uncommon_codepoints)]` on by default
[INFO] [stdout] 
[INFO] [stdout] 
[INFO] [stdout] warning: unused variable: `ـ`
[INFO] [stdout]   --> tests/post.rs:25:13
[INFO] [stdout]    |
[INFO] [stdout] 25 |             ـ => "",
[INFO] [stdout]    |             ^ help: if this is intentional, prefix it with an underscore: `_ـ`
[INFO] [stdout]    |
[INFO] [stdout]    = note: `#[warn(unused_variables)]` on by default
[INFO] [stdout] 
[INFO] [stdout] 
[INFO] [stdout] warning: struct `A` is never constructed
[INFO] [stdout]   --> tests/impls.rs:23:12
[INFO] [stdout]    |
[INFO] [stdout] 23 |     struct A {}
[INFO] [stdout]    |            ^
[INFO] [stdout]    |
[INFO] [stdout]    = note: `#[warn(dead_code)]` on by default
[INFO] [stdout] 
[INFO] [stdout] 
[INFO] [stdout] warning: module `Page1` should have a snake case name
[INFO] [stdout]   --> tests/impls.rs:31:5
[INFO] [stdout]    |
[INFO] [stdout] 31 | mod Page1 {
[INFO] [stdout]    |     ^^^^^ help: convert the identifier to snake case: `page1`
[INFO] [stdout]    |
[INFO] [stdout]    = note: `#[warn(non_snake_case)]` on by default
[INFO] [stdout] 
[INFO] [stdout] 
[INFO] [stdout] warning: module `Page2` should have a snake case name
[INFO] [stdout]   --> tests/impls.rs:48:5
[INFO] [stdout]    |
[INFO] [stdout] 48 | mod Page2 {
[INFO] [stdout]    |     ^^^^^ help: convert the identifier to snake case: `page2`
[INFO] [stdout] 
[INFO] [stdout] 
[INFO] [stdout] warning: 2 warnings emitted
[INFO] [stdout] 
[INFO] [stdout] 
[INFO] [stdout] warning: 3 warnings emitted
[INFO] [stdout] 
[INFO] [stdout] 
[INFO] [stdout] warning: 6 warnings emitted
[INFO] [stdout] 
[INFO] [stdout] 
[INFO] [stderr]     Finished test [unoptimized + debuginfo] target(s) in 2.19s
[INFO] running `Command { std: "docker" "inspect" "ea333a3191dc3ec612095b279422f1e585b96b99535ef5e2d1d88c0e3986b504", kill_on_drop: false }`
[INFO] running `Command { std: "docker" "rm" "-f" "ea333a3191dc3ec612095b279422f1e585b96b99535ef5e2d1d88c0e3986b504", kill_on_drop: false }`
[INFO] [stdout] ea333a3191dc3ec612095b279422f1e585b96b99535ef5e2d1d88c0e3986b504
[INFO] running `Command { std: "docker" "create" "-v" "/var/lib/crater-agent-workspace/builds/worker-5-tc2/target:/opt/rustwide/target:rw,Z" "-v" "/var/lib/crater-agent-workspace/builds/worker-5-tc2/source:/opt/rustwide/workdir:ro,Z" "-v" "/var/lib/crater-agent-workspace/cargo-home:/opt/rustwide/cargo-home:ro,Z" "-v" "/var/lib/crater-agent-workspace/rustup-home:/opt/rustwide/rustup-home:ro,Z" "-e" "SOURCE_DIR=/opt/rustwide/workdir" "-e" "CARGO_TARGET_DIR=/opt/rustwide/target" "-e" "CARGO_INCREMENTAL=0" "-e" "RUST_BACKTRACE=full" "-e" "RUSTFLAGS=--cap-lints=warn" "-e" "RUSTDOCFLAGS=--cap-lints=warn" "-e" "CARGO_HOME=/opt/rustwide/cargo-home" "-e" "RUSTUP_HOME=/opt/rustwide/rustup-home" "-w" "/opt/rustwide/workdir" "-m" "1610612736" "--user" "0:0" "--network" "none" "ghcr.io/rust-lang/crates-build-env/linux@sha256:5ff2268d62e97bff2cde7d5815dd6ed5b47097566f13b8d0ca110b04b60e07ed" "/opt/rustwide/cargo-home/bin/cargo" "+beta-2023-04-20" "test" "--frozen", kill_on_drop: false }`
[INFO] [stdout] 843903e17868e9cb24a38876889ba8e1d13fbb12189ec383055984ce0b8a81cb
[INFO] running `Command { std: "docker" "start" "-a" "843903e17868e9cb24a38876889ba8e1d13fbb12189ec383055984ce0b8a81cb", kill_on_drop: false }`
[INFO] [stderr] warning: identifier contains uncommon Unicode codepoints
[INFO] [stderr]   --> tests/post.rs:25:13
[INFO] [stderr]    |
[INFO] [stderr] 25 |             ـ => "",
[INFO] [stderr]    |             ^
[INFO] [stderr]    |
[INFO] [stderr]    = note: `#[warn(uncommon_codepoints)]` on by default
[INFO] [stderr] 
[INFO] [stderr] warning: unused variable: `ـ`
[INFO] [stderr]   --> tests/post.rs:25:13
[INFO] [stderr]    |
[INFO] [stderr] 25 |             ـ => "",
[INFO] [stderr]    |             ^ help: if this is intentional, prefix it with an underscore: `_ـ`
[INFO] [stderr]    |
[INFO] [stderr]    = note: `#[warn(unused_variables)]` on by default
[INFO] [stderr] 
[INFO] [stderr] warning: struct `A` is never constructed
[INFO] [stderr]   --> tests/impls.rs:23:12
[INFO] [stderr]    |
[INFO] [stderr] 23 |     struct A {}
[INFO] [stderr]    |            ^
[INFO] [stderr]    |
[INFO] [stderr]    = note: `#[warn(dead_code)]` on by default
[INFO] [stderr] 
[INFO] [stderr] warning: module `Page1` should have a snake case name
[INFO] [stderr]   --> tests/impls.rs:31:5
[INFO] [stderr]    |
[INFO] [stderr] 31 | mod Page1 {
[INFO] [stderr]    |     ^^^^^ help: convert the identifier to snake case: `page1`
[INFO] [stderr]    |
[INFO] [stderr]    = note: `#[warn(non_snake_case)]` on by default
[INFO] [stderr] 
[INFO] [stderr] warning: module `Page2` should have a snake case name
[INFO] [stderr]   --> tests/impls.rs:48:5
[INFO] [stderr]    |
[INFO] [stderr] 48 | mod Page2 {
[INFO] [stderr]    |     ^^^^^ help: convert the identifier to snake case: `page2`
[INFO] [stderr] 
[INFO] [stderr] warning: unused variable: `i`
[INFO] [stderr]   --> tests/var_refs.rs:35:14
[INFO] [stderr]    |
[INFO] [stderr] 35 |         for (i, &item) in bytes.iter().enumerate() {
[INFO] [stderr]    |              ^ help: if this is intentional, prefix it with an underscore: `_i`
[INFO] [stderr]    |
[INFO] [stderr]    = note: `#[warn(unused_variables)]` on by default
[INFO] [stderr] 
[INFO] [stderr] warning: value assigned to `s` is never read
[INFO] [stderr]   --> tests/var_refs.rs:66:9
[INFO] [stderr]    |
[INFO] [stderr] 66 |         s = &mut String::from("world2");
[INFO] [stderr]    |         ^
[INFO] [stderr]    |
[INFO] [stderr]    = help: maybe it is overwritten before being read?
[INFO] [stderr]    = note: `#[warn(unused_assignments)]` on by default
[INFO] [stderr] 
[INFO] [stderr] warning: unused variable: `x`
[INFO] [stderr]   --> tests/var_refs.rs:75:9
[INFO] [stderr]    |
[INFO] [stderr] 75 |     let x = 5;
[INFO] [stderr]    |         ^ help: if this is intentional, prefix it with an underscore: `_x`
[INFO] [stderr] 
[INFO] [stderr] warning: unused variable: `x`
[INFO] [stderr]    --> tests/var_refs.rs:123:9
[INFO] [stderr]     |
[INFO] [stderr] 123 |     let x: &str = &**m;
[INFO] [stderr]     |         ^ help: if this is intentional, prefix it with an underscore: `_x`
[INFO] [stderr] 
[INFO] [stderr] warning: unused variable: `x`
[INFO] [stderr]    --> tests/var_refs.rs:124:9
[INFO] [stderr]     |
[INFO] [stderr] 124 |     let x: &str = &*m;
[INFO] [stderr]     |         ^ help: if this is intentional, prefix it with an underscore: `_x`
[INFO] [stderr] 
[INFO] [stderr] warning: function `first_word2` is never used
[INFO] [stderr]   --> tests/var_refs.rs:42:8
[INFO] [stderr]    |
[INFO] [stderr] 42 |     fn first_word2<'a, 'b>(s: &'a String) -> &'a str {
[INFO] [stderr]    |        ^^^^^^^^^^^
[INFO] [stderr]    |
[INFO] [stderr]    = note: `#[warn(dead_code)]` on by default
[INFO] [stderr] 
[INFO] [stderr] warning: `learn-rust` (test "post") generated 2 warnings (run `cargo fix --test "post"` to apply 1 suggestion)
[INFO] [stderr] warning: `learn-rust` (test "impls") generated 3 warnings
[INFO] [stderr] warning: `learn-rust` (test "var_refs") generated 6 warnings (run `cargo fix --test "var_refs"` to apply 4 suggestions)
[INFO] [stderr]     Finished test [unoptimized + debuginfo] target(s) in 0.05s
[INFO] [stderr]      Running unittests src/lib.rs (/opt/rustwide/target/debug/deps/learn_rust-b5d5b043405cb41d)
[INFO] [stderr]      Running tests/concurrent.rs (/opt/rustwide/target/debug/deps/concurrent-d1c7b9f2fe8022dc)
[INFO] [stdout] 
[INFO] [stdout] running 0 tests
[INFO] [stdout] 
[INFO] [stdout] test result: ok. 0 passed; 0 failed; 0 ignored; 0 measured; 0 filtered out; finished in 0.00s
[INFO] [stdout] 
[INFO] [stdout] 
[INFO] [stdout] running 1 test
[INFO] [stdout] test atomic ... ok
[INFO] [stdout] 
[INFO] [stdout] test result: ok. 1 passed; 0 failed; 0 ignored; 0 measured; 0 filtered out; finished in 0.00s
[INFO] [stdout] 
[INFO] [stderr]      Running tests/deref.rs (/opt/rustwide/target/debug/deps/deref-c7dd8535e4fabeaf)
[INFO] [stdout] 
[INFO] [stdout] running 1 test
[INFO] [stdout] test auto_deref_student ... ok
[INFO] [stdout] 
[INFO] [stdout] test result: ok. 1 passed; 0 failed; 0 ignored; 0 measured; 0 filtered out; finished in 0.00s
[INFO] [stdout] 
[INFO] [stderr]      Running tests/enums.rs (/opt/rustwide/target/debug/deps/enums-71917db039642496)
[INFO] [stdout] 
[INFO] [stdout] running 2 tests
[INFO] [stdout] test option::unwrap2 ... ok
[INFO] [stdout] test result::unwrap ... FAILED
[INFO] [stdout] 
[INFO] [stdout] failures:
[INFO] [stdout] 
[INFO] [stdout] ---- result::unwrap stdout ----
[INFO] [stdout] thread 'result::unwrap' panicked at 'called `Result::unwrap()` on an `Err` value: "5"', tests/enums.rs:9:21
[INFO] [stdout] stack backtrace:
[INFO] [stdout]    0:     0x558c2d1b8f1a - std::backtrace_rs::backtrace::libunwind::trace::h2f05d0192276a8f6
[INFO] [stdout]                                at /rustc/1b7dd2252b99671ce5d1cb9664c5f8636329436d/library/std/src/../../backtrace/src/backtrace/libunwind.rs:93:5
[INFO] [stdout]    1:     0x558c2d1b8f1a - std::backtrace_rs::backtrace::trace_unsynchronized::hedc23dff7a1af150
[INFO] [stdout]                                at /rustc/1b7dd2252b99671ce5d1cb9664c5f8636329436d/library/std/src/../../backtrace/src/backtrace/mod.rs:66:5
[INFO] [stdout]    2:     0x558c2d1b8f1a - std::sys_common::backtrace::_print_fmt::h17541ef7592f3ce2
[INFO] [stdout]                                at /rustc/1b7dd2252b99671ce5d1cb9664c5f8636329436d/library/std/src/sys_common/backtrace.rs:65:5
[INFO] [stdout]    3:     0x558c2d1b8f1a - <std::sys_common::backtrace::_print::DisplayBacktrace as core::fmt::Display>::fmt::h20f75df5ab0c0792
[INFO] [stdout]                                at /rustc/1b7dd2252b99671ce5d1cb9664c5f8636329436d/library/std/src/sys_common/backtrace.rs:44:22
[INFO] [stdout]    4:     0x558c2d1dcb6f - core::fmt::write::h78109e6f466b3af6
[INFO] [stdout]                                at /rustc/1b7dd2252b99671ce5d1cb9664c5f8636329436d/library/core/src/fmt/mod.rs:1254:17
[INFO] [stdout]    5:     0x558c2d1b6265 - std::io::Write::write_fmt::hd24bfb68a1b35a25
[INFO] [stdout]                                at /rustc/1b7dd2252b99671ce5d1cb9664c5f8636329436d/library/std/src/io/mod.rs:1698:15
[INFO] [stdout]    6:     0x558c2d1b8ce5 - std::sys_common::backtrace::_print::h8dac57a9f8fbf9a5
[INFO] [stdout]                                at /rustc/1b7dd2252b99671ce5d1cb9664c5f8636329436d/library/std/src/sys_common/backtrace.rs:47:5
[INFO] [stdout]    7:     0x558c2d1b8ce5 - std::sys_common::backtrace::print::hf9ecbf41d1aa712f
[INFO] [stdout]                                at /rustc/1b7dd2252b99671ce5d1cb9664c5f8636329436d/library/std/src/sys_common/backtrace.rs:34:9
[INFO] [stdout]    8:     0x558c2d1ba99e - std::panicking::default_hook::{{closure}}::h04c07acfc84ca028
[INFO] [stdout]                                at /rustc/1b7dd2252b99671ce5d1cb9664c5f8636329436d/library/std/src/panicking.rs:269:22
[INFO] [stdout]    9:     0x558c2d1ba6d1 - std::panicking::default_hook::h01f6bb23e1eceb2c
[INFO] [stdout]                                at /rustc/1b7dd2252b99671ce5d1cb9664c5f8636329436d/library/std/src/panicking.rs:285:9
[INFO] [stdout]   10:     0x558c2d18e06b - <alloc::boxed::Box<F,A> as core::ops::function::Fn<Args>>::call::h87fe9f7b2fd49e4c
[INFO] [stdout]                                at /rustc/1b7dd2252b99671ce5d1cb9664c5f8636329436d/library/alloc/src/boxed.rs:1987:9
[INFO] [stdout]   11:     0x558c2d18e06b - test::test_main::{{closure}}::he94d679243a7531b
[INFO] [stdout]                                at /rustc/1b7dd2252b99671ce5d1cb9664c5f8636329436d/library/test/src/lib.rs:134:21
[INFO] [stdout]   12:     0x558c2d1bb084 - <alloc::boxed::Box<F,A> as core::ops::function::Fn<Args>>::call::h3f2d6d8b14c4769f
[INFO] [stdout]                                at /rustc/1b7dd2252b99671ce5d1cb9664c5f8636329436d/library/alloc/src/boxed.rs:1987:9
[INFO] [stdout]   13:     0x558c2d1bb084 - std::panicking::rust_panic_with_hook::h2bb3722bbaf2f6df
[INFO] [stdout]                                at /rustc/1b7dd2252b99671ce5d1cb9664c5f8636329436d/library/std/src/panicking.rs:695:13
[INFO] [stdout]   14:     0x558c2d1badf9 - std::panicking::begin_panic_handler::{{closure}}::h91bc7f36a4be011b
[INFO] [stdout]                                at /rustc/1b7dd2252b99671ce5d1cb9664c5f8636329436d/library/std/src/panicking.rs:582:13
[INFO] [stdout]   15:     0x558c2d1b9386 - std::sys_common::backtrace::__rust_end_short_backtrace::h8b3d3717114f9e59
[INFO] [stdout]                                at /rustc/1b7dd2252b99671ce5d1cb9664c5f8636329436d/library/std/src/sys_common/backtrace.rs:150:18
[INFO] [stdout]   16:     0x558c2d1bab52 - rust_begin_unwind
[INFO] [stdout]                                at /rustc/1b7dd2252b99671ce5d1cb9664c5f8636329436d/library/std/src/panicking.rs:578:5
[INFO] [stdout]   17:     0x558c2d158b93 - core::panicking::panic_fmt::hfd368e3fbdabea26
[INFO] [stdout]                                at /rustc/1b7dd2252b99671ce5d1cb9664c5f8636329436d/library/core/src/panicking.rs:67:14
[INFO] [stdout]   18:     0x558c2d158fe3 - core::result::unwrap_failed::he54eb4b2f125b26f
[INFO] [stdout]                                at /rustc/1b7dd2252b99671ce5d1cb9664c5f8636329436d/library/core/src/result.rs:1687:5
[INFO] [stdout]   19:     0x558c2d15a0a4 - core::result::Result<T,E>::unwrap::h65ba6139b9c36e0d
[INFO] [stdout]                                at /rustc/1b7dd2252b99671ce5d1cb9664c5f8636329436d/library/core/src/result.rs:1089:23
[INFO] [stdout]   20:     0x558c2d159c7f - enums::result::unwrap::h7c7736b7f6036b18
[INFO] [stdout]                                at /opt/rustwide/workdir/tests/enums.rs:9:17
[INFO] [stdout]   21:     0x558c2d159c37 - enums::result::unwrap::{{closure}}::h70f98078ed16f5bf
[INFO] [stdout]                                at /opt/rustwide/workdir/tests/enums.rs:8:17
[INFO] [stdout]   22:     0x558c2d159f35 - core::ops::function::FnOnce::call_once::hc912fb025e9e3cfb
[INFO] [stdout]                                at /rustc/1b7dd2252b99671ce5d1cb9664c5f8636329436d/library/core/src/ops/function.rs:250:5
[INFO] [stdout]   23:     0x558c2d192f3f - core::ops::function::FnOnce::call_once::ha6a70e79f7481a7e
[INFO] [stdout]                                at /rustc/1b7dd2252b99671ce5d1cb9664c5f8636329436d/library/core/src/ops/function.rs:250:5
[INFO] [stdout]   24:     0x558c2d192f3f - test::__rust_begin_short_backtrace::hce33033019b61e69
[INFO] [stdout]                                at /rustc/1b7dd2252b99671ce5d1cb9664c5f8636329436d/library/test/src/lib.rs:655:18
[INFO] [stdout]   25:     0x558c2d16072c - test::run_test::{{closure}}::h858d3528838ae3e5
[INFO] [stdout]                                at /rustc/1b7dd2252b99671ce5d1cb9664c5f8636329436d/library/test/src/lib.rs:646:30
[INFO] [stdout]   26:     0x558c2d16072c - core::ops::function::FnOnce::call_once{{vtable.shim}}::he8ac2b00f01ae79e
[INFO] [stdout]                                at /rustc/1b7dd2252b99671ce5d1cb9664c5f8636329436d/library/core/src/ops/function.rs:250:5
[INFO] [stdout]   27:     0x558c2d192016 - <alloc::boxed::Box<F,A> as core::ops::function::FnOnce<Args>>::call_once::h8093d25b522725ef
[INFO] [stdout]                                at /rustc/1b7dd2252b99671ce5d1cb9664c5f8636329436d/library/alloc/src/boxed.rs:1973:9
[INFO] [stdout]   28:     0x558c2d192016 - <core::panic::unwind_safe::AssertUnwindSafe<F> as core::ops::function::FnOnce<()>>::call_once::h5c334c204e4a3913
[INFO] [stdout]                                at /rustc/1b7dd2252b99671ce5d1cb9664c5f8636329436d/library/core/src/panic/unwind_safe.rs:271:9
[INFO] [stdout]   29:     0x558c2d192016 - std::panicking::try::do_call::ha8b740c7b9478074
[INFO] [stdout]                                at /rustc/1b7dd2252b99671ce5d1cb9664c5f8636329436d/library/std/src/panicking.rs:485:40
[INFO] [stdout]   30:     0x558c2d192016 - std::panicking::try::h5d34f63d0e41b64e
[INFO] [stdout]                                at /rustc/1b7dd2252b99671ce5d1cb9664c5f8636329436d/library/std/src/panicking.rs:449:19
[INFO] [stdout]   31:     0x558c2d192016 - std::panic::catch_unwind::hcfbb511e1aa7fc67
[INFO] [stdout]                                at /rustc/1b7dd2252b99671ce5d1cb9664c5f8636329436d/library/std/src/panic.rs:140:14
[INFO] [stdout]   32:     0x558c2d192016 - test::run_test_in_process::h9abda90f802eaf21
[INFO] [stdout]                                at /rustc/1b7dd2252b99671ce5d1cb9664c5f8636329436d/library/test/src/lib.rs:678:27
[INFO] [stdout]   33:     0x558c2d192016 - test::run_test::run_test_inner::{{closure}}::h0f058de91f6c6edf
[INFO] [stdout]                                at /rustc/1b7dd2252b99671ce5d1cb9664c5f8636329436d/library/test/src/lib.rs:572:39
[INFO] [stdout]   34:     0x558c2d15af35 - test::run_test::run_test_inner::{{closure}}::h5ca48a4c59c6c1fb
[INFO] [stdout]                                at /rustc/1b7dd2252b99671ce5d1cb9664c5f8636329436d/library/test/src/lib.rs:599:37
[INFO] [stdout]   35:     0x558c2d15af35 - std::sys_common::backtrace::__rust_begin_short_backtrace::h32bd51e1495d4a33
[INFO] [stdout]                                at /rustc/1b7dd2252b99671ce5d1cb9664c5f8636329436d/library/std/src/sys_common/backtrace.rs:134:18
[INFO] [stdout]   36:     0x558c2d160471 - std::thread::Builder::spawn_unchecked_::{{closure}}::{{closure}}::hc086fae9b128b2db
[INFO] [stdout]                                at /rustc/1b7dd2252b99671ce5d1cb9664c5f8636329436d/library/std/src/thread/mod.rs:526:17
[INFO] [stdout]   37:     0x558c2d160471 - <core::panic::unwind_safe::AssertUnwindSafe<F> as core::ops::function::FnOnce<()>>::call_once::hb66571888d270d43
[INFO] [stdout]                                at /rustc/1b7dd2252b99671ce5d1cb9664c5f8636329436d/library/core/src/panic/unwind_safe.rs:271:9
[INFO] [stdout]   38:     0x558c2d160471 - std::panicking::try::do_call::h4fa2ef4f6e51fecf
[INFO] [stdout]                                at /rustc/1b7dd2252b99671ce5d1cb9664c5f8636329436d/library/std/src/panicking.rs:485:40
[INFO] [stdout]   39:     0x558c2d160471 - std::panicking::try::h1e9e22b8584489b5
[INFO] [stdout]                                at /rustc/1b7dd2252b99671ce5d1cb9664c5f8636329436d/library/std/src/panicking.rs:449:19
[INFO] [stdout]   40:     0x558c2d160471 - std::panic::catch_unwind::h44698a3de0e0769e
[INFO] [stdout]                                at /rustc/1b7dd2252b99671ce5d1cb9664c5f8636329436d/library/std/src/panic.rs:140:14
[INFO] [stdout]   41:     0x558c2d160471 - std::thread::Builder::spawn_unchecked_::{{closure}}::h50153abde3fe239e
[INFO] [stdout]                                at /rustc/1b7dd2252b99671ce5d1cb9664c5f8636329436d/library/std/src/thread/mod.rs:525:30
[INFO] [stdout]   42:     0x558c2d160471 - core::ops::function::FnOnce::call_once{{vtable.shim}}::hbe5bbf6f38394364
[INFO] [stdout]                                at /rustc/1b7dd2252b99671ce5d1cb9664c5f8636329436d/library/core/src/ops/function.rs:250:5
[INFO] [stdout]   43:     0x558c2d1bf555 - <alloc::boxed::Box<F,A> as core::ops::function::FnOnce<Args>>::call_once::h0d83cb2920a49046
[INFO] [stdout]                                at /rustc/1b7dd2252b99671ce5d1cb9664c5f8636329436d/library/alloc/src/boxed.rs:1973:9
[INFO] [stdout]   44:     0x558c2d1bf555 - <alloc::boxed::Box<F,A> as core::ops::function::FnOnce<Args>>::call_once::hbe0a008aa7d9ef59
[INFO] [stdout]                                at /rustc/1b7dd2252b99671ce5d1cb9664c5f8636329436d/library/alloc/src/boxed.rs:1973:9
[INFO] [stdout]   45:     0x558c2d1bf555 - std::sys::unix::thread::Thread::new::thread_start::h3a466996bdf6b1f9
[INFO] [stdout]                                at /rustc/1b7dd2252b99671ce5d1cb9664c5f8636329436d/library/std/src/sys/unix/thread.rs:108:17
[INFO] [stdout]   46:     0x7fb9ab5a6b43 - <unknown>
[INFO] [stdout]   47:     0x7fb9ab637bb4 - __clone
[INFO] [stdout]   48:                0x0 - <unknown>
[INFO] [stdout] 
[INFO] [stdout] 
[INFO] [stdout] failures:
[INFO] [stdout]     result::unwrap
[INFO] [stdout] 
[INFO] [stdout] test result: FAILED. 1 passed; 1 failed; 0 ignored; 0 measured; 0 filtered out; finished in 0.01s
[INFO] [stdout] 
[INFO] [stderr] error: test failed, to rerun pass `--test enums`
[INFO] running `Command { std: "docker" "inspect" "843903e17868e9cb24a38876889ba8e1d13fbb12189ec383055984ce0b8a81cb", kill_on_drop: false }`
[INFO] running `Command { std: "docker" "rm" "-f" "843903e17868e9cb24a38876889ba8e1d13fbb12189ec383055984ce0b8a81cb", kill_on_drop: false }`
[INFO] [stdout] 843903e17868e9cb24a38876889ba8e1d13fbb12189ec383055984ce0b8a81cb
