[INFO] cloning repository https://github.com/mcpar-land/ultra-tournament
[INFO] running `Command { std: "git" "-c" "credential.helper=" "-c" "credential.helper=/workspace/cargo-home/bin/git-credential-null" "clone" "--bare" "https://github.com/mcpar-land/ultra-tournament" "/workspace/cache/git-repos/https%3A%2F%2Fgithub.com%2Fmcpar-land%2Fultra-tournament", kill_on_drop: false }`
[INFO] [stderr] Cloning into bare repository '/workspace/cache/git-repos/https%3A%2F%2Fgithub.com%2Fmcpar-land%2Fultra-tournament'...
[INFO] running `Command { std: "git" "rev-parse" "HEAD", kill_on_drop: false }`
[INFO] [stdout] 6c64d45887986efd2b7c9ac0780a1c8c6127326c
[INFO] testing mcpar-land/ultra-tournament against 1.69.0 for beta-1.70-1
[INFO] running `Command { std: "git" "clone" "/workspace/cache/git-repos/https%3A%2F%2Fgithub.com%2Fmcpar-land%2Fultra-tournament" "/workspace/builds/worker-5-tc1/source", kill_on_drop: false }`
[INFO] [stderr] Cloning into '/workspace/builds/worker-5-tc1/source'...
[INFO] [stderr] done.
[INFO] validating manifest of git repo https://github.com/mcpar-land/ultra-tournament on toolchain 1.69.0
[INFO] running `Command { std: CARGO_HOME="/workspace/cargo-home" RUSTUP_HOME="/workspace/rustup-home" "/workspace/cargo-home/bin/cargo" "+1.69.0" "metadata" "--manifest-path" "Cargo.toml" "--no-deps", kill_on_drop: false }`
[INFO] started tweaking git repo https://github.com/mcpar-land/ultra-tournament
[INFO] finished tweaking git repo https://github.com/mcpar-land/ultra-tournament
[INFO] tweaked toml for git repo https://github.com/mcpar-land/ultra-tournament written to /workspace/builds/worker-5-tc1/source/Cargo.toml
[INFO] crate git repo https://github.com/mcpar-land/ultra-tournament already has a lockfile, it will not be regenerated
[INFO] running `Command { std: CARGO_HOME="/workspace/cargo-home" RUSTUP_HOME="/workspace/rustup-home" "/workspace/cargo-home/bin/cargo" "+1.69.0" "fetch" "--manifest-path" "Cargo.toml", kill_on_drop: false }`
[INFO] [stderr]  Downloading crates ...
[INFO] [stderr]   Downloaded ptree v0.2.1
[INFO] running `Command { std: "docker" "create" "-v" "/var/lib/crater-agent-workspace/builds/worker-5-tc1/target:/opt/rustwide/target:rw,Z" "-v" "/var/lib/crater-agent-workspace/builds/worker-5-tc1/source:/opt/rustwide/workdir:ro,Z" "-v" "/var/lib/crater-agent-workspace/cargo-home:/opt/rustwide/cargo-home:ro,Z" "-v" "/var/lib/crater-agent-workspace/rustup-home:/opt/rustwide/rustup-home:ro,Z" "-e" "SOURCE_DIR=/opt/rustwide/workdir" "-e" "CARGO_TARGET_DIR=/opt/rustwide/target" "-e" "CARGO_HOME=/opt/rustwide/cargo-home" "-e" "RUSTUP_HOME=/opt/rustwide/rustup-home" "-w" "/opt/rustwide/workdir" "-m" "1610612736" "--user" "0:0" "--network" "none" "ghcr.io/rust-lang/crates-build-env/linux@sha256:5ff2268d62e97bff2cde7d5815dd6ed5b47097566f13b8d0ca110b04b60e07ed" "/opt/rustwide/cargo-home/bin/cargo" "+1.69.0" "metadata" "--no-deps" "--format-version=1", kill_on_drop: false }`
[INFO] [stdout] 078b642e140e662583eee786adbc17223eeeaf67de5995c853f08356d736b6de
[INFO] running `Command { std: "docker" "start" "-a" "078b642e140e662583eee786adbc17223eeeaf67de5995c853f08356d736b6de", kill_on_drop: false }`
[INFO] running `Command { std: "docker" "inspect" "078b642e140e662583eee786adbc17223eeeaf67de5995c853f08356d736b6de", kill_on_drop: false }`
[INFO] running `Command { std: "docker" "rm" "-f" "078b642e140e662583eee786adbc17223eeeaf67de5995c853f08356d736b6de", kill_on_drop: false }`
[INFO] [stdout] 078b642e140e662583eee786adbc17223eeeaf67de5995c853f08356d736b6de
[INFO] running `Command { std: "docker" "create" "-v" "/var/lib/crater-agent-workspace/builds/worker-5-tc1/target:/opt/rustwide/target:rw,Z" "-v" "/var/lib/crater-agent-workspace/builds/worker-5-tc1/source:/opt/rustwide/workdir:ro,Z" "-v" "/var/lib/crater-agent-workspace/cargo-home:/opt/rustwide/cargo-home:ro,Z" "-v" "/var/lib/crater-agent-workspace/rustup-home:/opt/rustwide/rustup-home:ro,Z" "-e" "SOURCE_DIR=/opt/rustwide/workdir" "-e" "CARGO_TARGET_DIR=/opt/rustwide/target" "-e" "CARGO_INCREMENTAL=0" "-e" "RUST_BACKTRACE=full" "-e" "RUSTFLAGS=--cap-lints=warn" "-e" "RUSTDOCFLAGS=--cap-lints=warn" "-e" "CARGO_HOME=/opt/rustwide/cargo-home" "-e" "RUSTUP_HOME=/opt/rustwide/rustup-home" "-w" "/opt/rustwide/workdir" "-m" "1610612736" "--user" "0:0" "--network" "none" "ghcr.io/rust-lang/crates-build-env/linux@sha256:5ff2268d62e97bff2cde7d5815dd6ed5b47097566f13b8d0ca110b04b60e07ed" "/opt/rustwide/cargo-home/bin/cargo" "+1.69.0" "build" "--frozen" "--message-format=json", kill_on_drop: false }`
[INFO] [stdout] da422a8c32bd138ba12241667f3d586ca49d9aef0389431a8106ad7ebf694c12
[INFO] running `Command { std: "docker" "start" "-a" "da422a8c32bd138ba12241667f3d586ca49d9aef0389431a8106ad7ebf694c12", kill_on_drop: false }`
[INFO] [stderr]    Compiling autocfg v1.0.0
[INFO] [stderr]    Compiling libc v0.2.73
[INFO] [stderr]    Compiling cfg-if v0.1.10
[INFO] [stderr]    Compiling lazy_static v1.4.0
[INFO] [stderr]    Compiling proc-macro2 v1.0.19
[INFO] [stderr]    Compiling unicode-xid v0.2.1
[INFO] [stderr]    Compiling syn v1.0.35
[INFO] [stderr]    Compiling memchr v2.3.3
[INFO] [stderr]    Compiling maybe-uninit v2.0.0
[INFO] [stderr]    Compiling serde_derive v1.0.114
[INFO] [stderr]    Compiling serde v1.0.114
[INFO] [stderr]    Compiling crossbeam-utils v0.7.2
[INFO] [stderr]    Compiling num-traits v0.2.12
[INFO] [stderr]    Compiling memoffset v0.5.5
[INFO] [stderr]    Compiling crossbeam-epoch v0.8.2
[INFO] [stderr]    Compiling rayon-core v1.7.1
[INFO] [stderr]    Compiling scopeguard v1.1.0
[INFO] [stderr]    Compiling quote v1.0.7
[INFO] [stderr]    Compiling version_check v0.9.2
[INFO] [stderr]    Compiling num_cpus v1.13.0
[INFO] [stderr]    Compiling rayon v1.3.1
[INFO] [stderr]    Compiling serde v0.8.23
[INFO] [stderr]    Compiling ryu v1.0.5
[INFO] [stderr]    Compiling version_check v0.1.5
[INFO] [stderr]    Compiling nom v5.1.2
[INFO] [stderr]    Compiling crossbeam-queue v0.2.3
[INFO] [stderr]    Compiling getrandom v0.1.14
[INFO] [stderr]    Compiling nom v4.2.3
[INFO] [stderr]    Compiling crossbeam-deque v0.7.3
[INFO] [stderr]    Compiling aho-corasick v0.7.13
[INFO] [stderr]    Compiling hashbrown v0.7.2
[INFO] [stderr]    Compiling thread_local v1.0.1
[INFO] [stderr]    Compiling serde_json v1.0.56
[INFO] [stderr]    Compiling either v1.5.3
[INFO] [stderr]    Compiling lazy_static v0.2.11
[INFO] [stderr]    Compiling regex-syntax v0.6.18
[INFO] [stderr]    Compiling num-traits v0.1.43
[INFO] [stderr]    Compiling serde_test v0.8.23
[INFO] [stderr]    Compiling linked-hash-map v0.5.3
[INFO] [stderr]    Compiling linked-hash-map v0.3.0
[INFO] [stderr]    Compiling log v0.4.11
[INFO] [stderr]    Compiling itoa v0.4.6
[INFO] [stderr]    Compiling ahash v0.3.8
[INFO] [stderr]    Compiling yaml-rust v0.4.4
[INFO] [stderr]    Compiling rand_core v0.5.1
[INFO] [stderr]    Compiling ordered-float v1.1.0
[INFO] [stderr]    Compiling num-integer v0.1.43
[INFO] [stderr]    Compiling smallvec v1.4.1
[INFO] [stderr]    Compiling regex v1.3.9
[INFO] [stderr]    Compiling fixedbitset v0.1.9
[INFO] [stderr]    Compiling tynm v0.1.4
[INFO] [stderr]    Compiling rust-ini v0.13.0
[INFO] [stderr]    Compiling ppv-lite86 v0.2.8
[INFO] [stderr]    Compiling ordermap v0.3.5
[INFO] [stderr]    Compiling arrayvec v0.5.1
[INFO] [stderr]    Compiling mopa v0.2.2
[INFO] [stderr]    Compiling atom v0.3.5
[INFO] [stderr]    Compiling rand_chacha v0.2.2
[INFO] [stderr]    Compiling enum-map-derive v0.4.3
[INFO] [stderr]    Compiling hibitset v0.6.3
[INFO] [stderr]    Compiling shred v0.10.2
[INFO] [stderr]    Compiling serde-hjson v0.8.2
[INFO] [stderr]    Compiling tint v1.0.1
[INFO] [stderr]    Compiling directories v1.0.2
[INFO] [stderr]    Compiling isatty v0.1.9
[INFO] [stderr]    Compiling atty v0.2.14
[INFO] [stderr]    Compiling ansi_term v0.11.0
[INFO] [stderr]    Compiling tuple_utils v0.3.0
[INFO] [stderr]    Compiling array-macro v1.0.5
[INFO] [stderr]    Compiling shrev v1.1.1
[INFO] [stderr]    Compiling enum-map v0.6.2
[INFO] [stderr]    Compiling specs v0.16.1
[INFO] [stderr]    Compiling colored v2.0.0
[INFO] [stderr]    Compiling rand v0.7.3
[INFO] [stderr]    Compiling toml v0.4.10
[INFO] [stderr]    Compiling serde-value v0.5.3
[INFO] [stderr]    Compiling petgraph v0.4.13
[INFO] [stderr]    Compiling config v0.9.3
[INFO] [stderr]    Compiling ptree v0.2.1
[INFO] [stderr]    Compiling ultra_tournament v0.1.0 (/opt/rustwide/workdir)
[INFO] [stderr]     Finished dev [unoptimized + debuginfo] target(s) in 12.82s
[INFO] [stderr] warning: the following packages contain code that will be rejected by a future version of Rust: nom v4.2.3, nom v5.1.2
[INFO] [stderr] note: to see what the problems were, use the option `--future-incompat-report`, or run `cargo report future-incompatibilities --id 1`
[INFO] running `Command { std: "docker" "inspect" "da422a8c32bd138ba12241667f3d586ca49d9aef0389431a8106ad7ebf694c12", kill_on_drop: false }`
[INFO] running `Command { std: "docker" "rm" "-f" "da422a8c32bd138ba12241667f3d586ca49d9aef0389431a8106ad7ebf694c12", kill_on_drop: false }`
[INFO] [stdout] da422a8c32bd138ba12241667f3d586ca49d9aef0389431a8106ad7ebf694c12
[INFO] running `Command { std: "docker" "create" "-v" "/var/lib/crater-agent-workspace/builds/worker-5-tc1/target:/opt/rustwide/target:rw,Z" "-v" "/var/lib/crater-agent-workspace/builds/worker-5-tc1/source:/opt/rustwide/workdir:ro,Z" "-v" "/var/lib/crater-agent-workspace/cargo-home:/opt/rustwide/cargo-home:ro,Z" "-v" "/var/lib/crater-agent-workspace/rustup-home:/opt/rustwide/rustup-home:ro,Z" "-e" "SOURCE_DIR=/opt/rustwide/workdir" "-e" "CARGO_TARGET_DIR=/opt/rustwide/target" "-e" "CARGO_INCREMENTAL=0" "-e" "RUST_BACKTRACE=full" "-e" "RUSTFLAGS=--cap-lints=warn" "-e" "RUSTDOCFLAGS=--cap-lints=warn" "-e" "CARGO_HOME=/opt/rustwide/cargo-home" "-e" "RUSTUP_HOME=/opt/rustwide/rustup-home" "-w" "/opt/rustwide/workdir" "-m" "1610612736" "--user" "0:0" "--network" "none" "ghcr.io/rust-lang/crates-build-env/linux@sha256:5ff2268d62e97bff2cde7d5815dd6ed5b47097566f13b8d0ca110b04b60e07ed" "/opt/rustwide/cargo-home/bin/cargo" "+1.69.0" "test" "--frozen" "--no-run" "--message-format=json", kill_on_drop: false }`
[INFO] [stdout] 66540c5d98286431fd6bc3cc2f4b1906042c8dbcb248e1e5f11fb69e0f76fb5f
[INFO] running `Command { std: "docker" "start" "-a" "66540c5d98286431fd6bc3cc2f4b1906042c8dbcb248e1e5f11fb69e0f76fb5f", kill_on_drop: false }`
[INFO] [stderr]    Compiling arrayvec v0.4.12
[INFO] [stderr]    Compiling nodrop v0.1.14
[INFO] [stderr]    Compiling num-format v0.4.0
[INFO] [stderr]    Compiling ultra_tournament v0.1.0 (/opt/rustwide/workdir)
[INFO] [stderr]     Finished test [unoptimized + debuginfo] target(s) in 1.82s
[INFO] [stderr] warning: the following packages contain code that will be rejected by a future version of Rust: nom v4.2.3, nom v5.1.2
[INFO] [stderr] note: to see what the problems were, use the option `--future-incompat-report`, or run `cargo report future-incompatibilities --id 1`
[INFO] running `Command { std: "docker" "inspect" "66540c5d98286431fd6bc3cc2f4b1906042c8dbcb248e1e5f11fb69e0f76fb5f", kill_on_drop: false }`
[INFO] running `Command { std: "docker" "rm" "-f" "66540c5d98286431fd6bc3cc2f4b1906042c8dbcb248e1e5f11fb69e0f76fb5f", kill_on_drop: false }`
[INFO] [stdout] 66540c5d98286431fd6bc3cc2f4b1906042c8dbcb248e1e5f11fb69e0f76fb5f
[INFO] running `Command { std: "docker" "create" "-v" "/var/lib/crater-agent-workspace/builds/worker-5-tc1/target:/opt/rustwide/target:rw,Z" "-v" "/var/lib/crater-agent-workspace/builds/worker-5-tc1/source:/opt/rustwide/workdir:ro,Z" "-v" "/var/lib/crater-agent-workspace/cargo-home:/opt/rustwide/cargo-home:ro,Z" "-v" "/var/lib/crater-agent-workspace/rustup-home:/opt/rustwide/rustup-home:ro,Z" "-e" "SOURCE_DIR=/opt/rustwide/workdir" "-e" "CARGO_TARGET_DIR=/opt/rustwide/target" "-e" "CARGO_INCREMENTAL=0" "-e" "RUST_BACKTRACE=full" "-e" "RUSTFLAGS=--cap-lints=warn" "-e" "RUSTDOCFLAGS=--cap-lints=warn" "-e" "CARGO_HOME=/opt/rustwide/cargo-home" "-e" "RUSTUP_HOME=/opt/rustwide/rustup-home" "-w" "/opt/rustwide/workdir" "-m" "1610612736" "--user" "0:0" "--network" "none" "ghcr.io/rust-lang/crates-build-env/linux@sha256:5ff2268d62e97bff2cde7d5815dd6ed5b47097566f13b8d0ca110b04b60e07ed" "/opt/rustwide/cargo-home/bin/cargo" "+1.69.0" "test" "--frozen", kill_on_drop: false }`
[INFO] [stdout] b033a17188ccf29d2389635403aa0364bc49779d03b7feaab38de570a061d264
[INFO] running `Command { std: "docker" "start" "-a" "b033a17188ccf29d2389635403aa0364bc49779d03b7feaab38de570a061d264", kill_on_drop: false }`
[INFO] [stderr]     Finished test [unoptimized + debuginfo] target(s) in 0.06s
[INFO] [stderr] warning: the following packages contain code that will be rejected by a future version of Rust: nom v4.2.3, nom v5.1.2
[INFO] [stderr] note: to see what the problems were, use the option `--future-incompat-report`, or run `cargo report future-incompatibilities --id 1`
[INFO] [stderr]      Running unittests src/lib.rs (/opt/rustwide/target/debug/deps/ultra_tournament-34adb00b349a62d8)
[INFO] [stdout] 
[INFO] [stdout] running 10 tests
[INFO] [stdout] [2m[0mIncomplete
[INFO] [stdout] [2m├─ [0mIncomplete
[INFO] [stdout] [2m│  ├─ [0mIncomplete
[INFO] [stdout] [2m│  │  ├─ [0mIncomplete
[INFO] [stdout] [2m│  │  │  ├─ [0mIncomplete
[INFO] [stdout] [2m│  │  │  │  ├─ [0mInt Fighter: 3,820,118,765
[INFO] [stdout] [2m│  │  │  │  └─ [0mIncomplete
[INFO] [stdout] [2m│  │  │  │     ├─ [0mInt Fighter: 2,706,962,911
[INFO] [stdout] [2m│  │  │  │     └─ [0mInt Fighter: 3,932,667,520
[INFO] [stdout] [2m│  │  │  └─ [0mIncomplete
[INFO] [stdout] [2m│  │  │     ├─ [0mInt Fighter: 4,272,583,540
[INFO] [stdout] [2m│  │  │     └─ [0mInt Fighter: 2,874,472,074
[INFO] [stdout] [2m│  │  └─ [0mIncomplete
[INFO] [stdout] [2m│  │     ├─ [0mIncomplete
[INFO] [stdout] [2m│  │     │  ├─ [0mInt Fighter: 3,737,545,714
[INFO] [stdout] [2m│  │     │  └─ [0mInt Fighter: 2,544,742,020
[INFO] [stdout] [2m│  │     └─ [0mIncomplete
[INFO] [stdout] [2m│  │        ├─ [0mInt Fighter: 3,668,518,102
[INFO] [stdout] [2m│  │        └─ [0mInt Fighter: 1,033,034,972
[INFO] [stdout] [2m│  └─ [0mIncomplete
[INFO] [stdout] [2m│     ├─ [0mIncomplete
[INFO] [stdout] [2m│     │  ├─ [0mIncomplete
[INFO] [stdout] [2m│     │  │  ├─ [0mInt Fighter: 3,083,121,472
[INFO] [stdout] [2m│     │  │  └─ [0mInt Fighter: 1,391,882,231
[INFO] [stdout] [2m│     │  └─ [0mIncomplete
[INFO] [stdout] [2m│     │     ├─ [0mInt Fighter: 3,259,438,599
[INFO] [stdout] [2m│     │     └─ [0mInt Fighter: 359,520,006
[INFO] [stdout] [2m│     └─ [0mIncomplete
[INFO] [stdout] [2m│        ├─ [0mIncomplete
[INFO] [stdout] [2m│        │  ├─ [0mInt Fighter: 1,925,532,459
[INFO] [stdout] [2m│        │  └─ [0mInt Fighter: 2,296,563,804
[INFO] [stdout] [2m│        └─ [0mIncomplete
[INFO] [stdout] [2m│           ├─ [0mInt Fighter: 2,184,803,946
[INFO] [stdout] [2m│           └─ [0mInt Fighter: 2,879,649,086
[INFO] [stdout] [2m└─ [0mIncomplete
[INFO] [stdout] [2m   ├─ [0mIncomplete
[INFO] [stdout] [2m   │  ├─ [0mIncomplete
[INFO] [stdout] [2m   │  │  ├─ [0mIncomplete
[INFO] [stdout] [2m   │  │  │  ├─ [0mInt Fighter: 1,922,696,689
[INFO] [stdout] [2m   │  │  │  └─ [0mInt Fighter: 2,102,271,597
[INFO] [stdout] [2m   │  │  └─ [0mIncomplete
[INFO] [stdout] [2m   │  │     ├─ [0mInt Fighter: 4,199,535,249
[INFO] [stdout] [2m   │  │     └─ [0mInt Fighter: 2,302,774,097
[INFO] [stdout] [2m   │  └─ [0mIncomplete
[INFO] [stdout] [2m   │     ├─ [0mIncomplete
[INFO] [stdout] [2m   │     │  ├─ [0mInt Fighter: 4,090,174,675
[INFO] [stdout] [2m   │     │  └─ [0mInt Fighter: 3,263,940,434
[INFO] [stdout] [2m   │     └─ [0mIncomplete
[INFO] [stdout] [2m   │        ├─ [0mInt Fighter: 3,141,491,863
[INFO] [stdout] [2m   │        └─ [0mInt Fighter: 991,170,139
[INFO] [stdout] [2m   └─ [0mIncomplete
[INFO] [stdout] [2m      ├─ [0mIncomplete
[INFO] [stdout] [2m      │  ├─ [0mIncomplete
[INFO] [stdout] [2m      │  │  ├─ [0mInt Fighter: 2,805,250,983
[INFO] [stdout] [2m      │  │  └─ [0mInt Fighter: 2,034,986,871
[INFO] [stdout] [2m      │  └─ [0mIncomplete
[INFO] [stdout] [2m      │     ├─ [0mInt Fighter: 3,585,432,359
[INFO] [stdout] [2m      │     └─ [0mInt Fighter: 2,298,341,818
[INFO] [stdout] [2m      └─ [0mIncomplete
[INFO] [stdout] [2m         ├─ [0mIncomplete
[INFO] [stdout] [2m         │  ├─ [0mInt Fighter: 2,260,680,978
[INFO] [stdout] [2m         │  └─ [0mInt Fighter: 3,520,046,106
[INFO] [stdout] [2m         └─ [0mIncomplete
[INFO] [stdout] [2m            ├─ [0mInt Fighter: 64,653,993
[INFO] [stdout] [2m            └─ [0mInt Fighter: 4,043,198,081
[INFO] [stdout] test test::test_tournament::metadata ... ok
[INFO] [stdout] test test::test_tournament::result_accessors ... ok
[INFO] [stdout] test test::test_tournament::solve ... ok
[INFO] [stdout] [2m[0mInt Fighter: 4,272,583,540 (A wins --- Int Fighter: 4,272,583,540 wins by 73048291!)
[INFO] [stdout] [2m├─ [0mInt Fighter: 4,272,583,540 (A wins --- Int Fighter: 4,272,583,540 wins by 1013144941!)
[INFO] [stdout] [2m│  ├─ [0mInt Fighter: 4,272,583,540 (A wins --- Int Fighter: 4,272,583,540 wins by 535037826!)
[INFO] [stdout] [2m│  │  ├─ [0mInt Fighter: 4,272,583,540 (B wins --- Int Fighter: 4,272,583,540 wins by 339916020!)
[INFO] [stdout] [2m│  │  │  ├─ [0mInt Fighter: 3,932,667,520 (B wins --- Int Fighter: 3,932,667,520 wins by 112548755!)
[INFO] [stdout] [2m│  │  │  │  ├─ [0mInt Fighter: 3,820,118,765
[INFO] [stdout] [2m│  │  │  │  └─ [0mInt Fighter: 3,932,667,520 (B wins --- Int Fighter: 3,932,667,520 wins by 1225704609!)
[INFO] [stdout] [2m│  │  │  │     ├─ [0mInt Fighter: 2,706,962,911
[INFO] [stdout] [2m│  │  │  │     └─ [0mInt Fighter: 3,932,667,520
[INFO] [stdout] [2m│  │  │  └─ [0mInt Fighter: 4,272,583,540 (A wins --- Int Fighter: 4,272,583,540 wins by 1398111466!)
[INFO] [stdout] [2m│  │  │     ├─ [0mInt Fighter: 4,272,583,540
[INFO] [stdout] [2m│  │  │     └─ [0mInt Fighter: 2,874,472,074
[INFO] [stdout] [2m│  │  └─ [0mInt Fighter: 3,737,545,714 (A wins --- Int Fighter: 3,737,545,714 wins by 69027612!)
[INFO] [stdout] [2m│  │     ├─ [0mInt Fighter: 3,737,545,714 (A wins --- Int Fighter: 3,737,545,714 wins by 1192803694!)
[INFO] [stdout] [2m│  │     │  ├─ [0mInt Fighter: 3,737,545,714
[INFO] [stdout] [2m│  │     │  └─ [0mInt Fighter: 2,544,742,020
[INFO] [stdout] [2m│  │     └─ [0mInt Fighter: 3,668,518,102 (A wins --- Int Fighter: 3,668,518,102 wins by 2635483130!)
[INFO] [stdout] [2m│  │        ├─ [0mInt Fighter: 3,668,518,102
[INFO] [stdout] [2m│  │        └─ [0mInt Fighter: 1,033,034,972
[INFO] [stdout] [2m│  └─ [0mInt Fighter: 3,259,438,599 (A wins --- Int Fighter: 3,259,438,599 wins by 379789513!)
[INFO] [stdout] [2m│     ├─ [0mInt Fighter: 3,259,438,599 (B wins --- Int Fighter: 3,259,438,599 wins by 176317127!)
[INFO] [stdout] [2m│     │  ├─ [0mInt Fighter: 3,083,121,472 (A wins --- Int Fighter: 3,083,121,472 wins by 1691239241!)
[INFO] [stdout] [2m│     │  │  ├─ [0mInt Fighter: 3,083,121,472
[INFO] [stdout] [2m│     │  │  └─ [0mInt Fighter: 1,391,882,231
[INFO] [stdout] [2m│     │  └─ [0mInt Fighter: 3,259,438,599 (A wins --- Int Fighter: 3,259,438,599 wins by 2899918593!)
[INFO] [stdout] [2m│     │     ├─ [0mInt Fighter: 3,259,438,599
[INFO] [stdout] [2m│     │     └─ [0mInt Fighter: 359,520,006
[INFO] [stdout] [2m│     └─ [0mInt Fighter: 2,879,649,086 (B wins --- Int Fighter: 2,879,649,086 wins by 583085282!)
[INFO] [stdout] [2m│        ├─ [0mInt Fighter: 2,296,563,804 (B wins --- Int Fighter: 2,296,563,804 wins by 371031345!)
[INFO] [stdout] [2m│        │  ├─ [0mInt Fighter: 1,925,532,459
[INFO] [stdout] [2m│        │  └─ [0mInt Fighter: 2,296,563,804
[INFO] [stdout] [2m│        └─ [0mInt Fighter: 2,879,649,086 (B wins --- Int Fighter: 2,879,649,086 wins by 694845140!)
[INFO] [stdout] [2m│           ├─ [0mInt Fighter: 2,184,803,946
[INFO] [stdout] [2m│           └─ [0mInt Fighter: 2,879,649,086
[INFO] [stdout] [2m└─ [0mInt Fighter: 4,199,535,249 (A wins --- Int Fighter: 4,199,535,249 wins by 156337168!)
[INFO] [stdout] [2m   ├─ [0mInt Fighter: 4,199,535,249 (A wins --- Int Fighter: 4,199,535,249 wins by 109360574!)
[INFO] [stdout] [2m   │  ├─ [0mInt Fighter: 4,199,535,249 (B wins --- Int Fighter: 4,199,535,249 wins by 2097263652!)
[INFO] [stdout] [2m   │  │  ├─ [0mInt Fighter: 2,102,271,597 (B wins --- Int Fighter: 2,102,271,597 wins by 179574908!)
[INFO] [stdout] [2m   │  │  │  ├─ [0mInt Fighter: 1,922,696,689
[INFO] [stdout] [2m   │  │  │  └─ [0mInt Fighter: 2,102,271,597
[INFO] [stdout] [2m   │  │  └─ [0mInt Fighter: 4,199,535,249 (A wins --- Int Fighter: 4,199,535,249 wins by 1896761152!)
[INFO] [stdout] [2m   │  │     ├─ [0mInt Fighter: 4,199,535,249
[INFO] [stdout] [2m   │  │     └─ [0mInt Fighter: 2,302,774,097
[INFO] [stdout] [2m   │  └─ [0mInt Fighter: 4,090,174,675 (A wins --- Int Fighter: 4,090,174,675 wins by 948682812!)
[INFO] [stdout] [2m   │     ├─ [0mInt Fighter: 4,090,174,675 (A wins --- Int Fighter: 4,090,174,675 wins by 826234241!)
[INFO] [stdout] [2m   │     │  ├─ [0mInt Fighter: 4,090,174,675
[INFO] [stdout] [2m   │     │  └─ [0mInt Fighter: 3,263,940,434
[INFO] [stdout] [2m   │     └─ [0mInt Fighter: 3,141,491,863 (A wins --- Int Fighter: 3,141,491,863 wins by 2150321724!)
[INFO] [stdout] [2m   │        ├─ [0mInt Fighter: 3,141,491,863
[INFO] [stdout] [2m   │        └─ [0mInt Fighter: 991,170,139
[INFO] [stdout] [2m   └─ [0mInt Fighter: 4,043,198,081 (B wins --- Int Fighter: 4,043,198,081 wins by 457765722!)
[INFO] [stdout] [2m      ├─ [0mInt Fighter: 3,585,432,359 (B wins --- Int Fighter: 3,585,432,359 wins by 780181376!)
[INFO] [stdout] [2m      │  ├─ [0mInt Fighter: 2,805,250,983 (A wins --- Int Fighter: 2,805,250,983 wins by 770264112!)
[INFO] [stdout] [2m      │  │  ├─ [0mInt Fighter: 2,805,250,983
[INFO] [stdout] [2m      │  │  └─ [0mInt Fighter: 2,034,986,871
[INFO] [stdout] [2m      │  └─ [0mInt Fighter: 3,585,432,359 (A wins --- Int Fighter: 3,585,432,359 wins by 1287090541!)
[INFO] [stdout] [2m      │     ├─ [0mInt Fighter: 3,585,432,359
[INFO] [stdout] [2m      │     └─ [0mInt Fighter: 2,298,341,818
[INFO] [stdout] [2m      └─ [0mInt Fighter: 4,043,198,081 (B wins --- Int Fighter: 4,043,198,081 wins by 523151975!)
[INFO] [stdout] [2m         ├─ [0mInt Fighter: 3,520,046,106 (B wins --- Int Fighter: 3,520,046,106 wins by 1259365128!)
[INFO] [stdout] [2m         │  ├─ [0mInt Fighter: 2,260,680,978
[INFO] [stdout] [2m         │  └─ [0mInt Fighter: 3,520,046,106
[INFO] [stdout] [2m         └─ [0mInt Fighter: 4,043,198,081 (B wins --- Int Fighter: 4,043,198,081 wins by 3978544088!)
[INFO] [stdout] [2m            ├─ [0mInt Fighter: 64,653,993
[INFO] [stdout] [2m            └─ [0mInt Fighter: 4,043,198,081
[INFO] [stdout] test test::test_tournament::len_rounds ... ok
[INFO] [stdout] test test::test_tournament::print ... ok
[INFO] [stdout] test test::test_tournament::len_entrants ... ok
[INFO] [stdout] test test::test_tournament::len_rounds_complete ... ok
[INFO] [stdout] test test::test_tournament::len_rounds_incomplete ... ok
[INFO] [stdout] test test::test_tournament::create_tournament ... ok
[INFO] [stdout] test test::test_tournament::tournament_node_counts ... ok
[INFO] [stdout] 
[INFO] [stdout] test result: ok. 10 passed; 0 failed; 0 ignored; 0 measured; 0 filtered out; finished in 0.34s
[INFO] [stdout] 
[INFO] [stderr]    Doc-tests ultra_tournament
[INFO] [stdout] 
[INFO] [stdout] running 4 tests
[INFO] [stdout] test src/tournament.rs - tournament::Tournament<E,M,B>::new_from_gen (line 133) ... FAILED
[INFO] [stdout] test src/tournament.rs - tournament::Tournament<E,M,B>::new (line 41) ... FAILED
[INFO] [stdout] test src/types.rs - types::BattleSystem (line 15) ... FAILED
[INFO] [stdout] test src/lib.rs - (line 4) ... ok
[INFO] [stdout] 
[INFO] [stdout] failures:
[INFO] [stdout] 
[INFO] [stdout] ---- src/tournament.rs - tournament::Tournament<E,M,B>::new_from_gen (line 133) stdout ----
[INFO] [stdout] error[E0432]: unresolved imports `crate::MyBattleSystem`, `crate::MyMetadata`
[INFO] [stdout]  --> src/tournament.rs:135:14
[INFO] [stdout]   |
[INFO] [stdout] 4 | use crate::{ MyBattleSystem, MyMetadata };
[INFO] [stdout]   |              ^^^^^^^^^^^^^^  ^^^^^^^^^^ no `MyMetadata` in the root
[INFO] [stdout]   |              |
[INFO] [stdout]   |              no `MyBattleSystem` in the root
[INFO] [stdout] 
[INFO] [stdout] error[E0433]: failed to resolve: use of undeclared type `Tournament`
[INFO] [stdout]  --> src/tournament.rs:137:9
[INFO] [stdout]   |
[INFO] [stdout] 6 | let t = Tournament::<u32, MyMetadata, MyBattleSystem>::new_from_gen(
[INFO] [stdout]   |         ^^^^^^^^^^ use of undeclared type `Tournament`
[INFO] [stdout]   |
[INFO] [stdout] help: consider importing this struct
[INFO] [stdout]   |
[INFO] [stdout] 2 | use ultra_tournament::Tournament;
[INFO] [stdout]   |
[INFO] [stdout] 
[INFO] [stdout] error: aborting due to 2 previous errors
[INFO] [stdout] 
[INFO] [stdout] Some errors have detailed explanations: E0432, E0433.
[INFO] [stdout] For more information about an error, try `rustc --explain E0432`.
[INFO] [stdout] Couldn't compile the test.
[INFO] [stdout] ---- src/tournament.rs - tournament::Tournament<E,M,B>::new (line 41) stdout ----
[INFO] [stdout] error[E0432]: unresolved imports `crate::MyBattleSystem`, `crate::MyMetadata`
[INFO] [stdout]  --> src/tournament.rs:42:14
[INFO] [stdout]   |
[INFO] [stdout] 3 | use crate::{ MyBattleSystem, MyMetadata };
[INFO] [stdout]   |              ^^^^^^^^^^^^^^  ^^^^^^^^^^ no `MyMetadata` in the root
[INFO] [stdout]   |              |
[INFO] [stdout]   |              no `MyBattleSystem` in the root
[INFO] [stdout] 
[INFO] [stdout] error[E0433]: failed to resolve: use of undeclared type `Tournament`
[INFO] [stdout]  --> src/tournament.rs:46:9
[INFO] [stdout]   |
[INFO] [stdout] 7 | let t = Tournament::<u32, MyMetadata, MyBattleSystem>::new(entrants);
[INFO] [stdout]   |         ^^^^^^^^^^ use of undeclared type `Tournament`
[INFO] [stdout]   |
[INFO] [stdout] help: consider importing this struct
[INFO] [stdout]   |
[INFO] [stdout] 2 | use ultra_tournament::Tournament;
[INFO] [stdout]   |
[INFO] [stdout] 
[INFO] [stdout] error: aborting due to 2 previous errors
[INFO] [stdout] 
[INFO] [stdout] Some errors have detailed explanations: E0432, E0433.
[INFO] [stdout] For more information about an error, try `rustc --explain E0432`.
[INFO] [stdout] Couldn't compile the test.
[INFO] [stdout] ---- src/types.rs - types::BattleSystem (line 15) stdout ----
[INFO] [stdout] error[E0432]: unresolved import `crate::MyMetadata`
[INFO] [stdout]  --> src/types.rs:16:5
[INFO] [stdout]   |
[INFO] [stdout] 3 | use crate::MyMetadata;
[INFO] [stdout]   |     ^^^^^^^^^^^^^^^^^ no `MyMetadata` in the root
[INFO] [stdout] 
[INFO] [stdout] error[E0432]: unresolved import `TournamentRoundResult`
[INFO] [stdout]   --> src/types.rs:26:7
[INFO] [stdout]    |
[INFO] [stdout] 13 |         use TournamentRoundResult::*;
[INFO] [stdout]    |             ^^^^^^^^^^^^^^^^^^^^^ help: a similar path exists: `ultra_tournament::TournamentRoundResult`
[INFO] [stdout] 
[INFO] [stdout] error[E0432]: unresolved import `TournamentRoundResult`
[INFO] [stdout]   --> src/types.rs:44:7
[INFO] [stdout]    |
[INFO] [stdout] 31 |         use TournamentRoundResult::*;
[INFO] [stdout]    |             ^^^^^^^^^^^^^^^^^^^^^ help: a similar path exists: `ultra_tournament::TournamentRoundResult`
[INFO] [stdout] 
[INFO] [stdout] error[E0433]: failed to resolve: use of undeclared type `BattleResult`
[INFO] [stdout]   --> src/types.rs:35:4
[INFO] [stdout]    |
[INFO] [stdout] 22 |             BattleResult::Tie
[INFO] [stdout]    |             ^^^^^^^^^^^^ use of undeclared type `BattleResult`
[INFO] [stdout] 
[INFO] [stdout] error[E0405]: cannot find trait `BattleSystem` in this scope
[INFO] [stdout]  --> src/types.rs:20:6
[INFO] [stdout]   |
[INFO] [stdout] 7 | impl BattleSystem<u32, MyMetadata> for U32BattleSystem {
[INFO] [stdout]   |      ^^^^^^^^^^^^ not found in this scope
[INFO] [stdout]   |
[INFO] [stdout] help: consider importing this trait
[INFO] [stdout]   |
[INFO] [stdout] 2 | use ultra_tournament::BattleSystem;
[INFO] [stdout]   |
[INFO] [stdout] 
[INFO] [stdout] error[E0412]: cannot find type `Arc` in this scope
[INFO] [stdout]   --> src/types.rs:23:10
[INFO] [stdout]    |
[INFO] [stdout] 10 |         a_arc: Arc<RwLock<u32>>,
[INFO] [stdout]    |                ^^^ not found in this scope
[INFO] [stdout]    |
[INFO] [stdout] help: consider importing this struct
[INFO] [stdout]    |
[INFO] [stdout] 2  | use std::sync::Arc;
[INFO] [stdout]    |
[INFO] [stdout] 
[INFO] [stdout] error[E0412]: cannot find type `RwLock` in this scope
[INFO] [stdout]   --> src/types.rs:23:14
[INFO] [stdout]    |
[INFO] [stdout] 10 |         a_arc: Arc<RwLock<u32>>,
[INFO] [stdout]    |                    ^^^^^^ not found in this scope
[INFO] [stdout]    |
[INFO] [stdout] help: consider importing this struct
[INFO] [stdout]    |
[INFO] [stdout] 2  | use std::sync::RwLock;
[INFO] [stdout]    |
[INFO] [stdout] 
[INFO] [stdout] error[E0412]: cannot find type `Arc` in this scope
[INFO] [stdout]   --> src/types.rs:24:10
[INFO] [stdout]    |
[INFO] [stdout] 11 |         b_arc: Arc<RwLock<u32>>,
[INFO] [stdout]    |                ^^^ not found in this scope
[INFO] [stdout]    |
[INFO] [stdout] help: consider importing this struct
[INFO] [stdout]    |
[INFO] [stdout] 2  | use std::sync::Arc;
[INFO] [stdout]    |
[INFO] [stdout] 
[INFO] [stdout] error[E0412]: cannot find type `RwLock` in this scope
[INFO] [stdout]   --> src/types.rs:24:14
[INFO] [stdout]    |
[INFO] [stdout] 11 |         b_arc: Arc<RwLock<u32>>,
[INFO] [stdout]    |                    ^^^^^^ not found in this scope
[INFO] [stdout]    |
[INFO] [stdout] help: consider importing this struct
[INFO] [stdout]    |
[INFO] [stdout] 2  | use std::sync::RwLock;
[INFO] [stdout]    |
[INFO] [stdout] 
[INFO] [stdout] error[E0412]: cannot find type `BattleResult` in this scope
[INFO] [stdout]   --> src/types.rs:25:7
[INFO] [stdout]    |
[INFO] [stdout] 12 |     ) -> BattleResult<MyMetadata> {
[INFO] [stdout]    |          ^^^^^^^^^^^^ not found in this scope
[INFO] [stdout]    |
[INFO] [stdout] help: consider importing this enum
[INFO] [stdout]    |
[INFO] [stdout] 2  | use ultra_tournament::BattleResult;
[INFO] [stdout]    |
[INFO] [stdout] 
[INFO] [stdout] error[E0433]: failed to resolve: use of undeclared type `BattleResult`
[INFO] [stdout]   --> src/types.rs:31:4
[INFO] [stdout]    |
[INFO] [stdout] 18 |             BattleResult::Solved(A, MyMetadata::new())
[INFO] [stdout]    |             ^^^^^^^^^^^^ use of undeclared type `BattleResult`
[INFO] [stdout]    |
[INFO] [stdout] help: consider importing this enum
[INFO] [stdout]    |
[INFO] [stdout] 2  | use ultra_tournament::BattleResult;
[INFO] [stdout]    |
[INFO] [stdout] 
[INFO] [stdout] error[E0425]: cannot find value `A` in this scope
[INFO] [stdout]   --> src/types.rs:31:25
[INFO] [stdout]    |
[INFO] [stdout] 18 |             BattleResult::Solved(A, MyMetadata::new())
[INFO] [stdout]    |                                  ^
[INFO] [stdout]    |
[INFO] [stdout] help: a local variable with a similar name exists
[INFO] [stdout]    |
[INFO] [stdout] 18 |             BattleResult::Solved(a, MyMetadata::new())
[INFO] [stdout]    |                                  ~
[INFO] [stdout] help: consider importing one of these items
[INFO] [stdout]    |
[INFO] [stdout] 2  | use ultra_tournament::TournamentEdge::A;
[INFO] [stdout]    |
[INFO] [stdout] 2  | use ultra_tournament::TournamentRoundResult::A;
[INFO] [stdout]    |
[INFO] [stdout] 
[INFO] [stdout] error[E0433]: failed to resolve: use of undeclared type `BattleResult`
[INFO] [stdout]   --> src/types.rs:33:4
[INFO] [stdout]    |
[INFO] [stdout] 20 |             BattleResult::Solved(B, MyMetadata::new())
[INFO] [stdout]    |             ^^^^^^^^^^^^ use of undeclared type `BattleResult`
[INFO] [stdout]    |
[INFO] [stdout] help: consider importing this enum
[INFO] [stdout]    |
[INFO] [stdout] 2  | use ultra_tournament::BattleResult;
[INFO] [stdout]    |
[INFO] [stdout] 
[INFO] [stdout] error[E0425]: cannot find value `B` in this scope
[INFO] [stdout]   --> src/types.rs:33:25
[INFO] [stdout]    |
[INFO] [stdout] 20 |             BattleResult::Solved(B, MyMetadata::new())
[INFO] [stdout]    |                                  ^
[INFO] [stdout]    |
[INFO] [stdout] help: a local variable with a similar name exists
[INFO] [stdout]    |
[INFO] [stdout] 20 |             BattleResult::Solved(b, MyMetadata::new())
[INFO] [stdout]    |                                  ~
[INFO] [stdout] help: consider importing one of these items
[INFO] [stdout]    |
[INFO] [stdout] 2  | use ultra_tournament::TournamentEdge::B;
[INFO] [stdout]    |
[INFO] [stdout] 2  | use ultra_tournament::TournamentRoundResult::B;
[INFO] [stdout]    |
[INFO] [stdout] 
[INFO] [stdout] error[E0412]: cannot find type `Arc` in this scope
[INFO] [stdout]   --> src/types.rs:40:6
[INFO] [stdout]    |
[INFO] [stdout] 27 |         _: Arc<RwLock<u32>>,
[INFO] [stdout]    |            ^^^ not found in this scope
[INFO] [stdout]    |
[INFO] [stdout] help: consider importing this struct
[INFO] [stdout]    |
[INFO] [stdout] 2  | use std::sync::Arc;
[INFO] [stdout]    |
[INFO] [stdout] 
[INFO] [stdout] error[E0412]: cannot find type `RwLock` in this scope
[INFO] [stdout]   --> src/types.rs:40:10
[INFO] [stdout]    |
[INFO] [stdout] 27 |         _: Arc<RwLock<u32>>,
[INFO] [stdout]    |                ^^^^^^ not found in this scope
[INFO] [stdout]    |
[INFO] [stdout] help: consider importing this struct
[INFO] [stdout]    |
[INFO] [stdout] 2  | use std::sync::RwLock;
[INFO] [stdout]    |
[INFO] [stdout] 
[INFO] [stdout] error[E0412]: cannot find type `Arc` in this scope
[INFO] [stdout]   --> src/types.rs:41:6
[INFO] [stdout]    |
[INFO] [stdout] 28 |         _: Arc<RwLock<u32>>,
[INFO] [stdout]    |            ^^^ not found in this scope
[INFO] [stdout]    |
[INFO] [stdout] help: consider importing this struct
[INFO] [stdout]    |
[INFO] [stdout] 2  | use std::sync::Arc;
[INFO] [stdout]    |
[INFO] [stdout] 
[INFO] [stdout] error[E0412]: cannot find type `RwLock` in this scope
[INFO] [stdout]   --> src/types.rs:41:10
[INFO] [stdout]    |
[INFO] [stdout] 28 |         _: Arc<RwLock<u32>>,
[INFO] [stdout]    |                ^^^^^^ not found in this scope
[INFO] [stdout]    |
[INFO] [stdout] help: consider importing this struct
[INFO] [stdout]    |
[INFO] [stdout] 2  | use std::sync::RwLock;
[INFO] [stdout]    |
[INFO] [stdout] 
[INFO] [stdout] error[E0412]: cannot find type `TournamentRoundResult` in this scope
[INFO] [stdout]   --> src/types.rs:42:8
[INFO] [stdout]    |
[INFO] [stdout] 29 |     ) -> (TournamentRoundResult, MyMetadata) {
[INFO] [stdout]    |           ^^^^^^^^^^^^^^^^^^^^^ not found in this scope
[INFO] [stdout]    |
[INFO] [stdout] help: consider importing this enum
[INFO] [stdout]    |
[INFO] [stdout] 2  | use ultra_tournament::TournamentRoundResult;
[INFO] [stdout]    |
[INFO] [stdout] 
[INFO] [stdout] error[E0425]: cannot find value `A` in this scope
[INFO] [stdout]   --> src/types.rs:46:31
[INFO] [stdout]    |
[INFO] [stdout] 33 |             if random::<f32>() > 0.5 { A } else { B },
[INFO] [stdout]    |                                        ^ not found in this scope
[INFO] [stdout]    |
[INFO] [stdout] help: consider importing one of these items
[INFO] [stdout]    |
[INFO] [stdout] 2  | use ultra_tournament::TournamentEdge::A;
[INFO] [stdout]    |
[INFO] [stdout] 2  | use ultra_tournament::TournamentRoundResult::A;
[INFO] [stdout]    |
[INFO] [stdout] 
[INFO] [stdout] error[E0425]: cannot find value `B` in this scope
[INFO] [stdout]   --> src/types.rs:46:42
[INFO] [stdout]    |
[INFO] [stdout] 33 |             if random::<f32>() > 0.5 { A } else { B },
[INFO] [stdout]    |                                                   ^ not found in this scope
[INFO] [stdout]    |
[INFO] [stdout] help: consider importing one of these items
[INFO] [stdout]    |
[INFO] [stdout] 2  | use ultra_tournament::TournamentEdge::B;
[INFO] [stdout]    |
[INFO] [stdout] 2  | use ultra_tournament::TournamentRoundResult::B;
[INFO] [stdout]    |
[INFO] [stdout] 
[INFO] [stdout] error: aborting due to 21 previous errors
[INFO] [stdout] 
[INFO] [stdout] Some errors have detailed explanations: E0405, E0412, E0425, E0432, E0433.
[INFO] [stdout] For more information about an error, try `rustc --explain E0405`.
[INFO] [stdout] Couldn't compile the test.
[INFO] [stdout] 
[INFO] [stdout] failures:
[INFO] [stdout]     src/tournament.rs - tournament::Tournament<E,M,B>::new (line 41)
[INFO] [stdout]     src/tournament.rs - tournament::Tournament<E,M,B>::new_from_gen (line 133)
[INFO] [stdout]     src/types.rs - types::BattleSystem (line 15)
[INFO] [stdout] 
[INFO] [stdout] test result: FAILED. 1 passed; 3 failed; 0 ignored; 0 measured; 0 filtered out; finished in 0.14s
[INFO] [stdout] 
[INFO] [stderr] error: doctest failed, to rerun pass `--doc`
[INFO] running `Command { std: "docker" "inspect" "b033a17188ccf29d2389635403aa0364bc49779d03b7feaab38de570a061d264", kill_on_drop: false }`
[INFO] running `Command { std: "docker" "rm" "-f" "b033a17188ccf29d2389635403aa0364bc49779d03b7feaab38de570a061d264", kill_on_drop: false }`
[INFO] [stdout] b033a17188ccf29d2389635403aa0364bc49779d03b7feaab38de570a061d264
