[INFO] cloning repository https://github.com/mbhall88/drprg
[INFO] running `Command { std: "git" "-c" "credential.helper=" "-c" "credential.helper=/workspace/cargo-home/bin/git-credential-null" "clone" "--bare" "https://github.com/mbhall88/drprg" "/workspace/cache/git-repos/https%3A%2F%2Fgithub.com%2Fmbhall88%2Fdrprg", kill_on_drop: false }`
[INFO] [stderr] Cloning into bare repository '/workspace/cache/git-repos/https%3A%2F%2Fgithub.com%2Fmbhall88%2Fdrprg'...
[INFO] running `Command { std: "git" "rev-parse" "HEAD", kill_on_drop: false }`
[INFO] [stdout] 0ce20b5d988d00dd2f03068ca658793df02865d0
[INFO] testing mbhall88/drprg against beta-2023-04-20 for beta-1.70-1
[INFO] running `Command { std: "git" "clone" "/workspace/cache/git-repos/https%3A%2F%2Fgithub.com%2Fmbhall88%2Fdrprg" "/workspace/builds/worker-1-tc2/source", kill_on_drop: false }`
[INFO] [stderr] Cloning into '/workspace/builds/worker-1-tc2/source'...
[INFO] [stderr] done.
[INFO] validating manifest of git repo https://github.com/mbhall88/drprg on toolchain beta-2023-04-20
[INFO] running `Command { std: CARGO_HOME="/workspace/cargo-home" RUSTUP_HOME="/workspace/rustup-home" "/workspace/cargo-home/bin/cargo" "+beta-2023-04-20" "metadata" "--manifest-path" "Cargo.toml" "--no-deps", kill_on_drop: false }`
[INFO] started tweaking git repo https://github.com/mbhall88/drprg
[INFO] finished tweaking git repo https://github.com/mbhall88/drprg
[INFO] tweaked toml for git repo https://github.com/mbhall88/drprg written to /workspace/builds/worker-1-tc2/source/Cargo.toml
[INFO] crate git repo https://github.com/mbhall88/drprg already has a lockfile, it will not be regenerated
[INFO] running `Command { std: CARGO_HOME="/workspace/cargo-home" RUSTUP_HOME="/workspace/rustup-home" "/workspace/cargo-home/bin/cargo" "+beta-2023-04-20" "fetch" "--manifest-path" "Cargo.toml", kill_on_drop: false }`
[INFO] [stderr]     Updating crates.io index
[INFO] [stderr]  Downloading crates ...
[INFO] [stderr]   Downloaded predicates v3.0.2
[INFO] [stderr]   Downloaded prettytable-rs v0.10.0
[INFO] [stderr]   Downloaded noodles-gff v0.6.1
[INFO] [stderr]   Downloaded encode_unicode v1.0.0
[INFO] [stderr]   Downloaded noodles-fasta v0.11.0
[INFO] [stderr]   Downloaded bio-types v0.13.0
[INFO] [stderr]   Downloaded noodles-core v0.7.0
[INFO] [stderr]   Downloaded noodles v0.24.0
[INFO] [stderr]   Downloaded assert_cmd v2.0.10
[INFO] [stderr]   Downloaded noodles-bgzf v0.12.0
[INFO] [stderr]   Downloaded rust-htslib v0.39.5
[INFO] [stderr]   Downloaded hts-sys v2.0.3
[INFO] running `Command { std: "docker" "create" "-v" "/var/lib/crater-agent-workspace/builds/worker-1-tc2/target:/opt/rustwide/target:rw,Z" "-v" "/var/lib/crater-agent-workspace/builds/worker-1-tc2/source:/opt/rustwide/workdir:ro,Z" "-v" "/var/lib/crater-agent-workspace/cargo-home:/opt/rustwide/cargo-home:ro,Z" "-v" "/var/lib/crater-agent-workspace/rustup-home:/opt/rustwide/rustup-home:ro,Z" "-e" "SOURCE_DIR=/opt/rustwide/workdir" "-e" "CARGO_TARGET_DIR=/opt/rustwide/target" "-e" "CARGO_HOME=/opt/rustwide/cargo-home" "-e" "RUSTUP_HOME=/opt/rustwide/rustup-home" "-w" "/opt/rustwide/workdir" "-m" "1610612736" "--user" "0:0" "--network" "none" "ghcr.io/rust-lang/crates-build-env/linux@sha256:5ff2268d62e97bff2cde7d5815dd6ed5b47097566f13b8d0ca110b04b60e07ed" "/opt/rustwide/cargo-home/bin/cargo" "+beta-2023-04-20" "metadata" "--no-deps" "--format-version=1", kill_on_drop: false }`
[INFO] [stdout] a458d60319b7c0dbca417c1e09c8b9537a09f46e12e3a0596261accbeb2d64d3
[INFO] running `Command { std: "docker" "start" "-a" "a458d60319b7c0dbca417c1e09c8b9537a09f46e12e3a0596261accbeb2d64d3", kill_on_drop: false }`
[INFO] running `Command { std: "docker" "inspect" "a458d60319b7c0dbca417c1e09c8b9537a09f46e12e3a0596261accbeb2d64d3", kill_on_drop: false }`
[INFO] running `Command { std: "docker" "rm" "-f" "a458d60319b7c0dbca417c1e09c8b9537a09f46e12e3a0596261accbeb2d64d3", kill_on_drop: false }`
[INFO] [stdout] a458d60319b7c0dbca417c1e09c8b9537a09f46e12e3a0596261accbeb2d64d3
[INFO] running `Command { std: "docker" "create" "-v" "/var/lib/crater-agent-workspace/builds/worker-1-tc2/target:/opt/rustwide/target:rw,Z" "-v" "/var/lib/crater-agent-workspace/builds/worker-1-tc2/source:/opt/rustwide/workdir:ro,Z" "-v" "/var/lib/crater-agent-workspace/cargo-home:/opt/rustwide/cargo-home:ro,Z" "-v" "/var/lib/crater-agent-workspace/rustup-home:/opt/rustwide/rustup-home:ro,Z" "-e" "SOURCE_DIR=/opt/rustwide/workdir" "-e" "CARGO_TARGET_DIR=/opt/rustwide/target" "-e" "CARGO_INCREMENTAL=0" "-e" "RUST_BACKTRACE=full" "-e" "RUSTFLAGS=--cap-lints=warn" "-e" "RUSTDOCFLAGS=--cap-lints=warn" "-e" "CARGO_HOME=/opt/rustwide/cargo-home" "-e" "RUSTUP_HOME=/opt/rustwide/rustup-home" "-w" "/opt/rustwide/workdir" "-m" "1610612736" "--user" "0:0" "--network" "none" "ghcr.io/rust-lang/crates-build-env/linux@sha256:5ff2268d62e97bff2cde7d5815dd6ed5b47097566f13b8d0ca110b04b60e07ed" "/opt/rustwide/cargo-home/bin/cargo" "+beta-2023-04-20" "build" "--frozen" "--message-format=json", kill_on_drop: false }`
[INFO] [stdout] a85b299f3204f376b4b32f43ab1422ed3c673579dfedc53104f4f303f83c1bd5
[INFO] running `Command { std: "docker" "start" "-a" "a85b299f3204f376b4b32f43ab1422ed3c673579dfedc53104f4f303f83c1bd5", kill_on_drop: false }`
[INFO] [stderr]    Compiling libc v0.2.140
[INFO] [stderr]    Compiling cfg-if v1.0.0
[INFO] [stderr]    Compiling autocfg v1.1.0
[INFO] [stderr]    Compiling pkg-config v0.3.26
[INFO] [stderr]    Compiling proc-macro2 v1.0.56
[INFO] [stderr]    Compiling quote v1.0.26
[INFO] [stderr]    Compiling unicode-ident v1.0.8
[INFO] [stderr]    Compiling memchr v2.5.0
[INFO] [stderr]    Compiling log v0.4.17
[INFO] [stderr]    Compiling bitflags v1.3.2
[INFO] [stderr]    Compiling once_cell v1.17.1
[INFO] [stderr]    Compiling bytes v1.4.0
[INFO] [stderr]    Compiling itoa v1.0.6
[INFO] [stderr]    Compiling pin-project-lite v0.2.9
[INFO] [stderr]    Compiling futures-core v0.3.28
[INFO] [stderr]    Compiling io-lifetimes v1.0.9
[INFO] [stderr]    Compiling tokio v1.27.0
[INFO] [stderr]    Compiling rustix v0.37.7
[INFO] [stderr]    Compiling serde v1.0.159
[INFO] [stderr]    Compiling slab v0.4.8
[INFO] [stderr]    Compiling futures-task v0.3.28
[INFO] [stderr]    Compiling syn v2.0.13
[INFO] [stderr]    Compiling crossbeam-utils v0.8.15
[INFO] [stderr]    Compiling linux-raw-sys v0.3.1
[INFO] [stderr]    Compiling percent-encoding v2.2.0
[INFO] [stderr]    Compiling tracing-core v0.1.30
[INFO] [stderr]    Compiling memoffset v0.8.0
[INFO] [stderr]    Compiling indexmap v1.9.3
[INFO] [stderr]    Compiling crc32fast v1.3.2
[INFO] [stderr]    Compiling jobserver v0.1.26
[INFO] [stderr]    Compiling num_cpus v1.15.0
[INFO] [stderr]    Compiling socket2 v0.4.9
[INFO] [stderr]    Compiling cc v1.0.79
[INFO] [stderr]    Compiling mio v0.8.6
[INFO] [stderr]    Compiling syn v1.0.109
[INFO] [stderr]    Compiling foreign-types-shared v0.1.1
[INFO] [stderr]    Compiling futures-util v0.3.28
[INFO] [stderr]    Compiling openssl v0.10.49
[INFO] [stderr]    Compiling openssl-src v111.25.2+1.1.1t
[INFO] [stderr]    Compiling cmake v0.1.50
[INFO] [stderr]    Compiling tinyvec_macros v0.1.1
[INFO] [stderr]    Compiling fnv v1.0.7
[INFO] [stderr]    Compiling http v0.2.9
[INFO] [stderr]    Compiling tinyvec v1.6.0
[INFO] [stderr]    Compiling foreign-types v0.3.2
[INFO] [stderr]    Compiling openssl-sys v0.9.84
[INFO] [stderr]    Compiling libz-sys v1.1.8
[INFO] [stderr]    Compiling bzip2-sys v0.1.11+1.0.8
[INFO] [stderr]    Compiling curl-sys v0.4.61+curl-8.0.1
[INFO] [stderr]    Compiling lzma-sys v0.1.20
[INFO] [stderr]    Compiling tracing v0.1.37
[INFO] [stderr]    Compiling crossbeam-epoch v0.9.14
[INFO] [stderr]    Compiling num-traits v0.2.15
[INFO] [stderr]    Compiling hashbrown v0.12.3
[INFO] [stderr]    Compiling rustversion v1.0.12
[INFO] [stderr]    Compiling futures-io v0.3.28
[INFO] [stderr]    Compiling futures-sink v0.3.28
[INFO] [stderr]    Compiling quick-error v1.2.3
[INFO] [stderr]    Compiling httparse v1.8.0
[INFO] [stderr]    Compiling ryu v1.0.13
[INFO] [stderr]    Compiling pin-utils v0.1.0
[INFO] [stderr]    Compiling openssl-macros v0.1.1
[INFO] [stderr]    Compiling native-tls v0.2.11
[INFO] [stderr]    Compiling heck v0.4.1
[INFO] [stderr]    Compiling semver v0.1.20
[INFO] [stderr]    Compiling futures-channel v0.3.28
[INFO] [stderr]    Compiling adler v1.0.2
[INFO] [stderr]    Compiling rustc_version v0.1.7
[INFO] [stderr]    Compiling miniz_oxide v0.6.2
[INFO] [stderr]    Compiling fs-utils v1.1.4
[INFO] [stderr]    Compiling is-terminal v0.4.6
[INFO] [stderr]    Compiling unicode-normalization v0.1.22
[INFO] [stderr]    Compiling form_urlencoded v1.1.0
[INFO] [stderr]    Compiling tokio-util v0.7.7
[INFO] [stderr]    Compiling aho-corasick v0.7.20
[INFO] [stderr]    Compiling glob v0.3.1
[INFO] [stderr]    Compiling openssl-probe v0.1.5
[INFO] [stderr]    Compiling try-lock v0.2.4
[INFO] [stderr]    Compiling thiserror v1.0.40
[INFO] [stderr]    Compiling scopeguard v1.1.0
[INFO] [stderr]    Compiling utf8parse v0.2.1
[INFO] [stderr]    Compiling unicode-bidi v0.3.13
[INFO] [stderr]    Compiling byteorder v1.4.3
[INFO] [stderr]    Compiling lazy_static v1.4.0
[INFO] [stderr]    Compiling regex-syntax v0.6.29
[INFO] [stderr]    Compiling idna v0.3.0
[INFO] [stderr]    Compiling h2 v0.3.17
[INFO] [stderr]    Compiling anstyle-parse v0.1.1
[INFO] [stderr]    Compiling want v0.3.0
[INFO] [stderr]    Compiling hts-sys v2.0.3
[INFO] [stderr]    Compiling flate2 v1.0.25
[INFO] [stderr]    Compiling newtype_derive v0.1.6
[INFO] [stderr]    Compiling regex v1.7.3
[INFO] [stderr]    Compiling thiserror-impl v1.0.40
[INFO] [stderr]    Compiling http-body v0.4.5
[INFO] [stderr]    Compiling dirs-sys-next v0.1.2
[INFO] [stderr]    Compiling num-integer v0.1.45
[INFO] [stderr]    Compiling concolor-query v0.3.3
[INFO] [stderr]    Compiling serde_json v1.0.95
[INFO] [stderr]    Compiling concolor-override v1.0.0
[INFO] [stderr]    Compiling noodles-core v0.7.0
[INFO] [stderr]    Compiling tower-service v0.3.2
[INFO] [stderr]    Compiling anstyle v0.3.5
[INFO] [stderr]    Compiling httpdate v1.0.2
[INFO] [stderr]    Compiling rayon-core v1.11.0
[INFO] [stderr]    Compiling hyper v0.14.25
[INFO] [stderr]    Compiling strum_macros v0.24.3
[INFO] [stderr]    Compiling derive-new v0.5.9
[INFO] [stderr]    Compiling anstream v0.2.6
[INFO] [stderr]    Compiling dirs-next v2.0.0
[INFO] [stderr]    Compiling noodles-bgzf v0.12.0
[INFO] [stderr]    Compiling crossbeam-deque v0.8.3
[INFO] [stderr]    Compiling url v2.3.1
[INFO] [stderr]    Compiling crossbeam-channel v0.5.7
[INFO] [stderr]    Compiling csv-core v0.1.10
[INFO] [stderr]    Compiling anyhow v1.0.70
[INFO] [stderr]    Compiling strsim v0.10.0
[INFO] [stderr]    Compiling serde_derive v1.0.159
[INFO] [stderr]    Compiling clap_lex v0.4.1
[INFO] [stderr]    Compiling clap_builder v4.2.1
[INFO] [stderr]    Compiling csv v1.2.1
[INFO] [stderr]    Compiling noodles-fasta v0.11.0
[INFO] [stderr]    Compiling bio-types v0.13.0
[INFO] [stderr]    Compiling term v0.7.0
[INFO] [stderr]    Compiling noodles-gff v0.6.1
[INFO] [stderr]    Compiling serde_urlencoded v0.7.1
[INFO] [stderr]    Compiling clap_derive v4.2.0
[INFO] [stderr]    Compiling atty v0.2.14
[INFO] [stderr]    Compiling filetime v0.2.20
[INFO] [stderr]    Compiling time v0.1.45
[INFO] [stderr]    Compiling getrandom v0.2.8
[INFO] [stderr]    Compiling xattr v0.2.3
[INFO] [stderr]    Compiling encoding_rs v0.8.32
[INFO] [stderr]    Compiling unicode-width v0.1.10
[INFO] [stderr]    Compiling linear-map v1.2.0
[INFO] [stderr]    Compiling either v1.8.1
[INFO] [stderr]    Compiling base64 v0.21.0
[INFO] [stderr]    Compiling ipnet v2.7.2
[INFO] [stderr]    Compiling regex-automata v0.1.10
[INFO] [stderr]    Compiling ieee754 v0.2.6
[INFO] [stderr]    Compiling humantime v2.1.0
[INFO] [stderr]    Compiling mime v0.3.17
[INFO] [stderr]    Compiling iana-time-zone v0.1.56
[INFO] [stderr]    Compiling encode_unicode v1.0.0
[INFO] [stderr]    Compiling custom_derive v0.1.7
[INFO] [stderr]    Compiling termcolor v1.2.0
[INFO] [stderr]    Compiling fastrand v1.9.0
[INFO] [stderr]    Compiling chrono v0.4.24
[INFO] [stderr]    Compiling prettytable-rs v0.10.0
[INFO] [stderr]    Compiling env_logger v0.9.3
[INFO] [stderr]    Compiling tempfile v3.5.0
[INFO] [stderr]    Compiling clap v4.2.1
[INFO] [stderr]    Compiling bstr v0.2.17
[INFO] [stderr]    Compiling rayon v1.7.0
[INFO] [stderr]    Compiling tar v0.4.38
[INFO] [stderr]    Compiling uuid v1.3.0
[INFO] [stderr]    Compiling noodles v0.24.0
[INFO] [stderr]    Compiling float-cmp v0.9.0
[INFO] [stderr]    Compiling toml v0.5.11
[INFO] [stderr]    Compiling strum v0.24.1
[INFO] [stderr]    Compiling fs_extra v1.3.0
[INFO] [stderr]    Compiling rust-htslib v0.39.5
[INFO] [stderr]    Compiling tokio-native-tls v0.3.1
[INFO] [stderr]    Compiling hyper-tls v0.5.0
[INFO] [stderr]    Compiling reqwest v0.11.16
[INFO] [stderr]    Compiling drprg v0.1.1 (/opt/rustwide/workdir)
[INFO] [stderr]     Finished dev [unoptimized + debuginfo] target(s) in 1m 02s
[INFO] running `Command { std: "docker" "inspect" "a85b299f3204f376b4b32f43ab1422ed3c673579dfedc53104f4f303f83c1bd5", kill_on_drop: false }`
[INFO] running `Command { std: "docker" "rm" "-f" "a85b299f3204f376b4b32f43ab1422ed3c673579dfedc53104f4f303f83c1bd5", kill_on_drop: false }`
[INFO] [stdout] a85b299f3204f376b4b32f43ab1422ed3c673579dfedc53104f4f303f83c1bd5
[INFO] running `Command { std: "docker" "create" "-v" "/var/lib/crater-agent-workspace/builds/worker-1-tc2/target:/opt/rustwide/target:rw,Z" "-v" "/var/lib/crater-agent-workspace/builds/worker-1-tc2/source:/opt/rustwide/workdir:ro,Z" "-v" "/var/lib/crater-agent-workspace/cargo-home:/opt/rustwide/cargo-home:ro,Z" "-v" "/var/lib/crater-agent-workspace/rustup-home:/opt/rustwide/rustup-home:ro,Z" "-e" "SOURCE_DIR=/opt/rustwide/workdir" "-e" "CARGO_TARGET_DIR=/opt/rustwide/target" "-e" "CARGO_INCREMENTAL=0" "-e" "RUST_BACKTRACE=full" "-e" "RUSTFLAGS=--cap-lints=warn" "-e" "RUSTDOCFLAGS=--cap-lints=warn" "-e" "CARGO_HOME=/opt/rustwide/cargo-home" "-e" "RUSTUP_HOME=/opt/rustwide/rustup-home" "-w" "/opt/rustwide/workdir" "-m" "1610612736" "--user" "0:0" "--network" "none" "ghcr.io/rust-lang/crates-build-env/linux@sha256:5ff2268d62e97bff2cde7d5815dd6ed5b47097566f13b8d0ca110b04b60e07ed" "/opt/rustwide/cargo-home/bin/cargo" "+beta-2023-04-20" "test" "--frozen" "--no-run" "--message-format=json", kill_on_drop: false }`
[INFO] [stdout] 7c5da6184df6195622ed8962c00678a10a7a5d3a1a360ed412a20aae36bb7bae
[INFO] running `Command { std: "docker" "start" "-a" "7c5da6184df6195622ed8962c00678a10a7a5d3a1a360ed412a20aae36bb7bae", kill_on_drop: false }`
[INFO] [stderr]    Compiling predicates-core v1.0.6
[INFO] [stderr]    Compiling itertools v0.10.5
[INFO] [stderr]    Compiling difflib v0.4.0
[INFO] [stderr]    Compiling doc-comment v0.3.3
[INFO] [stderr]    Compiling termtree v0.4.1
[INFO] [stderr]    Compiling bstr v1.4.0
[INFO] [stderr]    Compiling wait-timeout v0.2.0
[INFO] [stderr]    Compiling normalize-line-endings v0.3.0
[INFO] [stderr]    Compiling predicates-tree v1.0.9
[INFO] [stderr]    Compiling predicates v3.0.2
[INFO] [stderr]    Compiling predicates v2.1.5
[INFO] [stderr]    Compiling assert_cmd v2.0.10
[INFO] [stderr]    Compiling drprg v0.1.1 (/opt/rustwide/workdir)
[INFO] [stderr]     Finished test [unoptimized + debuginfo] target(s) in 8.28s
[INFO] running `Command { std: "docker" "inspect" "7c5da6184df6195622ed8962c00678a10a7a5d3a1a360ed412a20aae36bb7bae", kill_on_drop: false }`
[INFO] running `Command { std: "docker" "rm" "-f" "7c5da6184df6195622ed8962c00678a10a7a5d3a1a360ed412a20aae36bb7bae", kill_on_drop: false }`
[INFO] [stdout] 7c5da6184df6195622ed8962c00678a10a7a5d3a1a360ed412a20aae36bb7bae
[INFO] running `Command { std: "docker" "create" "-v" "/var/lib/crater-agent-workspace/builds/worker-1-tc2/target:/opt/rustwide/target:rw,Z" "-v" "/var/lib/crater-agent-workspace/builds/worker-1-tc2/source:/opt/rustwide/workdir:ro,Z" "-v" "/var/lib/crater-agent-workspace/cargo-home:/opt/rustwide/cargo-home:ro,Z" "-v" "/var/lib/crater-agent-workspace/rustup-home:/opt/rustwide/rustup-home:ro,Z" "-e" "SOURCE_DIR=/opt/rustwide/workdir" "-e" "CARGO_TARGET_DIR=/opt/rustwide/target" "-e" "CARGO_INCREMENTAL=0" "-e" "RUST_BACKTRACE=full" "-e" "RUSTFLAGS=--cap-lints=warn" "-e" "RUSTDOCFLAGS=--cap-lints=warn" "-e" "CARGO_HOME=/opt/rustwide/cargo-home" "-e" "RUSTUP_HOME=/opt/rustwide/rustup-home" "-w" "/opt/rustwide/workdir" "-m" "1610612736" "--user" "0:0" "--network" "none" "ghcr.io/rust-lang/crates-build-env/linux@sha256:5ff2268d62e97bff2cde7d5815dd6ed5b47097566f13b8d0ca110b04b60e07ed" "/opt/rustwide/cargo-home/bin/cargo" "+beta-2023-04-20" "test" "--frozen", kill_on_drop: false }`
[INFO] [stdout] 7b73804b053064279b2045dc6f624682783db93826d99ecb3eb497c30000f5bc
[INFO] running `Command { std: "docker" "start" "-a" "7b73804b053064279b2045dc6f624682783db93826d99ecb3eb497c30000f5bc", kill_on_drop: false }`
[INFO] [stderr]     Finished test [unoptimized + debuginfo] target(s) in 0.12s
[INFO] [stderr]      Running unittests src/lib.rs (/opt/rustwide/target/debug/deps/drprg-f20b40de2edd9a12)
[INFO] [stdout] 
[INFO] [stdout] running 153 tests
[INFO] [stdout] test filter::test::filter_bcf_record_has_strand_bias_below ... ok
[INFO] [stdout] test filter::test::filter_bcf_record_is_high_covg_above_max ... ok
[INFO] [stdout] test filter::test::filter_bcf_record_has_strand_bias_same_as_min ... ok
[INFO] [stdout] test filter::test::filter_all_pass ... ok
[INFO] [stdout] test filter::test::filter_bcf_record_has_strand_bias_no_coverage ... ok
[INFO] [stdout] test filter::test::filter_bcf_record_has_strand_bias_null_uses_all ... ok
[INFO] [stdout] test filter::test::filter_bcf_record_has_strand_bias_above ... ok
[INFO] [stdout] test filter::test::filter_bcf_record_is_high_covg ... ok
[INFO] [stdout] test filter::test::filter_bcf_record_is_high_covg_no_covg ... ok
[INFO] [stdout] test filter::test::filter_bcf_record_is_high_covg_null_gt_sum_of_all_is_above ... ok
[INFO] [stdout] test filter::test::filter_bcf_record_is_high_covg_null_gt_sum_is_above ... ok
[INFO] [stdout] test filter::test::filter_bcf_record_is_long_indel_del_below_same_as_max ... ok
[INFO] [stdout] test filter::test::filter_bcf_record_is_long_indel_del_above ... ok
[INFO] [stdout] test filter::test::filter_bcf_record_is_long_indel_del_below ... ok
[INFO] [stdout] test filter::test::filter_bcf_record_is_high_covg_same_as_max ... ok
[INFO] [stdout] test filter::test::filter_bcf_record_is_high_covg_no_covg_but_max_covg_unset ... ok
[INFO] [stdout] test filter::test::filter_bcf_record_is_long_indel_ins_same_as_max ... ok
[INFO] [stdout] test filter::test::filter_bcf_record_is_long_indel_ref ... ok
[INFO] [stdout] test filter::test::filter_bcf_record_is_long_indel_snp ... ok
[INFO] [stdout] test filter::test::filter_bcf_record_is_long_indel_null ... ok
[INFO] [stdout] test filter::test::filter_bcf_record_is_low_covg ... ok
[INFO] [stdout] test filter::test::filter_bcf_record_is_long_indel_unset ... ok
[INFO] [stdout] test filter::test::filter_bcf_record_is_long_indel_ins_below ... ok
[INFO] [stdout] test filter::test::filter_bcf_record_is_long_indel_ins_above ... ok
[INFO] [stdout] test filter::test::filter_bcf_record_is_low_covg_below_min ... ok
[INFO] [stdout] test filter::test::filter_bcf_record_is_low_covg_no_covg ... ok
[INFO] [stdout] test filter::test::filter_bcf_record_is_low_covg_null_gt_ref_above ... ok
[INFO] [stdout] test filter::test::filter_bcf_record_is_low_covg_null_gt_sum_of_all_is_below ... ok
[INFO] [stdout] test filter::test::filter_bcf_record_is_low_covg_no_covg_but_min_covg_unset ... ok
[INFO] [stdout] test filter::test::filter_bcf_record_is_low_gt_conf_below ... ok
[INFO] [stdout] test filter::test::filter_bcf_record_is_low_gt_conf_above ... ok
[INFO] [stdout] test filter::test::filter_bcf_record_is_low_covg_same_as_min ... ok
[INFO] [stdout] test filter::test::filter_bcf_record_is_low_gt_conf_no_gt_conf_but_gt_conf_unset ... ok
[INFO] [stdout] test filter::test::filter_bcf_record_is_low_gt_conf_unset ... ok
[INFO] [stdout] test filter::test::filter_bcf_record_is_low_gt_conf_same_as_min ... ok
[INFO] [stdout] test filter::test::filter_bcf_record_is_low_support_above ... ok
[INFO] [stdout] test filter::test::filter_bcf_record_is_low_support_below ... ok
[INFO] [stdout] test filter::test::filter_bcf_record_is_low_support_null_gt ... ok
[INFO] [stdout] test filter::test::filter_bcf_record_is_low_support_same_as_min ... ok
[INFO] [stdout] test filter::test::filter_high_covg_and_low_support ... ok
[INFO] [stdout] test filter::test::filter_bcf_record_is_low_support_no_coverage ... ok
[INFO] [stdout] test filter::test::filter_bcf_record_is_low_support_no_min_set ... ok
[INFO] [stdout] test filter::test::filter_low_covg ... ok
[INFO] [stdout] test filter::test::filter_status_tags_all_fail ... ok
[INFO] [stdout] test filter::test::filter_status_tags_none_fail ... ok
[INFO] [stdout] test filter::test::filter_status_tags_some_fail ... ok
[INFO] [stdout] test filter::test::filter_status_apply_filters_to_all_pass ... ok
[INFO] [stdout] test filter::test::filter_status_apply_filters_to_missing_tag ... ok
[INFO] [stdout] test filter::test::tags_from_str_unknown_tag ... ok
[INFO] [stdout] test filter::test::tags_value ... ok
[INFO] [stdout] test interval::tests::interval_op_intersect_no_intersection_end_edge ... ok
[INFO] [stdout] test interval::tests::interval_op_intersect_no_intersection_end_off_by_one_check ... ok
[INFO] [stdout] test interval::tests::interval_op_intersect_no_intersection_self ... ok
[INFO] [stdout] test filter::test::tags_from_str ... ok
[INFO] [stdout] test filter::test::filter_status_apply_filters_to_tags_all_present ... ok
[INFO] [stdout] test interval::tests::interval_op_intersect_no_intersection ... ok
[INFO] [stdout] test interval::tests::interval_op_intersect_no_intersection_subset ... ok
[INFO] [stdout] test filter::test::filterer_add_filters_to_header_some_set ... ok
[INFO] [stdout] test interval::tests::interval_op_intersect_no_intersection_start_edge ... ok
[INFO] [stdout] test interval::tests::interval_op_rangeinclusive_intersect_no_intersection ... ok
[INFO] [stdout] test filter::test::filterer_add_filters_to_header_all_default_set_nothing ... ok
[INFO] [stdout] test interval::tests::interval_op_rangeinclusive_intersect_no_intersection_end_off_by_one_check ... ok
[INFO] [stdout] test interval::tests::interval_op_intersect_no_intersection_start_off_by_one_check ... ok
[INFO] [stdout] test interval::tests::interval_op_rangeinclusive_intersect_no_intersection_start_off_by_one_check ... ok
[INFO] [stdout] test filter::test::filterer_add_filters_to_header_all_set ... ok
[INFO] [stdout] test interval::tests::interval_op_rangeinclusive_intersect_no_intersection_start_edge ... ok
[INFO] [stdout] test tests::add_extension_empty_input ... ok
[INFO] [stdout] test tests::add_extension_no_extension ... ok
[INFO] [stdout] test interval::tests::interval_op_rangeinclusive_intersect_no_intersection_subset ... ok
[INFO] [stdout] test tests::add_extension_one_extension ... ok
[INFO] [stdout] test tests::file_prefix_one_ext ... ok
[INFO] [stdout] test tests::file_prefix_no_file_ext ... ok
[INFO] [stdout] test tests::file_prefix_two_ext ... ok
[INFO] [stdout] test tests::from_path_or_where_path_is_none_and_default_is_executable ... ok
[INFO] [stdout] test tests::from_path_or_where_path_isnt_executable_and_neither_is_default ... ok
[INFO] [stdout] test tests::test_does_not_have_single_component ... ok
[INFO] [stdout] test tests::path_is_not_executable ... ok
[INFO] [stdout] test tests::test_gff_record_name_is_not_present ... ok
[INFO] [stdout] test tests::test_gff_record_name_is_present ... ok
[INFO] [stdout] test tests::from_path_or_where_path_is_executable ... ok
[INFO] [stdout] test tests::test_deduplicate_fasta ... ok
[INFO] [stdout] test tests::test_has_single_component ... ok
[INFO] [stdout] test tests::path_is_executable ... ok
[INFO] [stdout] test tests::test_record_argmatch_deletion_matches_closest ... ok
[INFO] [stdout] test tests::from_path_or_where_path_is_none_and_default_isnt_executable ... ok
[INFO] [stdout] test tests::test_record_argmatch_deletion_matches_closest_overlap ... ok
[INFO] [stdout] test tests::path_is_executable_resolves_full_path ... ok
[INFO] [stdout] test tests::test_record_argmatch_deletion_matches_longest ... ok
[INFO] [stdout] test tests::test_list_prgs_with_novel_variants ... ok
[INFO] [stdout] test tests::test_list_prgs_with_novel_variants_different_num_vars ... ok
[INFO] [stdout] test tests::test_record_argmatch_multiple_matches_at_overlap_returns_ref ... ok
[INFO] [stdout] test tests::test_record_argmatch_insertion_matches_longest ... ok
[INFO] [stdout] test tests::test_record_argmatch_multiple_matches_at_overlap_returns_shortest ... ok
[INFO] [stdout] test tests::test_record_argmatch_null_returns_none ... ok
[INFO] [stdout] test tests::test_record_argmatch_no_match ... ok
[INFO] [stdout] test tests::test_record_argmatch_only_overlap_matches ... ok
[INFO] [stdout] test tests::from_path_or_where_path_is_none_default_isnt_executable_but_default_filename_is ... ok
[INFO] [stdout] test tests::test_record_argmatch_only_overlap_matches_the_rest_doesnt ... ok
[INFO] [stdout] test tests::test_record_argmatch_no_overlap ... ok
[INFO] [stdout] test tests::test_record_argmatch_overlap_base_matches_and_so_do_backfilled_seqs ... ok
[INFO] [stdout] test tests::test_record_argmatch_overlap_base_matches_but_not_same ... ok
[INFO] [stdout] test tests::test_record_argmatch_self_spans_other ... ok
[INFO] [stdout] test tests::test_record_argmatch_same_record ... ok
[INFO] [stdout] test tests::test_record_argmatch_record_is_ref_and_matches_both_return_ref ... ok
[INFO] [stdout] test tests::test_record_argmatch_single_base_deletion ... ok
[INFO] [stdout] test tests::test_record_called_allele_is_null ... ok
[INFO] [stdout] test tests::test_record_argmatch_single_base_insertion ... ok
[INFO] [stdout] test tests::test_record_called_allele ... ok
[INFO] [stdout] test tests::test_record_coverage ... ok
[INFO] [stdout] test tests::test_record_coverage_no_tag ... ok
[INFO] [stdout] test tests::test_record_depth_proportions_only_ref ... ok
[INFO] [stdout] test tests::test_record_depth_proportions_only_ref_no_coverage ... ok
[INFO] [stdout] test tests::test_record_depth_proportions_one_alt_called_ref ... ok
[INFO] [stdout] test tests::test_record_depth_proportions_two_alt_called_first ... ok
[INFO] [stdout] test tests::test_record_depth_proportions_two_alt_called_null ... ok
[INFO] [stdout] test tests::test_record_end ... ok
[INFO] [stdout] test tests::test_record_fraction_read_support_alt ... ok
[INFO] [stdout] test tests::test_record_fraction_read_support ... ok
[INFO] [stdout] test tests::test_record_fraction_read_support_called_alt_compares_to_ref ... ok
[INFO] [stdout] test tests::test_record_fraction_read_support_is_null ... ok
[INFO] [stdout] test tests::test_record_fraction_read_support_called_ref_compares_to_highest_alt ... ok
[INFO] [stdout] test tests::test_record_fraction_read_support_zero_coverage ... ok
[INFO] [stdout] test tests::test_record_gt_conf_no_tag ... ok
[INFO] [stdout] test tests::test_record_gt_conf ... ok
[INFO] [stdout] test tests::test_record_has_no_depth_false ... ok
[INFO] [stdout] test tests::test_record_has_no_depth_true ... ok
[INFO] [stdout] test tests::test_record_is_indel_deletion ... ok
[INFO] [stdout] test tests::test_record_is_indel_no_alt ... ok
[INFO] [stdout] test tests::test_record_is_indel_mnp ... ok
[INFO] [stdout] test tests::test_record_is_indel_insertion ... ok
[INFO] [stdout] test tests::test_record_is_indel_snp_and_indel_in_alleles_called_snp ... ok
[INFO] [stdout] test tests::test_record_is_indel_but_ref_call ... ok
[INFO] [stdout] test tests::test_record_is_indel_snp_and_indel_in_alleles_called_indel ... ok
[INFO] [stdout] test tests::test_record_is_indel_snp ... ok
[INFO] [stdout] test tests::test_record_is_indel_null ... ok
[INFO] [stdout] test tests::test_record_is_pass ... ok
[INFO] [stdout] test tests::test_record_range ... ok
[INFO] [stdout] test tests::test_record_rlen ... ok
[INFO] [stdout] test tests::test_record_slice_alt_iv_spans_whole_and_more ... ok
[INFO] [stdout] test tests::test_record_slice_no_iv_overlap_left ... ok
[INFO] [stdout] test tests::test_record_slice_null_gt_uses_ref ... ok
[INFO] [stdout] test tests::test_record_slice_empty_iv ... ok
[INFO] [stdout] test tests::test_record_slice_no_iv_overlap_right ... ok
[INFO] [stdout] test tests::test_record_slice_alt_middle_base ... ok
[INFO] [stdout] test tests::test_record_slice_ref_first_base ... ok
[INFO] [stdout] test tests::test_revcomp ... ok
[INFO] [stdout] test tests::test_unwrap_or_continue ... ok
[INFO] [stdout] test tests::test_record_slice_specify_non_called_allele_out_of_bounds ... ok
[INFO] [stdout] test tests::test_record_slice_ref_last_base ... ok
[INFO] [stdout] test tests::test_record_slice_specify_non_called_allele ... ok
[INFO] [stdout] test tests::test_record_slice_ref_iv_spans_whole_and_more ... ok
[INFO] [stdout] test tests::test_record_slice_specify_non_called_allele_mixed_lengths ... ok
[INFO] [stdout] test tests::test_record_slice_specify_non_called_allele_single_base_olap ... ok
[INFO] [stdout] 
[INFO] [stdout] test result: ok. 153 passed; 0 failed; 0 ignored; 0 measured; 0 filtered out; finished in 0.02s
[INFO] [stdout] 
[INFO] [stderr]      Running unittests src/main.rs (/opt/rustwide/target/debug/deps/drprg-9f50ff68d74feed1)
[INFO] [stdout] 
[INFO] [stdout] running 228 tests
[INFO] [stdout] test builder::tests::check_vcf_and_index_exists_it_does ... ok
[INFO] [stdout] test builder::tests::check_vcf_and_index_exists_it_doesnt ... ok
[INFO] [stdout] test builder::tests::extract_gene_from_index_first_base ... ok
[INFO] [stdout] test builder::tests::extract_gene_from_index_interval_out_of_bounds ... ok
[INFO] [stdout] test builder::tests::extract_gene_from_index_no_padding_start_and_end_exactly_the_same_as_gene ... ok
[INFO] [stdout] test builder::tests::extract_gene_from_index_gene_not_in_index ... ok
[INFO] [stdout] test builder::tests::extract_gene_from_index_no_padding_start_plus_one_from_gene_start_end_same_as_gene ... ok
[INFO] [stdout] test builder::tests::extract_gene_from_index_no_strand ... ok
[INFO] [stdout] test builder::tests::extract_gene_from_index_no_padding_start_same_as_gene_end_minus_one_from_gene_length ... ok
[INFO] [stdout] test builder::tests::extract_gene_from_index_too_much_padding_left_wraps_to_start ... ok
[INFO] [stdout] test builder::tests::extract_gene_from_index_too_much_padding_right_wraps_to_end ... ok
[INFO] [stdout] test builder::tests::extract_gene_from_index_on_reverse_strand ... ok
[INFO] [stdout] test builder::tests::load_annotations_for_genes_is_cds_returns_empty ... ok
[INFO] [stdout] test builder::tests::create_vcf_header ... ok
[INFO] [stdout] test builder::tests::load_panel_path_doesnt_exist ... ok
[INFO] [stdout] test builder::tests::load_annotations_when_no_genes_in_common_returns_empty ... ok
[INFO] [stdout] test builder::tests::load_panel_wrong_delimiter ... ok
[INFO] [stdout] test builder::tests::load_panel_single_record ... ok
[INFO] [stdout] test builder::tests::load_panel_has_header ... ok
[INFO] [stdout] test builder::tests::load_annotations_for_genes_one_gene_in_common ... ok
[INFO] [stdout] test builder::tests::load_panel_duplicate_record ... ok
[INFO] [stdout] test cli::tests::check_path_exists_it_doesnt ... ok
[INFO] [stdout] test builder::tests::test_vcf_contig_field ... ok
[INFO] [stdout] test cli::tests::check_path_it_does ... ok
[INFO] [stdout] test consequence::tests::test_consequence_of_variant_downstream_of_gene_edge ... ok
[INFO] [stdout] test consequence::tests::test_consequence_of_variant_five_bases_cross_three_codons ... ok
[INFO] [stdout] test consequence::tests::test_consequence_of_variant_downstream_of_gene ... ok
[INFO] [stdout] test consequence::tests::test_consequence_of_variant_last_base ... ok
[INFO] [stdout] test consequence::tests::test_consequence_of_variant_last_codon ... ok
[INFO] [stdout] test consequence::tests::test_consequence_of_variant_big_deletion_in_alleles_but_simplifies_to_single_codon ... ok
[INFO] [stdout] test consequence::tests::test_consequence_of_variant_ref_doesnt_match ... ok
[INFO] [stdout] test consequence::tests::test_consequence_of_variant_multi_codon_synonymous_all_same_simplify_nucleic ... ok
[INFO] [stdout] test consequence::tests::test_consequence_of_variant_simplify_multi_codon_synonymous ... ok
[INFO] [stdout] test consequence::tests::test_consequence_of_variant_simplify_multi_codon_synonymous_front_two ... ok
[INFO] [stdout] test consequence::tests::test_consequence_of_variant_simplify_multi_codon_synonymous_front_and_back ... ok
[INFO] [stdout] test consequence::tests::test_consequence_of_variant_simplify_two_codon_synonymous_first ... ok
[INFO] [stdout] test consequence::tests::test_consequence_of_variant_indel_returned_as_nucleic ... ok
[INFO] [stdout] test consequence::tests::test_consequence_of_variant_single_base_in_codon ... ok
[INFO] [stdout] test consequence::tests::test_consequence_of_variant_simplify_two_codon_synonymous_last ... ok
[INFO] [stdout] test consequence::tests::test_consequence_of_variant_single_codon_ref_is_whole_codon ... ok
[INFO] [stdout] test consequence::tests::test_consequence_of_variant_two_bases_cross_codon_boundary ... ok
[INFO] [stdout] test consequence::tests::test_consequence_of_variant_two_codons_two_changes ... ok
[INFO] [stdout] test consequence::tests::test_consequence_of_variant_two_bases_cross_gene_end_boundary ... ok
[INFO] [stdout] test consequence::tests::test_consequence_of_variant_upstream_of_gene ... ok
[INFO] [stdout] test consequence::tests::test_consequence_of_variant_upstream_of_gene_at_edge ... ok
[INFO] [stdout] test expert::tests::deserialise_correct_rule_multiple_drugs_sorted ... ok
[INFO] [stdout] test expert::tests::deserialise_correct_rule_no_end ... ok
[INFO] [stdout] test expert::tests::deserialise_correct_rule ... ok
[INFO] [stdout] test expert::tests::deserialise_correct_rule_multiple_drugs_unsorted ... ok
[INFO] [stdout] test expert::tests::deserialise_correct_rule_no_start ... ok
[INFO] [stdout] test expert::tests::deserialise_rule_char_passed_for_start ... ok
[INFO] [stdout] test expert::tests::deserialise_rule_unknown_variant_type ... ok
[INFO] [stdout] test expert::tests::deserialise_rule_with_missing_gene ... ok
[INFO] [stdout] test expert::tests::deserialise_rule_wrong_delimiter ... ok
[INFO] [stdout] test expert::tests::expert_rules_from_csv_malformatted ... ok
[INFO] [stdout] test expert::tests::expert_rules_matches ... ok
[INFO] [stdout] test expert::tests::expert_rules_from_csv ... ok
[INFO] [stdout] test expert::tests::expert_rules_from_csv_duplicate_rule_ignored ... ok
[INFO] [stdout] test expert::tests::deserialise_correct_rule_no_start_or_end ... ok
[INFO] [stdout] test expert::tests::expert_rules_matches_variant_type_matches_but_wrong_gene ... ok
[INFO] [stdout] test expert::tests::rule_contains_at_end ... ok
[INFO] [stdout] test expert::tests::rule_contains_at_start ... ok
[INFO] [stdout] test expert::tests::expert_rules_matches_vartype_and_gene_matches_but_not_range ... ok
[INFO] [stdout] test expert::tests::rule_contains_frameshift_in_promoter_that_reaches_into_gene ... ok
[INFO] [stdout] test expert::tests::rule_contains_frameshift_in_promoter_allowed ... ok
[INFO] [stdout] test expert::tests::rule_contains_non_frameshift_indel ... ok
[INFO] [stdout] test expert::tests::rule_contains_gene_doesnt_match ... ok
[INFO] [stdout] test expert::tests::rule_contains_frameshift_indel ... ok
[INFO] [stdout] test expert::tests::rule_contains_frameshift_in_promoter ... ok
[INFO] [stdout] test expert::tests::rule_contains_single_position ... ok
[INFO] [stdout] test expert::tests::rule_contains_past_end ... ok
[INFO] [stdout] test expert::tests::rule_contains_nonsense ... ok
[INFO] [stdout] test expert::tests::rule_contains_variant_types_differ ... ok
[INFO] [stdout] test expert::tests::variant_type_from_str ... ok
[INFO] [stdout] test expert::tests::variant_type_display ... ok
[INFO] [stdout] test expert::tests::rule_contains_upstream_of_start ... ok
[INFO] [stdout] test minor::tests::test_check_for_minor_alternate_above_threshold_below_diff ... ok
[INFO] [stdout] test minor::tests::test_check_for_minor_alternate_alt_call ... ok
[INFO] [stdout] test minor::tests::test_check_for_minor_alternate_calls_alternate_but_other_alt_is_minor ... ok
[INFO] [stdout] test minor::tests::test_check_for_minor_alternate_alt_has_less_gaps_than_ref ... ok
[INFO] [stdout] test minor::tests::test_check_for_minor_alternate_low_covg ... ok
[INFO] [stdout] test minor::tests::test_check_for_minor_alternate_below_threshold_but_above_diff ... ok
[INFO] [stdout] test minor::tests::test_check_for_minor_alternate_low_stand_bias ... ok
[INFO] [stdout] test minor::tests::test_check_for_minor_alternate_null_call ... ok
[INFO] [stdout] test minor::tests::test_check_for_minor_alternate_low_stand_bias_and_covg ... ok
[INFO] [stdout] test minor::tests::test_check_for_minor_alternate_called_allele_over_max_called_gap ... ok
[INFO] [stdout] test minor::tests::test_check_for_minor_alternate_ref_call_alt_has_most_depth ... ok
[INFO] [stdout] test minor::tests::test_check_for_minor_alternate_ref_call_no_depth ... ok
[INFO] [stdout] test minor::tests::test_check_for_minor_alternate_ref_call_ref_has_most_depth_alt_below_threshold ... ok
[INFO] [stdout] test minor::tests::test_check_for_minor_alternate_ref_call_ref_has_most_depth_alt_below_gaps_threshold ... ok
[INFO] [stdout] test panel::tests::all_alt_alleles_amino_not_x_returns_alt_only ... ok
[INFO] [stdout] test minor::tests::test_write_vcf_headers ... ok
[INFO] [stdout] test panel::tests::all_alt_alleles_multi_amino_not_x_returns_error ... ok
[INFO] [stdout] test panel::tests::all_alt_alleles_amino_x_returns_all_others ... ok
[INFO] [stdout] test panel::tests::all_alt_alleles_multi_amino_with_x_returns_error ... ok
[INFO] [stdout] test minor::tests::test_check_for_minor_alternate_ref_call_ref_has_most_depth_alt_above_threshold ... ok
[INFO] [stdout] test minor::tests::test_check_for_minor_alternate_ref_call_ref_has_most_depth_alt_eq_threshold ... ok
[INFO] [stdout] test panel::tests::all_ref_alleles_amino_returns_codons ... ok
[INFO] [stdout] test panel::tests::all_alt_alleles_nucleic_x_returns_all_others ... ok
[INFO] [stdout] test panel::tests::all_ref_alleles_multi_amino_returns_err ... ok
[INFO] [stdout] test panel::tests::all_ref_alleles_nucleic_returns_self ... ok
[INFO] [stdout] test panel::tests::all_alt_alleles_nucleic_not_x_returns_alt_only ... ok
[INFO] [stdout] test panel::tests::amino_to_codons_unknown ... ok
[INFO] [stdout] test panel::tests::amino_to_codons_serine ... ok
[INFO] [stdout] test panel::tests::check_ref_amino_ref_does_not_match ... ok
[INFO] [stdout] test panel::tests::amino_to_codons_stop ... ok
[INFO] [stdout] test panel::tests::check_ref_nucleic_ref_does_not_match ... ok
[INFO] [stdout] test panel::tests::check_ref_nucleic_ref_negative_pos ... ok
[INFO] [stdout] test panel::tests::check_ref_amino_ref_matches ... ok
[INFO] [stdout] test panel::tests::check_ref_nucleic_ref_matches ... ok
[INFO] [stdout] test panel::tests::check_ref_nucleic_ref_negative_pos_multiple_bases ... ok
[INFO] [stdout] test panel::tests::check_ref_unknown_amino_ref_does_not_match ... ok
[INFO] [stdout] test panel::tests::deserialise_panel_record_with_missing_field ... ok
[INFO] [stdout] test panel::tests::mutation_type_from_str ... ok
[INFO] [stdout] test panel::tests::deserialise_correct_panel_record ... ok
[INFO] [stdout] test panel::tests::deserialise_panel_record_with_wrong_delim ... ok
[INFO] [stdout] test panel::tests::panel_record_gene_pos_for_amino_is_adjusted ... ok
[INFO] [stdout] test panel::tests::panel_record_gene_pos_for_first_amino_is_one ... ok
[INFO] [stdout] test panel::tests::panel_record_gene_pos_for_nucleic_is_same ... ok
[INFO] [stdout] test panel::tests::panel_record_alt_allele_getter ... ok
[INFO] [stdout] test panel::tests::mutation_type_display ... ok
[INFO] [stdout] test panel::tests::panel_record_gene_pos_for_negative_is_adjusted ... ok
[INFO] [stdout] test panel::tests::deserialise_panel_record_with_unknown_mutation_type ... ok
[INFO] [stdout] test panel::tests::panel_record_gene_pos_negative_amino_returns_err ... ok
[INFO] [stdout] test panel::tests::panel_record_gene_pos_for_negative_one_is_adjusted_to_zero ... ok
[INFO] [stdout] test panel::tests::panel_record_name_getter ... ok
[INFO] [stdout] test panel::tests::panel_record_pos_getter ... ok
[INFO] [stdout] test panel::tests::panel_record_ref_allele_getter ... ok
[INFO] [stdout] test panel::tests::panel_record_vcf_header_entries ... ok
[INFO] [stdout] test panel::tests::test_variant_is_indel_deletion ... ok
[INFO] [stdout] test panel::tests::test_variant_is_indel_insertion ... ok
[INFO] [stdout] test panel::tests::test_variant_is_indel_snp ... ok
[INFO] [stdout] test panel::tests::panel_record_to_vcf_gene_not_in_header ... ok
[INFO] [stdout] test panel::tests::panel_record_to_vcf_pos_out_of_range ... ok
[INFO] [stdout] test panel::tests::test_gene_deletion_fmt ... ok
[INFO] [stdout] test panel::tests::test_variant_is_indel_mnp ... ok
[INFO] [stdout] test panel::tests::test_variant_is_snp_mnp ... ok
[INFO] [stdout] test panel::tests::test_variant_simplify_deletion_matches_at_end ... ok
[INFO] [stdout] test panel::tests::test_variant_is_snp_insertion ... ok
[INFO] [stdout] test panel::tests::panel_record_to_vcf_with_two_drugs ... ok
[INFO] [stdout] test panel::tests::test_variant_simplify_all_same_does_nothing ... ok
[INFO] [stdout] test panel::tests::test_variant_simplify_deletion_matches_at_end_and_start ... ok
[INFO] [stdout] test panel::tests::test_variant_is_snp_snp ... ok
[INFO] [stdout] test panel::tests::test_variant_simplify_deletion_single_base_alt_does_nothing ... ok
[INFO] [stdout] test panel::tests::test_variant_simplify_insertion_matches_at_end_and_start ... ok
[INFO] [stdout] test panel::tests::test_variant_simplify_first_base ... ok
[INFO] [stdout] test panel::tests::test_variant_simplify_insertion_matches_at_start ... ok
[INFO] [stdout] test panel::tests::test_variant_simplify_last_two_bases_and_first_two_bases ... ok
[INFO] [stdout] test panel::tests::test_variant_simplify_first_two_bases ... ok
[INFO] [stdout] test panel::tests::test_variant_simplify_last_two_bases ... ok
[INFO] [stdout] test panel::tests::test_variant_simplify_long_tail ... ok
[INFO] [stdout] test panel::tests::test_variant_simplify_insertion_one_base_ref_does_nothing ... ok
[INFO] [stdout] test panel::tests::test_variant_simplify_nothing_to_do ... ok
[INFO] [stdout] test panel::tests::test_variant_simplify_second_base ... ok
[INFO] [stdout] test panel::tests::variant_display ... ok
[INFO] [stdout] test panel::tests::variant_from_str_with_invalid_ref ... ok
[INFO] [stdout] test panel::tests::variant_from_str_with_invalid_new ... ok
[INFO] [stdout] test panel::tests::variant_from_str_with_missing_ref ... ok
[INFO] [stdout] test panel::tests::variant_from_str_with_positive_pos ... ok
[INFO] [stdout] test panel::tests::variant_from_str_with_negative_pos ... ok
[INFO] [stdout] test panel::tests::variant_from_str_with_missing_pos ... ok
[INFO] [stdout] test panel::tests::variant_from_str_with_stop_codon ... ok
[INFO] [stdout] test panel::tests::variant_from_str_with_missing_new ... ok
[INFO] [stdout] test panel::tests::variant_range_indel_in_promoter ... ok
[INFO] [stdout] test panel::tests::variant_range_indel ... ok
[INFO] [stdout] test predict::tests::index_kmer_prgs_path ... ok
[INFO] [stdout] test predict::tests::index_prg_index_path ... ok
[INFO] [stdout] test predict::tests::index_prg_path ... ok
[INFO] [stdout] test panel::tests::variant_from_str_with_multi_new ... ok
[INFO] [stdout] test panel::tests::variant_range_indel_in_promoter_crosses_start_pos ... ok
[INFO] [stdout] test panel::tests::variant_from_str_with_multi_ref ... ok
[INFO] [stdout] test panel::tests::variant_range_mnp ... ok
[INFO] [stdout] test panel::tests::variant_range_snp ... ok
[INFO] [stdout] test predict::tests::index_vcf_ref_path ... ok
[INFO] [stdout] test predict::tests::index_vcf_path ... ok
[INFO] [stdout] test predict::tests::sample_name_no_sample ... ok
[INFO] [stdout] test predict::tests::test_deduplicate_predictions ... ok
[INFO] [stdout] test predict::tests::test_deduplicate_predictions_empty_in_empty_out ... ok
[INFO] [stdout] test predict::tests::predict_add_predict_info_to_header ... ok
[INFO] [stdout] test predict::tests::sample_name_with_sample ... ok
[INFO] [stdout] test predict::tests::test_prediction_ordering ... ok
[INFO] [stdout] test predict::tests::test_vcf_to_json ... ok
[INFO] [stdout] test predict::tests::test_vcf_to_json_partial_gene_deletion_start_lost_multiple_null_positions ... ok
[INFO] [stdout] test predict::tests::test_predict_from_pandora_vcf_alt_major_and_minor_with_unknowns ... ok
[INFO] [stdout] test predict::tests::test_predict_from_pandora_vcf_nullify_zero_depth_and_zero_confidence_calls ... ok
[INFO] [stdout] test predict::tests::test_vcf_to_json_partial_gene_deletion_start_lost_single_null_position ... ok
[INFO] [stdout] test predict::tests::test_vcf_to_json_partial_gene_deletion_stop_lost_multiple_null_positions ... ok
[INFO] [stdout] test predict::tests::test_vcf_to_json_unknown_not_in_panel ... ok
[INFO] [stdout] test predict::tests::test_vcf_to_json_resistant_synonymous ... ok
[INFO] [stdout] test predict::tests::validate_index_missing_config ... ok
[INFO] [stdout] test predict::tests::validate_index_is_valid ... ok
[INFO] [stdout] test predict::tests::validate_index_missing_kmer_prgs ... ok
[INFO] [stdout] test predict::tests::validate_index_missing_panel_vcf_index ... ok
[INFO] [stdout] test predict::tests::validate_index_missing_msas ... ok
[INFO] [stdout] test predict::tests::validate_index_missing_panel_vcf ... ok
[INFO] [stdout] test predict::tests::validate_index_missing_prg_index ... ok
[INFO] [stdout] test report::tests::evidence_atomise_indel_returns_vec_of_same ... ok
[INFO] [stdout] test predict::tests::validate_index_missing_prg ... ok
[INFO] [stdout] test report::tests::evidence_atomise_mnp_returns_vec_of_snps ... ok
[INFO] [stdout] test predict::tests::validate_index_missing_vcf_ref ... ok
[INFO] [stdout] test report::tests::evidence_atomise_multi_amino_change_returns_vec_of_single_amino_changes ... ok
[INFO] [stdout] test report::tests::evidence_atomise_single_amino_change_returns_vec_of_same ... ok
[INFO] [stdout] test report::tests::evidence_is_frameshift_is_1bp_frameshift ... ok
[INFO] [stdout] test report::tests::evidence_atomise_snp_returns_vec_of_same ... ok
[INFO] [stdout] test report::tests::evidence_is_frameshift_is_2bp_frameshift ... ok
[INFO] [stdout] test report::tests::evidence_is_frameshift_is_4bp_indel ... ok
[INFO] [stdout] test report::tests::evidence_is_frameshift_is_3bp_indel ... ok
[INFO] [stdout] test report::tests::evidence_is_missense_is_nonsense ... ok
[INFO] [stdout] test report::tests::evidence_is_missense ... ok
[INFO] [stdout] test report::tests::evidence_is_missense_nucleic_acid ... ok
[INFO] [stdout] test report::tests::evidence_is_nonsense ... ok
[INFO] [stdout] test report::tests::evidence_is_frameshift_is_snp ... ok
[INFO] [stdout] test report::tests::evidence_is_nonsense_is_nucleic ... ok
[INFO] [stdout] test report::tests::evidence_is_nonsense_is_synonymous ... ok
[INFO] [stdout] test report::tests::evidence_is_nonsense_is_nonsense ... ok
[INFO] [stdout] test report::tests::evidence_is_synonymous_amino_is_not ... ok
[INFO] [stdout] test report::tests::evidence_is_synonymous_amino_is_multi_base ... ok
[INFO] [stdout] test predict::tests::test_predict_from_pandora_vcf_three_adjacent_mutations_only_one_called ... ok
[INFO] [stdout] test report::tests::evidence_is_synonymous_amino_is ... ok
[INFO] [stdout] test report::tests::evidence_is_synonymous_nucelic_is_not ... ok
[INFO] [stdout] test report::tests::evidence_serde ... ok
[INFO] [stdout] test report::tests::evidence_to_variant_str ... ok
[INFO] [stdout] test report::tests::evidence_is_synonymous_amino_is_not_multi_base ... ok
[INFO] [stdout] test report::tests::susceptibility_serde ... ok
[INFO] [stdout] test builder::tests::build_runner ... FAILED
[INFO] [stdout] test builder::tests::build_runner_outdir_doesnt_exist ... FAILED
[INFO] [stdout] test predict::tests::test_predict_from_pandora_vcf_alt_that_is_susceptible_with_minor_resistance ... ok
[INFO] [stdout] test predict::tests::test_predict_from_pandora_vcf ... ok
[INFO] [stdout] 
[INFO] [stdout] failures:
[INFO] [stdout] 
[INFO] [stdout] ---- builder::tests::build_runner stdout ----
[INFO] [stdout] thread 'builder::tests::build_runner' panicked at 'assertion failed: result.is_ok()', src/builder.rs:1186:9
[INFO] [stdout] stack backtrace:
[INFO] [stdout]    0:     0x55787437822a - std::backtrace_rs::backtrace::libunwind::trace::h2f05d0192276a8f6
[INFO] [stdout]                                at /rustc/1b7dd2252b99671ce5d1cb9664c5f8636329436d/library/std/src/../../backtrace/src/backtrace/libunwind.rs:93:5
[INFO] [stdout]    1:     0x55787437822a - std::backtrace_rs::backtrace::trace_unsynchronized::hedc23dff7a1af150
[INFO] [stdout]                                at /rustc/1b7dd2252b99671ce5d1cb9664c5f8636329436d/library/std/src/../../backtrace/src/backtrace/mod.rs:66:5
[INFO] [stdout]    2:     0x55787437822a - std::sys_common::backtrace::_print_fmt::h17541ef7592f3ce2
[INFO] [stdout]                                at /rustc/1b7dd2252b99671ce5d1cb9664c5f8636329436d/library/std/src/sys_common/backtrace.rs:65:5
[INFO] [stdout]    3:     0x55787437822a - <std::sys_common::backtrace::_print::DisplayBacktrace as core::fmt::Display>::fmt::h20f75df5ab0c0792
[INFO] [stdout]                                at /rustc/1b7dd2252b99671ce5d1cb9664c5f8636329436d/library/std/src/sys_common/backtrace.rs:44:22
[INFO] [stdout]    4:     0x5578743a07bf - core::fmt::write::h78109e6f466b3af6
[INFO] [stdout]                                at /rustc/1b7dd2252b99671ce5d1cb9664c5f8636329436d/library/core/src/fmt/mod.rs:1254:17
[INFO] [stdout]    5:     0x557874374ce5 - std::io::Write::write_fmt::hd24bfb68a1b35a25
[INFO] [stdout]                                at /rustc/1b7dd2252b99671ce5d1cb9664c5f8636329436d/library/std/src/io/mod.rs:1698:15
[INFO] [stdout]    6:     0x557874377ff5 - std::sys_common::backtrace::_print::h8dac57a9f8fbf9a5
[INFO] [stdout]                                at /rustc/1b7dd2252b99671ce5d1cb9664c5f8636329436d/library/std/src/sys_common/backtrace.rs:47:5
[INFO] [stdout]    7:     0x557874377ff5 - std::sys_common::backtrace::print::hf9ecbf41d1aa712f
[INFO] [stdout]                                at /rustc/1b7dd2252b99671ce5d1cb9664c5f8636329436d/library/std/src/sys_common/backtrace.rs:34:9
[INFO] [stdout]    8:     0x557874379cae - std::panicking::default_hook::{{closure}}::h04c07acfc84ca028
[INFO] [stdout]                                at /rustc/1b7dd2252b99671ce5d1cb9664c5f8636329436d/library/std/src/panicking.rs:269:22
[INFO] [stdout]    9:     0x5578743799e1 - std::panicking::default_hook::h01f6bb23e1eceb2c
[INFO] [stdout]                                at /rustc/1b7dd2252b99671ce5d1cb9664c5f8636329436d/library/std/src/panicking.rs:285:9
[INFO] [stdout]   10:     0x557873db7aab - <alloc::boxed::Box<F,A> as core::ops::function::Fn<Args>>::call::h87fe9f7b2fd49e4c
[INFO] [stdout]                                at /rustc/1b7dd2252b99671ce5d1cb9664c5f8636329436d/library/alloc/src/boxed.rs:1987:9
[INFO] [stdout]   11:     0x557873db7aab - test::test_main::{{closure}}::he94d679243a7531b
[INFO] [stdout]                                at /rustc/1b7dd2252b99671ce5d1cb9664c5f8636329436d/library/test/src/lib.rs:134:21
[INFO] [stdout]   12:     0x55787437a394 - <alloc::boxed::Box<F,A> as core::ops::function::Fn<Args>>::call::h3f2d6d8b14c4769f
[INFO] [stdout]                                at /rustc/1b7dd2252b99671ce5d1cb9664c5f8636329436d/library/alloc/src/boxed.rs:1987:9
[INFO] [stdout]   13:     0x55787437a394 - std::panicking::rust_panic_with_hook::h2bb3722bbaf2f6df
[INFO] [stdout]                                at /rustc/1b7dd2252b99671ce5d1cb9664c5f8636329436d/library/std/src/panicking.rs:695:13
[INFO] [stdout]   14:     0x55787437a0c2 - std::panicking::begin_panic_handler::{{closure}}::h91bc7f36a4be011b
[INFO] [stdout]                                at /rustc/1b7dd2252b99671ce5d1cb9664c5f8636329436d/library/std/src/panicking.rs:580:13
[INFO] [stdout]   15:     0x557874378696 - std::sys_common::backtrace::__rust_end_short_backtrace::h8b3d3717114f9e59
[INFO] [stdout]                                at /rustc/1b7dd2252b99671ce5d1cb9664c5f8636329436d/library/std/src/sys_common/backtrace.rs:150:18
[INFO] [stdout]   16:     0x557874379e62 - rust_begin_unwind
[INFO] [stdout]                                at /rustc/1b7dd2252b99671ce5d1cb9664c5f8636329436d/library/std/src/panicking.rs:578:5
[INFO] [stdout]   17:     0x557873bbf643 - core::panicking::panic_fmt::hfd368e3fbdabea26
[INFO] [stdout]                                at /rustc/1b7dd2252b99671ce5d1cb9664c5f8636329436d/library/core/src/panicking.rs:67:14
[INFO] [stdout]   18:     0x557873bbf6dd - core::panicking::panic::h3f9042d09bd0bf2e
[INFO] [stdout]                                at /rustc/1b7dd2252b99671ce5d1cb9664c5f8636329436d/library/core/src/panicking.rs:117:5
[INFO] [stdout]   19:     0x557873ce86bc - drprg::builder::tests::build_runner::h33147dc6a346fa86
[INFO] [stdout]                                at /opt/rustwide/workdir/src/builder.rs:1186:9
[INFO] [stdout]   20:     0x557873ce7dc7 - drprg::builder::tests::build_runner::{{closure}}::h791beee62d08428a
[INFO] [stdout]                                at /opt/rustwide/workdir/src/builder.rs:1166:23
[INFO] [stdout]   21:     0x557873d20fb5 - core::ops::function::FnOnce::call_once::h8668d18073b86dd5
[INFO] [stdout]                                at /rustc/1b7dd2252b99671ce5d1cb9664c5f8636329436d/library/core/src/ops/function.rs:250:5
[INFO] [stdout]   22:     0x557873dbc97f - core::ops::function::FnOnce::call_once::ha6a70e79f7481a7e
[INFO] [stdout]                                at /rustc/1b7dd2252b99671ce5d1cb9664c5f8636329436d/library/core/src/ops/function.rs:250:5
[INFO] [stdout]   23:     0x557873dbc97f - test::__rust_begin_short_backtrace::hce33033019b61e69
[INFO] [stdout]                                at /rustc/1b7dd2252b99671ce5d1cb9664c5f8636329436d/library/test/src/lib.rs:655:18
[INFO] [stdout]   24:     0x557873d8a16c - test::run_test::{{closure}}::h858d3528838ae3e5
[INFO] [stdout]                                at /rustc/1b7dd2252b99671ce5d1cb9664c5f8636329436d/library/test/src/lib.rs:646:30
[INFO] [stdout]   25:     0x557873d8a16c - core::ops::function::FnOnce::call_once{{vtable.shim}}::he8ac2b00f01ae79e
[INFO] [stdout]                                at /rustc/1b7dd2252b99671ce5d1cb9664c5f8636329436d/library/core/src/ops/function.rs:250:5
[INFO] [stdout]   26:     0x557873dbba56 - <alloc::boxed::Box<F,A> as core::ops::function::FnOnce<Args>>::call_once::h8093d25b522725ef
[INFO] [stdout]                                at /rustc/1b7dd2252b99671ce5d1cb9664c5f8636329436d/library/alloc/src/boxed.rs:1973:9
[INFO] [stdout]   27:     0x557873dbba56 - <core::panic::unwind_safe::AssertUnwindSafe<F> as core::ops::function::FnOnce<()>>::call_once::h5c334c204e4a3913
[INFO] [stdout]                                at /rustc/1b7dd2252b99671ce5d1cb9664c5f8636329436d/library/core/src/panic/unwind_safe.rs:271:9
[INFO] [stdout]   28:     0x557873dbba56 - std::panicking::try::do_call::ha8b740c7b9478074
[INFO] [stdout]                                at /rustc/1b7dd2252b99671ce5d1cb9664c5f8636329436d/library/std/src/panicking.rs:485:40
[INFO] [stdout]   29:     0x557873dbba56 - std::panicking::try::h5d34f63d0e41b64e
[INFO] [stdout]                                at /rustc/1b7dd2252b99671ce5d1cb9664c5f8636329436d/library/std/src/panicking.rs:449:19
[INFO] [stdout]   30:     0x557873dbba56 - std::panic::catch_unwind::hcfbb511e1aa7fc67
[INFO] [stdout]                                at /rustc/1b7dd2252b99671ce5d1cb9664c5f8636329436d/library/std/src/panic.rs:140:14
[INFO] [stdout]   31:     0x557873dbba56 - test::run_test_in_process::h9abda90f802eaf21
[INFO] [stdout]                                at /rustc/1b7dd2252b99671ce5d1cb9664c5f8636329436d/library/test/src/lib.rs:678:27
[INFO] [stdout]   32:     0x557873dbba56 - test::run_test::run_test_inner::{{closure}}::h0f058de91f6c6edf
[INFO] [stdout]                                at /rustc/1b7dd2252b99671ce5d1cb9664c5f8636329436d/library/test/src/lib.rs:572:39
[INFO] [stdout]   33:     0x557873d84975 - test::run_test::run_test_inner::{{closure}}::h5ca48a4c59c6c1fb
[INFO] [stdout]                                at /rustc/1b7dd2252b99671ce5d1cb9664c5f8636329436d/library/test/src/lib.rs:599:37
[INFO] [stdout]   34:     0x557873d84975 - std::sys_common::backtrace::__rust_begin_short_backtrace::h32bd51e1495d4a33
[INFO] [stdout]                                at /rustc/1b7dd2252b99671ce5d1cb9664c5f8636329436d/library/std/src/sys_common/backtrace.rs:134:18
[INFO] [stdout]   35:     0x557873d89eb1 - std::thread::Builder::spawn_unchecked_::{{closure}}::{{closure}}::hc086fae9b128b2db
[INFO] [stdout]                                at /rustc/1b7dd2252b99671ce5d1cb9664c5f8636329436d/library/std/src/thread/mod.rs:526:17
[INFO] [stdout]   36:     0x557873d89eb1 - <core::panic::unwind_safe::AssertUnwindSafe<F> as core::ops::function::FnOnce<()>>::call_once::hb66571888d270d43
[INFO] [stdout]                                at /rustc/1b7dd2252b99671ce5d1cb9664c5f8636329436d/library/core/src/panic/unwind_safe.rs:271:9
[INFO] [stdout]   37:     0x557873d89eb1 - std::panicking::try::do_call::h4fa2ef4f6e51fecf
[INFO] [stdout]                                at /rustc/1b7dd2252b99671ce5d1cb9664c5f8636329436d/library/std/src/panicking.rs:485:40
[INFO] [stdout]   38:     0x557873d89eb1 - std::panicking::try::h1e9e22b8584489b5
[INFO] [stdout]                                at /rustc/1b7dd2252b99671ce5d1cb9664c5f8636329436d/library/std/src/panicking.rs:449:19
[INFO] [stdout]   39:     0x557873d89eb1 - std::panic::catch_unwind::h44698a3de0e0769e
[INFO] [stdout]                                at /rustc/1b7dd2252b99671ce5d1cb9664c5f8636329436d/library/std/src/panic.rs:140:14
[INFO] [stdout]   40:     0x557873d89eb1 - std::thread::Builder::spawn_unchecked_::{{closure}}::h50153abde3fe239e
[INFO] [stdout]                                at /rustc/1b7dd2252b99671ce5d1cb9664c5f8636329436d/library/std/src/thread/mod.rs:525:30
[INFO] [stdout]   41:     0x557873d89eb1 - core::ops::function::FnOnce::call_once{{vtable.shim}}::hbe5bbf6f38394364
[INFO] [stdout]                                at /rustc/1b7dd2252b99671ce5d1cb9664c5f8636329436d/library/core/src/ops/function.rs:250:5
[INFO] [stdout]   42:     0x55787437fec5 - <alloc::boxed::Box<F,A> as core::ops::function::FnOnce<Args>>::call_once::h0d83cb2920a49046
[INFO] [stdout]                                at /rustc/1b7dd2252b99671ce5d1cb9664c5f8636329436d/library/alloc/src/boxed.rs:1973:9
[INFO] [stdout]   43:     0x55787437fec5 - <alloc::boxed::Box<F,A> as core::ops::function::FnOnce<Args>>::call_once::hbe0a008aa7d9ef59
[INFO] [stdout]                                at /rustc/1b7dd2252b99671ce5d1cb9664c5f8636329436d/library/alloc/src/boxed.rs:1973:9
[INFO] [stdout]   44:     0x55787437fec5 - std::sys::unix::thread::Thread::new::thread_start::h3a466996bdf6b1f9
[INFO] [stdout]                                at /rustc/1b7dd2252b99671ce5d1cb9664c5f8636329436d/library/std/src/sys/unix/thread.rs:108:17
[INFO] [stdout]   45:     0x7f5ffcd5cb43 - <unknown>
[INFO] [stdout]   46:     0x7f5ffcdedbb4 - __clone
[INFO] [stdout]   47:                0x0 - <unknown>
[INFO] [stdout] 
[INFO] [stdout] ---- builder::tests::build_runner_outdir_doesnt_exist stdout ----
[INFO] [stdout] thread 'builder::tests::build_runner_outdir_doesnt_exist' panicked at 'assertion failed: result.is_ok()', src/builder.rs:1230:9
[INFO] [stdout] stack backtrace:
[INFO] [stdout]    0:     0x55787437822a - std::backtrace_rs::backtrace::libunwind::trace::h2f05d0192276a8f6
[INFO] [stdout]                                at /rustc/1b7dd2252b99671ce5d1cb9664c5f8636329436d/library/std/src/../../backtrace/src/backtrace/libunwind.rs:93:5
[INFO] [stdout]    1:     0x55787437822a - std::backtrace_rs::backtrace::trace_unsynchronized::hedc23dff7a1af150
[INFO] [stdout]                                at /rustc/1b7dd2252b99671ce5d1cb9664c5f8636329436d/library/std/src/../../backtrace/src/backtrace/mod.rs:66:5
[INFO] [stdout]    2:     0x55787437822a - std::sys_common::backtrace::_print_fmt::h17541ef7592f3ce2
[INFO] [stdout]                                at /rustc/1b7dd2252b99671ce5d1cb9664c5f8636329436d/library/std/src/sys_common/backtrace.rs:65:5
[INFO] [stdout]    3:     0x55787437822a - <std::sys_common::backtrace::_print::DisplayBacktrace as core::fmt::Display>::fmt::h20f75df5ab0c0792
[INFO] [stdout]                                at /rustc/1b7dd2252b99671ce5d1cb9664c5f8636329436d/library/std/src/sys_common/backtrace.rs:44:22
[INFO] [stdout]    4:     0x5578743a07bf - core::fmt::write::h78109e6f466b3af6
[INFO] [stdout]                                at /rustc/1b7dd2252b99671ce5d1cb9664c5f8636329436d/library/core/src/fmt/mod.rs:1254:17
[INFO] [stdout]    5:     0x557874374ce5 - std::io::Write::write_fmt::hd24bfb68a1b35a25
[INFO] [stdout]                                at /rustc/1b7dd2252b99671ce5d1cb9664c5f8636329436d/library/std/src/io/mod.rs:1698:15
[INFO] [stdout]    6:     0x557874377ff5 - std::sys_common::backtrace::_print::h8dac57a9f8fbf9a5
[INFO] [stdout]                                at /rustc/1b7dd2252b99671ce5d1cb9664c5f8636329436d/library/std/src/sys_common/backtrace.rs:47:5
[INFO] [stdout]    7:     0x557874377ff5 - std::sys_common::backtrace::print::hf9ecbf41d1aa712f
[INFO] [stdout]                                at /rustc/1b7dd2252b99671ce5d1cb9664c5f8636329436d/library/std/src/sys_common/backtrace.rs:34:9
[INFO] [stdout]    8:     0x557874379cae - std::panicking::default_hook::{{closure}}::h04c07acfc84ca028
[INFO] [stdout]                                at /rustc/1b7dd2252b99671ce5d1cb9664c5f8636329436d/library/std/src/panicking.rs:269:22
[INFO] [stdout]    9:     0x5578743799e1 - std::panicking::default_hook::h01f6bb23e1eceb2c
[INFO] [stdout]                                at /rustc/1b7dd2252b99671ce5d1cb9664c5f8636329436d/library/std/src/panicking.rs:285:9
[INFO] [stdout]   10:     0x557873db7aab - <alloc::boxed::Box<F,A> as core::ops::function::Fn<Args>>::call::h87fe9f7b2fd49e4c
[INFO] [stdout]                                at /rustc/1b7dd2252b99671ce5d1cb9664c5f8636329436d/library/alloc/src/boxed.rs:1987:9
[INFO] [stdout]   11:     0x557873db7aab - test::test_main::{{closure}}::he94d679243a7531b
[INFO] [stdout]                                at /rustc/1b7dd2252b99671ce5d1cb9664c5f8636329436d/library/test/src/lib.rs:134:21
[INFO] [stdout]   12:     0x55787437a394 - <alloc::boxed::Box<F,A> as core::ops::function::Fn<Args>>::call::h3f2d6d8b14c4769f
[INFO] [stdout]                                at /rustc/1b7dd2252b99671ce5d1cb9664c5f8636329436d/library/alloc/src/boxed.rs:1987:9
[INFO] [stdout]   13:     0x55787437a394 - std::panicking::rust_panic_with_hook::h2bb3722bbaf2f6df
[INFO] [stdout]                                at /rustc/1b7dd2252b99671ce5d1cb9664c5f8636329436d/library/std/src/panicking.rs:695:13
[INFO] [stdout]   14:     0x55787437a0c2 - std::panicking::begin_panic_handler::{{closure}}::h91bc7f36a4be011b
[INFO] [stdout]                                at /rustc/1b7dd2252b99671ce5d1cb9664c5f8636329436d/library/std/src/panicking.rs:580:13
[INFO] [stdout]   15:     0x557874378696 - std::sys_common::backtrace::__rust_end_short_backtrace::h8b3d3717114f9e59
[INFO] [stdout]                                at /rustc/1b7dd2252b99671ce5d1cb9664c5f8636329436d/library/std/src/sys_common/backtrace.rs:150:18
[INFO] [stdout]   16:     0x557874379e62 - rust_begin_unwind
[INFO] [stdout]                                at /rustc/1b7dd2252b99671ce5d1cb9664c5f8636329436d/library/std/src/panicking.rs:578:5
[INFO] [stdout]   17:     0x557873bbf643 - core::panicking::panic_fmt::hfd368e3fbdabea26
[INFO] [stdout]                                at /rustc/1b7dd2252b99671ce5d1cb9664c5f8636329436d/library/core/src/panicking.rs:67:14
[INFO] [stdout]   18:     0x557873bbf6dd - core::panicking::panic::h3f9042d09bd0bf2e
[INFO] [stdout]                                at /rustc/1b7dd2252b99671ce5d1cb9664c5f8636329436d/library/core/src/panicking.rs:117:5
[INFO] [stdout]   19:     0x557873ce95f0 - drprg::builder::tests::build_runner_outdir_doesnt_exist::hff639b094203ab64
[INFO] [stdout]                                at /opt/rustwide/workdir/src/builder.rs:1230:9
[INFO] [stdout]   20:     0x557873ce8c37 - drprg::builder::tests::build_runner_outdir_doesnt_exist::{{closure}}::h309d60dc8dd3b94c
[INFO] [stdout]                                at /opt/rustwide/workdir/src/builder.rs:1207:43
[INFO] [stdout]   21:     0x557873d24ce5 - core::ops::function::FnOnce::call_once::hef1d267ceb07bda2
[INFO] [stdout]                                at /rustc/1b7dd2252b99671ce5d1cb9664c5f8636329436d/library/core/src/ops/function.rs:250:5
[INFO] [stdout]   22:     0x557873dbc97f - core::ops::function::FnOnce::call_once::ha6a70e79f7481a7e
[INFO] [stdout]                                at /rustc/1b7dd2252b99671ce5d1cb9664c5f8636329436d/library/core/src/ops/function.rs:250:5
[INFO] [stdout]   23:     0x557873dbc97f - test::__rust_begin_short_backtrace::hce33033019b61e69
[INFO] [stdout]                                at /rustc/1b7dd2252b99671ce5d1cb9664c5f8636329436d/library/test/src/lib.rs:655:18
[INFO] [stdout]   24:     0x557873d8a16c - test::run_test::{{closure}}::h858d3528838ae3e5
[INFO] [stdout]                                at /rustc/1b7dd2252b99671ce5d1cb9664c5f8636329436d/library/test/src/lib.rs:646:30
[INFO] [stdout]   25:     0x557873d8a16c - core::ops::function::FnOnce::call_once{{vtable.shim}}::he8ac2b00f01ae79e
[INFO] [stdout]                                at /rustc/1b7dd2252b99671ce5d1cb9664c5f8636329436d/library/core/src/ops/function.rs:250:5
[INFO] [stdout]   26:     0x557873dbba56 - <alloc::boxed::Box<F,A> as core::ops::function::FnOnce<Args>>::call_once::h8093d25b522725ef
[INFO] [stdout]                                at /rustc/1b7dd2252b99671ce5d1cb9664c5f8636329436d/library/alloc/src/boxed.rs:1973:9
[INFO] [stdout]   27:     0x557873dbba56 - <core::panic::unwind_safe::AssertUnwindSafe<F> as core::ops::function::FnOnce<()>>::call_once::h5c334c204e4a3913
[INFO] [stdout]                                at /rustc/1b7dd2252b99671ce5d1cb9664c5f8636329436d/library/core/src/panic/unwind_safe.rs:271:9
[INFO] [stdout]   28:     0x557873dbba56 - std::panicking::try::do_call::ha8b740c7b9478074
[INFO] [stdout]                                at /rustc/1b7dd2252b99671ce5d1cb9664c5f8636329436d/library/std/src/panicking.rs:485:40
[INFO] [stdout]   29:     0x557873dbba56 - std::panicking::try::h5d34f63d0e41b64e
[INFO] [stdout]                                at /rustc/1b7dd2252b99671ce5d1cb9664c5f8636329436d/library/std/src/panicking.rs:449:19
[INFO] [stdout]   30:     0x557873dbba56 - std::panic::catch_unwind::hcfbb511e1aa7fc67
[INFO] [stdout]                                at /rustc/1b7dd2252b99671ce5d1cb9664c5f8636329436d/library/std/src/panic.rs:140:14
[INFO] [stdout]   31:     0x557873dbba56 - test::run_test_in_process::h9abda90f802eaf21
[INFO] [stdout]                                at /rustc/1b7dd2252b99671ce5d1cb9664c5f8636329436d/library/test/src/lib.rs:678:27
[INFO] [stdout]   32:     0x557873dbba56 - test::run_test::run_test_inner::{{closure}}::h0f058de91f6c6edf
[INFO] [stdout]                                at /rustc/1b7dd2252b99671ce5d1cb9664c5f8636329436d/library/test/src/lib.rs:572:39
[INFO] [stdout]   33:     0x557873d84975 - test::run_test::run_test_inner::{{closure}}::h5ca48a4c59c6c1fb
[INFO] [stdout]                                at /rustc/1b7dd2252b99671ce5d1cb9664c5f8636329436d/library/test/src/lib.rs:599:37
[INFO] [stdout]   34:     0x557873d84975 - std::sys_common::backtrace::__rust_begin_short_backtrace::h32bd51e1495d4a33
[INFO] [stdout]                                at /rustc/1b7dd2252b99671ce5d1cb9664c5f8636329436d/library/std/src/sys_common/backtrace.rs:134:18
[INFO] [stdout]   35:     0x557873d89eb1 - std::thread::Builder::spawn_unchecked_::{{closure}}::{{closure}}::hc086fae9b128b2db
[INFO] [stdout]                                at /rustc/1b7dd2252b99671ce5d1cb9664c5f8636329436d/library/std/src/thread/mod.rs:526:17
[INFO] [stdout]   36:     0x557873d89eb1 - <core::panic::unwind_safe::AssertUnwindSafe<F> as core::ops::function::FnOnce<()>>::call_once::hb66571888d270d43
[INFO] [stdout]                                at /rustc/1b7dd2252b99671ce5d1cb9664c5f8636329436d/library/core/src/panic/unwind_safe.rs:271:9
[INFO] [stdout]   37:     0x557873d89eb1 - std::panicking::try::do_call::h4fa2ef4f6e51fecf
[INFO] [stdout]                                at /rustc/1b7dd2252b99671ce5d1cb9664c5f8636329436d/library/std/src/panicking.rs:485:40
[INFO] [stdout]   38:     0x557873d89eb1 - std::panicking::try::h1e9e22b8584489b5
[INFO] [stdout]                                at /rustc/1b7dd2252b99671ce5d1cb9664c5f8636329436d/library/std/src/panicking.rs:449:19
[INFO] [stdout]   39:     0x557873d89eb1 - std::panic::catch_unwind::h44698a3de0e0769e
[INFO] [stdout]                                at /rustc/1b7dd2252b99671ce5d1cb9664c5f8636329436d/library/std/src/panic.rs:140:14
[INFO] [stdout]   40:     0x557873d89eb1 - std::thread::Builder::spawn_unchecked_::{{closure}}::h50153abde3fe239e
[INFO] [stdout]                                at /rustc/1b7dd2252b99671ce5d1cb9664c5f8636329436d/library/std/src/thread/mod.rs:525:30
[INFO] [stdout]   41:     0x557873d89eb1 - core::ops::function::FnOnce::call_once{{vtable.shim}}::hbe5bbf6f38394364
[INFO] [stdout]                                at /rustc/1b7dd2252b99671ce5d1cb9664c5f8636329436d/library/core/src/ops/function.rs:250:5
[INFO] [stdout]   42:     0x55787437fec5 - <alloc::boxed::Box<F,A> as core::ops::function::FnOnce<Args>>::call_once::h0d83cb2920a49046
[INFO] [stdout]                                at /rustc/1b7dd2252b99671ce5d1cb9664c5f8636329436d/library/alloc/src/boxed.rs:1973:9
[INFO] [stdout]   43:     0x55787437fec5 - <alloc::boxed::Box<F,A> as core::ops::function::FnOnce<Args>>::call_once::hbe0a008aa7d9ef59
[INFO] [stdout]                                at /rustc/1b7dd2252b99671ce5d1cb9664c5f8636329436d/library/alloc/src/boxed.rs:1973:9
[INFO] [stdout]   44:     0x55787437fec5 - std::sys::unix::thread::Thread::new::thread_start::h3a466996bdf6b1f9
[INFO] [stdout]                                at /rustc/1b7dd2252b99671ce5d1cb9664c5f8636329436d/library/std/src/sys/unix/thread.rs:108:17
[INFO] [stdout]   45:     0x7f5ffcd5cb43 - <unknown>
[INFO] [stdout]   46:     0x7f5ffcdedbb4 - __clone
[INFO] [stdout]   47:                0x0 - <unknown>
[INFO] [stdout] 
[INFO] [stdout] 
[INFO] [stdout] failures:
[INFO] [stdout]     builder::tests::build_runner
[INFO] [stdout]     builder::tests::build_runner_outdir_doesnt_exist
[INFO] [stdout] 
[INFO] [stdout] test result: FAILED. 226 passed; 2 failed; 0 ignored; 0 measured; 0 filtered out; finished in 2.14s
[INFO] [stdout] 
[INFO] [stderr] error: test failed, to rerun pass `--bin drprg`
[INFO] running `Command { std: "docker" "inspect" "7b73804b053064279b2045dc6f624682783db93826d99ecb3eb497c30000f5bc", kill_on_drop: false }`
[INFO] running `Command { std: "docker" "rm" "-f" "7b73804b053064279b2045dc6f624682783db93826d99ecb3eb497c30000f5bc", kill_on_drop: false }`
[INFO] [stdout] 7b73804b053064279b2045dc6f624682783db93826d99ecb3eb497c30000f5bc
