[INFO] cloning repository https://github.com/maxleiko/bsc
[INFO] running `Command { std: "git" "-c" "credential.helper=" "-c" "credential.helper=/workspace/cargo-home/bin/git-credential-null" "clone" "--bare" "https://github.com/maxleiko/bsc" "/workspace/cache/git-repos/https%3A%2F%2Fgithub.com%2Fmaxleiko%2Fbsc", kill_on_drop: false }`
[INFO] [stderr] Cloning into bare repository '/workspace/cache/git-repos/https%3A%2F%2Fgithub.com%2Fmaxleiko%2Fbsc'...
[INFO] running `Command { std: "git" "rev-parse" "HEAD", kill_on_drop: false }`
[INFO] [stdout] 084b2e9a889c6171afb3bc9775e4eabb3eb551c4
[INFO] testing maxleiko/bsc against beta-2023-04-20 for beta-1.70-1
[INFO] running `Command { std: "git" "clone" "/workspace/cache/git-repos/https%3A%2F%2Fgithub.com%2Fmaxleiko%2Fbsc" "/workspace/builds/worker-7-tc2/source", kill_on_drop: false }`
[INFO] [stderr] Cloning into '/workspace/builds/worker-7-tc2/source'...
[INFO] [stderr] done.
[INFO] validating manifest of git repo https://github.com/maxleiko/bsc on toolchain beta-2023-04-20
[INFO] running `Command { std: CARGO_HOME="/workspace/cargo-home" RUSTUP_HOME="/workspace/rustup-home" "/workspace/cargo-home/bin/cargo" "+beta-2023-04-20" "metadata" "--manifest-path" "Cargo.toml" "--no-deps", kill_on_drop: false }`
[INFO] started tweaking git repo https://github.com/maxleiko/bsc
[INFO] finished tweaking git repo https://github.com/maxleiko/bsc
[INFO] tweaked toml for git repo https://github.com/maxleiko/bsc written to /workspace/builds/worker-7-tc2/source/Cargo.toml
[INFO] crate git repo https://github.com/maxleiko/bsc already has a lockfile, it will not be regenerated
[INFO] running `Command { std: CARGO_HOME="/workspace/cargo-home" RUSTUP_HOME="/workspace/rustup-home" "/workspace/cargo-home/bin/cargo" "+beta-2023-04-20" "fetch" "--manifest-path" "Cargo.toml", kill_on_drop: false }`
[INFO] [stderr]     Updating crates.io index
[INFO] [stderr]  Downloading crates ...
[INFO] [stderr]   Downloaded simple-eyre v0.3.1
[INFO] running `Command { std: "docker" "create" "-v" "/var/lib/crater-agent-workspace/builds/worker-7-tc2/target:/opt/rustwide/target:rw,Z" "-v" "/var/lib/crater-agent-workspace/builds/worker-7-tc2/source:/opt/rustwide/workdir:ro,Z" "-v" "/var/lib/crater-agent-workspace/cargo-home:/opt/rustwide/cargo-home:ro,Z" "-v" "/var/lib/crater-agent-workspace/rustup-home:/opt/rustwide/rustup-home:ro,Z" "-e" "SOURCE_DIR=/opt/rustwide/workdir" "-e" "CARGO_TARGET_DIR=/opt/rustwide/target" "-e" "CARGO_HOME=/opt/rustwide/cargo-home" "-e" "RUSTUP_HOME=/opt/rustwide/rustup-home" "-w" "/opt/rustwide/workdir" "-m" "1610612736" "--user" "0:0" "--network" "none" "ghcr.io/rust-lang/crates-build-env/linux@sha256:5ff2268d62e97bff2cde7d5815dd6ed5b47097566f13b8d0ca110b04b60e07ed" "/opt/rustwide/cargo-home/bin/cargo" "+beta-2023-04-20" "metadata" "--no-deps" "--format-version=1", kill_on_drop: false }`
[INFO] [stdout] aabd65da7fbc2bfd55f9c0a3ef5104079f1280627ca91518efe1c503d28eb2f9
[INFO] running `Command { std: "docker" "start" "-a" "aabd65da7fbc2bfd55f9c0a3ef5104079f1280627ca91518efe1c503d28eb2f9", kill_on_drop: false }`
[INFO] running `Command { std: "docker" "inspect" "aabd65da7fbc2bfd55f9c0a3ef5104079f1280627ca91518efe1c503d28eb2f9", kill_on_drop: false }`
[INFO] running `Command { std: "docker" "rm" "-f" "aabd65da7fbc2bfd55f9c0a3ef5104079f1280627ca91518efe1c503d28eb2f9", kill_on_drop: false }`
[INFO] [stdout] aabd65da7fbc2bfd55f9c0a3ef5104079f1280627ca91518efe1c503d28eb2f9
[INFO] running `Command { std: "docker" "create" "-v" "/var/lib/crater-agent-workspace/builds/worker-7-tc2/target:/opt/rustwide/target:rw,Z" "-v" "/var/lib/crater-agent-workspace/builds/worker-7-tc2/source:/opt/rustwide/workdir:ro,Z" "-v" "/var/lib/crater-agent-workspace/cargo-home:/opt/rustwide/cargo-home:ro,Z" "-v" "/var/lib/crater-agent-workspace/rustup-home:/opt/rustwide/rustup-home:ro,Z" "-e" "SOURCE_DIR=/opt/rustwide/workdir" "-e" "CARGO_TARGET_DIR=/opt/rustwide/target" "-e" "CARGO_INCREMENTAL=0" "-e" "RUST_BACKTRACE=full" "-e" "RUSTFLAGS=--cap-lints=warn" "-e" "RUSTDOCFLAGS=--cap-lints=warn" "-e" "CARGO_HOME=/opt/rustwide/cargo-home" "-e" "RUSTUP_HOME=/opt/rustwide/rustup-home" "-w" "/opt/rustwide/workdir" "-m" "1610612736" "--user" "0:0" "--network" "none" "ghcr.io/rust-lang/crates-build-env/linux@sha256:5ff2268d62e97bff2cde7d5815dd6ed5b47097566f13b8d0ca110b04b60e07ed" "/opt/rustwide/cargo-home/bin/cargo" "+beta-2023-04-20" "build" "--frozen" "--message-format=json", kill_on_drop: false }`
[INFO] [stdout] b3b26cee8e0df139645c04fe6a597570f055a55ae06fc261fef69892f9ec47c3
[INFO] running `Command { std: "docker" "start" "-a" "b3b26cee8e0df139645c04fe6a597570f055a55ae06fc261fef69892f9ec47c3", kill_on_drop: false }`
[INFO] [stderr]     Blocking waiting for file lock on package cache
[INFO] [stderr]    Compiling proc-macro2 v1.0.51
[INFO] [stderr]    Compiling unicode-ident v1.0.6
[INFO] [stderr]    Compiling quote v1.0.23
[INFO] [stderr]    Compiling syn v1.0.107
[INFO] [stderr]    Compiling version_check v0.9.4
[INFO] [stderr]    Compiling libc v0.2.139
[INFO] [stderr]    Compiling serde_derive v1.0.152
[INFO] [stderr]    Compiling io-lifetimes v1.0.5
[INFO] [stderr]    Compiling autocfg v1.1.0
[INFO] [stderr]    Compiling serde v1.0.152
[INFO] [stderr]    Compiling rustix v0.36.8
[INFO] [stderr]    Compiling linux-raw-sys v0.1.4
[INFO] [stderr]    Compiling bitflags v1.3.2
[INFO] [stderr]    Compiling ryu v1.0.12
[INFO] [stderr]    Compiling once_cell v1.17.1
[INFO] [stderr]    Compiling eyre v0.6.8
[INFO] [stderr]    Compiling hashbrown v0.12.3
[INFO] [stderr]    Compiling itoa v1.0.5
[INFO] [stderr]    Compiling heck v0.4.1
[INFO] [stderr]    Compiling indenter v0.3.3
[INFO] [stderr]    Compiling serde_json v1.0.93
[INFO] [stderr]    Compiling unsafe-libyaml v0.2.5
[INFO] [stderr]    Compiling proc-macro-error-attr v1.0.4
[INFO] [stderr]    Compiling proc-macro-error v1.0.4
[INFO] [stderr]    Compiling os_str_bytes v6.4.1
[INFO] [stderr]    Compiling termcolor v1.2.0
[INFO] [stderr]    Compiling indexmap v1.9.2
[INFO] [stderr]    Compiling strsim v0.10.0
[INFO] [stderr]    Compiling clap_lex v0.3.1
[INFO] [stderr]    Compiling simple-eyre v0.3.1
[INFO] [stderr]    Compiling terminal_size v0.2.5
[INFO] [stderr]    Compiling is-terminal v0.4.3
[INFO] [stderr]    Compiling clap_derive v4.1.0
[INFO] [stderr]    Compiling clap v4.1.6
[INFO] [stderr]    Compiling serde_yaml v0.9.17
[INFO] [stderr]    Compiling bsc v0.2.0 (/opt/rustwide/workdir/crates/lib)
[INFO] [stderr]    Compiling bsc-cli v0.2.0 (/opt/rustwide/workdir/crates/cli)
[INFO] [stderr]     Finished dev [unoptimized + debuginfo] target(s) in 17.27s
[INFO] running `Command { std: "docker" "inspect" "b3b26cee8e0df139645c04fe6a597570f055a55ae06fc261fef69892f9ec47c3", kill_on_drop: false }`
[INFO] running `Command { std: "docker" "rm" "-f" "b3b26cee8e0df139645c04fe6a597570f055a55ae06fc261fef69892f9ec47c3", kill_on_drop: false }`
[INFO] [stdout] b3b26cee8e0df139645c04fe6a597570f055a55ae06fc261fef69892f9ec47c3
[INFO] running `Command { std: "docker" "create" "-v" "/var/lib/crater-agent-workspace/builds/worker-7-tc2/target:/opt/rustwide/target:rw,Z" "-v" "/var/lib/crater-agent-workspace/builds/worker-7-tc2/source:/opt/rustwide/workdir:ro,Z" "-v" "/var/lib/crater-agent-workspace/cargo-home:/opt/rustwide/cargo-home:ro,Z" "-v" "/var/lib/crater-agent-workspace/rustup-home:/opt/rustwide/rustup-home:ro,Z" "-e" "SOURCE_DIR=/opt/rustwide/workdir" "-e" "CARGO_TARGET_DIR=/opt/rustwide/target" "-e" "CARGO_INCREMENTAL=0" "-e" "RUST_BACKTRACE=full" "-e" "RUSTFLAGS=--cap-lints=warn" "-e" "RUSTDOCFLAGS=--cap-lints=warn" "-e" "CARGO_HOME=/opt/rustwide/cargo-home" "-e" "RUSTUP_HOME=/opt/rustwide/rustup-home" "-w" "/opt/rustwide/workdir" "-m" "1610612736" "--user" "0:0" "--network" "none" "ghcr.io/rust-lang/crates-build-env/linux@sha256:5ff2268d62e97bff2cde7d5815dd6ed5b47097566f13b8d0ca110b04b60e07ed" "/opt/rustwide/cargo-home/bin/cargo" "+beta-2023-04-20" "test" "--frozen" "--no-run" "--message-format=json", kill_on_drop: false }`
[INFO] [stdout] cfce7010262c8053a15b8b078f824c1bed79c024971a64a3c023b26326857abf
[INFO] running `Command { std: "docker" "start" "-a" "cfce7010262c8053a15b8b078f824c1bed79c024971a64a3c023b26326857abf", kill_on_drop: false }`
[INFO] [stderr]    Compiling bsc v0.2.0 (/opt/rustwide/workdir/crates/lib)
[INFO] [stderr]    Compiling bsc-cli v0.2.0 (/opt/rustwide/workdir/crates/cli)
[INFO] [stderr]     Finished test [unoptimized + debuginfo] target(s) in 1.02s
[INFO] running `Command { std: "docker" "inspect" "cfce7010262c8053a15b8b078f824c1bed79c024971a64a3c023b26326857abf", kill_on_drop: false }`
[INFO] running `Command { std: "docker" "rm" "-f" "cfce7010262c8053a15b8b078f824c1bed79c024971a64a3c023b26326857abf", kill_on_drop: false }`
[INFO] [stdout] cfce7010262c8053a15b8b078f824c1bed79c024971a64a3c023b26326857abf
[INFO] running `Command { std: "docker" "create" "-v" "/var/lib/crater-agent-workspace/builds/worker-7-tc2/target:/opt/rustwide/target:rw,Z" "-v" "/var/lib/crater-agent-workspace/builds/worker-7-tc2/source:/opt/rustwide/workdir:ro,Z" "-v" "/var/lib/crater-agent-workspace/cargo-home:/opt/rustwide/cargo-home:ro,Z" "-v" "/var/lib/crater-agent-workspace/rustup-home:/opt/rustwide/rustup-home:ro,Z" "-e" "SOURCE_DIR=/opt/rustwide/workdir" "-e" "CARGO_TARGET_DIR=/opt/rustwide/target" "-e" "CARGO_INCREMENTAL=0" "-e" "RUST_BACKTRACE=full" "-e" "RUSTFLAGS=--cap-lints=warn" "-e" "RUSTDOCFLAGS=--cap-lints=warn" "-e" "CARGO_HOME=/opt/rustwide/cargo-home" "-e" "RUSTUP_HOME=/opt/rustwide/rustup-home" "-w" "/opt/rustwide/workdir" "-m" "1610612736" "--user" "0:0" "--network" "none" "ghcr.io/rust-lang/crates-build-env/linux@sha256:5ff2268d62e97bff2cde7d5815dd6ed5b47097566f13b8d0ca110b04b60e07ed" "/opt/rustwide/cargo-home/bin/cargo" "+beta-2023-04-20" "test" "--frozen", kill_on_drop: false }`
[INFO] [stdout] c3f508522a2ead9ad37f02d861c9ecc5665f1c67c98017f980cadf754e263e29
[INFO] running `Command { std: "docker" "start" "-a" "c3f508522a2ead9ad37f02d861c9ecc5665f1c67c98017f980cadf754e263e29", kill_on_drop: false }`
[INFO] [stdout] 
[INFO] [stderr]     Finished test [unoptimized + debuginfo] target(s) in 0.04s
[INFO] [stdout] running 0 tests
[INFO] [stderr]      Running unittests src/lib.rs (/opt/rustwide/target/debug/deps/bsc-ec406c877b290cd2)
[INFO] [stdout] 
[INFO] [stderr]      Running unittests src/main.rs (/opt/rustwide/target/debug/deps/bsc-8ab2ece6e2f5c649)
[INFO] [stdout] test result: ok. 0 passed; 0 failed; 0 ignored; 0 measured; 0 filtered out; finished in 0.00s
[INFO] [stdout] 
[INFO] [stdout] 
[INFO] [stdout] running 0 tests
[INFO] [stdout] 
[INFO] [stdout] test result: ok. 0 passed; 0 failed; 0 ignored; 0 measured; 0 filtered out; finished in 0.00s
[INFO] [stdout] 
[INFO] [stderr]    Doc-tests bsc
[INFO] [stdout] 
[INFO] [stdout] running 24 tests
[INFO] [stdout] test src/beanstalk.rs - beanstalk::Beanstalk::kick_job (line 458) ... FAILED
[INFO] [stdout] test src/beanstalk.rs - beanstalk::Beanstalk::kick (line 428) ... FAILED
[INFO] [stdout] test src/beanstalk.rs - beanstalk::Beanstalk::bury (line 263) ... FAILED
[INFO] [stdout] test src/beanstalk.rs - beanstalk::Beanstalk::quit (line 636) ... FAILED
[INFO] [stdout] test src/beanstalk.rs - beanstalk::Beanstalk::list_tubes (line 553) ... FAILED
[INFO] [stdout] test src/beanstalk.rs - beanstalk::Beanstalk::pause_tube (line 613) ... FAILED
[INFO] [stdout] test src/beanstalk.rs - beanstalk::Beanstalk::put (line 32) ... FAILED
[INFO] [stdout] test src/beanstalk.rs - beanstalk::Beanstalk::ignore (line 343) ... FAILED
[INFO] [stdout] test src/beanstalk.rs - beanstalk::Beanstalk::reserve_by_id (line 182) ... FAILED
[INFO] [stdout] test src/beanstalk.rs - beanstalk::Beanstalk::release (line 233) ... FAILED
[INFO] [stdout] test src/beanstalk.rs - beanstalk::Beanstalk::list_tube_used (line 574) ... FAILED
[INFO] [stdout] test src/beanstalk.rs - beanstalk::Beanstalk::reserve (line 131) ... FAILED
[INFO] [stdout] test src/beanstalk.rs - beanstalk::Beanstalk::kick (line 435) ... FAILED
[INFO] [stdout] test src/beanstalk.rs - beanstalk::Beanstalk::stats (line 533) ... FAILED
[INFO] [stdout] test src/beanstalk.rs - beanstalk::Beanstalk::delete (line 211) ... FAILED
[INFO] [stdout] test src/beanstalk.rs - beanstalk::Beanstalk::stats_tube (line 506) ... FAILED
[INFO] [stdout] test src/beanstalk.rs - beanstalk::Beanstalk::touch (line 292) ... FAILED
[INFO] [stdout] test src/beanstalk.rs - beanstalk::Beanstalk::reserve (line 127) ... FAILED
[INFO] [stdout] test src/beanstalk.rs - beanstalk::Beanstalk::watch (line 315) ... FAILED
[INFO] [stdout] test src/beanstalk.rs - beanstalk::Beanstalk::stats_job (line 479) ... FAILED
[INFO] [stdout] test src/beanstalk.rs - beanstalk::Beanstalk::watch (line 322) ... FAILED
[INFO] [stdout] test src/beanstalk.rs - beanstalk::Beanstalk::use_ (line 106) ... FAILED
[INFO] [stdout] test src/beanstalk.rs - beanstalk::Beanstalk::use_ (line 99) ... FAILED
[INFO] [stderr] error: doctest failed, to rerun pass `-p bsc --doc`
[INFO] [stdout] test src/beanstalk.rs - beanstalk::Beanstalk::list_tube_watched (line 593) ... FAILED
[INFO] [stdout] 
[INFO] [stdout] failures:
[INFO] [stdout] 
[INFO] [stdout] ---- src/beanstalk.rs - beanstalk::Beanstalk::kick_job (line 458) stdout ----
[INFO] [stdout] error: unknown start of token: \
[INFO] [stdout]  --> src/beanstalk.rs:459:14
[INFO] [stdout]   |
[INFO] [stdout] 3 | kick-job <id>\r\n
[INFO] [stdout]   |              ^
[INFO] [stdout] 
[INFO] [stdout] error: unknown start of token: \
[INFO] [stdout]  --> src/beanstalk.rs:459:16
[INFO] [stdout]   |
[INFO] [stdout] 3 | kick-job <id>\r\n
[INFO] [stdout]   |                ^
[INFO] [stdout] 
[INFO] [stdout] error: comparison operators cannot be chained
[INFO] [stdout]  --> src/beanstalk.rs:459:10
[INFO] [stdout]   |
[INFO] [stdout] 3 | kick-job <id>\r\n
[INFO] [stdout]   |          ^  ^
[INFO] [stdout]   |
[INFO] [stdout]   = help: use `::<...>` instead of `<...>` to specify lifetime, type, or const arguments
[INFO] [stdout]   = help: or use `(...)` if you meant to specify fn arguments
[INFO] [stdout] 
[INFO] [stdout] error: aborting due to 3 previous errors
[INFO] [stdout] 
[INFO] [stdout] Couldn't compile the test.
[INFO] [stdout] ---- src/beanstalk.rs - beanstalk::Beanstalk::kick (line 428) stdout ----
[INFO] [stdout] error: unknown start of token: \
[INFO] [stdout]  --> src/beanstalk.rs:429:13
[INFO] [stdout]   |
[INFO] [stdout] 3 | kick <bound>\r\n
[INFO] [stdout]   |             ^
[INFO] [stdout] 
[INFO] [stdout] error: unknown start of token: \
[INFO] [stdout]  --> src/beanstalk.rs:429:15
[INFO] [stdout]   |
[INFO] [stdout] 3 | kick <bound>\r\n
[INFO] [stdout]   |               ^
[INFO] [stdout] 
[INFO] [stdout] error: comparison operators cannot be chained
[INFO] [stdout]  --> src/beanstalk.rs:429:6
[INFO] [stdout]   |
[INFO] [stdout] 3 | kick <bound>\r\n
[INFO] [stdout]   |      ^     ^
[INFO] [stdout]   |
[INFO] [stdout]   = help: use `::<...>` instead of `<...>` to specify lifetime, type, or const arguments
[INFO] [stdout]   = help: or use `(...)` if you meant to specify fn arguments
[INFO] [stdout] 
[INFO] [stdout] error: aborting due to 3 previous errors
[INFO] [stdout] 
[INFO] [stdout] Couldn't compile the test.
[INFO] [stdout] ---- src/beanstalk.rs - beanstalk::Beanstalk::bury (line 263) stdout ----
[INFO] [stdout] error: unknown start of token: \
[INFO] [stdout]  --> src/beanstalk.rs:264:16
[INFO] [stdout]   |
[INFO] [stdout] 3 | bury <id> <pri>\r\n
[INFO] [stdout]   |                ^
[INFO] [stdout] 
[INFO] [stdout] error: unknown start of token: \
[INFO] [stdout]  --> src/beanstalk.rs:264:18
[INFO] [stdout]   |
[INFO] [stdout] 3 | bury <id> <pri>\r\n
[INFO] [stdout]   |                  ^
[INFO] [stdout] 
[INFO] [stdout] error: comparison operators cannot be chained
[INFO] [stdout]  --> src/beanstalk.rs:264:6
[INFO] [stdout]   |
[INFO] [stdout] 3 | bury <id> <pri>\r\n
[INFO] [stdout]   |      ^  ^
[INFO] [stdout]   |
[INFO] [stdout]   = help: use `::<...>` instead of `<...>` to specify lifetime, type, or const arguments
[INFO] [stdout]   = help: or use `(...)` if you meant to specify fn arguments
[INFO] [stdout] 
[INFO] [stdout] error: aborting due to 3 previous errors
[INFO] [stdout] 
[INFO] [stdout] Couldn't compile the test.
[INFO] [stdout] ---- src/beanstalk.rs - beanstalk::Beanstalk::quit (line 636) stdout ----
[INFO] [stdout] error: unknown start of token: \
[INFO] [stdout]  --> src/beanstalk.rs:637:5
[INFO] [stdout]   |
[INFO] [stdout] 3 | quit\r\n
[INFO] [stdout]   |     ^
[INFO] [stdout] 
[INFO] [stdout] error: unknown start of token: \
[INFO] [stdout]  --> src/beanstalk.rs:637:7
[INFO] [stdout]   |
[INFO] [stdout] 3 | quit\r\n
[INFO] [stdout]   |       ^
[INFO] [stdout] 
[INFO] [stdout] error: expected one of `!`, `.`, `::`, `;`, `?`, `{`, `}`, or an operator, found `r`
[INFO] [stdout]  --> src/beanstalk.rs:637:6
[INFO] [stdout]   |
[INFO] [stdout] 3 | quit\r\n
[INFO] [stdout]   |      ^ expected one of 8 possible tokens
[INFO] [stdout] 
[INFO] [stdout] error: aborting due to 3 previous errors
[INFO] [stdout] 
[INFO] [stdout] Couldn't compile the test.
[INFO] [stdout] ---- src/beanstalk.rs - beanstalk::Beanstalk::list_tubes (line 553) stdout ----
[INFO] [stdout] error: unknown start of token: \
[INFO] [stdout]  --> src/beanstalk.rs:554:11
[INFO] [stdout]   |
[INFO] [stdout] 3 | list-tubes\r\n
[INFO] [stdout]   |           ^
[INFO] [stdout] 
[INFO] [stdout] error: unknown start of token: \
[INFO] [stdout]  --> src/beanstalk.rs:554:13
[INFO] [stdout]   |
[INFO] [stdout] 3 | list-tubes\r\n
[INFO] [stdout]   |             ^
[INFO] [stdout] 
[INFO] [stdout] error: expected one of `!`, `.`, `::`, `;`, `?`, `{`, `}`, or an operator, found `r`
[INFO] [stdout]  --> src/beanstalk.rs:554:12
[INFO] [stdout]   |
[INFO] [stdout] 3 | list-tubes\r\n
[INFO] [stdout]   |            ^ expected one of 8 possible tokens
[INFO] [stdout] 
[INFO] [stdout] error: aborting due to 3 previous errors
[INFO] [stdout] 
[INFO] [stdout] Couldn't compile the test.
[INFO] [stdout] ---- src/beanstalk.rs - beanstalk::Beanstalk::pause_tube (line 613) stdout ----
[INFO] [stdout] error: unknown start of token: \
[INFO] [stdout]  --> src/beanstalk.rs:614:31
[INFO] [stdout]   |
[INFO] [stdout] 3 | pause-tube <tube-name> <delay>\r\n
[INFO] [stdout]   |                               ^
[INFO] [stdout] 
[INFO] [stdout] error: unknown start of token: \
[INFO] [stdout]  --> src/beanstalk.rs:614:33
[INFO] [stdout]   |
[INFO] [stdout] 3 | pause-tube <tube-name> <delay>\r\n
[INFO] [stdout]   |                                 ^
[INFO] [stdout] 
[INFO] [stdout] error: comparison operators cannot be chained
[INFO] [stdout]  --> src/beanstalk.rs:614:12
[INFO] [stdout]   |
[INFO] [stdout] 3 | pause-tube <tube-name> <delay>\r\n
[INFO] [stdout]   |            ^         ^
[INFO] [stdout]   |
[INFO] [stdout]   = help: use `::<...>` instead of `<...>` to specify lifetime, type, or const arguments
[INFO] [stdout]   = help: or use `(...)` if you meant to specify fn arguments
[INFO] [stdout] 
[INFO] [stdout] error: aborting due to 3 previous errors
[INFO] [stdout] 
[INFO] [stdout] Couldn't compile the test.
[INFO] [stdout] ---- src/beanstalk.rs - beanstalk::Beanstalk::put (line 32) stdout ----
[INFO] [stdout] error: unknown start of token: \
[INFO] [stdout]  --> src/beanstalk.rs:33:32
[INFO] [stdout]   |
[INFO] [stdout] 3 | put <pri> <delay> <ttr> <bytes>\r\n
[INFO] [stdout]   |                                ^
[INFO] [stdout] 
[INFO] [stdout] error: unknown start of token: \
[INFO] [stdout]  --> src/beanstalk.rs:33:34
[INFO] [stdout]   |
[INFO] [stdout] 3 | put <pri> <delay> <ttr> <bytes>\r\n
[INFO] [stdout]   |                                  ^
[INFO] [stdout] 
[INFO] [stdout] error: unknown start of token: \
[INFO] [stdout]  --> src/beanstalk.rs:34:7
[INFO] [stdout]   |
[INFO] [stdout] 4 | <data>\r\n
[INFO] [stdout]   |       ^
[INFO] [stdout] 
[INFO] [stdout] error: unknown start of token: \
[INFO] [stdout]  --> src/beanstalk.rs:34:9
[INFO] [stdout]   |
[INFO] [stdout] 4 | <data>\r\n
[INFO] [stdout]   |         ^
[INFO] [stdout] 
[INFO] [stdout] error: comparison operators cannot be chained
[INFO] [stdout]  --> src/beanstalk.rs:33:5
[INFO] [stdout]   |
[INFO] [stdout] 3 | put <pri> <delay> <ttr> <bytes>\r\n
[INFO] [stdout]   |     ^   ^
[INFO] [stdout]   |
[INFO] [stdout]   = help: use `::<...>` instead of `<...>` to specify lifetime, type, or const arguments
[INFO] [stdout]   = help: or use `(...)` if you meant to specify fn arguments
[INFO] [stdout] 
[INFO] [stdout] error: aborting due to 5 previous errors
[INFO] [stdout] 
[INFO] [stdout] Couldn't compile the test.
[INFO] [stdout] ---- src/beanstalk.rs - beanstalk::Beanstalk::ignore (line 343) stdout ----
[INFO] [stdout] error: unknown start of token: \
[INFO] [stdout]  --> src/beanstalk.rs:344:14
[INFO] [stdout]   |
[INFO] [stdout] 3 | ignore <tube>\r\n
[INFO] [stdout]   |              ^
[INFO] [stdout] 
[INFO] [stdout] error: unknown start of token: \
[INFO] [stdout]  --> src/beanstalk.rs:344:16
[INFO] [stdout]   |
[INFO] [stdout] 3 | ignore <tube>\r\n
[INFO] [stdout]   |                ^
[INFO] [stdout] 
[INFO] [stdout] error: comparison operators cannot be chained
[INFO] [stdout]  --> src/beanstalk.rs:344:8
[INFO] [stdout]   |
[INFO] [stdout] 3 | ignore <tube>\r\n
[INFO] [stdout]   |        ^    ^
[INFO] [stdout]   |
[INFO] [stdout]   = help: use `::<...>` instead of `<...>` to specify lifetime, type, or const arguments
[INFO] [stdout]   = help: or use `(...)` if you meant to specify fn arguments
[INFO] [stdout] 
[INFO] [stdout] error: aborting due to 3 previous errors
[INFO] [stdout] 
[INFO] [stdout] Couldn't compile the test.
[INFO] [stdout] ---- src/beanstalk.rs - beanstalk::Beanstalk::reserve_by_id (line 182) stdout ----
[INFO] [stdout] error: unknown start of token: \
[INFO] [stdout]  --> src/beanstalk.rs:183:17
[INFO] [stdout]   |
[INFO] [stdout] 3 | reserve-job <id>\r\n
[INFO] [stdout]   |                 ^
[INFO] [stdout] 
[INFO] [stdout] error: unknown start of token: \
[INFO] [stdout]  --> src/beanstalk.rs:183:19
[INFO] [stdout]   |
[INFO] [stdout] 3 | reserve-job <id>\r\n
[INFO] [stdout]   |                   ^
[INFO] [stdout] 
[INFO] [stdout] error: comparison operators cannot be chained
[INFO] [stdout]  --> src/beanstalk.rs:183:13
[INFO] [stdout]   |
[INFO] [stdout] 3 | reserve-job <id>\r\n
[INFO] [stdout]   |             ^  ^
[INFO] [stdout]   |
[INFO] [stdout]   = help: use `::<...>` instead of `<...>` to specify lifetime, type, or const arguments
[INFO] [stdout]   = help: or use `(...)` if you meant to specify fn arguments
[INFO] [stdout] 
[INFO] [stdout] error: aborting due to 3 previous errors
[INFO] [stdout] 
[INFO] [stdout] Couldn't compile the test.
[INFO] [stdout] ---- src/beanstalk.rs - beanstalk::Beanstalk::release (line 233) stdout ----
[INFO] [stdout] error: unknown start of token: \
[INFO] [stdout]  --> src/beanstalk.rs:234:27
[INFO] [stdout]   |
[INFO] [stdout] 3 | release <id> <pri> <delay>\r\n
[INFO] [stdout]   |                           ^
[INFO] [stdout] 
[INFO] [stdout] error: unknown start of token: \
[INFO] [stdout]  --> src/beanstalk.rs:234:29
[INFO] [stdout]   |
[INFO] [stdout] 3 | release <id> <pri> <delay>\r\n
[INFO] [stdout]   |                             ^
[INFO] [stdout] 
[INFO] [stdout] error: comparison operators cannot be chained
[INFO] [stdout]  --> src/beanstalk.rs:234:9
[INFO] [stdout]   |
[INFO] [stdout] 3 | release <id> <pri> <delay>\r\n
[INFO] [stdout]   |         ^  ^
[INFO] [stdout]   |
[INFO] [stdout]   = help: use `::<...>` instead of `<...>` to specify lifetime, type, or const arguments
[INFO] [stdout]   = help: or use `(...)` if you meant to specify fn arguments
[INFO] [stdout] 
[INFO] [stdout] error: aborting due to 3 previous errors
[INFO] [stdout] 
[INFO] [stdout] Couldn't compile the test.
[INFO] [stdout] ---- src/beanstalk.rs - beanstalk::Beanstalk::list_tube_used (line 574) stdout ----
[INFO] [stdout] error: unknown start of token: \
[INFO] [stdout]  --> src/beanstalk.rs:575:15
[INFO] [stdout]   |
[INFO] [stdout] 3 | list-tube-used\r\n
[INFO] [stdout]   |               ^
[INFO] [stdout] 
[INFO] [stdout] error: unknown start of token: \
[INFO] [stdout]  --> src/beanstalk.rs:575:17
[INFO] [stdout]   |
[INFO] [stdout] 3 | list-tube-used\r\n
[INFO] [stdout]   |                 ^
[INFO] [stdout] 
[INFO] [stdout] error: expected one of `!`, `.`, `::`, `;`, `?`, `{`, `}`, or an operator, found `r`
[INFO] [stdout]  --> src/beanstalk.rs:575:16
[INFO] [stdout]   |
[INFO] [stdout] 3 | list-tube-used\r\n
[INFO] [stdout]   |                ^ expected one of 8 possible tokens
[INFO] [stdout] 
[INFO] [stdout] error: aborting due to 3 previous errors
[INFO] [stdout] 
[INFO] [stdout] Couldn't compile the test.
[INFO] [stdout] ---- src/beanstalk.rs - beanstalk::Beanstalk::reserve (line 131) stdout ----
[INFO] [stdout] error: unknown start of token: \
[INFO] [stdout]  --> src/beanstalk.rs:132:31
[INFO] [stdout]   |
[INFO] [stdout] 3 | reserve-with-timeout <seconds>\r\n
[INFO] [stdout]   |                               ^
[INFO] [stdout] 
[INFO] [stdout] error: unknown start of token: \
[INFO] [stdout]  --> src/beanstalk.rs:132:33
[INFO] [stdout]   |
[INFO] [stdout] 3 | reserve-with-timeout <seconds>\r\n
[INFO] [stdout]   |                                 ^
[INFO] [stdout] 
[INFO] [stdout] error: comparison operators cannot be chained
[INFO] [stdout]  --> src/beanstalk.rs:132:22
[INFO] [stdout]   |
[INFO] [stdout] 3 | reserve-with-timeout <seconds>\r\n
[INFO] [stdout]   |                      ^       ^
[INFO] [stdout]   |
[INFO] [stdout]   = help: use `::<...>` instead of `<...>` to specify lifetime, type, or const arguments
[INFO] [stdout]   = help: or use `(...)` if you meant to specify fn arguments
[INFO] [stdout] 
[INFO] [stdout] error: aborting due to 3 previous errors
[INFO] [stdout] 
[INFO] [stdout] Couldn't compile the test.
[INFO] [stdout] ---- src/beanstalk.rs - beanstalk::Beanstalk::kick (line 435) stdout ----
[INFO] [stdout] error: unknown start of token: \
[INFO] [stdout]  --> src/beanstalk.rs:436:15
[INFO] [stdout]   |
[INFO] [stdout] 3 | KICKED <count>\r\n
[INFO] [stdout]   |               ^
[INFO] [stdout] 
[INFO] [stdout] error: unknown start of token: \
[INFO] [stdout]  --> src/beanstalk.rs:436:17
[INFO] [stdout]   |
[INFO] [stdout] 3 | KICKED <count>\r\n
[INFO] [stdout]   |                 ^
[INFO] [stdout] 
[INFO] [stdout] error: comparison operators cannot be chained
[INFO] [stdout]  --> src/beanstalk.rs:436:8
[INFO] [stdout]   |
[INFO] [stdout] 3 | KICKED <count>\r\n
[INFO] [stdout]   |        ^     ^
[INFO] [stdout]   |
[INFO] [stdout]   = help: use `::<...>` instead of `<...>` to specify lifetime, type, or const arguments
[INFO] [stdout]   = help: or use `(...)` if you meant to specify fn arguments
[INFO] [stdout] 
[INFO] [stdout] error: aborting due to 3 previous errors
[INFO] [stdout] 
[INFO] [stdout] Couldn't compile the test.
[INFO] [stdout] ---- src/beanstalk.rs - beanstalk::Beanstalk::stats (line 533) stdout ----
[INFO] [stdout] error: unknown start of token: \
[INFO] [stdout]  --> src/beanstalk.rs:534:6
[INFO] [stdout]   |
[INFO] [stdout] 3 | stats\r\n
[INFO] [stdout]   |      ^
[INFO] [stdout] 
[INFO] [stdout] error: unknown start of token: \
[INFO] [stdout]  --> src/beanstalk.rs:534:8
[INFO] [stdout]   |
[INFO] [stdout] 3 | stats\r\n
[INFO] [stdout]   |        ^
[INFO] [stdout] 
[INFO] [stdout] error: expected one of `!`, `.`, `::`, `;`, `?`, `{`, `}`, or an operator, found `r`
[INFO] [stdout]  --> src/beanstalk.rs:534:7
[INFO] [stdout]   |
[INFO] [stdout] 3 | stats\r\n
[INFO] [stdout]   |       ^ expected one of 8 possible tokens
[INFO] [stdout] 
[INFO] [stdout] error: aborting due to 3 previous errors
[INFO] [stdout] 
[INFO] [stdout] Couldn't compile the test.
[INFO] [stdout] ---- src/beanstalk.rs - beanstalk::Beanstalk::delete (line 211) stdout ----
[INFO] [stdout] error: unknown start of token: \
[INFO] [stdout]  --> src/beanstalk.rs:212:12
[INFO] [stdout]   |
[INFO] [stdout] 3 | delete <id>\r\n
[INFO] [stdout]   |            ^
[INFO] [stdout] 
[INFO] [stdout] error: unknown start of token: \
[INFO] [stdout]  --> src/beanstalk.rs:212:14
[INFO] [stdout]   |
[INFO] [stdout] 3 | delete <id>\r\n
[INFO] [stdout]   |              ^
[INFO] [stdout] 
[INFO] [stdout] error: comparison operators cannot be chained
[INFO] [stdout]  --> src/beanstalk.rs:212:8
[INFO] [stdout]   |
[INFO] [stdout] 3 | delete <id>\r\n
[INFO] [stdout]   |        ^  ^
[INFO] [stdout]   |
[INFO] [stdout]   = help: use `::<...>` instead of `<...>` to specify lifetime, type, or const arguments
[INFO] [stdout]   = help: or use `(...)` if you meant to specify fn arguments
[INFO] [stdout] 
[INFO] [stdout] error: aborting due to 3 previous errors
[INFO] [stdout] 
[INFO] [stdout] Couldn't compile the test.
[INFO] [stdout] ---- src/beanstalk.rs - beanstalk::Beanstalk::stats_tube (line 506) stdout ----
[INFO] [stdout] error: unknown start of token: \
[INFO] [stdout]  --> src/beanstalk.rs:507:18
[INFO] [stdout]   |
[INFO] [stdout] 3 | stats-tube <tube>\r\n
[INFO] [stdout]   |                  ^
[INFO] [stdout] 
[INFO] [stdout] error: unknown start of token: \
[INFO] [stdout]  --> src/beanstalk.rs:507:20
[INFO] [stdout]   |
[INFO] [stdout] 3 | stats-tube <tube>\r\n
[INFO] [stdout]   |                    ^
[INFO] [stdout] 
[INFO] [stdout] error: comparison operators cannot be chained
[INFO] [stdout]  --> src/beanstalk.rs:507:12
[INFO] [stdout]   |
[INFO] [stdout] 3 | stats-tube <tube>\r\n
[INFO] [stdout]   |            ^    ^
[INFO] [stdout]   |
[INFO] [stdout]   = help: use `::<...>` instead of `<...>` to specify lifetime, type, or const arguments
[INFO] [stdout]   = help: or use `(...)` if you meant to specify fn arguments
[INFO] [stdout] 
[INFO] [stdout] error: aborting due to 3 previous errors
[INFO] [stdout] 
[INFO] [stdout] Couldn't compile the test.
[INFO] [stdout] ---- src/beanstalk.rs - beanstalk::Beanstalk::touch (line 292) stdout ----
[INFO] [stdout] error: unknown start of token: \
[INFO] [stdout]  --> src/beanstalk.rs:293:11
[INFO] [stdout]   |
[INFO] [stdout] 3 | touch <id>\r\n
[INFO] [stdout]   |           ^
[INFO] [stdout] 
[INFO] [stdout] error: unknown start of token: \
[INFO] [stdout]  --> src/beanstalk.rs:293:13
[INFO] [stdout]   |
[INFO] [stdout] 3 | touch <id>\r\n
[INFO] [stdout]   |             ^
[INFO] [stdout] 
[INFO] [stdout] error: comparison operators cannot be chained
[INFO] [stdout]  --> src/beanstalk.rs:293:7
[INFO] [stdout]   |
[INFO] [stdout] 3 | touch <id>\r\n
[INFO] [stdout]   |       ^  ^
[INFO] [stdout]   |
[INFO] [stdout]   = help: use `::<...>` instead of `<...>` to specify lifetime, type, or const arguments
[INFO] [stdout]   = help: or use `(...)` if you meant to specify fn arguments
[INFO] [stdout] 
[INFO] [stdout] error: aborting due to 3 previous errors
[INFO] [stdout] 
[INFO] [stdout] Couldn't compile the test.
[INFO] [stdout] ---- src/beanstalk.rs - beanstalk::Beanstalk::reserve (line 127) stdout ----
[INFO] [stdout] error: unknown start of token: \
[INFO] [stdout]  --> src/beanstalk.rs:128:8
[INFO] [stdout]   |
[INFO] [stdout] 3 | reserve\r\n
[INFO] [stdout]   |        ^
[INFO] [stdout] 
[INFO] [stdout] error: unknown start of token: \
[INFO] [stdout]  --> src/beanstalk.rs:128:10
[INFO] [stdout]   |
[INFO] [stdout] 3 | reserve\r\n
[INFO] [stdout]   |          ^
[INFO] [stdout] 
[INFO] [stdout] error: expected one of `!`, `.`, `::`, `;`, `?`, `{`, `}`, or an operator, found `r`
[INFO] [stdout]  --> src/beanstalk.rs:128:9
[INFO] [stdout]   |
[INFO] [stdout] 3 | reserve\r\n
[INFO] [stdout]   |         ^ expected one of 8 possible tokens
[INFO] [stdout] 
[INFO] [stdout] error: aborting due to 3 previous errors
[INFO] [stdout] 
[INFO] [stdout] Couldn't compile the test.
[INFO] [stdout] ---- src/beanstalk.rs - beanstalk::Beanstalk::watch (line 315) stdout ----
[INFO] [stdout] error: unknown start of token: \
[INFO] [stdout]  --> src/beanstalk.rs:316:13
[INFO] [stdout]   |
[INFO] [stdout] 3 | watch <tube>\r\n
[INFO] [stdout]   |             ^
[INFO] [stdout] 
[INFO] [stdout] error: unknown start of token: \
[INFO] [stdout]  --> src/beanstalk.rs:316:15
[INFO] [stdout]   |
[INFO] [stdout] 3 | watch <tube>\r\n
[INFO] [stdout]   |               ^
[INFO] [stdout] 
[INFO] [stdout] error: comparison operators cannot be chained
[INFO] [stdout]  --> src/beanstalk.rs:316:7
[INFO] [stdout]   |
[INFO] [stdout] 3 | watch <tube>\r\n
[INFO] [stdout]   |       ^    ^
[INFO] [stdout]   |
[INFO] [stdout]   = help: use `::<...>` instead of `<...>` to specify lifetime, type, or const arguments
[INFO] [stdout]   = help: or use `(...)` if you meant to specify fn arguments
[INFO] [stdout] 
[INFO] [stdout] error: aborting due to 3 previous errors
[INFO] [stdout] 
[INFO] [stdout] Couldn't compile the test.
[INFO] [stdout] ---- src/beanstalk.rs - beanstalk::Beanstalk::stats_job (line 479) stdout ----
[INFO] [stdout] error: unknown start of token: \
[INFO] [stdout]  --> src/beanstalk.rs:480:15
[INFO] [stdout]   |
[INFO] [stdout] 3 | stats-job <id>\r\n
[INFO] [stdout]   |               ^
[INFO] [stdout] 
[INFO] [stdout] error: unknown start of token: \
[INFO] [stdout]  --> src/beanstalk.rs:480:17
[INFO] [stdout]   |
[INFO] [stdout] 3 | stats-job <id>\r\n
[INFO] [stdout]   |                 ^
[INFO] [stdout] 
[INFO] [stdout] error: comparison operators cannot be chained
[INFO] [stdout]  --> src/beanstalk.rs:480:11
[INFO] [stdout]   |
[INFO] [stdout] 3 | stats-job <id>\r\n
[INFO] [stdout]   |           ^  ^
[INFO] [stdout]   |
[INFO] [stdout]   = help: use `::<...>` instead of `<...>` to specify lifetime, type, or const arguments
[INFO] [stdout]   = help: or use `(...)` if you meant to specify fn arguments
[INFO] [stdout] 
[INFO] [stdout] error: aborting due to 3 previous errors
[INFO] [stdout] 
[INFO] [stdout] Couldn't compile the test.
[INFO] [stdout] ---- src/beanstalk.rs - beanstalk::Beanstalk::watch (line 322) stdout ----
[INFO] [stdout] error: unknown start of token: \
[INFO] [stdout]  --> src/beanstalk.rs:323:17
[INFO] [stdout]   |
[INFO] [stdout] 3 | WATCHING <count>\r\n
[INFO] [stdout]   |                 ^
[INFO] [stdout] 
[INFO] [stdout] error: unknown start of token: \
[INFO] [stdout]  --> src/beanstalk.rs:323:19
[INFO] [stdout]   |
[INFO] [stdout] 3 | WATCHING <count>\r\n
[INFO] [stdout]   |                   ^
[INFO] [stdout] 
[INFO] [stdout] error: comparison operators cannot be chained
[INFO] [stdout]  --> src/beanstalk.rs:323:10
[INFO] [stdout]   |
[INFO] [stdout] 3 | WATCHING <count>\r\n
[INFO] [stdout]   |          ^     ^
[INFO] [stdout]   |
[INFO] [stdout]   = help: use `::<...>` instead of `<...>` to specify lifetime, type, or const arguments
[INFO] [stdout]   = help: or use `(...)` if you meant to specify fn arguments
[INFO] [stdout] 
[INFO] [stdout] error: aborting due to 3 previous errors
[INFO] [stdout] 
[INFO] [stdout] Couldn't compile the test.
[INFO] [stdout] ---- src/beanstalk.rs - beanstalk::Beanstalk::use_ (line 106) stdout ----
[INFO] [stdout] error: unknown start of token: \
[INFO] [stdout]  --> src/beanstalk.rs:107:13
[INFO] [stdout]   |
[INFO] [stdout] 3 | USING <tube>\r\n
[INFO] [stdout]   |             ^
[INFO] [stdout] 
[INFO] [stdout] error: unknown start of token: \
[INFO] [stdout]  --> src/beanstalk.rs:107:15
[INFO] [stdout]   |
[INFO] [stdout] 3 | USING <tube>\r\n
[INFO] [stdout]   |               ^
[INFO] [stdout] 
[INFO] [stdout] error: comparison operators cannot be chained
[INFO] [stdout]  --> src/beanstalk.rs:107:7
[INFO] [stdout]   |
[INFO] [stdout] 3 | USING <tube>\r\n
[INFO] [stdout]   |       ^    ^
[INFO] [stdout]   |
[INFO] [stdout]   = help: use `::<...>` instead of `<...>` to specify lifetime, type, or const arguments
[INFO] [stdout]   = help: or use `(...)` if you meant to specify fn arguments
[INFO] [stdout] 
[INFO] [stdout] error: aborting due to 3 previous errors
[INFO] [stdout] 
[INFO] [stdout] Couldn't compile the test.
[INFO] [stdout] ---- src/beanstalk.rs - beanstalk::Beanstalk::use_ (line 99) stdout ----
[INFO] [stdout] error: unknown start of token: \
[INFO] [stdout]  --> src/beanstalk.rs:100:11
[INFO] [stdout]   |
[INFO] [stdout] 3 | use <tube>\r\n
[INFO] [stdout]   |           ^
[INFO] [stdout] 
[INFO] [stdout] error: unknown start of token: \
[INFO] [stdout]  --> src/beanstalk.rs:100:13
[INFO] [stdout]   |
[INFO] [stdout] 3 | use <tube>\r\n
[INFO] [stdout]   |             ^
[INFO] [stdout] 
[INFO] [stdout] error: expected identifier, found `<`
[INFO] [stdout]  --> src/beanstalk.rs:100:5
[INFO] [stdout]   |
[INFO] [stdout] 3 | use <tube>\r\n
[INFO] [stdout]   |     ^ expected identifier
[INFO] [stdout] 
[INFO] [stdout] error: aborting due to 3 previous errors
[INFO] [stdout] 
[INFO] [stdout] Couldn't compile the test.
[INFO] [stdout] ---- src/beanstalk.rs - beanstalk::Beanstalk::list_tube_watched (line 593) stdout ----
[INFO] [stdout] error: unknown start of token: \
[INFO] [stdout]  --> src/beanstalk.rs:594:19
[INFO] [stdout]   |
[INFO] [stdout] 3 | list-tubes-watched\r\n
[INFO] [stdout]   |                   ^
[INFO] [stdout] 
[INFO] [stdout] error: unknown start of token: \
[INFO] [stdout]  --> src/beanstalk.rs:594:21
[INFO] [stdout]   |
[INFO] [stdout] 3 | list-tubes-watched\r\n
[INFO] [stdout]   |                     ^
[INFO] [stdout] 
[INFO] [stdout] error: expected one of `!`, `.`, `::`, `;`, `?`, `{`, `}`, or an operator, found `r`
[INFO] [stdout]  --> src/beanstalk.rs:594:20
[INFO] [stdout]   |
[INFO] [stdout] 3 | list-tubes-watched\r\n
[INFO] [stdout]   |                    ^ expected one of 8 possible tokens
[INFO] [stdout] 
[INFO] [stdout] error: aborting due to 3 previous errors
[INFO] [stdout] 
[INFO] [stdout] Couldn't compile the test.
[INFO] [stdout] 
[INFO] [stdout] failures:
[INFO] [stdout]     src/beanstalk.rs - beanstalk::Beanstalk::bury (line 263)
[INFO] [stdout]     src/beanstalk.rs - beanstalk::Beanstalk::delete (line 211)
[INFO] [stdout]     src/beanstalk.rs - beanstalk::Beanstalk::ignore (line 343)
[INFO] [stdout]     src/beanstalk.rs - beanstalk::Beanstalk::kick (line 428)
[INFO] [stdout]     src/beanstalk.rs - beanstalk::Beanstalk::kick (line 435)
[INFO] [stdout]     src/beanstalk.rs - beanstalk::Beanstalk::kick_job (line 458)
[INFO] [stdout]     src/beanstalk.rs - beanstalk::Beanstalk::list_tube_used (line 574)
[INFO] [stdout]     src/beanstalk.rs - beanstalk::Beanstalk::list_tube_watched (line 593)
[INFO] [stdout]     src/beanstalk.rs - beanstalk::Beanstalk::list_tubes (line 553)
[INFO] [stdout]     src/beanstalk.rs - beanstalk::Beanstalk::pause_tube (line 613)
[INFO] [stdout]     src/beanstalk.rs - beanstalk::Beanstalk::put (line 32)
[INFO] [stdout]     src/beanstalk.rs - beanstalk::Beanstalk::quit (line 636)
[INFO] [stdout]     src/beanstalk.rs - beanstalk::Beanstalk::release (line 233)
[INFO] [stdout]     src/beanstalk.rs - beanstalk::Beanstalk::reserve (line 127)
[INFO] [stdout]     src/beanstalk.rs - beanstalk::Beanstalk::reserve (line 131)
[INFO] [stdout]     src/beanstalk.rs - beanstalk::Beanstalk::reserve_by_id (line 182)
[INFO] [stdout]     src/beanstalk.rs - beanstalk::Beanstalk::stats (line 533)
[INFO] [stdout]     src/beanstalk.rs - beanstalk::Beanstalk::stats_job (line 479)
[INFO] [stdout]     src/beanstalk.rs - beanstalk::Beanstalk::stats_tube (line 506)
[INFO] [stdout]     src/beanstalk.rs - beanstalk::Beanstalk::touch (line 292)
[INFO] [stdout]     src/beanstalk.rs - beanstalk::Beanstalk::use_ (line 106)
[INFO] [stdout]     src/beanstalk.rs - beanstalk::Beanstalk::use_ (line 99)
[INFO] [stdout]     src/beanstalk.rs - beanstalk::Beanstalk::watch (line 315)
[INFO] [stdout]     src/beanstalk.rs - beanstalk::Beanstalk::watch (line 322)
[INFO] [stdout] 
[INFO] [stdout] test result: FAILED. 0 passed; 24 failed; 0 ignored; 0 measured; 0 filtered out; finished in 0.37s
[INFO] [stdout] 
[INFO] running `Command { std: "docker" "inspect" "c3f508522a2ead9ad37f02d861c9ecc5665f1c67c98017f980cadf754e263e29", kill_on_drop: false }`
[INFO] running `Command { std: "docker" "rm" "-f" "c3f508522a2ead9ad37f02d861c9ecc5665f1c67c98017f980cadf754e263e29", kill_on_drop: false }`
[INFO] [stdout] c3f508522a2ead9ad37f02d861c9ecc5665f1c67c98017f980cadf754e263e29
