[INFO] cloning repository https://github.com/marksg07/rust-proj
[INFO] running `Command { std: "git" "-c" "credential.helper=" "-c" "credential.helper=/workspace/cargo-home/bin/git-credential-null" "clone" "--bare" "https://github.com/marksg07/rust-proj" "/workspace/cache/git-repos/https%3A%2F%2Fgithub.com%2Fmarksg07%2Frust-proj", kill_on_drop: false }`
[INFO] [stderr] Cloning into bare repository '/workspace/cache/git-repos/https%3A%2F%2Fgithub.com%2Fmarksg07%2Frust-proj'...
[INFO] running `Command { std: "git" "rev-parse" "HEAD", kill_on_drop: false }`
[INFO] [stdout] 73e8e485adbb2f2ede518f551ff14adfb223754d
[INFO] testing marksg07/rust-proj against beta-2023-04-20 for beta-1.70-1
[INFO] running `Command { std: "git" "clone" "/workspace/cache/git-repos/https%3A%2F%2Fgithub.com%2Fmarksg07%2Frust-proj" "/workspace/builds/worker-1-tc2/source", kill_on_drop: false }`
[INFO] [stderr] Cloning into '/workspace/builds/worker-1-tc2/source'...
[INFO] [stderr] done.
[INFO] validating manifest of git repo https://github.com/marksg07/rust-proj on toolchain beta-2023-04-20
[INFO] running `Command { std: CARGO_HOME="/workspace/cargo-home" RUSTUP_HOME="/workspace/rustup-home" "/workspace/cargo-home/bin/cargo" "+beta-2023-04-20" "metadata" "--manifest-path" "Cargo.toml" "--no-deps", kill_on_drop: false }`
[INFO] started tweaking git repo https://github.com/marksg07/rust-proj
[INFO] finished tweaking git repo https://github.com/marksg07/rust-proj
[INFO] tweaked toml for git repo https://github.com/marksg07/rust-proj written to /workspace/builds/worker-1-tc2/source/Cargo.toml
[INFO] crate git repo https://github.com/marksg07/rust-proj already has a lockfile, it will not be regenerated
[INFO] running `Command { std: CARGO_HOME="/workspace/cargo-home" RUSTUP_HOME="/workspace/rustup-home" "/workspace/cargo-home/bin/cargo" "+beta-2023-04-20" "fetch" "--manifest-path" "Cargo.toml", kill_on_drop: false }`
[INFO] [stderr]  Downloading crates ...
[INFO] [stderr]   Downloaded font-kit v0.7.1
[INFO] [stderr]   Downloaded minifb v0.20.0
[INFO] [stderr]   Downloaded servo-freetype-sys v4.0.3
[INFO] [stderr]   Downloaded servo-fontconfig-sys v4.0.6
[INFO] running `Command { std: "docker" "create" "-v" "/var/lib/crater-agent-workspace/builds/worker-1-tc2/target:/opt/rustwide/target:rw,Z" "-v" "/var/lib/crater-agent-workspace/builds/worker-1-tc2/source:/opt/rustwide/workdir:ro,Z" "-v" "/var/lib/crater-agent-workspace/cargo-home:/opt/rustwide/cargo-home:ro,Z" "-v" "/var/lib/crater-agent-workspace/rustup-home:/opt/rustwide/rustup-home:ro,Z" "-e" "SOURCE_DIR=/opt/rustwide/workdir" "-e" "CARGO_TARGET_DIR=/opt/rustwide/target" "-e" "CARGO_HOME=/opt/rustwide/cargo-home" "-e" "RUSTUP_HOME=/opt/rustwide/rustup-home" "-w" "/opt/rustwide/workdir" "-m" "1610612736" "--user" "0:0" "--network" "none" "ghcr.io/rust-lang/crates-build-env/linux@sha256:5ff2268d62e97bff2cde7d5815dd6ed5b47097566f13b8d0ca110b04b60e07ed" "/opt/rustwide/cargo-home/bin/cargo" "+beta-2023-04-20" "metadata" "--no-deps" "--format-version=1", kill_on_drop: false }`
[INFO] [stdout] bc3b9083a19f948da3e6aab0d505a6ca069106b89f113b6bddbdddba39db7ed9
[INFO] running `Command { std: "docker" "start" "-a" "bc3b9083a19f948da3e6aab0d505a6ca069106b89f113b6bddbdddba39db7ed9", kill_on_drop: false }`
[INFO] running `Command { std: "docker" "inspect" "bc3b9083a19f948da3e6aab0d505a6ca069106b89f113b6bddbdddba39db7ed9", kill_on_drop: false }`
[INFO] running `Command { std: "docker" "rm" "-f" "bc3b9083a19f948da3e6aab0d505a6ca069106b89f113b6bddbdddba39db7ed9", kill_on_drop: false }`
[INFO] [stdout] bc3b9083a19f948da3e6aab0d505a6ca069106b89f113b6bddbdddba39db7ed9
[INFO] running `Command { std: "docker" "create" "-v" "/var/lib/crater-agent-workspace/builds/worker-1-tc2/target:/opt/rustwide/target:rw,Z" "-v" "/var/lib/crater-agent-workspace/builds/worker-1-tc2/source:/opt/rustwide/workdir:ro,Z" "-v" "/var/lib/crater-agent-workspace/cargo-home:/opt/rustwide/cargo-home:ro,Z" "-v" "/var/lib/crater-agent-workspace/rustup-home:/opt/rustwide/rustup-home:ro,Z" "-e" "SOURCE_DIR=/opt/rustwide/workdir" "-e" "CARGO_TARGET_DIR=/opt/rustwide/target" "-e" "CARGO_INCREMENTAL=0" "-e" "RUST_BACKTRACE=full" "-e" "RUSTFLAGS=--cap-lints=warn" "-e" "RUSTDOCFLAGS=--cap-lints=warn" "-e" "CARGO_HOME=/opt/rustwide/cargo-home" "-e" "RUSTUP_HOME=/opt/rustwide/rustup-home" "-w" "/opt/rustwide/workdir" "-m" "1610612736" "--user" "0:0" "--network" "none" "ghcr.io/rust-lang/crates-build-env/linux@sha256:5ff2268d62e97bff2cde7d5815dd6ed5b47097566f13b8d0ca110b04b60e07ed" "/opt/rustwide/cargo-home/bin/cargo" "+beta-2023-04-20" "build" "--frozen" "--message-format=json", kill_on_drop: false }`
[INFO] [stdout] f5202a589b8ee9bfbbfb03bfa04cea07bbc22764380a526887a9fac1cfe8b990
[INFO] running `Command { std: "docker" "start" "-a" "f5202a589b8ee9bfbbfb03bfa04cea07bbc22764380a526887a9fac1cfe8b990", kill_on_drop: false }`
[INFO] [stderr]    Compiling pkg-config v0.3.23
[INFO] [stderr]    Compiling autocfg v1.0.1
[INFO] [stderr]    Compiling cfg-if v1.0.0
[INFO] [stderr]    Compiling proc-macro2 v1.0.33
[INFO] [stderr]    Compiling unicode-xid v0.2.2
[INFO] [stderr]    Compiling libc v0.2.109
[INFO] [stderr]    Compiling version_check v0.9.3
[INFO] [stderr]    Compiling bitflags v1.2.1
[INFO] [stderr]    Compiling syn v1.0.82
[INFO] [stderr]    Compiling lazy_static v1.4.0
[INFO] [stderr]    Compiling smallvec v1.7.0
[INFO] [stderr]    Compiling either v1.6.1
[INFO] [stderr]    Compiling serde v1.0.130
[INFO] [stderr]    Compiling cc v1.0.72
[INFO] [stderr]    Compiling memoffset v0.6.5
[INFO] [stderr]    Compiling anyhow v1.0.51
[INFO] [stderr]    Compiling unicode-segmentation v1.8.0
[INFO] [stderr]    Compiling quote v1.0.10
[INFO] [stderr]    Compiling heck v0.3.3
[INFO] [stderr]    Compiling memchr v2.4.1
[INFO] [stderr]    Compiling cmake v0.1.46
[INFO] [stderr]    Compiling itertools v0.10.3
[INFO] [stderr]    Compiling cfg-expr v0.8.1
[INFO] [stderr]    Compiling version-compare v0.0.11
[INFO] [stderr]    Compiling strum v0.21.0
[INFO] [stderr]    Compiling glob v0.3.0
[INFO] [stderr]    Compiling adler32 v1.2.0
[INFO] [stderr]    Compiling crossbeam-utils v0.8.5
[INFO] [stderr]    Compiling ucd-trie v0.1.3
[INFO] [stderr]    Compiling nom v5.1.2
[INFO] [stderr]    Compiling clang-sys v1.3.0
[INFO] [stderr]    Compiling pest v2.1.3
[INFO] [stderr]    Compiling num-traits v0.2.14
[INFO] [stderr]    Compiling log v0.4.14
[INFO] [stderr]    Compiling xml-rs v0.8.4
[INFO] [stderr]    Compiling atty v0.2.14
[INFO] [stderr]    Compiling aho-corasick v0.7.18
[INFO] [stderr]    Compiling semver-parser v0.10.2
[INFO] [stderr]    Compiling servo-freetype-sys v4.0.3
[INFO] [stderr]    Compiling wayland-scanner v0.28.6
[INFO] [stderr]    Compiling regex-syntax v0.6.25
[INFO] [stderr]    Compiling unicode-width v0.1.9
[INFO] [stderr]    Compiling crossbeam-epoch v0.9.5
[INFO] [stderr]    Compiling toml v0.5.8
[INFO] [stderr]    Compiling textwrap v0.11.0
[INFO] [stderr]    Compiling semver v0.11.0
[INFO] [stderr]    Compiling expat-sys v2.1.6
[INFO] [stderr]    Compiling wayland-sys v0.28.6
[INFO] [stderr]    Compiling libloading v0.7.2
[INFO] [stderr]    Compiling termcolor v1.1.2
[INFO] [stderr]    Compiling futures-core v0.3.18
[INFO] [stderr]    Compiling ansi_term v0.12.1
[INFO] [stderr]    Compiling bindgen v0.56.0
[INFO] [stderr]    Compiling byteorder v1.4.3
[INFO] [stderr]    Compiling humantime v2.1.0
[INFO] [stderr]    Compiling rayon-core v1.9.1
[INFO] [stderr]    Compiling scopeguard v1.1.0
[INFO] [stderr]    Compiling vec_map v0.8.2
[INFO] [stderr]    Compiling once_cell v1.8.0
[INFO] [stderr]    Compiling regex v1.5.4
[INFO] [stderr]    Compiling crc32fast v1.3.0
[INFO] [stderr]    Compiling strsim v0.8.0
[INFO] [stderr]    Compiling clap v2.34.0
[INFO] [stderr]    Compiling rustc_version v0.3.3
[INFO] [stderr]    Compiling which v3.1.1
[INFO] [stderr]    Compiling cexpr v0.4.0
[INFO] [stderr]    Compiling proc-macro-error-attr v1.0.4
[INFO] [stderr]    Compiling lazycell v1.3.0
[INFO] [stderr]    Compiling env_logger v0.8.4
[INFO] [stderr]    Compiling shlex v0.1.1
[INFO] [stderr]    Compiling rustc-hash v1.1.0
[INFO] [stderr]    Compiling peeking_take_while v0.1.2
[INFO] [stderr]    Compiling futures-task v0.3.18
[INFO] [stderr]    Compiling pathfinder_simd v0.5.1
[INFO] [stderr]    Compiling thiserror-impl v1.0.30
[INFO] [stderr]    Compiling strum_macros v0.21.1
[INFO] [stderr]    Compiling crossbeam-deque v0.8.1
[INFO] [stderr]    Compiling wayland-client v0.28.6
[INFO] [stderr]    Compiling crossbeam-channel v0.5.1
[INFO] [stderr]    Compiling nix v0.20.2
[INFO] [stderr]    Compiling num_cpus v1.13.0
[INFO] [stderr]    Compiling getrandom v0.2.3
[INFO] [stderr]    Compiling servo-fontconfig-sys v4.0.6
[INFO] [stderr]    Compiling thiserror v1.0.30
[INFO] [stderr]    Compiling nom v7.1.0
[INFO] [stderr]    Compiling proc-macro-error v1.0.4
[INFO] [stderr]    Compiling miniz_oxide v0.4.4
[INFO] [stderr]    Compiling rayon v1.5.1
[INFO] [stderr]    Compiling num-integer v0.1.44
[INFO] [stderr]    Compiling futures-util v0.3.18
[INFO] [stderr]    Compiling system-deps v3.2.0
[INFO] [stderr]    Compiling rand_core v0.6.3
[INFO] [stderr]    Compiling glib-sys v0.14.0
[INFO] [stderr]    Compiling gobject-sys v0.14.0
[INFO] [stderr]    Compiling wayland-commons v0.28.6
[INFO] [stderr]    Compiling pin-project-lite v0.2.7
[INFO] [stderr]    Compiling ppv-lite86 v0.2.15
[INFO] [stderr]    Compiling slab v0.4.5
[INFO] [stderr]    Compiling minimal-lexical v0.2.1
[INFO] [stderr]    Compiling adler v1.0.2
[INFO] [stderr]    Compiling futures-channel v0.3.18
[INFO] [stderr]    Compiling pin-utils v0.1.0
[INFO] [stderr]    Compiling downcast-rs v1.2.0
[INFO] [stderr]    Compiling rand_chacha v0.3.1
[INFO] [stderr]    Compiling cairo-sys-rs v0.14.9
[INFO] [stderr]    Compiling proc-macro-crate v1.1.0
[INFO] [stderr]    Compiling wayland-protocols v0.28.6
[INFO] [stderr]    Compiling dirs-sys v0.3.6
[INFO] [stderr]    Compiling x11-dl v2.19.1
[INFO] [stderr]    Compiling num-rational v0.3.2
[INFO] [stderr]    Compiling num-iter v0.1.42
[INFO] [stderr]    Compiling cty v0.2.2
[INFO] [stderr]    Compiling cfg-if v0.1.10
[INFO] [stderr]    Compiling weezl v0.1.5
[INFO] [stderr]    Compiling same-file v1.0.6
[INFO] [stderr]    Compiling dirs v2.0.2
[INFO] [stderr]    Compiling raw-window-handle v0.4.2
[INFO] [stderr]    Compiling walkdir v2.3.2
[INFO] [stderr]    Compiling xkbcommon-sys v0.7.5
[INFO] [stderr]    Compiling jpeg-decoder v0.1.22
[INFO] [stderr]    Compiling xcursor v0.3.4
[INFO] [stderr]    Compiling glib-macros v0.14.1
[INFO] [stderr]    Compiling futures-executor v0.3.18
[INFO] [stderr]    Compiling pathfinder_geometry v0.5.1
[INFO] [stderr]    Compiling rand v0.8.4
[INFO] [stderr]    Compiling servo-fontconfig v0.4.0
[INFO] [stderr]    Compiling freetype v0.4.1
[INFO] [stderr]    Compiling deflate v0.7.20
[INFO] [stderr]    Compiling deflate v0.8.6
[INFO] [stderr]    Compiling euclid v0.20.14
[INFO] [stderr]    Compiling miniz_oxide v0.3.7
[INFO] [stderr]    Compiling inflate v0.4.5
[INFO] [stderr]    Compiling minifb v0.20.0
[INFO] [stderr]    Compiling color_quant v1.1.0
[INFO] [stderr]    Compiling remove_dir_all v0.5.3
[INFO] [stderr]    Compiling float-ord v0.2.0
[INFO] [stderr]    Compiling arrayvec v0.5.2
[INFO] [stderr]    Compiling tempfile v3.2.0
[INFO] [stderr]    Compiling font-kit v0.7.1
[INFO] [stderr]    Compiling gif v0.11.3
[INFO] [stderr]    Compiling lyon_geom v0.15.3
[INFO] [stderr]    Compiling png v0.16.8
[INFO] [stderr]    Compiling png v0.15.3
[INFO] [stderr]    Compiling tiff v0.6.1
[INFO] [stderr]    Compiling glib v0.14.8
[INFO] [stderr]    Compiling xkb v0.2.1
[INFO] [stderr]    Compiling wayland-cursor v0.28.6
[INFO] [stderr]    Compiling raw-window-handle v0.3.4
[INFO] [stderr]    Compiling deflate v0.9.1
[INFO] [stderr]    Compiling sw-composite v0.7.14
[INFO] [stderr]    Compiling scoped_threadpool v0.1.9
[INFO] [stderr]    Compiling typed-arena v2.0.1
[INFO] [stderr]    Compiling bytemuck v1.7.2
[INFO] [stderr]    Compiling raqote v0.8.0
[INFO] [stderr]    Compiling image v0.23.14
[INFO] [stderr]    Compiling png v0.17.2
[INFO] [stderr]    Compiling cairo-rs v0.14.9
[INFO] [stderr]    Compiling my-project v0.1.0 (/opt/rustwide/workdir)
[INFO] [stdout] warning: associated function `make` is never used
[INFO] [stdout]   --> src/graph.rs:76:8
[INFO] [stdout]    |
[INFO] [stdout] 75 | impl EdgeListGraph {
[INFO] [stdout]    | ------------------ associated function in this implementation
[INFO] [stdout] 76 |     fn make(el: Vec<Vec<usize>>) -> Result<EdgeListGraph, &'static str> {
[INFO] [stdout]    |        ^^^^
[INFO] [stdout]    |
[INFO] [stdout]    = note: `#[warn(dead_code)]` on by default
[INFO] [stdout] 
[INFO] [stdout] 
[INFO] [stdout] warning: 1 warning emitted
[INFO] [stdout] 
[INFO] [stdout] 
[INFO] [stdout] warning: unused import: `my_project`
[INFO] [stdout]  --> src/main.rs:1:5
[INFO] [stdout]   |
[INFO] [stdout] 1 | use my_project;
[INFO] [stdout]   |     ^^^^^^^^^^
[INFO] [stdout]   |
[INFO] [stdout]   = note: `#[warn(unused_imports)]` on by default
[INFO] [stdout] 
[INFO] [stdout] 
[INFO] [stdout] warning: unused import: `thread`
[INFO] [stdout]  --> src/raqote_example.rs:4:11
[INFO] [stdout]   |
[INFO] [stdout] 4 | use std::{thread, time};
[INFO] [stdout]   |           ^^^^^^
[INFO] [stdout] 
[INFO] [stdout] 
[INFO] [stdout] warning: unused imports: `MouseMode`, `ScaleMode`, `Scale`, `WindowOptions`, `Window`
[INFO] [stdout]  --> src/chess.rs:1:14
[INFO] [stdout]   |
[INFO] [stdout] 1 | use minifb::{MouseMode, Window, WindowOptions, ScaleMode, Scale};
[INFO] [stdout]   |              ^^^^^^^^^  ^^^^^^  ^^^^^^^^^^^^^  ^^^^^^^^^  ^^^^^
[INFO] [stdout] 
[INFO] [stdout] 
[INFO] [stdout] warning: unused import: `Format`
[INFO] [stdout]  --> src/chess.rs:3:28
[INFO] [stdout]   |
[INFO] [stdout] 3 | use cairo::{ ImageSurface, Format, Context };
[INFO] [stdout]   |                            ^^^^^^
[INFO] [stdout] 
[INFO] [stdout] 
[INFO] [stdout] warning: unused import: `font_kit::family_name::FamilyName`
[INFO] [stdout]  --> src/chess.rs:4:5
[INFO] [stdout]   |
[INFO] [stdout] 4 | use font_kit::family_name::FamilyName;
[INFO] [stdout]   |     ^^^^^^^^^^^^^^^^^^^^^^^^^^^^^^^^^
[INFO] [stdout] 
[INFO] [stdout] 
[INFO] [stdout] warning: unused import: `font_kit::properties::Properties`
[INFO] [stdout]  --> src/chess.rs:5:5
[INFO] [stdout]   |
[INFO] [stdout] 5 | use font_kit::properties::Properties;
[INFO] [stdout]   |     ^^^^^^^^^^^^^^^^^^^^^^^^^^^^^^^^
[INFO] [stdout] 
[INFO] [stdout] 
[INFO] [stdout] warning: unused import: `font_kit::source::SystemSource`
[INFO] [stdout]  --> src/chess.rs:6:5
[INFO] [stdout]   |
[INFO] [stdout] 6 | use font_kit::source::SystemSource;
[INFO] [stdout]   |     ^^^^^^^^^^^^^^^^^^^^^^^^^^^^^^
[INFO] [stdout] 
[INFO] [stdout] 
[INFO] [stdout] warning: unused import: `image::io::Reader as ImageReader`
[INFO] [stdout]  --> src/chess.rs:7:5
[INFO] [stdout]   |
[INFO] [stdout] 7 | use image::io::Reader as ImageReader;
[INFO] [stdout]   |     ^^^^^^^^^^^^^^^^^^^^^^^^^^^^^^^^
[INFO] [stdout] 
[INFO] [stdout] 
[INFO] [stdout] warning: unused import: `image::imageops::FilterType`
[INFO] [stdout]  --> src/chess.rs:8:5
[INFO] [stdout]   |
[INFO] [stdout] 8 | use image::imageops::FilterType;
[INFO] [stdout]   |     ^^^^^^^^^^^^^^^^^^^^^^^^^^^
[INFO] [stdout] 
[INFO] [stdout] 
[INFO] [stdout] warning: unused import: `std::str::from_utf8`
[INFO] [stdout]  --> src/net_chess.rs:2:5
[INFO] [stdout]   |
[INFO] [stdout] 2 | use std::str::from_utf8;
[INFO] [stdout]   |     ^^^^^^^^^^^^^^^^^^^
[INFO] [stdout] 
[INFO] [stdout] 
[INFO] [stdout] warning: unused import: `WindowOptions`
[INFO] [stdout]  --> src/net_chess.rs:3:46
[INFO] [stdout]   |
[INFO] [stdout] 3 | use minifb::{MouseMode, MouseButton, Window, WindowOptions};
[INFO] [stdout]   |                                              ^^^^^^^^^^^^^
[INFO] [stdout] 
[INFO] [stdout] 
[INFO] [stdout] warning: unused import: `Format`
[INFO] [stdout]  --> src/net_chess.rs:5:28
[INFO] [stdout]   |
[INFO] [stdout] 5 | use cairo::{ ImageSurface, Format, Context };
[INFO] [stdout]   |                            ^^^^^^
[INFO] [stdout] 
[INFO] [stdout] 
[INFO] [stdout] warning: unused imports: `MouseButton`, `MouseMode`
[INFO] [stdout]  --> src/main.rs:6:14
[INFO] [stdout]   |
[INFO] [stdout] 6 | use minifb::{MouseMode, MouseButton, Window, WindowOptions};
[INFO] [stdout]   |              ^^^^^^^^^  ^^^^^^^^^^^
[INFO] [stdout] 
[INFO] [stdout] 
[INFO] [stdout] warning: unused import: `Context`
[INFO] [stdout]  --> src/main.rs:8:36
[INFO] [stdout]   |
[INFO] [stdout] 8 | use cairo::{ ImageSurface, Format, Context };
[INFO] [stdout]   |                                    ^^^^^^^
[INFO] [stdout] 
[INFO] [stdout] 
[INFO] [stdout] warning: unreachable expression
[INFO] [stdout]    --> src/net_chess.rs:310:5
[INFO] [stdout]     |
[INFO] [stdout] 307 | /     loop {
[INFO] [stdout] 308 | |         run_state = run_state.next()?;
[INFO] [stdout] 309 | |     }
[INFO] [stdout]     | |_____- any code following this expression is unreachable
[INFO] [stdout] 310 |       Ok(())
[INFO] [stdout]     |       ^^^^^^ unreachable expression
[INFO] [stdout]     |
[INFO] [stdout]     = note: `#[warn(unreachable_code)]` on by default
[INFO] [stdout] 
[INFO] [stdout] 
[INFO] [stdout] warning: unreachable expression
[INFO] [stdout]    --> src/net_chess.rs:328:5
[INFO] [stdout]     |
[INFO] [stdout] 325 | /     loop {
[INFO] [stdout] 326 | |         run_state = run_state.next()?;
[INFO] [stdout] 327 | |     }
[INFO] [stdout]     | |_____- any code following this expression is unreachable
[INFO] [stdout] 328 |       Ok(())
[INFO] [stdout]     |       ^^^^^^ unreachable expression
[INFO] [stdout] 
[INFO] [stdout] 
[INFO] [stdout] warning: unused variable: `dt`
[INFO] [stdout]   --> src/chess.rs:28:20
[INFO] [stdout]    |
[INFO] [stdout] 28 |     fn draw(&self, dt: &mut Context, position: ScreenPosition) -> Result<(), Box<dyn Error>> {Ok(())}
[INFO] [stdout]    |                    ^^ help: if this is intentional, prefix it with an underscore: `_dt`
[INFO] [stdout]    |
[INFO] [stdout]    = note: `#[warn(unused_variables)]` on by default
[INFO] [stdout] 
[INFO] [stdout] 
[INFO] [stdout] warning: unused variable: `position`
[INFO] [stdout]   --> src/chess.rs:28:38
[INFO] [stdout]    |
[INFO] [stdout] 28 |     fn draw(&self, dt: &mut Context, position: ScreenPosition) -> Result<(), Box<dyn Error>> {Ok(())}
[INFO] [stdout]    |                                      ^^^^^^^^ help: if this is intentional, prefix it with an underscore: `_position`
[INFO] [stdout] 
[INFO] [stdout] 
[INFO] [stdout] warning: unused variable: `surface`
[INFO] [stdout]   --> src/raqote_example.rs:25:46
[INFO] [stdout]    |
[INFO] [stdout] 25 | fn get_next_legal_click(window: &mut Window, surface: &mut ImageSurface, board: &chess::Board) -> chess::BoardPosition {
[INFO] [stdout]    |                                              ^^^^^^^ help: if this is intentional, prefix it with an underscore: `_surface`
[INFO] [stdout] 
[INFO] [stdout] 
[INFO] [stdout] warning: unused variable: `board`
[INFO] [stdout]   --> src/raqote_example.rs:25:74
[INFO] [stdout]    |
[INFO] [stdout] 25 | fn get_next_legal_click(window: &mut Window, surface: &mut ImageSurface, board: &chess::Board) -> chess::BoardPosition {
[INFO] [stdout]    |                                                                          ^^^^^ help: if this is intentional, prefix it with an underscore: `_board`
[INFO] [stdout] 
[INFO] [stdout] 
[INFO] [stdout] warning: constant `ONE_MILLI` is never used
[INFO] [stdout]  --> src/raqote_example.rs:6:7
[INFO] [stdout]   |
[INFO] [stdout] 6 | const ONE_MILLI : time::Duration = time::Duration::from_millis(20);
[INFO] [stdout]   |       ^^^^^^^^^
[INFO] [stdout]   |
[INFO] [stdout]   = note: `#[warn(dead_code)]` on by default
[INFO] [stdout] 
[INFO] [stdout] 
[INFO] [stdout] warning: constant `WIDTH` is never used
[INFO] [stdout]   --> src/raqote_example.rs:10:7
[INFO] [stdout]    |
[INFO] [stdout] 10 | const WIDTH: usize = 400;
[INFO] [stdout]    |       ^^^^^
[INFO] [stdout] 
[INFO] [stdout] 
[INFO] [stdout] warning: constant `HEIGHT` is never used
[INFO] [stdout]   --> src/raqote_example.rs:11:7
[INFO] [stdout]    |
[INFO] [stdout] 11 | const HEIGHT: usize = 400;
[INFO] [stdout]    |       ^^^^^^
[INFO] [stdout] 
[INFO] [stdout] 
[INFO] [stdout] warning: function `click_to_board` is never used
[INFO] [stdout]   --> src/raqote_example.rs:16:4
[INFO] [stdout]    |
[INFO] [stdout] 16 | fn click_to_board(pos: chess::ScreenPosition) -> Result<chess::BoardPosition, ()> {
[INFO] [stdout]    |    ^^^^^^^^^^^^^^
[INFO] [stdout] 
[INFO] [stdout] 
[INFO] [stdout] warning: function `get_next_legal_click` is never used
[INFO] [stdout]   --> src/raqote_example.rs:25:4
[INFO] [stdout]    |
[INFO] [stdout] 25 | fn get_next_legal_click(window: &mut Window, surface: &mut ImageSurface, board: &chess::Board) -> chess::BoardPosition {
[INFO] [stdout]    |    ^^^^^^^^^^^^^^^^^^^^
[INFO] [stdout] 
[INFO] [stdout] 
[INFO] [stdout] warning: function `draw` is never used
[INFO] [stdout]   --> src/raqote_example.rs:42:4
[INFO] [stdout]    |
[INFO] [stdout] 42 | fn draw(window: &mut Window, surface: &mut ImageSurface, board: &chess::Board) -> Result<(), Box<dyn Error>> {
[INFO] [stdout]    |    ^^^^
[INFO] [stdout] 
[INFO] [stdout] 
[INFO] [stdout] warning: function `main` is never used
[INFO] [stdout]   --> src/raqote_example.rs:62:8
[INFO] [stdout]    |
[INFO] [stdout] 62 | pub fn main() -> Result<(), Box<dyn Error>> {
[INFO] [stdout]    |        ^^^^
[INFO] [stdout] 
[INFO] [stdout] 
[INFO] [stdout] warning: variants `Knight`, `Bishop`, `Rook`, `Queen`, and `King` are never constructed
[INFO] [stdout]   --> src/chess.rs:50:5
[INFO] [stdout]    |
[INFO] [stdout] 48 | enum Piece {
[INFO] [stdout]    |      ----- variants in this enum
[INFO] [stdout] 49 |     Pawn(bool),
[INFO] [stdout] 50 |     Knight,
[INFO] [stdout]    |     ^^^^^^
[INFO] [stdout] 51 |     Bishop,
[INFO] [stdout]    |     ^^^^^^
[INFO] [stdout] 52 |     Rook,
[INFO] [stdout]    |     ^^^^
[INFO] [stdout] 53 |     Queen,
[INFO] [stdout]    |     ^^^^^
[INFO] [stdout] 54 |     King
[INFO] [stdout]    |     ^^^^
[INFO] [stdout]    |
[INFO] [stdout]    = note: `Piece` has derived impls for the traits `Debug` and `Clone`, but these are intentionally ignored during dead code analysis
[INFO] [stdout] 
[INFO] [stdout] 
[INFO] [stdout] warning: variant `Empty` is never constructed
[INFO] [stdout]   --> src/chess.rs:59:5
[INFO] [stdout]    |
[INFO] [stdout] 58 | enum BoardSquare {
[INFO] [stdout]    |      ----------- variant in this enum
[INFO] [stdout] 59 |     Empty,
[INFO] [stdout]    |     ^^^^^
[INFO] [stdout]    |
[INFO] [stdout]    = note: `BoardSquare` has derived impls for the traits `Debug` and `Clone`, but these are intentionally ignored during dead code analysis
[INFO] [stdout] 
[INFO] [stdout] 
[INFO] [stdout] warning: field `data` is never read
[INFO] [stdout]   --> src/chess.rs:69:5
[INFO] [stdout]    |
[INFO] [stdout] 66 | pub struct PngDrawable {
[INFO] [stdout]    |            ----------- field in this struct
[INFO] [stdout] ...
[INFO] [stdout] 69 |     data: Vec<u32>,
[INFO] [stdout]    |     ^^^^
[INFO] [stdout] 
[INFO] [stdout] 
[INFO] [stdout] warning: associated function `new` is never used
[INFO] [stdout]   --> src/chess.rs:75:12
[INFO] [stdout]    |
[INFO] [stdout] 74 | impl PngDrawable {
[INFO] [stdout]    | ---------------- associated function in this implementation
[INFO] [stdout] 75 |     pub fn new(path: &str, width: f64, height: f64) -> Result<Self, Box<dyn Error>> {
[INFO] [stdout]    |            ^^^
[INFO] [stdout] 
[INFO] [stdout] 
[INFO] [stdout] warning: fields `black_can_castle_left`, `white_can_castle_left`, `black_can_castle_right`, `white_can_castle_right`, and `en_passant_square` are never read
[INFO] [stdout]    --> src/chess.rs:104:5
[INFO] [stdout]     |
[INFO] [stdout] 101 | pub struct GameState {
[INFO] [stdout]     |            --------- fields in this struct
[INFO] [stdout] ...
[INFO] [stdout] 104 |     black_can_castle_left: bool,
[INFO] [stdout]     |     ^^^^^^^^^^^^^^^^^^^^^
[INFO] [stdout] 105 |     white_can_castle_left: bool,
[INFO] [stdout]     |     ^^^^^^^^^^^^^^^^^^^^^
[INFO] [stdout] 106 |     black_can_castle_right: bool,
[INFO] [stdout]     |     ^^^^^^^^^^^^^^^^^^^^^^
[INFO] [stdout] 107 |     white_can_castle_right: bool,
[INFO] [stdout]     |     ^^^^^^^^^^^^^^^^^^^^^^
[INFO] [stdout] 108 |     // If en passant is legal, the square of the pawn which can be captured via en passant.
[INFO] [stdout] 109 |     en_passant_square: Option<BoardPosition>,
[INFO] [stdout]     |     ^^^^^^^^^^^^^^^^^
[INFO] [stdout]     |
[INFO] [stdout]     = note: `GameState` has derived impls for the traits `Debug` and `Clone`, but these are intentionally ignored during dead code analysis
[INFO] [stdout] 
[INFO] [stdout] 
[INFO] [stdout] warning: multiple associated items are never used
[INFO] [stdout]    --> src/chess.rs:112:8
[INFO] [stdout]     |
[INFO] [stdout] 111 | impl GameState {
[INFO] [stdout]     | -------------- associated items in this implementation
[INFO] [stdout] 112 |     fn new() -> Self {
[INFO] [stdout]     |        ^^^
[INFO] [stdout] ...
[INFO] [stdout] 123 |     fn piece_iterator<'a>(&'a self) -> Box<dyn Iterator<Item = (BoardPosition, BoardSquare)> + 'a> {
[INFO] [stdout]     |        ^^^^^^^^^^^^^^
[INFO] [stdout] ...
[INFO] [stdout] 129 |     pub fn is_legal(&self, from_pos: BoardPosition, to_pos: BoardPosition) -> bool {
[INFO] [stdout]     |            ^^^^^^^^
[INFO] [stdout] ...
[INFO] [stdout] 197 |     fn is_square_attacked(&self, pos: BoardPosition, attacker: Color) -> bool {
[INFO] [stdout]     |        ^^^^^^^^^^^^^^^^^^
[INFO] [stdout] ...
[INFO] [stdout] 215 |     fn is_valid_rook_move(&self, from_pos: BoardPosition, to_pos: BoardPosition) -> bool {
[INFO] [stdout]     |        ^^^^^^^^^^^^^^^^^^
[INFO] [stdout] ...
[INFO] [stdout] 239 |     fn is_valid_bishop_move(&self, from_pos: BoardPosition, to_pos: BoardPosition) -> bool {
[INFO] [stdout]     |        ^^^^^^^^^^^^^^^^^^^^
[INFO] [stdout] ...
[INFO] [stdout] 259 |     fn is_attacking_movement_ok(&self, from_pos: BoardPosition, to_pos: BoardPosition, pretend_occupied: bool) -> bool {
[INFO] [stdout]     |        ^^^^^^^^^^^^^^^^^^^^^^^^
[INFO] [stdout] ...
[INFO] [stdout] 284 |     pub fn is_legal_start(&self, pos: BoardPosition) -> bool {
[INFO] [stdout]     |            ^^^^^^^^^^^^^^
[INFO] [stdout] ...
[INFO] [stdout] 292 |     pub fn do_move(&mut self, from_pos: BoardPosition, to_pos: BoardPosition) -> () {
[INFO] [stdout]     |            ^^^^^^^
[INFO] [stdout] ...
[INFO] [stdout] 361 |     pub fn is_checkmate(&mut self, attacker: Color) -> bool {
[INFO] [stdout]     |            ^^^^^^^^^^^^
[INFO] [stdout] 
[INFO] [stdout] 
[INFO] [stdout] warning: function `c_to_sq` is never used
[INFO] [stdout]    --> src/chess.rs:387:4
[INFO] [stdout]     |
[INFO] [stdout] 387 | fn c_to_sq(c: char) -> BoardSquare {
[INFO] [stdout]     |    ^^^^^^^
[INFO] [stdout] 
[INFO] [stdout] 
[INFO] [stdout] warning: constant `default_state` is never used
[INFO] [stdout]    --> src/chess.rs:401:7
[INFO] [stdout]     |
[INFO] [stdout] 401 | const default_state: &str = "\
[INFO] [stdout]     |       ^^^^^^^^^^^^^
[INFO] [stdout] 
[INFO] [stdout] 
[INFO] [stdout] warning: constant `base_dir` is never used
[INFO] [stdout]    --> src/chess.rs:411:7
[INFO] [stdout]     |
[INFO] [stdout] 411 | const base_dir: &str = "/Users/gabriel.marks/my-project/images/";
[INFO] [stdout]     |       ^^^^^^^^
[INFO] [stdout] 
[INFO] [stdout] 
[INFO] [stdout] warning: constant `piece_imagepaths` is never used
[INFO] [stdout]    --> src/chess.rs:413:7
[INFO] [stdout]     |
[INFO] [stdout] 413 | const piece_imagepaths: [(char, &str); 12] = [
[INFO] [stdout]     |       ^^^^^^^^^^^^^^^^
[INFO] [stdout] 
[INFO] [stdout] 
[INFO] [stdout] warning: associated items `new`, `setup_new_game`, `setup_set_game`, and `is_checkmated` are never used
[INFO] [stdout]    --> src/chess.rs:437:12
[INFO] [stdout]     |
[INFO] [stdout] 436 | impl Board {
[INFO] [stdout]     | ---------- associated items in this implementation
[INFO] [stdout] 437 |     pub fn new(width: f64, height: f64) -> Self {
[INFO] [stdout]     |            ^^^
[INFO] [stdout] ...
[INFO] [stdout] 447 |     pub fn setup_new_game(&mut self) -> () {
[INFO] [stdout]     |            ^^^^^^^^^^^^^^
[INFO] [stdout] ...
[INFO] [stdout] 451 |     pub fn setup_set_game(&mut self, state: &str, turn: Color, bcl: bool, bcr: bool, wcl: bool, wcr: bool, eps: Option<BoardPosition>) ->...
[INFO] [stdout]     |            ^^^^^^^^^^^^^^
[INFO] [stdout] ...
[INFO] [stdout] 467 |     pub fn is_checkmated(&mut self) -> bool {
[INFO] [stdout]     |            ^^^^^^^^^^^^^
[INFO] [stdout] 
[INFO] [stdout] 
[INFO] [stdout] warning: function `run_server` is never used
[INFO] [stdout]    --> src/net_chess.rs:293:8
[INFO] [stdout]     |
[INFO] [stdout] 293 | pub fn run_server(board: chess::Board,
[INFO] [stdout]     |        ^^^^^^^^^^
[INFO] [stdout] 
[INFO] [stdout] 
[INFO] [stdout] warning: function `run_client` is never used
[INFO] [stdout]    --> src/net_chess.rs:313:8
[INFO] [stdout]     |
[INFO] [stdout] 313 | pub fn run_client(board: chess::Board,
[INFO] [stdout]     |        ^^^^^^^^^^
[INFO] [stdout] 
[INFO] [stdout] 
[INFO] [stdout] warning: variants `Knight`, `Bishop`, and `Queen` are never constructed
[INFO] [stdout]   --> src/chess.rs:50:5
[INFO] [stdout]    |
[INFO] [stdout] 48 | enum Piece {
[INFO] [stdout]    |      ----- variants in this enum
[INFO] [stdout] 49 |     Pawn(bool),
[INFO] [stdout] 50 |     Knight,
[INFO] [stdout]    |     ^^^^^^
[INFO] [stdout] 51 |     Bishop,
[INFO] [stdout]    |     ^^^^^^
[INFO] [stdout] 52 |     Rook,
[INFO] [stdout] 53 |     Queen,
[INFO] [stdout]    |     ^^^^^
[INFO] [stdout]    |
[INFO] [stdout]    = note: `Piece` has derived impls for the traits `Debug` and `Clone`, but these are intentionally ignored during dead code analysis
[INFO] [stdout] 
[INFO] [stdout] 
[INFO] [stdout] warning: associated items `new` and `is_checkmate` are never used
[INFO] [stdout]    --> src/chess.rs:112:8
[INFO] [stdout]     |
[INFO] [stdout] 111 | impl GameState {
[INFO] [stdout]     | -------------- associated items in this implementation
[INFO] [stdout] 112 |     fn new() -> Self {
[INFO] [stdout]     |        ^^^
[INFO] [stdout] ...
[INFO] [stdout] 361 |     pub fn is_checkmate(&mut self, attacker: Color) -> bool {
[INFO] [stdout]     |            ^^^^^^^^^^^^
[INFO] [stdout] 
[INFO] [stdout] 
[INFO] [stdout] warning: method `is_checkmate` is never used
[INFO] [stdout]    --> src/chess.rs:361:12
[INFO] [stdout]     |
[INFO] [stdout] 111 | impl GameState {
[INFO] [stdout]     | -------------- method in this implementation
[INFO] [stdout] ...
[INFO] [stdout] 361 |     pub fn is_checkmate(&mut self, attacker: Color) -> bool {
[INFO] [stdout]     |            ^^^^^^^^^^^^
[INFO] [stdout] 
[INFO] [stdout] 
[INFO] [stdout] warning: method `is_checkmated` is never used
[INFO] [stdout]    --> src/chess.rs:467:12
[INFO] [stdout]     |
[INFO] [stdout] 436 | impl Board {
[INFO] [stdout]     | ---------- method in this implementation
[INFO] [stdout] ...
[INFO] [stdout] 467 |     pub fn is_checkmated(&mut self) -> bool {
[INFO] [stdout]     |            ^^^^^^^^^^^^^
[INFO] [stdout] 
[INFO] [stdout] 
[INFO] [stdout] warning: constant `default_state` should have an upper case name
[INFO] [stdout]    --> src/chess.rs:401:7
[INFO] [stdout]     |
[INFO] [stdout] 401 | const default_state: &str = "\
[INFO] [stdout]     |       ^^^^^^^^^^^^^ help: convert the identifier to upper case: `DEFAULT_STATE`
[INFO] [stdout]     |
[INFO] [stdout]     = note: `#[warn(non_upper_case_globals)]` on by default
[INFO] [stdout] 
[INFO] [stdout] 
[INFO] [stdout] warning: constant `base_dir` should have an upper case name
[INFO] [stdout]    --> src/chess.rs:411:7
[INFO] [stdout]     |
[INFO] [stdout] 411 | const base_dir: &str = "/Users/gabriel.marks/my-project/images/";
[INFO] [stdout]     |       ^^^^^^^^ help: convert the identifier to upper case: `BASE_DIR`
[INFO] [stdout] 
[INFO] [stdout] 
[INFO] [stdout] warning: constant `piece_imagepaths` should have an upper case name
[INFO] [stdout]    --> src/chess.rs:413:7
[INFO] [stdout]     |
[INFO] [stdout] 413 | const piece_imagepaths: [(char, &str); 12] = [
[INFO] [stdout]     |       ^^^^^^^^^^^^^^^^ help: convert the identifier to upper case: `PIECE_IMAGEPATHS`
[INFO] [stdout] 
[INFO] [stdout] 
[INFO] [stdout] warning: constant `light_color` should have an upper case name
[INFO] [stdout]    --> src/chess.rs:471:7
[INFO] [stdout]     |
[INFO] [stdout] 471 | const light_color: (f64, f64, f64) = (180.0 / 255.0, 175.0 / 255.0, 165.0 / 255.0);
[INFO] [stdout]     |       ^^^^^^^^^^^ help: convert the identifier to upper case: `LIGHT_COLOR`
[INFO] [stdout] 
[INFO] [stdout] 
[INFO] [stdout] warning: constant `dark_color` should have an upper case name
[INFO] [stdout]    --> src/chess.rs:472:7
[INFO] [stdout]     |
[INFO] [stdout] 472 | const dark_color: (f64, f64, f64) = (145.0 / 255.0, 140.0 / 255.0, 125.0 / 255.0);
[INFO] [stdout]     |       ^^^^^^^^^^ help: convert the identifier to upper case: `DARK_COLOR`
[INFO] [stdout] 
[INFO] [stdout] 
[INFO] [stdout] warning: constant `highlight_color` should have an upper case name
[INFO] [stdout]    --> src/chess.rs:473:7
[INFO] [stdout]     |
[INFO] [stdout] 473 | const highlight_color: (f64, f64, f64) = (180.0 / 255.0, 80.0 / 255.0, 80.0 / 255.0);
[INFO] [stdout]     |       ^^^^^^^^^^^^^^^ help: convert the identifier to upper case: `HIGHLIGHT_COLOR`
[INFO] [stdout] 
[INFO] [stdout] 
[INFO] [stdout] warning: 50 warnings emitted
[INFO] [stdout] 
[INFO] [stdout] 
[INFO] [stderr]     Finished dev [unoptimized + debuginfo] target(s) in 2m 12s
[INFO] [stderr] warning: the following packages contain code that will be rejected by a future version of Rust: nom v5.1.2
[INFO] [stderr] note: to see what the problems were, use the option `--future-incompat-report`, or run `cargo report future-incompatibilities --id 1`
[INFO] running `Command { std: "docker" "inspect" "f5202a589b8ee9bfbbfb03bfa04cea07bbc22764380a526887a9fac1cfe8b990", kill_on_drop: false }`
[INFO] running `Command { std: "docker" "rm" "-f" "f5202a589b8ee9bfbbfb03bfa04cea07bbc22764380a526887a9fac1cfe8b990", kill_on_drop: false }`
[INFO] [stdout] f5202a589b8ee9bfbbfb03bfa04cea07bbc22764380a526887a9fac1cfe8b990
[INFO] running `Command { std: "docker" "create" "-v" "/var/lib/crater-agent-workspace/builds/worker-1-tc2/target:/opt/rustwide/target:rw,Z" "-v" "/var/lib/crater-agent-workspace/builds/worker-1-tc2/source:/opt/rustwide/workdir:ro,Z" "-v" "/var/lib/crater-agent-workspace/cargo-home:/opt/rustwide/cargo-home:ro,Z" "-v" "/var/lib/crater-agent-workspace/rustup-home:/opt/rustwide/rustup-home:ro,Z" "-e" "SOURCE_DIR=/opt/rustwide/workdir" "-e" "CARGO_TARGET_DIR=/opt/rustwide/target" "-e" "CARGO_INCREMENTAL=0" "-e" "RUST_BACKTRACE=full" "-e" "RUSTFLAGS=--cap-lints=warn" "-e" "RUSTDOCFLAGS=--cap-lints=warn" "-e" "CARGO_HOME=/opt/rustwide/cargo-home" "-e" "RUSTUP_HOME=/opt/rustwide/rustup-home" "-w" "/opt/rustwide/workdir" "-m" "1610612736" "--user" "0:0" "--network" "none" "ghcr.io/rust-lang/crates-build-env/linux@sha256:5ff2268d62e97bff2cde7d5815dd6ed5b47097566f13b8d0ca110b04b60e07ed" "/opt/rustwide/cargo-home/bin/cargo" "+beta-2023-04-20" "test" "--frozen" "--no-run" "--message-format=json", kill_on_drop: false }`
[INFO] [stdout] e2fedc5a8c951a44686fbe959696cd910df01d97d1100bc39d534a7093da7076
[INFO] running `Command { std: "docker" "start" "-a" "e2fedc5a8c951a44686fbe959696cd910df01d97d1100bc39d534a7093da7076", kill_on_drop: false }`
[INFO] [stderr]    Compiling my-project v0.1.0 (/opt/rustwide/workdir)
[INFO] [stdout] warning: associated function `make` is never used
[INFO] [stdout]   --> src/graph.rs:76:8
[INFO] [stdout]    |
[INFO] [stdout] 75 | impl EdgeListGraph {
[INFO] [stdout]    | ------------------ associated function in this implementation
[INFO] [stdout] 76 |     fn make(el: Vec<Vec<usize>>) -> Result<EdgeListGraph, &'static str> {
[INFO] [stdout]    |        ^^^^
[INFO] [stdout]    |
[INFO] [stdout]    = note: `#[warn(dead_code)]` on by default
[INFO] [stdout] 
[INFO] [stdout] 
[INFO] [stdout] warning: 1 warning emitted
[INFO] [stdout] 
[INFO] [stdout] 
[INFO] [stdout] warning: unused import: `my_project`
[INFO] [stdout]  --> src/main.rs:1:5
[INFO] [stdout]   |
[INFO] [stdout] 1 | use my_project;
[INFO] [stdout]   |     ^^^^^^^^^^
[INFO] [stdout]   |
[INFO] [stdout]   = note: `#[warn(unused_imports)]` on by default
[INFO] [stdout] 
[INFO] [stdout] 
[INFO] [stdout] warning: unused import: `thread`
[INFO] [stdout]  --> src/raqote_example.rs:4:11
[INFO] [stdout]   |
[INFO] [stdout] 4 | use std::{thread, time};
[INFO] [stdout]   |           ^^^^^^
[INFO] [stdout] 
[INFO] [stdout] 
[INFO] [stdout] warning: unused imports: `MouseMode`, `ScaleMode`, `Scale`, `WindowOptions`, `Window`
[INFO] [stdout]  --> src/chess.rs:1:14
[INFO] [stdout]   |
[INFO] [stdout] 1 | use minifb::{MouseMode, Window, WindowOptions, ScaleMode, Scale};
[INFO] [stdout]   |              ^^^^^^^^^  ^^^^^^  ^^^^^^^^^^^^^  ^^^^^^^^^  ^^^^^
[INFO] [stdout] 
[INFO] [stdout] 
[INFO] [stdout] warning: unused import: `Format`
[INFO] [stdout]  --> src/chess.rs:3:28
[INFO] [stdout]   |
[INFO] [stdout] 3 | use cairo::{ ImageSurface, Format, Context };
[INFO] [stdout]   |                            ^^^^^^
[INFO] [stdout] 
[INFO] [stdout] 
[INFO] [stdout] warning: unused import: `font_kit::family_name::FamilyName`
[INFO] [stdout]  --> src/chess.rs:4:5
[INFO] [stdout]   |
[INFO] [stdout] 4 | use font_kit::family_name::FamilyName;
[INFO] [stdout]   |     ^^^^^^^^^^^^^^^^^^^^^^^^^^^^^^^^^
[INFO] [stdout] 
[INFO] [stdout] 
[INFO] [stdout] warning: unused import: `font_kit::properties::Properties`
[INFO] [stdout]  --> src/chess.rs:5:5
[INFO] [stdout]   |
[INFO] [stdout] 5 | use font_kit::properties::Properties;
[INFO] [stdout]   |     ^^^^^^^^^^^^^^^^^^^^^^^^^^^^^^^^
[INFO] [stdout] 
[INFO] [stdout] 
[INFO] [stdout] warning: unused import: `font_kit::source::SystemSource`
[INFO] [stdout]  --> src/chess.rs:6:5
[INFO] [stdout]   |
[INFO] [stdout] 6 | use font_kit::source::SystemSource;
[INFO] [stdout]   |     ^^^^^^^^^^^^^^^^^^^^^^^^^^^^^^
[INFO] [stdout] 
[INFO] [stdout] 
[INFO] [stdout] warning: unused import: `image::io::Reader as ImageReader`
[INFO] [stdout]  --> src/chess.rs:7:5
[INFO] [stdout]   |
[INFO] [stdout] 7 | use image::io::Reader as ImageReader;
[INFO] [stdout]   |     ^^^^^^^^^^^^^^^^^^^^^^^^^^^^^^^^
[INFO] [stdout] 
[INFO] [stdout] 
[INFO] [stdout] warning: unused import: `image::imageops::FilterType`
[INFO] [stdout]  --> src/chess.rs:8:5
[INFO] [stdout]   |
[INFO] [stdout] 8 | use image::imageops::FilterType;
[INFO] [stdout]   |     ^^^^^^^^^^^^^^^^^^^^^^^^^^^
[INFO] [stdout] 
[INFO] [stdout] 
[INFO] [stdout] warning: unused import: `std::str::from_utf8`
[INFO] [stdout]  --> src/net_chess.rs:2:5
[INFO] [stdout]   |
[INFO] [stdout] 2 | use std::str::from_utf8;
[INFO] [stdout]   |     ^^^^^^^^^^^^^^^^^^^
[INFO] [stdout] 
[INFO] [stdout] 
[INFO] [stdout] warning: unused import: `WindowOptions`
[INFO] [stdout]  --> src/net_chess.rs:3:46
[INFO] [stdout]   |
[INFO] [stdout] 3 | use minifb::{MouseMode, MouseButton, Window, WindowOptions};
[INFO] [stdout]   |                                              ^^^^^^^^^^^^^
[INFO] [stdout] 
[INFO] [stdout] 
[INFO] [stdout] warning: unused import: `Format`
[INFO] [stdout]  --> src/net_chess.rs:5:28
[INFO] [stdout]   |
[INFO] [stdout] 5 | use cairo::{ ImageSurface, Format, Context };
[INFO] [stdout]   |                            ^^^^^^
[INFO] [stdout] 
[INFO] [stdout] 
[INFO] [stdout] warning: unused imports: `MouseButton`, `MouseMode`
[INFO] [stdout]  --> src/main.rs:6:14
[INFO] [stdout]   |
[INFO] [stdout] 6 | use minifb::{MouseMode, MouseButton, Window, WindowOptions};
[INFO] [stdout]   |              ^^^^^^^^^  ^^^^^^^^^^^
[INFO] [stdout] 
[INFO] [stdout] 
[INFO] [stdout] warning: unused import: `Context`
[INFO] [stdout]  --> src/main.rs:8:36
[INFO] [stdout]   |
[INFO] [stdout] 8 | use cairo::{ ImageSurface, Format, Context };
[INFO] [stdout]   |                                    ^^^^^^^
[INFO] [stdout] 
[INFO] [stdout] 
[INFO] [stdout] warning: unreachable expression
[INFO] [stdout]    --> src/net_chess.rs:310:5
[INFO] [stdout]     |
[INFO] [stdout] 307 | /     loop {
[INFO] [stdout] 308 | |         run_state = run_state.next()?;
[INFO] [stdout] 309 | |     }
[INFO] [stdout]     | |_____- any code following this expression is unreachable
[INFO] [stdout] 310 |       Ok(())
[INFO] [stdout]     |       ^^^^^^ unreachable expression
[INFO] [stdout]     |
[INFO] [stdout]     = note: `#[warn(unreachable_code)]` on by default
[INFO] [stdout] 
[INFO] [stdout] 
[INFO] [stdout] warning: unreachable expression
[INFO] [stdout]    --> src/net_chess.rs:328:5
[INFO] [stdout]     |
[INFO] [stdout] 325 | /     loop {
[INFO] [stdout] 326 | |         run_state = run_state.next()?;
[INFO] [stdout] 327 | |     }
[INFO] [stdout]     | |_____- any code following this expression is unreachable
[INFO] [stdout] 328 |       Ok(())
[INFO] [stdout]     |       ^^^^^^ unreachable expression
[INFO] [stdout] 
[INFO] [stdout] 
[INFO] [stdout] warning: unused variable: `dt`
[INFO] [stdout]   --> src/chess.rs:28:20
[INFO] [stdout]    |
[INFO] [stdout] 28 |     fn draw(&self, dt: &mut Context, position: ScreenPosition) -> Result<(), Box<dyn Error>> {Ok(())}
[INFO] [stdout]    |                    ^^ help: if this is intentional, prefix it with an underscore: `_dt`
[INFO] [stdout]    |
[INFO] [stdout]    = note: `#[warn(unused_variables)]` on by default
[INFO] [stdout] 
[INFO] [stdout] 
[INFO] [stdout] warning: unused variable: `position`
[INFO] [stdout]   --> src/chess.rs:28:38
[INFO] [stdout]    |
[INFO] [stdout] 28 |     fn draw(&self, dt: &mut Context, position: ScreenPosition) -> Result<(), Box<dyn Error>> {Ok(())}
[INFO] [stdout]    |                                      ^^^^^^^^ help: if this is intentional, prefix it with an underscore: `_position`
[INFO] [stdout] 
[INFO] [stdout] 
[INFO] [stdout] warning: unused variable: `surface`
[INFO] [stdout]   --> src/raqote_example.rs:25:46
[INFO] [stdout]    |
[INFO] [stdout] 25 | fn get_next_legal_click(window: &mut Window, surface: &mut ImageSurface, board: &chess::Board) -> chess::BoardPosition {
[INFO] [stdout]    |                                              ^^^^^^^ help: if this is intentional, prefix it with an underscore: `_surface`
[INFO] [stdout] 
[INFO] [stdout] 
[INFO] [stdout] warning: unused variable: `board`
[INFO] [stdout]   --> src/raqote_example.rs:25:74
[INFO] [stdout]    |
[INFO] [stdout] 25 | fn get_next_legal_click(window: &mut Window, surface: &mut ImageSurface, board: &chess::Board) -> chess::BoardPosition {
[INFO] [stdout]    |                                                                          ^^^^^ help: if this is intentional, prefix it with an underscore: `_board`
[INFO] [stdout] 
[INFO] [stdout] 
[INFO] [stdout] warning: constant `ONE_MILLI` is never used
[INFO] [stdout]  --> src/raqote_example.rs:6:7
[INFO] [stdout]   |
[INFO] [stdout] 6 | const ONE_MILLI : time::Duration = time::Duration::from_millis(20);
[INFO] [stdout]   |       ^^^^^^^^^
[INFO] [stdout]   |
[INFO] [stdout]   = note: `#[warn(dead_code)]` on by default
[INFO] [stdout] 
[INFO] [stdout] 
[INFO] [stdout] warning: constant `WIDTH` is never used
[INFO] [stdout]   --> src/raqote_example.rs:10:7
[INFO] [stdout]    |
[INFO] [stdout] 10 | const WIDTH: usize = 400;
[INFO] [stdout]    |       ^^^^^
[INFO] [stdout] 
[INFO] [stdout] 
[INFO] [stdout] warning: constant `HEIGHT` is never used
[INFO] [stdout]   --> src/raqote_example.rs:11:7
[INFO] [stdout]    |
[INFO] [stdout] 11 | const HEIGHT: usize = 400;
[INFO] [stdout]    |       ^^^^^^
[INFO] [stdout] 
[INFO] [stdout] 
[INFO] [stdout] warning: function `click_to_board` is never used
[INFO] [stdout]   --> src/raqote_example.rs:16:4
[INFO] [stdout]    |
[INFO] [stdout] 16 | fn click_to_board(pos: chess::ScreenPosition) -> Result<chess::BoardPosition, ()> {
[INFO] [stdout]    |    ^^^^^^^^^^^^^^
[INFO] [stdout] 
[INFO] [stdout] 
[INFO] [stdout] warning: function `get_next_legal_click` is never used
[INFO] [stdout]   --> src/raqote_example.rs:25:4
[INFO] [stdout]    |
[INFO] [stdout] 25 | fn get_next_legal_click(window: &mut Window, surface: &mut ImageSurface, board: &chess::Board) -> chess::BoardPosition {
[INFO] [stdout]    |    ^^^^^^^^^^^^^^^^^^^^
[INFO] [stdout] 
[INFO] [stdout] 
[INFO] [stdout] warning: function `draw` is never used
[INFO] [stdout]   --> src/raqote_example.rs:42:4
[INFO] [stdout]    |
[INFO] [stdout] 42 | fn draw(window: &mut Window, surface: &mut ImageSurface, board: &chess::Board) -> Result<(), Box<dyn Error>> {
[INFO] [stdout]    |    ^^^^
[INFO] [stdout] 
[INFO] [stdout] 
[INFO] [stdout] warning: function `main` is never used
[INFO] [stdout]   --> src/raqote_example.rs:62:8
[INFO] [stdout]    |
[INFO] [stdout] 62 | pub fn main() -> Result<(), Box<dyn Error>> {
[INFO] [stdout]    |        ^^^^
[INFO] [stdout] 
[INFO] [stdout] 
[INFO] [stdout] warning: field `data` is never read
[INFO] [stdout]   --> src/chess.rs:69:5
[INFO] [stdout]    |
[INFO] [stdout] 66 | pub struct PngDrawable {
[INFO] [stdout]    |            ----------- field in this struct
[INFO] [stdout] ...
[INFO] [stdout] 69 |     data: Vec<u32>,
[INFO] [stdout]    |     ^^^^
[INFO] [stdout] 
[INFO] [stdout] 
[INFO] [stdout] warning: constant `default_state` is never used
[INFO] [stdout]    --> src/chess.rs:401:7
[INFO] [stdout]     |
[INFO] [stdout] 401 | const default_state: &str = "\
[INFO] [stdout]     |       ^^^^^^^^^^^^^
[INFO] [stdout] 
[INFO] [stdout] 
[INFO] [stdout] warning: method `setup_new_game` is never used
[INFO] [stdout]    --> src/chess.rs:447:12
[INFO] [stdout]     |
[INFO] [stdout] 436 | impl Board {
[INFO] [stdout]     | ---------- method in this implementation
[INFO] [stdout] ...
[INFO] [stdout] 447 |     pub fn setup_new_game(&mut self) -> () {
[INFO] [stdout]     |            ^^^^^^^^^^^^^^
[INFO] [stdout] 
[INFO] [stdout] 
[INFO] [stdout] warning: function `run_server` is never used
[INFO] [stdout]    --> src/net_chess.rs:293:8
[INFO] [stdout]     |
[INFO] [stdout] 293 | pub fn run_server(board: chess::Board,
[INFO] [stdout]     |        ^^^^^^^^^^
[INFO] [stdout] 
[INFO] [stdout] 
[INFO] [stdout] warning: function `run_client` is never used
[INFO] [stdout]    --> src/net_chess.rs:313:8
[INFO] [stdout]     |
[INFO] [stdout] 313 | pub fn run_client(board: chess::Board,
[INFO] [stdout]     |        ^^^^^^^^^^
[INFO] [stdout] 
[INFO] [stdout] 
[INFO] [stdout] warning: constant `default_state` should have an upper case name
[INFO] [stdout]    --> src/chess.rs:401:7
[INFO] [stdout]     |
[INFO] [stdout] 401 | const default_state: &str = "\
[INFO] [stdout]     |       ^^^^^^^^^^^^^ help: convert the identifier to upper case: `DEFAULT_STATE`
[INFO] [stdout]     |
[INFO] [stdout]     = note: `#[warn(non_upper_case_globals)]` on by default
[INFO] [stdout] 
[INFO] [stdout] 
[INFO] [stdout] warning: constant `base_dir` should have an upper case name
[INFO] [stdout]    --> src/chess.rs:411:7
[INFO] [stdout]     |
[INFO] [stdout] 411 | const base_dir: &str = "/Users/gabriel.marks/my-project/images/";
[INFO] [stdout]     |       ^^^^^^^^ help: convert the identifier to upper case: `BASE_DIR`
[INFO] [stdout] 
[INFO] [stdout] 
[INFO] [stdout] warning: constant `piece_imagepaths` should have an upper case name
[INFO] [stdout]    --> src/chess.rs:413:7
[INFO] [stdout]     |
[INFO] [stdout] 413 | const piece_imagepaths: [(char, &str); 12] = [
[INFO] [stdout]     |       ^^^^^^^^^^^^^^^^ help: convert the identifier to upper case: `PIECE_IMAGEPATHS`
[INFO] [stdout] 
[INFO] [stdout] 
[INFO] [stdout] warning: constant `light_color` should have an upper case name
[INFO] [stdout]    --> src/chess.rs:471:7
[INFO] [stdout]     |
[INFO] [stdout] 471 | const light_color: (f64, f64, f64) = (180.0 / 255.0, 175.0 / 255.0, 165.0 / 255.0);
[INFO] [stdout]     |       ^^^^^^^^^^^ help: convert the identifier to upper case: `LIGHT_COLOR`
[INFO] [stdout] 
[INFO] [stdout] 
[INFO] [stdout] warning: constant `dark_color` should have an upper case name
[INFO] [stdout]    --> src/chess.rs:472:7
[INFO] [stdout]     |
[INFO] [stdout] 472 | const dark_color: (f64, f64, f64) = (145.0 / 255.0, 140.0 / 255.0, 125.0 / 255.0);
[INFO] [stdout]     |       ^^^^^^^^^^ help: convert the identifier to upper case: `DARK_COLOR`
[INFO] [stdout] 
[INFO] [stdout] 
[INFO] [stdout] warning: constant `highlight_color` should have an upper case name
[INFO] [stdout]    --> src/chess.rs:473:7
[INFO] [stdout]     |
[INFO] [stdout] 473 | const highlight_color: (f64, f64, f64) = (180.0 / 255.0, 80.0 / 255.0, 80.0 / 255.0);
[INFO] [stdout]     |       ^^^^^^^^^^^^^^^ help: convert the identifier to upper case: `HIGHLIGHT_COLOR`
[INFO] [stdout] 
[INFO] [stdout] 
[INFO] [stdout] warning: 38 warnings emitted
[INFO] [stdout] 
[INFO] [stdout] 
[INFO] [stderr]     Finished test [unoptimized + debuginfo] target(s) in 4.25s
[INFO] [stderr] warning: the following packages contain code that will be rejected by a future version of Rust: nom v5.1.2
[INFO] [stderr] note: to see what the problems were, use the option `--future-incompat-report`, or run `cargo report future-incompatibilities --id 1`
[INFO] running `Command { std: "docker" "inspect" "e2fedc5a8c951a44686fbe959696cd910df01d97d1100bc39d534a7093da7076", kill_on_drop: false }`
[INFO] running `Command { std: "docker" "rm" "-f" "e2fedc5a8c951a44686fbe959696cd910df01d97d1100bc39d534a7093da7076", kill_on_drop: false }`
[INFO] [stdout] e2fedc5a8c951a44686fbe959696cd910df01d97d1100bc39d534a7093da7076
[INFO] running `Command { std: "docker" "create" "-v" "/var/lib/crater-agent-workspace/builds/worker-1-tc2/target:/opt/rustwide/target:rw,Z" "-v" "/var/lib/crater-agent-workspace/builds/worker-1-tc2/source:/opt/rustwide/workdir:ro,Z" "-v" "/var/lib/crater-agent-workspace/cargo-home:/opt/rustwide/cargo-home:ro,Z" "-v" "/var/lib/crater-agent-workspace/rustup-home:/opt/rustwide/rustup-home:ro,Z" "-e" "SOURCE_DIR=/opt/rustwide/workdir" "-e" "CARGO_TARGET_DIR=/opt/rustwide/target" "-e" "CARGO_INCREMENTAL=0" "-e" "RUST_BACKTRACE=full" "-e" "RUSTFLAGS=--cap-lints=warn" "-e" "RUSTDOCFLAGS=--cap-lints=warn" "-e" "CARGO_HOME=/opt/rustwide/cargo-home" "-e" "RUSTUP_HOME=/opt/rustwide/rustup-home" "-w" "/opt/rustwide/workdir" "-m" "1610612736" "--user" "0:0" "--network" "none" "ghcr.io/rust-lang/crates-build-env/linux@sha256:5ff2268d62e97bff2cde7d5815dd6ed5b47097566f13b8d0ca110b04b60e07ed" "/opt/rustwide/cargo-home/bin/cargo" "+beta-2023-04-20" "test" "--frozen", kill_on_drop: false }`
[INFO] [stdout] 2812f4477b5dabfcc70fea920a2db5025915ebc2c93a777ef30714615a817d7c
[INFO] running `Command { std: "docker" "start" "-a" "2812f4477b5dabfcc70fea920a2db5025915ebc2c93a777ef30714615a817d7c", kill_on_drop: false }`
[INFO] [stderr] warning: associated function `make` is never used
[INFO] [stderr]   --> src/graph.rs:76:8
[INFO] [stderr]    |
[INFO] [stderr] 75 | impl EdgeListGraph {
[INFO] [stderr]    | ------------------ associated function in this implementation
[INFO] [stderr] 76 |     fn make(el: Vec<Vec<usize>>) -> Result<EdgeListGraph, &'static str> {
[INFO] [stderr]    |        ^^^^
[INFO] [stderr]    |
[INFO] [stderr]    = note: `#[warn(dead_code)]` on by default
[INFO] [stderr] 
[INFO] [stderr] warning: `my-project` (lib) generated 1 warning
[INFO] [stderr] warning: unused import: `my_project`
[INFO] [stderr]  --> src/main.rs:1:5
[INFO] [stderr]   |
[INFO] [stderr] 1 | use my_project;
[INFO] [stderr]   |     ^^^^^^^^^^
[INFO] [stderr]   |
[INFO] [stderr]   = note: `#[warn(unused_imports)]` on by default
[INFO] [stderr] 
[INFO] [stderr] warning: unused import: `thread`
[INFO] [stderr]  --> src/raqote_example.rs:4:11
[INFO] [stderr]   |
[INFO] [stderr] 4 | use std::{thread, time};
[INFO] [stderr]   |           ^^^^^^
[INFO] [stderr] 
[INFO] [stderr] warning: unused imports: `MouseMode`, `ScaleMode`, `Scale`, `WindowOptions`, `Window`
[INFO] [stderr]  --> src/chess.rs:1:14
[INFO] [stderr]   |
[INFO] [stderr] 1 | use minifb::{MouseMode, Window, WindowOptions, ScaleMode, Scale};
[INFO] [stderr]   |              ^^^^^^^^^  ^^^^^^  ^^^^^^^^^^^^^  ^^^^^^^^^  ^^^^^
[INFO] [stderr] 
[INFO] [stderr] warning: unused import: `Format`
[INFO] [stderr]  --> src/chess.rs:3:28
[INFO] [stderr]   |
[INFO] [stderr] 3 | use cairo::{ ImageSurface, Format, Context };
[INFO] [stderr]   |                            ^^^^^^
[INFO] [stderr] 
[INFO] [stderr] warning: unused import: `font_kit::family_name::FamilyName`
[INFO] [stderr]  --> src/chess.rs:4:5
[INFO] [stderr]   |
[INFO] [stderr] 4 | use font_kit::family_name::FamilyName;
[INFO] [stderr]   |     ^^^^^^^^^^^^^^^^^^^^^^^^^^^^^^^^^
[INFO] [stderr] 
[INFO] [stderr] warning: unused import: `font_kit::properties::Properties`
[INFO] [stderr]  --> src/chess.rs:5:5
[INFO] [stderr]   |
[INFO] [stderr] 5 | use font_kit::properties::Properties;
[INFO] [stderr]   |     ^^^^^^^^^^^^^^^^^^^^^^^^^^^^^^^^
[INFO] [stderr] 
[INFO] [stderr] warning: unused import: `font_kit::source::SystemSource`
[INFO] [stderr]  --> src/chess.rs:6:5
[INFO] [stderr]   |
[INFO] [stderr] 6 | use font_kit::source::SystemSource;
[INFO] [stderr]   |     ^^^^^^^^^^^^^^^^^^^^^^^^^^^^^^
[INFO] [stderr] 
[INFO] [stderr] warning: unused import: `image::io::Reader as ImageReader`
[INFO] [stderr]  --> src/chess.rs:7:5
[INFO] [stderr]   |
[INFO] [stderr] 7 | use image::io::Reader as ImageReader;
[INFO] [stderr]   |     ^^^^^^^^^^^^^^^^^^^^^^^^^^^^^^^^
[INFO] [stderr] 
[INFO] [stderr] warning: unused import: `image::imageops::FilterType`
[INFO] [stderr]  --> src/chess.rs:8:5
[INFO] [stderr]   |
[INFO] [stderr] 8 | use image::imageops::FilterType;
[INFO] [stderr]   |     ^^^^^^^^^^^^^^^^^^^^^^^^^^^
[INFO] [stderr] 
[INFO] [stderr] warning: unused import: `std::str::from_utf8`
[INFO] [stderr]  --> src/net_chess.rs:2:5
[INFO] [stderr]   |
[INFO] [stderr] 2 | use std::str::from_utf8;
[INFO] [stderr]   |     ^^^^^^^^^^^^^^^^^^^
[INFO] [stderr] 
[INFO] [stderr] warning: unused import: `WindowOptions`
[INFO] [stderr]  --> src/net_chess.rs:3:46
[INFO] [stderr]   |
[INFO] [stderr] 3 | use minifb::{MouseMode, MouseButton, Window, WindowOptions};
[INFO] [stderr]   |                                              ^^^^^^^^^^^^^
[INFO] [stderr] 
[INFO] [stderr] warning: unused import: `Format`
[INFO] [stderr]  --> src/net_chess.rs:5:28
[INFO] [stderr]   |
[INFO] [stderr] 5 | use cairo::{ ImageSurface, Format, Context };
[INFO] [stderr]   |                            ^^^^^^
[INFO] [stderr] 
[INFO] [stderr] warning: unused imports: `MouseButton`, `MouseMode`
[INFO] [stderr]  --> src/main.rs:6:14
[INFO] [stderr]   |
[INFO] [stderr] 6 | use minifb::{MouseMode, MouseButton, Window, WindowOptions};
[INFO] [stderr]   |              ^^^^^^^^^  ^^^^^^^^^^^
[INFO] [stderr] 
[INFO] [stderr] warning: unused import: `Context`
[INFO] [stderr]  --> src/main.rs:8:36
[INFO] [stderr]   |
[INFO] [stderr] 8 | use cairo::{ ImageSurface, Format, Context };
[INFO] [stderr]   |                                    ^^^^^^^
[INFO] [stderr] 
[INFO] [stderr] warning: unreachable expression
[INFO] [stderr]    --> src/net_chess.rs:310:5
[INFO] [stderr]     |
[INFO] [stderr] 307 | /     loop {
[INFO] [stderr] 308 | |         run_state = run_state.next()?;
[INFO] [stderr] 309 | |     }
[INFO] [stderr]     | |_____- any code following this expression is unreachable
[INFO] [stderr] 310 |       Ok(())
[INFO] [stderr]     |       ^^^^^^ unreachable expression
[INFO] [stderr]     |
[INFO] [stderr]     = note: `#[warn(unreachable_code)]` on by default
[INFO] [stderr] 
[INFO] [stderr] warning: unreachable expression
[INFO] [stderr]    --> src/net_chess.rs:328:5
[INFO] [stderr]     |
[INFO] [stderr] 325 | /     loop {
[INFO] [stderr] 326 | |         run_state = run_state.next()?;
[INFO] [stderr] 327 | |     }
[INFO] [stderr]     | |_____- any code following this expression is unreachable
[INFO] [stderr] 328 |       Ok(())
[INFO] [stderr]     |       ^^^^^^ unreachable expression
[INFO] [stderr] 
[INFO] [stderr] warning: unused variable: `dt`
[INFO] [stderr]   --> src/chess.rs:28:20
[INFO] [stderr]    |
[INFO] [stderr] 28 |     fn draw(&self, dt: &mut Context, position: ScreenPosition) -> Result<(), Box<dyn Error>> {Ok(())}
[INFO] [stderr]    |                    ^^ help: if this is intentional, prefix it with an underscore: `_dt`
[INFO] [stderr]    |
[INFO] [stderr]    = note: `#[warn(unused_variables)]` on by default
[INFO] [stderr] 
[INFO] [stderr] warning: unused variable: `position`
[INFO] [stderr]   --> src/chess.rs:28:38
[INFO] [stderr]    |
[INFO] [stderr] 28 |     fn draw(&self, dt: &mut Context, position: ScreenPosition) -> Result<(), Box<dyn Error>> {Ok(())}
[INFO] [stderr]    |                                      ^^^^^^^^ help: if this is intentional, prefix it with an underscore: `_position`
[INFO] [stderr] 
[INFO] [stderr] warning: unused variable: `surface`
[INFO] [stderr]   --> src/raqote_example.rs:25:46
[INFO] [stderr]    |
[INFO] [stderr] 25 | fn get_next_legal_click(window: &mut Window, surface: &mut ImageSurface, board: &chess::Board) -> chess::BoardPosition {
[INFO] [stderr]    |                                              ^^^^^^^ help: if this is intentional, prefix it with an underscore: `_surface`
[INFO] [stderr] 
[INFO] [stderr] warning: unused variable: `board`
[INFO] [stderr]   --> src/raqote_example.rs:25:74
[INFO] [stderr]    |
[INFO] [stderr] 25 | fn get_next_legal_click(window: &mut Window, surface: &mut ImageSurface, board: &chess::Board) -> chess::BoardPosition {
[INFO] [stderr]    |                                                                          ^^^^^ help: if this is intentional, prefix it with an underscore: `_board`
[INFO] [stderr] 
[INFO] [stderr] warning: constant `ONE_MILLI` is never used
[INFO] [stderr]  --> src/raqote_example.rs:6:7
[INFO] [stderr]   |
[INFO] [stderr] 6 | const ONE_MILLI : time::Duration = time::Duration::from_millis(20);
[INFO] [stderr]   |       ^^^^^^^^^
[INFO] [stderr]   |
[INFO] [stderr]   = note: `#[warn(dead_code)]` on by default
[INFO] [stderr] 
[INFO] [stderr] warning: constant `WIDTH` is never used
[INFO] [stderr]   --> src/raqote_example.rs:10:7
[INFO] [stderr]    |
[INFO] [stderr] 10 | const WIDTH: usize = 400;
[INFO] [stderr]    |       ^^^^^
[INFO] [stderr] 
[INFO] [stderr] warning: constant `HEIGHT` is never used
[INFO] [stderr]   --> src/raqote_example.rs:11:7
[INFO] [stderr]    |
[INFO] [stderr] 11 | const HEIGHT: usize = 400;
[INFO] [stderr]    |       ^^^^^^
[INFO] [stderr] 
[INFO] [stderr] warning: function `click_to_board` is never used
[INFO] [stderr]   --> src/raqote_example.rs:16:4
[INFO] [stderr]    |
[INFO] [stderr] 16 | fn click_to_board(pos: chess::ScreenPosition) -> Result<chess::BoardPosition, ()> {
[INFO] [stderr]    |    ^^^^^^^^^^^^^^
[INFO] [stderr] 
[INFO] [stderr] warning: function `get_next_legal_click` is never used
[INFO] [stderr]   --> src/raqote_example.rs:25:4
[INFO] [stderr]    |
[INFO] [stderr] 25 | fn get_next_legal_click(window: &mut Window, surface: &mut ImageSurface, board: &chess::Board) -> chess::BoardPosition {
[INFO] [stderr]    |    ^^^^^^^^^^^^^^^^^^^^
[INFO] [stderr] 
[INFO] [stderr] warning: function `draw` is never used
[INFO] [stderr]   --> src/raqote_example.rs:42:4
[INFO] [stderr]    |
[INFO] [stderr] 42 | fn draw(window: &mut Window, surface: &mut ImageSurface, board: &chess::Board) -> Result<(), Box<dyn Error>> {
[INFO] [stderr]    |    ^^^^
[INFO] [stderr] 
[INFO] [stderr] warning: function `main` is never used
[INFO] [stderr]   --> src/raqote_example.rs:62:8
[INFO] [stderr]    |
[INFO] [stderr] 62 | pub fn main() -> Result<(), Box<dyn Error>> {
[INFO] [stderr]    |        ^^^^
[INFO] [stderr] 
[INFO] [stderr] warning: field `data` is never read
[INFO] [stderr]   --> src/chess.rs:69:5
[INFO] [stderr]    |
[INFO] [stderr] 66 | pub struct PngDrawable {
[INFO] [stderr]    |            ----------- field in this struct
[INFO] [stderr] ...
[INFO] [stderr] 69 |     data: Vec<u32>,
[INFO] [stderr]    |     ^^^^
[INFO] [stderr] 
[INFO] [stderr] warning: constant `default_state` is never used
[INFO] [stderr]    --> src/chess.rs:401:7
[INFO] [stderr]     |
[INFO] [stderr] 401 | const default_state: &str = "\
[INFO] [stderr]     |       ^^^^^^^^^^^^^
[INFO] [stderr] 
[INFO] [stderr] warning: method `setup_new_game` is never used
[INFO] [stderr]    --> src/chess.rs:447:12
[INFO] [stderr]     |
[INFO] [stderr] 436 | impl Board {
[INFO] [stderr]     | ---------- method in this implementation
[INFO] [stderr] ...
[INFO] [stderr] 447 |     pub fn setup_new_game(&mut self) -> () {
[INFO] [stderr]     |            ^^^^^^^^^^^^^^
[INFO] [stderr] 
[INFO] [stderr] warning: function `run_server` is never used
[INFO] [stderr]    --> src/net_chess.rs:293:8
[INFO] [stderr]     |
[INFO] [stderr] 293 | pub fn run_server(board: chess::Board,
[INFO] [stderr]     |        ^^^^^^^^^^
[INFO] [stderr] 
[INFO] [stderr] warning: function `run_client` is never used
[INFO] [stderr]    --> src/net_chess.rs:313:8
[INFO] [stderr]     |
[INFO] [stderr] 313 | pub fn run_client(board: chess::Board,
[INFO] [stderr]     |        ^^^^^^^^^^
[INFO] [stderr] 
[INFO] [stderr] warning: constant `default_state` should have an upper case name
[INFO] [stderr]    --> src/chess.rs:401:7
[INFO] [stderr]     |
[INFO] [stderr] 401 | const default_state: &str = "\
[INFO] [stderr]     |       ^^^^^^^^^^^^^ help: convert the identifier to upper case: `DEFAULT_STATE`
[INFO] [stderr]     |
[INFO] [stderr]     = note: `#[warn(non_upper_case_globals)]` on by default
[INFO] [stderr] 
[INFO] [stderr] warning: constant `base_dir` should have an upper case name
[INFO] [stderr]    --> src/chess.rs:411:7
[INFO] [stderr]     |
[INFO] [stderr] 411 | const base_dir: &str = "/Users/gabriel.marks/my-project/images/";
[INFO] [stderr]     |       ^^^^^^^^ help: convert the identifier to upper case: `BASE_DIR`
[INFO] [stderr] 
[INFO] [stderr] warning: constant `piece_imagepaths` should have an upper case name
[INFO] [stderr]    --> src/chess.rs:413:7
[INFO] [stderr]     |
[INFO] [stderr] 413 | const piece_imagepaths: [(char, &str); 12] = [
[INFO] [stderr]     |       ^^^^^^^^^^^^^^^^ help: convert the identifier to upper case: `PIECE_IMAGEPATHS`
[INFO] [stderr] 
[INFO] [stderr] warning: constant `light_color` should have an upper case name
[INFO] [stderr]    --> src/chess.rs:471:7
[INFO] [stderr]     |
[INFO] [stderr] 471 | const light_color: (f64, f64, f64) = (180.0 / 255.0, 175.0 / 255.0, 165.0 / 255.0);
[INFO] [stderr]     |       ^^^^^^^^^^^ help: convert the identifier to upper case: `LIGHT_COLOR`
[INFO] [stderr] 
[INFO] [stderr] warning: constant `dark_color` should have an upper case name
[INFO] [stderr]    --> src/chess.rs:472:7
[INFO] [stderr]     |
[INFO] [stderr] 472 | const dark_color: (f64, f64, f64) = (145.0 / 255.0, 140.0 / 255.0, 125.0 / 255.0);
[INFO] [stderr]     |       ^^^^^^^^^^ help: convert the identifier to upper case: `DARK_COLOR`
[INFO] [stderr] 
[INFO] [stderr] warning: constant `highlight_color` should have an upper case name
[INFO] [stderr]    --> src/chess.rs:473:7
[INFO] [stderr]     |
[INFO] [stderr] 473 | const highlight_color: (f64, f64, f64) = (180.0 / 255.0, 80.0 / 255.0, 80.0 / 255.0);
[INFO] [stderr]     |       ^^^^^^^^^^^^^^^ help: convert the identifier to upper case: `HIGHLIGHT_COLOR`
[INFO] [stderr] 
[INFO] [stderr] warning: `my-project` (bin "my-project" test) generated 38 warnings (run `cargo fix --bin "my-project" --tests` to apply 18 suggestions)
[INFO] [stderr]     Finished test [unoptimized + debuginfo] target(s) in 0.21s
[INFO] [stderr] warning: the following packages contain code that will be rejected by a future version of Rust: nom v5.1.2
[INFO] [stderr] note: to see what the problems were, use the option `--future-incompat-report`, or run `cargo report future-incompatibilities --id 1`
[INFO] [stderr]      Running unittests src/lib.rs (/opt/rustwide/target/debug/deps/my_project-33f3a1256878bfec)
[INFO] [stdout] 
[INFO] [stdout] running 2 tests
[INFO] [stdout] test graph::tests::test_elg ... ok
[INFO] [stdout] test tests::test_sieve ... ok
[INFO] [stdout] 
[INFO] [stdout] test result: ok. 2 passed; 0 failed; 0 ignored; 0 measured; 0 filtered out; finished in 0.01s
[INFO] [stdout] 
[INFO] [stderr]      Running unittests src/main.rs (/opt/rustwide/target/debug/deps/my_project-1c68ef3e2b19080e)
[INFO] [stdout] 
[INFO] [stdout] running 3 tests
[INFO] [stdout] test net_chess::chess::tests::test_checkmate ... FAILED
[INFO] [stdout] test raqote_example::net_chess::chess::tests::test_checkmate ... FAILED
[INFO] [stdout] test raqote_example::chess::tests::test_checkmate ... FAILED
[INFO] [stdout] 
[INFO] [stdout] failures:
[INFO] [stdout] 
[INFO] [stdout] ---- net_chess::chess::tests::test_checkmate stdout ----
[INFO] [stdout] thread 'net_chess::chess::tests::test_checkmate' panicked at 'called `Result::unwrap()` on an `Err` value: Os { code: 2, kind: NotFound, message: "No such file or directory" }', src/chess.rs:441:126
[INFO] [stdout] stack backtrace:
[INFO] [stdout]    0:     0x55ba2a68364a - std::backtrace_rs::backtrace::libunwind::trace::h2f05d0192276a8f6
[INFO] [stdout]                                at /rustc/1b7dd2252b99671ce5d1cb9664c5f8636329436d/library/std/src/../../backtrace/src/backtrace/libunwind.rs:93:5
[INFO] [stdout]    1:     0x55ba2a68364a - std::backtrace_rs::backtrace::trace_unsynchronized::hedc23dff7a1af150
[INFO] [stdout]                                at /rustc/1b7dd2252b99671ce5d1cb9664c5f8636329436d/library/std/src/../../backtrace/src/backtrace/mod.rs:66:5
[INFO] [stdout]    2:     0x55ba2a68364a - std::sys_common::backtrace::_print_fmt::h17541ef7592f3ce2
[INFO] [stdout]                                at /rustc/1b7dd2252b99671ce5d1cb9664c5f8636329436d/library/std/src/sys_common/backtrace.rs:65:5
[INFO] [stdout]    3:     0x55ba2a68364a - <std::sys_common::backtrace::_print::DisplayBacktrace as core::fmt::Display>::fmt::h20f75df5ab0c0792
[INFO] [stdout]                                at /rustc/1b7dd2252b99671ce5d1cb9664c5f8636329436d/library/std/src/sys_common/backtrace.rs:44:22
[INFO] [stdout]    4:     0x55ba2a6a733f - core::fmt::write::h78109e6f466b3af6
[INFO] [stdout]                                at /rustc/1b7dd2252b99671ce5d1cb9664c5f8636329436d/library/core/src/fmt/mod.rs:1254:17
[INFO] [stdout]    5:     0x55ba2a680985 - std::io::Write::write_fmt::hd24bfb68a1b35a25
[INFO] [stdout]                                at /rustc/1b7dd2252b99671ce5d1cb9664c5f8636329436d/library/std/src/io/mod.rs:1698:15
[INFO] [stdout]    6:     0x55ba2a683415 - std::sys_common::backtrace::_print::h8dac57a9f8fbf9a5
[INFO] [stdout]                                at /rustc/1b7dd2252b99671ce5d1cb9664c5f8636329436d/library/std/src/sys_common/backtrace.rs:47:5
[INFO] [stdout]    7:     0x55ba2a683415 - std::sys_common::backtrace::print::hf9ecbf41d1aa712f
[INFO] [stdout]                                at /rustc/1b7dd2252b99671ce5d1cb9664c5f8636329436d/library/std/src/sys_common/backtrace.rs:34:9
[INFO] [stdout]    8:     0x55ba2a6850ce - std::panicking::default_hook::{{closure}}::h04c07acfc84ca028
[INFO] [stdout]                                at /rustc/1b7dd2252b99671ce5d1cb9664c5f8636329436d/library/std/src/panicking.rs:269:22
[INFO] [stdout]    9:     0x55ba2a684e01 - std::panicking::default_hook::h01f6bb23e1eceb2c
[INFO] [stdout]                                at /rustc/1b7dd2252b99671ce5d1cb9664c5f8636329436d/library/std/src/panicking.rs:285:9
[INFO] [stdout]   10:     0x55ba2a6493eb - <alloc::boxed::Box<F,A> as core::ops::function::Fn<Args>>::call::h87fe9f7b2fd49e4c
[INFO] [stdout]                                at /rustc/1b7dd2252b99671ce5d1cb9664c5f8636329436d/library/alloc/src/boxed.rs:1987:9
[INFO] [stdout]   11:     0x55ba2a6493eb - test::test_main::{{closure}}::he94d679243a7531b
[INFO] [stdout]                                at /rustc/1b7dd2252b99671ce5d1cb9664c5f8636329436d/library/test/src/lib.rs:134:21
[INFO] [stdout]   12:     0x55ba2a6857b4 - <alloc::boxed::Box<F,A> as core::ops::function::Fn<Args>>::call::h3f2d6d8b14c4769f
[INFO] [stdout]                                at /rustc/1b7dd2252b99671ce5d1cb9664c5f8636329436d/library/alloc/src/boxed.rs:1987:9
[INFO] [stdout]   13:     0x55ba2a6857b4 - std::panicking::rust_panic_with_hook::h2bb3722bbaf2f6df
[INFO] [stdout]                                at /rustc/1b7dd2252b99671ce5d1cb9664c5f8636329436d/library/std/src/panicking.rs:695:13
[INFO] [stdout]   14:     0x55ba2a685529 - std::panicking::begin_panic_handler::{{closure}}::h91bc7f36a4be011b
[INFO] [stdout]                                at /rustc/1b7dd2252b99671ce5d1cb9664c5f8636329436d/library/std/src/panicking.rs:582:13
[INFO] [stdout]   15:     0x55ba2a683ab6 - std::sys_common::backtrace::__rust_end_short_backtrace::h8b3d3717114f9e59
[INFO] [stdout]                                at /rustc/1b7dd2252b99671ce5d1cb9664c5f8636329436d/library/std/src/sys_common/backtrace.rs:150:18
[INFO] [stdout]   16:     0x55ba2a685282 - rust_begin_unwind
[INFO] [stdout]                                at /rustc/1b7dd2252b99671ce5d1cb9664c5f8636329436d/library/std/src/panicking.rs:578:5
[INFO] [stdout]   17:     0x55ba2a5f9ba3 - core::panicking::panic_fmt::hfd368e3fbdabea26
[INFO] [stdout]                                at /rustc/1b7dd2252b99671ce5d1cb9664c5f8636329436d/library/core/src/panicking.rs:67:14
[INFO] [stdout]   18:     0x55ba2a5fa0e3 - core::result::unwrap_failed::he54eb4b2f125b26f
[INFO] [stdout]                                at /rustc/1b7dd2252b99671ce5d1cb9664c5f8636329436d/library/core/src/result.rs:1687:5
[INFO] [stdout]   19:     0x55ba2a6041ab - core::result::Result<T,E>::unwrap::h5c4940f6932d1d41
[INFO] [stdout]                                at /rustc/1b7dd2252b99671ce5d1cb9664c5f8636329436d/library/core/src/result.rs:1089:23
[INFO] [stdout]   20:     0x55ba2a60b87e - my_project::net_chess::chess::Board::new::h9de6f0c20cdb99d8
[INFO] [stdout]                                at /opt/rustwide/workdir/src/chess.rs:441:48
[INFO] [stdout]   21:     0x55ba2a60715a - my_project::net_chess::chess::tests::test_checkmate::h99b487c1e55ceaff
[INFO] [stdout]                                at /opt/rustwide/workdir/src/chess.rs:520:25
[INFO] [stdout]   22:     0x55ba2a607127 - my_project::net_chess::chess::tests::test_checkmate::{{closure}}::h97f3f90b1bd66f49
[INFO] [stdout]                                at /opt/rustwide/workdir/src/chess.rs:519:28
[INFO] [stdout]   23:     0x55ba2a614595 - core::ops::function::FnOnce::call_once::h83b86d6f68a1af08
[INFO] [stdout]                                at /rustc/1b7dd2252b99671ce5d1cb9664c5f8636329436d/library/core/src/ops/function.rs:250:5
[INFO] [stdout]   24:     0x55ba2a64e2bf - core::ops::function::FnOnce::call_once::ha6a70e79f7481a7e
[INFO] [stdout]                                at /rustc/1b7dd2252b99671ce5d1cb9664c5f8636329436d/library/core/src/ops/function.rs:250:5
[INFO] [stdout]   25:     0x55ba2a64e2bf - test::__rust_begin_short_backtrace::hce33033019b61e69
[INFO] [stdout]                                at /rustc/1b7dd2252b99671ce5d1cb9664c5f8636329436d/library/test/src/lib.rs:655:18
[INFO] [stdout]   26:     0x55ba2a61baac - test::run_test::{{closure}}::h858d3528838ae3e5
[INFO] [stdout]                                at /rustc/1b7dd2252b99671ce5d1cb9664c5f8636329436d/library/test/src/lib.rs:646:30
[INFO] [stdout]   27:     0x55ba2a61baac - core::ops::function::FnOnce::call_once{{vtable.shim}}::he8ac2b00f01ae79e
[INFO] [stdout]                                at /rustc/1b7dd2252b99671ce5d1cb9664c5f8636329436d/library/core/src/ops/function.rs:250:5
[INFO] [stdout]   28:     0x55ba2a64d396 - <alloc::boxed::Box<F,A> as core::ops::function::FnOnce<Args>>::call_once::h8093d25b522725ef
[INFO] [stdout]                                at /rustc/1b7dd2252b99671ce5d1cb9664c5f8636329436d/library/alloc/src/boxed.rs:1973:9
[INFO] [stdout]   29:     0x55ba2a64d396 - <core::panic::unwind_safe::AssertUnwindSafe<F> as core::ops::function::FnOnce<()>>::call_once::h5c334c204e4a3913
[INFO] [stdout]                                at /rustc/1b7dd2252b99671ce5d1cb9664c5f8636329436d/library/core/src/panic/unwind_safe.rs:271:9
[INFO] [stdout]   30:     0x55ba2a64d396 - std::panicking::try::do_call::ha8b740c7b9478074
[INFO] [stdout]                                at /rustc/1b7dd2252b99671ce5d1cb9664c5f8636329436d/library/std/src/panicking.rs:485:40
[INFO] [stdout]   31:     0x55ba2a64d396 - std::panicking::try::h5d34f63d0e41b64e
[INFO] [stdout]                                at /rustc/1b7dd2252b99671ce5d1cb9664c5f8636329436d/library/std/src/panicking.rs:449:19
[INFO] [stdout]   32:     0x55ba2a64d396 - std::panic::catch_unwind::hcfbb511e1aa7fc67
[INFO] [stdout]                                at /rustc/1b7dd2252b99671ce5d1cb9664c5f8636329436d/library/std/src/panic.rs:140:14
[INFO] [stdout]   33:     0x55ba2a64d396 - test::run_test_in_process::h9abda90f802eaf21
[INFO] [stdout]                                at /rustc/1b7dd2252b99671ce5d1cb9664c5f8636329436d/library/test/src/lib.rs:678:27
[INFO] [stdout]   34:     0x55ba2a64d396 - test::run_test::run_test_inner::{{closure}}::h0f058de91f6c6edf
[INFO] [stdout]                                at /rustc/1b7dd2252b99671ce5d1cb9664c5f8636329436d/library/test/src/lib.rs:572:39
[INFO] [stdout]   35:     0x55ba2a6162b5 - test::run_test::run_test_inner::{{closure}}::h5ca48a4c59c6c1fb
[INFO] [stdout]                                at /rustc/1b7dd2252b99671ce5d1cb9664c5f8636329436d/library/test/src/lib.rs:599:37
[INFO] [stdout]   36:     0x55ba2a6162b5 - std::sys_common::backtrace::__rust_begin_short_backtrace::h32bd51e1495d4a33
[INFO] [stdout]                                at /rustc/1b7dd2252b99671ce5d1cb9664c5f8636329436d/library/std/src/sys_common/backtrace.rs:134:18
[INFO] [stdout]   37:     0x55ba2a61b7f1 - std::thread::Builder::spawn_unchecked_::{{closure}}::{{closure}}::hc086fae9b128b2db
[INFO] [stdout]                                at /rustc/1b7dd2252b99671ce5d1cb9664c5f8636329436d/library/std/src/thread/mod.rs:526:17
[INFO] [stdout]   38:     0x55ba2a61b7f1 - <core::panic::unwind_safe::AssertUnwindSafe<F> as core::ops::function::FnOnce<()>>::call_once::hb66571888d270d43
[INFO] [stdout]                                at /rustc/1b7dd2252b99671ce5d1cb9664c5f8636329436d/library/core/src/panic/unwind_safe.rs:271:9
[INFO] [stdout]   39:     0x55ba2a61b7f1 - std::panicking::try::do_call::h4fa2ef4f6e51fecf
[INFO] [stdout]                                at /rustc/1b7dd2252b99671ce5d1cb9664c5f8636329436d/library/std/src/panicking.rs:485:40
[INFO] [stdout]   40:     0x55ba2a61b7f1 - std::panicking::try::h1e9e22b8584489b5
[INFO] [stdout]                                at /rustc/1b7dd2252b99671ce5d1cb9664c5f8636329436d/library/std/src/panicking.rs:449:19
[INFO] [stdout]   41:     0x55ba2a61b7f1 - std::panic::catch_unwind::h44698a3de0e0769e
[INFO] [stdout]                                at /rustc/1b7dd2252b99671ce5d1cb9664c5f8636329436d/library/std/src/panic.rs:140:14
[INFO] [stdout]   42:     0x55ba2a61b7f1 - std::thread::Builder::spawn_unchecked_::{{closure}}::h50153abde3fe239e
[INFO] [stdout]                                at /rustc/1b7dd2252b99671ce5d1cb9664c5f8636329436d/library/std/src/thread/mod.rs:525:30
[INFO] [stdout]   43:     0x55ba2a61b7f1 - core::ops::function::FnOnce::call_once{{vtable.shim}}::hbe5bbf6f38394364
[INFO] [stdout]                                at /rustc/1b7dd2252b99671ce5d1cb9664c5f8636329436d/library/core/src/ops/function.rs:250:5
[INFO] [stdout]   44:     0x55ba2a689d15 - <alloc::boxed::Box<F,A> as core::ops::function::FnOnce<Args>>::call_once::h0d83cb2920a49046
[INFO] [stdout]                                at /rustc/1b7dd2252b99671ce5d1cb9664c5f8636329436d/library/alloc/src/boxed.rs:1973:9
[INFO] [stdout]   45:     0x55ba2a689d15 - <alloc::boxed::Box<F,A> as core::ops::function::FnOnce<Args>>::call_once::hbe0a008aa7d9ef59
[INFO] [stdout]                                at /rustc/1b7dd2252b99671ce5d1cb9664c5f8636329436d/library/alloc/src/boxed.rs:1973:9
[INFO] [stdout]   46:     0x55ba2a689d15 - std::sys::unix::thread::Thread::new::thread_start::h3a466996bdf6b1f9
[INFO] [stdout]                                at /rustc/1b7dd2252b99671ce5d1cb9664c5f8636329436d/library/std/src/sys/unix/thread.rs:108:17
[INFO] [stdout]   47:     0x7f1c4c27bb43 - <unknown>
[INFO] [stdout]   48:     0x7f1c4c30cbb4 - __clone
[INFO] [stdout]   49:                0x0 - <unknown>
[INFO] [stdout] 
[INFO] [stdout] ---- raqote_example::net_chess::chess::tests::test_checkmate stdout ----
[INFO] [stdout] thread 'raqote_example::net_chess::chess::tests::test_checkmate' panicked at 'called `Result::unwrap()` on an `Err` value: Os { code: 2, kind: NotFound, message: "No such file or directory" }', src/chess.rs:441:126
[INFO] [stdout] stack backtrace:
[INFO] [stdout]    0:     0x55ba2a68364a - std::backtrace_rs::backtrace::libunwind::trace::h2f05d0192276a8f6
[INFO] [stdout]                                at /rustc/1b7dd2252b99671ce5d1cb9664c5f8636329436d/library/std/src/../../backtrace/src/backtrace/libunwind.rs:93:5
[INFO] [stdout]    1:     0x55ba2a68364a - std::backtrace_rs::backtrace::trace_unsynchronized::hedc23dff7a1af150
[INFO] [stdout]                                at /rustc/1b7dd2252b99671ce5d1cb9664c5f8636329436d/library/std/src/../../backtrace/src/backtrace/mod.rs:66:5
[INFO] [stdout]    2:     0x55ba2a68364a - std::sys_common::backtrace::_print_fmt::h17541ef7592f3ce2
[INFO] [stdout]                                at /rustc/1b7dd2252b99671ce5d1cb9664c5f8636329436d/library/std/src/sys_common/backtrace.rs:65:5
[INFO] [stdout]    3:     0x55ba2a68364a - <std::sys_common::backtrace::_print::DisplayBacktrace as core::fmt::Display>::fmt::h20f75df5ab0c0792
[INFO] [stdout]                                at /rustc/1b7dd2252b99671ce5d1cb9664c5f8636329436d/library/std/src/sys_common/backtrace.rs:44:22
[INFO] [stdout]    4:     0x55ba2a6a733f - core::fmt::write::h78109e6f466b3af6
[INFO] [stdout]                                at /rustc/1b7dd2252b99671ce5d1cb9664c5f8636329436d/library/core/src/fmt/mod.rs:1254:17
[INFO] [stdout]    5:     0x55ba2a680985 - std::io::Write::write_fmt::hd24bfb68a1b35a25
[INFO] [stdout]                                at /rustc/1b7dd2252b99671ce5d1cb9664c5f8636329436d/library/std/src/io/mod.rs:1698:15
[INFO] [stdout]    6:     0x55ba2a683415 - std::sys_common::backtrace::_print::h8dac57a9f8fbf9a5
[INFO] [stdout]                                at /rustc/1b7dd2252b99671ce5d1cb9664c5f8636329436d/library/std/src/sys_common/backtrace.rs:47:5
[INFO] [stdout]    7:     0x55ba2a683415 - std::sys_common::backtrace::print::hf9ecbf41d1aa712f
[INFO] [stdout]                                at /rustc/1b7dd2252b99671ce5d1cb9664c5f8636329436d/library/std/src/sys_common/backtrace.rs:34:9
[INFO] [stdout]    8:     0x55ba2a6850ce - std::panicking::default_hook::{{closure}}::h04c07acfc84ca028
[INFO] [stdout]                                at /rustc/1b7dd2252b99671ce5d1cb9664c5f8636329436d/library/std/src/panicking.rs:269:22
[INFO] [stdout]    9:     0x55ba2a684e01 - std::panicking::default_hook::h01f6bb23e1eceb2c
[INFO] [stdout]                                at /rustc/1b7dd2252b99671ce5d1cb9664c5f8636329436d/library/std/src/panicking.rs:285:9
[INFO] [stdout]   10:     0x55ba2a6493eb - <alloc::boxed::Box<F,A> as core::ops::function::Fn<Args>>::call::h87fe9f7b2fd49e4c
[INFO] [stdout]                                at /rustc/1b7dd2252b99671ce5d1cb9664c5f8636329436d/library/alloc/src/boxed.rs:1987:9
[INFO] [stdout]   11:     0x55ba2a6493eb - test::test_main::{{closure}}::he94d679243a7531b
[INFO] [stdout]                                at /rustc/1b7dd2252b99671ce5d1cb9664c5f8636329436d/library/test/src/lib.rs:134:21
[INFO] [stdout]   12:     0x55ba2a6857b4 - <alloc::boxed::Box<F,A> as core::ops::function::Fn<Args>>::call::h3f2d6d8b14c4769f
[INFO] [stdout]                                at /rustc/1b7dd2252b99671ce5d1cb9664c5f8636329436d/library/alloc/src/boxed.rs:1987:9
[INFO] [stdout]   13:     0x55ba2a6857b4 - std::panicking::rust_panic_with_hook::h2bb3722bbaf2f6df
[INFO] [stdout]                                at /rustc/1b7dd2252b99671ce5d1cb9664c5f8636329436d/library/std/src/panicking.rs:695:13
[INFO] [stdout]   14:     0x55ba2a685529 - std::panicking::begin_panic_handler::{{closure}}::h91bc7f36a4be011b
[INFO] [stdout]                                at /rustc/1b7dd2252b99671ce5d1cb9664c5f8636329436d/library/std/src/panicking.rs:582:13
[INFO] [stdout]   15:     0x55ba2a683ab6 - std::sys_common::backtrace::__rust_end_short_backtrace::h8b3d3717114f9e59
[INFO] [stdout]                                at /rustc/1b7dd2252b99671ce5d1cb9664c5f8636329436d/library/std/src/sys_common/backtrace.rs:150:18
[INFO] [stdout]   16:     0x55ba2a685282 - rust_begin_unwind
[INFO] [stdout]                                at /rustc/1b7dd2252b99671ce5d1cb9664c5f8636329436d/library/std/src/panicking.rs:578:5
[INFO] [stdout]   17:     0x55ba2a5f9ba3 - core::panicking::panic_fmt::hfd368e3fbdabea26
[INFO] [stdout]                                at /rustc/1b7dd2252b99671ce5d1cb9664c5f8636329436d/library/core/src/panicking.rs:67:14
[INFO] [stdout]   18:     0x55ba2a5fa0e3 - core::result::unwrap_failed::he54eb4b2f125b26f
[INFO] [stdout]                                at /rustc/1b7dd2252b99671ce5d1cb9664c5f8636329436d/library/core/src/result.rs:1687:5
[INFO] [stdout]   19:     0x55ba2a6040db - core::result::Result<T,E>::unwrap::h50cc2b463e3fca06
[INFO] [stdout]                                at /rustc/1b7dd2252b99671ce5d1cb9664c5f8636329436d/library/core/src/result.rs:1089:23
[INFO] [stdout]   20:     0x55ba2a61048e - my_project::raqote_example::net_chess::chess::Board::new::h2cab1a790a90532a
[INFO] [stdout]                                at /opt/rustwide/workdir/src/chess.rs:441:48
[INFO] [stdout]   21:     0x55ba2a606a4a - my_project::raqote_example::net_chess::chess::tests::test_checkmate::h7a184e4195c02940
[INFO] [stdout]                                at /opt/rustwide/workdir/src/chess.rs:520:25
[INFO] [stdout]   22:     0x55ba2a606a17 - my_project::raqote_example::net_chess::chess::tests::test_checkmate::{{closure}}::heed80352948d4691
[INFO] [stdout]                                at /opt/rustwide/workdir/src/chess.rs:519:28
[INFO] [stdout]   23:     0x55ba2a6146a5 - core::ops::function::FnOnce::call_once::hf3dcf3f614deed1f
[INFO] [stdout]                                at /rustc/1b7dd2252b99671ce5d1cb9664c5f8636329436d/library/core/src/ops/function.rs:250:5
[INFO] [stdout]   24:     0x55ba2a64e2bf - core::ops::function::FnOnce::call_once::ha6a70e79f7481a7e
[INFO] [stdout]                                at /rustc/1b7dd2252b99671ce5d1cb9664c5f8636329436d/library/core/src/ops/function.rs:250:5
[INFO] [stdout]   25:     0x55ba2a64e2bf - test::__rust_begin_short_backtrace::hce33033019b61e69
[INFO] [stdout]                                at /rustc/1b7dd2252b99671ce5d1cb9664c5f8636329436d/library/test/src/lib.rs:655:18
[INFO] [stdout]   26:     0x55ba2a61baac - test::run_test::{{closure}}::h858d3528838ae3e5
[INFO] [stdout]                                at /rustc/1b7dd2252b99671ce5d1cb9664c5f8636329436d/library/test/src/lib.rs:646:30
[INFO] [stdout]   27:     0x55ba2a61baac - core::ops::function::FnOnce::call_once{{vtable.shim}}::he8ac2b00f01ae79e
[INFO] [stdout]                                at /rustc/1b7dd2252b99671ce5d1cb9664c5f8636329436d/library/core/src/ops/function.rs:250:5
[INFO] [stdout]   28:     0x55ba2a64d396 - <alloc::boxed::Box<F,A> as core::ops::function::FnOnce<Args>>::call_once::h8093d25b522725ef
[INFO] [stdout]                                at /rustc/1b7dd2252b99671ce5d1cb9664c5f8636329436d/library/alloc/src/boxed.rs:1973:9
[INFO] [stdout]   29:     0x55ba2a64d396 - <core::panic::unwind_safe::AssertUnwindSafe<F> as core::ops::function::FnOnce<()>>::call_once::h5c334c204e4a3913
[INFO] [stdout]                                at /rustc/1b7dd2252b99671ce5d1cb9664c5f8636329436d/library/core/src/panic/unwind_safe.rs:271:9
[INFO] [stdout]   30:     0x55ba2a64d396 - std::panicking::try::do_call::ha8b740c7b9478074
[INFO] [stdout]                                at /rustc/1b7dd2252b99671ce5d1cb9664c5f8636329436d/library/std/src/panicking.rs:485:40
[INFO] [stdout]   31:     0x55ba2a64d396 - std::panicking::try::h5d34f63d0e41b64e
[INFO] [stdout]                                at /rustc/1b7dd2252b99671ce5d1cb9664c5f8636329436d/library/std/src/panicking.rs:449:19
[INFO] [stdout]   32:     0x55ba2a64d396 - std::panic::catch_unwind::hcfbb511e1aa7fc67
[INFO] [stdout]                                at /rustc/1b7dd2252b99671ce5d1cb9664c5f8636329436d/library/std/src/panic.rs:140:14
[INFO] [stdout]   33:     0x55ba2a64d396 - test::run_test_in_process::h9abda90f802eaf21
[INFO] [stdout]                                at /rustc/1b7dd2252b99671ce5d1cb9664c5f8636329436d/library/test/src/lib.rs:678:27
[INFO] [stdout]   34:     0x55ba2a64d396 - test::run_test::run_test_inner::{{closure}}::h0f058de91f6c6edf
[INFO] [stdout]                                at /rustc/1b7dd2252b99671ce5d1cb9664c5f8636329436d/library/test/src/lib.rs:572:39
[INFO] [stdout]   35:     0x55ba2a6162b5 - test::run_test::run_test_inner::{{closure}}::h5ca48a4c59c6c1fb
[INFO] [stdout]                                at /rustc/1b7dd2252b99671ce5d1cb9664c5f8636329436d/library/test/src/lib.rs:599:37
[INFO] [stdout]   36:     0x55ba2a6162b5 - std::sys_common::backtrace::__rust_begin_short_backtrace::h32bd51e1495d4a33
[INFO] [stdout]                                at /rustc/1b7dd2252b99671ce5d1cb9664c5f8636329436d/library/std/src/sys_common/backtrace.rs:134:18
[INFO] [stdout]   37:     0x55ba2a61b7f1 - std::thread::Builder::spawn_unchecked_::{{closure}}::{{closure}}::hc086fae9b128b2db
[INFO] [stdout]                                at /rustc/1b7dd2252b99671ce5d1cb9664c5f8636329436d/library/std/src/thread/mod.rs:526:17
[INFO] [stdout]   38:     0x55ba2a61b7f1 - <core::panic::unwind_safe::AssertUnwindSafe<F> as core::ops::function::FnOnce<()>>::call_once::hb66571888d270d43
[INFO] [stdout]                                at /rustc/1b7dd2252b99671ce5d1cb9664c5f8636329436d/library/core/src/panic/unwind_safe.rs:271:9
[INFO] [stdout]   39:     0x55ba2a61b7f1 - std::panicking::try::do_call::h4fa2ef4f6e51fecf
[INFO] [stdout]                                at /rustc/1b7dd2252b99671ce5d1cb9664c5f8636329436d/library/std/src/panicking.rs:485:40
[INFO] [stdout]   40:     0x55ba2a61b7f1 - std::panicking::try::h1e9e22b8584489b5
[INFO] [stdout]                                at /rustc/1b7dd2252b99671ce5d1cb9664c5f8636329436d/library/std/src/panicking.rs:449:19
[INFO] [stdout]   41:     0x55ba2a61b7f1 - std::panic::catch_unwind::h44698a3de0e0769e
[INFO] [stdout]                                at /rustc/1b7dd2252b99671ce5d1cb9664c5f8636329436d/library/std/src/panic.rs:140:14
[INFO] [stdout]   42:     0x55ba2a61b7f1 - std::thread::Builder::spawn_unchecked_::{{closure}}::h50153abde3fe239e
[INFO] [stdout]                                at /rustc/1b7dd2252b99671ce5d1cb9664c5f8636329436d/library/std/src/thread/mod.rs:525:30
[INFO] [stdout]   43:     0x55ba2a61b7f1 - core::ops::function::FnOnce::call_once{{vtable.shim}}::hbe5bbf6f38394364
[INFO] [stdout]                                at /rustc/1b7dd2252b99671ce5d1cb9664c5f8636329436d/library/core/src/ops/function.rs:250:5
[INFO] [stdout]   44:     0x55ba2a689d15 - <alloc::boxed::Box<F,A> as core::ops::function::FnOnce<Args>>::call_once::h0d83cb2920a49046
[INFO] [stdout]                                at /rustc/1b7dd2252b99671ce5d1cb9664c5f8636329436d/library/alloc/src/boxed.rs:1973:9
[INFO] [stdout]   45:     0x55ba2a689d15 - <alloc::boxed::Box<F,A> as core::ops::function::FnOnce<Args>>::call_once::hbe0a008aa7d9ef59
[INFO] [stdout]                                at /rustc/1b7dd2252b99671ce5d1cb9664c5f8636329436d/library/alloc/src/boxed.rs:1973:9
[INFO] [stdout]   46:     0x55ba2a689d15 - std::sys::unix::thread::Thread::new::thread_start::h3a466996bdf6b1f9
[INFO] [stdout]                                at /rustc/1b7dd2252b99671ce5d1cb9664c5f8636329436d/library/std/src/sys/unix/thread.rs:108:17
[INFO] [stdout]   47:     0x7f1c4c27bb43 - <unknown>
[INFO] [stdout]   48:     0x7f1c4c30cbb4 - __clone
[INFO] [stdout]   49:                0x0 - <unknown>
[INFO] [stdout] 
[INFO] [stdout] ---- raqote_example::chess::tests::test_checkmate stdout ----
[INFO] [stdout] thread 'raqote_example::chess::tests::test_checkmate' panicked at 'called `Result::unwrap()` on an `Err` value: Os { code: 2, kind: NotFound, message: "No such file or directory" }', src/chess.rs:441:126
[INFO] [stdout] stack backtrace:
[INFO] [stdout]    0:     0x55ba2a68364a - std::backtrace_rs::backtrace::libunwind::trace::h2f05d0192276a8f6
[INFO] [stdout]                                at /rustc/1b7dd2252b99671ce5d1cb9664c5f8636329436d/library/std/src/../../backtrace/src/backtrace/libunwind.rs:93:5
[INFO] [stdout]    1:     0x55ba2a68364a - std::backtrace_rs::backtrace::trace_unsynchronized::hedc23dff7a1af150
[INFO] [stdout]                                at /rustc/1b7dd2252b99671ce5d1cb9664c5f8636329436d/library/std/src/../../backtrace/src/backtrace/mod.rs:66:5
[INFO] [stdout]    2:     0x55ba2a68364a - std::sys_common::backtrace::_print_fmt::h17541ef7592f3ce2
[INFO] [stdout]                                at /rustc/1b7dd2252b99671ce5d1cb9664c5f8636329436d/library/std/src/sys_common/backtrace.rs:65:5
[INFO] [stdout]    3:     0x55ba2a68364a - <std::sys_common::backtrace::_print::DisplayBacktrace as core::fmt::Display>::fmt::h20f75df5ab0c0792
[INFO] [stdout]                                at /rustc/1b7dd2252b99671ce5d1cb9664c5f8636329436d/library/std/src/sys_common/backtrace.rs:44:22
[INFO] [stdout]    4:     0x55ba2a6a733f - core::fmt::write::h78109e6f466b3af6
[INFO] [stdout]                                at /rustc/1b7dd2252b99671ce5d1cb9664c5f8636329436d/library/core/src/fmt/mod.rs:1254:17
[INFO] [stdout]    5:     0x55ba2a680985 - std::io::Write::write_fmt::hd24bfb68a1b35a25
[INFO] [stdout]                                at /rustc/1b7dd2252b99671ce5d1cb9664c5f8636329436d/library/std/src/io/mod.rs:1698:15
[INFO] [stdout]    6:     0x55ba2a683415 - std::sys_common::backtrace::_print::h8dac57a9f8fbf9a5
[INFO] [stdout]                                at /rustc/1b7dd2252b99671ce5d1cb9664c5f8636329436d/library/std/src/sys_common/backtrace.rs:47:5
[INFO] [stdout]    7:     0x55ba2a683415 - std::sys_common::backtrace::print::hf9ecbf41d1aa712f
[INFO] [stdout]                                at /rustc/1b7dd2252b99671ce5d1cb9664c5f8636329436d/library/std/src/sys_common/backtrace.rs:34:9
[INFO] [stdout]    8:     0x55ba2a6850ce - std::panicking::default_hook::{{closure}}::h04c07acfc84ca028
[INFO] [stdout]                                at /rustc/1b7dd2252b99671ce5d1cb9664c5f8636329436d/library/std/src/panicking.rs:269:22
[INFO] [stdout]    9:     0x55ba2a684e01 - std::panicking::default_hook::h01f6bb23e1eceb2c
[INFO] [stdout]                                at /rustc/1b7dd2252b99671ce5d1cb9664c5f8636329436d/library/std/src/panicking.rs:285:9
[INFO] [stdout]   10:     0x55ba2a6493eb - <alloc::boxed::Box<F,A> as core::ops::function::Fn<Args>>::call::h87fe9f7b2fd49e4c
[INFO] [stdout]                                at /rustc/1b7dd2252b99671ce5d1cb9664c5f8636329436d/library/alloc/src/boxed.rs:1987:9
[INFO] [stdout]   11:     0x55ba2a6493eb - test::test_main::{{closure}}::he94d679243a7531b
[INFO] [stdout]                                at /rustc/1b7dd2252b99671ce5d1cb9664c5f8636329436d/library/test/src/lib.rs:134:21
[INFO] [stdout]   12:     0x55ba2a6857b4 - <alloc::boxed::Box<F,A> as core::ops::function::Fn<Args>>::call::h3f2d6d8b14c4769f
[INFO] [stdout]                                at /rustc/1b7dd2252b99671ce5d1cb9664c5f8636329436d/library/alloc/src/boxed.rs:1987:9
[INFO] [stdout]   13:     0x55ba2a6857b4 - std::panicking::rust_panic_with_hook::h2bb3722bbaf2f6df
[INFO] [stdout]                                at /rustc/1b7dd2252b99671ce5d1cb9664c5f8636329436d/library/std/src/panicking.rs:695:13
[INFO] [stdout]   14:     0x55ba2a685529 - std::panicking::begin_panic_handler::{{closure}}::h91bc7f36a4be011b
[INFO] [stdout]                                at /rustc/1b7dd2252b99671ce5d1cb9664c5f8636329436d/library/std/src/panicking.rs:582:13
[INFO] [stdout]   15:     0x55ba2a683ab6 - std::sys_common::backtrace::__rust_end_short_backtrace::h8b3d3717114f9e59
[INFO] [stdout]                                at /rustc/1b7dd2252b99671ce5d1cb9664c5f8636329436d/library/std/src/sys_common/backtrace.rs:150:18
[INFO] [stdout]   16:     0x55ba2a685282 - rust_begin_unwind
[INFO] [stdout]                                at /rustc/1b7dd2252b99671ce5d1cb9664c5f8636329436d/library/std/src/panicking.rs:578:5
[INFO] [stdout]   17:     0x55ba2a5f9ba3 - core::panicking::panic_fmt::hfd368e3fbdabea26
[INFO] [stdout]                                at /rustc/1b7dd2252b99671ce5d1cb9664c5f8636329436d/library/core/src/panicking.rs:67:14
[INFO] [stdout]   18:     0x55ba2a5fa0e3 - core::result::unwrap_failed::he54eb4b2f125b26f
[INFO] [stdout]                                at /rustc/1b7dd2252b99671ce5d1cb9664c5f8636329436d/library/core/src/result.rs:1687:5
[INFO] [stdout]   19:     0x55ba2a60400b - core::result::Result<T,E>::unwrap::h03ac000525abc765
[INFO] [stdout]                                at /rustc/1b7dd2252b99671ce5d1cb9664c5f8636329436d/library/core/src/result.rs:1089:23
[INFO] [stdout]   20:     0x55ba2a60259e - my_project::raqote_example::chess::Board::new::h04667687e6b70b5c
[INFO] [stdout]                                at /opt/rustwide/workdir/src/chess.rs:441:48
[INFO] [stdout]   21:     0x55ba2a605bea - my_project::raqote_example::chess::tests::test_checkmate::h9a7e0f306829a4db
[INFO] [stdout]                                at /opt/rustwide/workdir/src/chess.rs:520:25
[INFO] [stdout]   22:     0x55ba2a605bb7 - my_project::raqote_example::chess::tests::test_checkmate::{{closure}}::h5a9804d7656ac503
[INFO] [stdout]                                at /opt/rustwide/workdir/src/chess.rs:519:28
[INFO] [stdout]   23:     0x55ba2a614455 - core::ops::function::FnOnce::call_once::h389356c33506cdbe
[INFO] [stdout]                                at /rustc/1b7dd2252b99671ce5d1cb9664c5f8636329436d/library/core/src/ops/function.rs:250:5
[INFO] [stdout]   24:     0x55ba2a64e2bf - core::ops::function::FnOnce::call_once::ha6a70e79f7481a7e
[INFO] [stdout]                                at /rustc/1b7dd2252b99671ce5d1cb9664c5f8636329436d/library/core/src/ops/function.rs:250:5
[INFO] [stdout]   25:     0x55ba2a64e2bf - test::__rust_begin_short_backtrace::hce33033019b61e69
[INFO] [stdout]                                at /rustc/1b7dd2252b99671ce5d1cb9664c5f8636329436d/library/test/src/lib.rs:655:18
[INFO] [stdout]   26:     0x55ba2a61baac - test::run_test::{{closure}}::h858d3528838ae3e5
[INFO] [stdout]                                at /rustc/1b7dd2252b99671ce5d1cb9664c5f8636329436d/library/test/src/lib.rs:646:30
[INFO] [stdout]   27:     0x55ba2a61baac - core::ops::function::FnOnce::call_once{{vtable.shim}}::he8ac2b00f01ae79e
[INFO] [stdout]                                at /rustc/1b7dd2252b99671ce5d1cb9664c5f8636329436d/library/core/src/ops/function.rs:250:5
[INFO] [stdout]   28:     0x55ba2a64d396 - <alloc::boxed::Box<F,A> as core::ops::function::FnOnce<Args>>::call_once::h8093d25b522725ef
[INFO] [stdout]                                at /rustc/1b7dd2252b99671ce5d1cb9664c5f8636329436d/library/alloc/src/boxed.rs:1973:9
[INFO] [stdout]   29:     0x55ba2a64d396 - <core::panic::unwind_safe::AssertUnwindSafe<F> as core::ops::function::FnOnce<()>>::call_once::h5c334c204e4a3913
[INFO] [stdout]                                at /rustc/1b7dd2252b99671ce5d1cb9664c5f8636329436d/library/core/src/panic/unwind_safe.rs:271:9
[INFO] [stdout]   30:     0x55ba2a64d396 - std::panicking::try::do_call::ha8b740c7b9478074
[INFO] [stdout]                                at /rustc/1b7dd2252b99671ce5d1cb9664c5f8636329436d/library/std/src/panicking.rs:485:40
[INFO] [stdout]   31:     0x55ba2a64d396 - std::panicking::try::h5d34f63d0e41b64e
[INFO] [stdout]                                at /rustc/1b7dd2252b99671ce5d1cb9664c5f8636329436d/library/std/src/panicking.rs:449:19
[INFO] [stdout]   32:     0x55ba2a64d396 - std::panic::catch_unwind::hcfbb511e1aa7fc67
[INFO] [stdout]                                at /rustc/1b7dd2252b99671ce5d1cb9664c5f8636329436d/library/std/src/panic.rs:140:14
[INFO] [stdout]   33:     0x55ba2a64d396 - test::run_test_in_process::h9abda90f802eaf21
[INFO] [stdout]                                at /rustc/1b7dd2252b99671ce5d1cb9664c5f8636329436d/library/test/src/lib.rs:678:27
[INFO] [stdout]   34:     0x55ba2a64d396 - test::run_test::run_test_inner::{{closure}}::h0f058de91f6c6edf
[INFO] [stdout]                                at /rustc/1b7dd2252b99671ce5d1cb9664c5f8636329436d/library/test/src/lib.rs:572:39
[INFO] [stdout]   35:     0x55ba2a6162b5 - test::run_test::run_test_inner::{{closure}}::h5ca48a4c59c6c1fb
[INFO] [stdout]                                at /rustc/1b7dd2252b99671ce5d1cb9664c5f8636329436d/library/test/src/lib.rs:599:37
[INFO] [stdout]   36:     0x55ba2a6162b5 - std::sys_common::backtrace::__rust_begin_short_backtrace::h32bd51e1495d4a33
[INFO] [stdout]                                at /rustc/1b7dd2252b99671ce5d1cb9664c5f8636329436d/library/std/src/sys_common/backtrace.rs:134:18
[INFO] [stdout]   37:     0x55ba2a61b7f1 - std::thread::Builder::spawn_unchecked_::{{closure}}::{{closure}}::hc086fae9b128b2db
[INFO] [stdout]                                at /rustc/1b7dd2252b99671ce5d1cb9664c5f8636329436d/library/std/src/thread/mod.rs:526:17
[INFO] [stdout]   38:     0x55ba2a61b7f1 - <core::panic::unwind_safe::AssertUnwindSafe<F> as core::ops::function::FnOnce<()>>::call_once::hb66571888d270d43
[INFO] [stdout]                                at /rustc/1b7dd2252b99671ce5d1cb9664c5f8636329436d/library/core/src/panic/unwind_safe.rs:271:9
[INFO] [stdout]   39:     0x55ba2a61b7f1 - std::panicking::try::do_call::h4fa2ef4f6e51fecf
[INFO] [stdout]                                at /rustc/1b7dd2252b99671ce5d1cb9664c5f8636329436d/library/std/src/panicking.rs:485:40
[INFO] [stdout]   40:     0x55ba2a61b7f1 - std::panicking::try::h1e9e22b8584489b5
[INFO] [stdout]                                at /rustc/1b7dd2252b99671ce5d1cb9664c5f8636329436d/library/std/src/panicking.rs:449:19
[INFO] [stdout]   41:     0x55ba2a61b7f1 - std::panic::catch_unwind::h44698a3de0e0769e
[INFO] [stdout]                                at /rustc/1b7dd2252b99671ce5d1cb9664c5f8636329436d/library/std/src/panic.rs:140:14
[INFO] [stdout]   42:     0x55ba2a61b7f1 - std::thread::Builder::spawn_unchecked_::{{closure}}::h50153abde3fe239e
[INFO] [stdout]                                at /rustc/1b7dd2252b99671ce5d1cb9664c5f8636329436d/library/std/src/thread/mod.rs:525:30
[INFO] [stdout]   43:     0x55ba2a61b7f1 - core::ops::function::FnOnce::call_once{{vtable.shim}}::hbe5bbf6f38394364
[INFO] [stdout]                                at /rustc/1b7dd2252b99671ce5d1cb9664c5f8636329436d/library/core/src/ops/function.rs:250:5
[INFO] [stdout]   44:     0x55ba2a689d15 - <alloc::boxed::Box<F,A> as core::ops::function::FnOnce<Args>>::call_once::h0d83cb2920a49046
[INFO] [stdout]                                at /rustc/1b7dd2252b99671ce5d1cb9664c5f8636329436d/library/alloc/src/boxed.rs:1973:9
[INFO] [stdout]   45:     0x55ba2a689d15 - <alloc::boxed::Box<F,A> as core::ops::function::FnOnce<Args>>::call_once::hbe0a008aa7d9ef59
[INFO] [stdout]                                at /rustc/1b7dd2252b99671ce5d1cb9664c5f8636329436d/library/alloc/src/boxed.rs:1973:9
[INFO] [stdout]   46:     0x55ba2a689d15 - std::sys::unix::thread::Thread::new::thread_start::h3a466996bdf6b1f9
[INFO] [stdout]                                at /rustc/1b7dd2252b99671ce5d1cb9664c5f8636329436d/library/std/src/sys/unix/thread.rs:108:17
[INFO] [stdout]   47:     0x7f1c4c27bb43 - <unknown>
[INFO] [stdout]   48:     0x7f1c4c30cbb4 - __clone
[INFO] [stdout]   49:                0x0 - <unknown>
[INFO] [stdout] 
[INFO] [stdout] 
[INFO] [stdout] failures:
[INFO] [stdout]     net_chess::chess::tests::test_checkmate
[INFO] [stdout]     raqote_example::chess::tests::test_checkmate
[INFO] [stdout]     raqote_example::net_chess::chess::tests::test_checkmate
[INFO] [stdout] 
[INFO] [stdout] test result: FAILED. 0 passed; 3 failed; 0 ignored; 0 measured; 0 filtered out; finished in 0.05s
[INFO] [stdout] 
[INFO] [stderr] error: test failed, to rerun pass `--bin my-project`
[INFO] running `Command { std: "docker" "inspect" "2812f4477b5dabfcc70fea920a2db5025915ebc2c93a777ef30714615a817d7c", kill_on_drop: false }`
[INFO] running `Command { std: "docker" "rm" "-f" "2812f4477b5dabfcc70fea920a2db5025915ebc2c93a777ef30714615a817d7c", kill_on_drop: false }`
[INFO] [stdout] 2812f4477b5dabfcc70fea920a2db5025915ebc2c93a777ef30714615a817d7c
