[INFO] cloning repository https://github.com/mandrean/liquidation-monitor
[INFO] running `Command { std: "git" "-c" "credential.helper=" "-c" "credential.helper=/workspace/cargo-home/bin/git-credential-null" "clone" "--bare" "https://github.com/mandrean/liquidation-monitor" "/workspace/cache/git-repos/https%3A%2F%2Fgithub.com%2Fmandrean%2Fliquidation-monitor", kill_on_drop: false }`
[INFO] [stderr] Cloning into bare repository '/workspace/cache/git-repos/https%3A%2F%2Fgithub.com%2Fmandrean%2Fliquidation-monitor'...
[INFO] running `Command { std: "git" "rev-parse" "HEAD", kill_on_drop: false }`
[INFO] [stdout] 9eca29e6aef60bd4332c0aa14f27df5eaf0fbd9d
[INFO] testing mandrean/liquidation-monitor against 1.69.0 for beta-1.70-1
[INFO] running `Command { std: "git" "clone" "/workspace/cache/git-repos/https%3A%2F%2Fgithub.com%2Fmandrean%2Fliquidation-monitor" "/workspace/builds/worker-2-tc1/source", kill_on_drop: false }`
[INFO] [stderr] Cloning into '/workspace/builds/worker-2-tc1/source'...
[INFO] [stderr] done.
[INFO] validating manifest of git repo https://github.com/mandrean/liquidation-monitor on toolchain 1.69.0
[INFO] running `Command { std: CARGO_HOME="/workspace/cargo-home" RUSTUP_HOME="/workspace/rustup-home" "/workspace/cargo-home/bin/cargo" "+1.69.0" "metadata" "--manifest-path" "Cargo.toml" "--no-deps", kill_on_drop: false }`
[INFO] started tweaking git repo https://github.com/mandrean/liquidation-monitor
[INFO] removed 0 missing tests
[INFO] finished tweaking git repo https://github.com/mandrean/liquidation-monitor
[INFO] tweaked toml for git repo https://github.com/mandrean/liquidation-monitor written to /workspace/builds/worker-2-tc1/source/Cargo.toml
[INFO] crate git repo https://github.com/mandrean/liquidation-monitor already has a lockfile, it will not be regenerated
[INFO] running `Command { std: CARGO_HOME="/workspace/cargo-home" RUSTUP_HOME="/workspace/rustup-home" "/workspace/cargo-home/bin/cargo" "+1.69.0" "fetch" "--manifest-path" "Cargo.toml", kill_on_drop: false }`
[INFO] [stderr]     Blocking waiting for file lock on package cache
[INFO] [stderr]  Downloading crates ...
[INFO] [stderr]   Downloaded json-decode v0.6.0
[INFO] [stderr]   Downloaded serde_path_to_error v0.1.5
[INFO] [stderr]   Downloaded serde_qs v0.8.4
[INFO] [stderr]   Downloaded http-client v6.5.1
[INFO] [stderr]   Downloaded cached_proc_macro v0.6.1
[INFO] [stderr]   Downloaded cached v0.25.0
[INFO] [stderr]   Downloaded curl v0.4.38
[INFO] [stderr]   Downloaded rust_decimal v1.16.0
[INFO] [stderr]   Downloaded h2 v0.3.5
[INFO] [stderr]   Downloaded surf v2.3.1
[INFO] [stderr]   Downloaded curl-sys v0.4.48+curl-7.79.1
[INFO] [stderr]   Downloaded cynic-proc-macros v0.15.0
[INFO] [stderr]   Downloaded cynic v0.15.0
[INFO] [stderr]   Downloaded cynic-codegen v0.15.0
[INFO] running `Command { std: "docker" "create" "-v" "/var/lib/crater-agent-workspace/builds/worker-2-tc1/target:/opt/rustwide/target:rw,Z" "-v" "/var/lib/crater-agent-workspace/builds/worker-2-tc1/source:/opt/rustwide/workdir:ro,Z" "-v" "/var/lib/crater-agent-workspace/cargo-home:/opt/rustwide/cargo-home:ro,Z" "-v" "/var/lib/crater-agent-workspace/rustup-home:/opt/rustwide/rustup-home:ro,Z" "-e" "SOURCE_DIR=/opt/rustwide/workdir" "-e" "CARGO_TARGET_DIR=/opt/rustwide/target" "-e" "CARGO_HOME=/opt/rustwide/cargo-home" "-e" "RUSTUP_HOME=/opt/rustwide/rustup-home" "-w" "/opt/rustwide/workdir" "-m" "1610612736" "--user" "0:0" "--network" "none" "ghcr.io/rust-lang/crates-build-env/linux@sha256:5ff2268d62e97bff2cde7d5815dd6ed5b47097566f13b8d0ca110b04b60e07ed" "/opt/rustwide/cargo-home/bin/cargo" "+1.69.0" "metadata" "--no-deps" "--format-version=1", kill_on_drop: false }`
[INFO] [stdout] cf34ab2987119318ac560be7cf48c1ddbe5c593bf9076843f18ff7c62e4321c8
[INFO] running `Command { std: "docker" "start" "-a" "cf34ab2987119318ac560be7cf48c1ddbe5c593bf9076843f18ff7c62e4321c8", kill_on_drop: false }`
[INFO] running `Command { std: "docker" "inspect" "cf34ab2987119318ac560be7cf48c1ddbe5c593bf9076843f18ff7c62e4321c8", kill_on_drop: false }`
[INFO] running `Command { std: "docker" "rm" "-f" "cf34ab2987119318ac560be7cf48c1ddbe5c593bf9076843f18ff7c62e4321c8", kill_on_drop: false }`
[INFO] [stdout] cf34ab2987119318ac560be7cf48c1ddbe5c593bf9076843f18ff7c62e4321c8
[INFO] running `Command { std: "docker" "create" "-v" "/var/lib/crater-agent-workspace/builds/worker-2-tc1/target:/opt/rustwide/target:rw,Z" "-v" "/var/lib/crater-agent-workspace/builds/worker-2-tc1/source:/opt/rustwide/workdir:ro,Z" "-v" "/var/lib/crater-agent-workspace/cargo-home:/opt/rustwide/cargo-home:ro,Z" "-v" "/var/lib/crater-agent-workspace/rustup-home:/opt/rustwide/rustup-home:ro,Z" "-e" "SOURCE_DIR=/opt/rustwide/workdir" "-e" "CARGO_TARGET_DIR=/opt/rustwide/target" "-e" "CARGO_INCREMENTAL=0" "-e" "RUST_BACKTRACE=full" "-e" "RUSTFLAGS=--cap-lints=warn" "-e" "RUSTDOCFLAGS=--cap-lints=warn" "-e" "CARGO_HOME=/opt/rustwide/cargo-home" "-e" "RUSTUP_HOME=/opt/rustwide/rustup-home" "-w" "/opt/rustwide/workdir" "-m" "1610612736" "--user" "0:0" "--network" "none" "ghcr.io/rust-lang/crates-build-env/linux@sha256:5ff2268d62e97bff2cde7d5815dd6ed5b47097566f13b8d0ca110b04b60e07ed" "/opt/rustwide/cargo-home/bin/cargo" "+1.69.0" "build" "--frozen" "--message-format=json", kill_on_drop: false }`
[INFO] [stdout] c8b85e3535affc58535b340c8c2fa7239ad544d95f83a84015b46ce1c1454f6d
[INFO] running `Command { std: "docker" "start" "-a" "c8b85e3535affc58535b340c8c2fa7239ad544d95f83a84015b46ce1c1454f6d", kill_on_drop: false }`
[INFO] [stderr]    Compiling version_check v0.9.3
[INFO] [stderr]    Compiling proc-macro2 v1.0.29
[INFO] [stderr]    Compiling unicode-xid v0.2.2
[INFO] [stderr]    Compiling syn v1.0.77
[INFO] [stderr]    Compiling libc v0.2.102
[INFO] [stderr]    Compiling cfg-if v1.0.0
[INFO] [stderr]    Compiling autocfg v1.0.1
[INFO] [stderr]    Compiling log v0.4.14
[INFO] [stderr]    Compiling memchr v2.4.1
[INFO] [stderr]    Compiling futures-core v0.3.17
[INFO] [stderr]    Compiling serde_derive v1.0.130
[INFO] [stderr]    Compiling value-bag v1.0.0-alpha.7
[INFO] [stderr]    Compiling serde v1.0.130
[INFO] [stderr]    Compiling once_cell v1.8.0
[INFO] [stderr]    Compiling pin-project-lite v0.2.7
[INFO] [stderr]    Compiling cc v1.0.70
[INFO] [stderr]    Compiling lazy_static v1.4.0
[INFO] [stderr]    Compiling typenum v1.14.0
[INFO] [stderr]    Compiling generic-array v0.14.4
[INFO] [stderr]    Compiling fnv v1.0.7
[INFO] [stderr]    Compiling futures-io v0.3.17
[INFO] [stderr]    Compiling quote v1.0.9
[INFO] [stderr]    Compiling proc-macro-hack v0.5.19
[INFO] [stderr]    Compiling slab v0.4.4
[INFO] [stderr]    Compiling itoa v0.4.8
[INFO] [stderr]    Compiling futures-sink v0.3.17
[INFO] [stderr]    Compiling num_cpus v1.13.0
[INFO] [stderr]    Compiling bytes v1.1.0
[INFO] [stderr]    Compiling pkg-config v0.3.20
[INFO] [stderr]    Compiling percent-encoding v2.1.0
[INFO] [stderr]    Compiling pin-utils v0.1.0
[INFO] [stderr]    Compiling tracing-core v0.1.20
[INFO] [stderr]    Compiling futures-macro v0.3.17
[INFO] [stderr]    Compiling standback v0.2.17
[INFO] [stderr]    Compiling event-listener v2.5.1
[INFO] [stderr]    Compiling proc-macro-nested v0.1.7
[INFO] [stderr]    Compiling futures-task v0.3.17
[INFO] [stderr]    Compiling futures-channel v0.3.17
[INFO] [stderr]    Compiling socket2 v0.4.2
[INFO] [stderr]    Compiling futures-util v0.3.17
[INFO] [stderr]    Compiling opaque-debug v0.3.0
[INFO] [stderr]    Compiling cache-padded v1.1.1
[INFO] [stderr]    Compiling concurrent-queue v1.2.2
[INFO] [stderr]    Compiling http v0.2.5
[INFO] [stderr]    Compiling ppv-lite86 v0.2.10
[INFO] [stderr]    Compiling subtle v2.4.1
[INFO] [stderr]    Compiling yansi v0.5.0
[INFO] [stderr]    Compiling const_fn v0.4.8
[INFO] [stderr]    Compiling libz-sys v1.1.3
[INFO] [stderr]    Compiling openssl-sys v0.9.67
[INFO] [stderr]    Compiling libnghttp2-sys v0.1.7+1.45.0
[INFO] [stderr]    Compiling getrandom v0.2.3
[INFO] [stderr]    Compiling proc-macro2-diagnostics v0.9.1
[INFO] [stderr]    Compiling time v0.2.27
[INFO] [stderr]    Compiling parking v2.0.0
[INFO] [stderr]    Compiling ident_case v1.0.1
[INFO] [stderr]    Compiling waker-fn v1.1.0
[INFO] [stderr]    Compiling ryu v1.0.5
[INFO] [stderr]    Compiling fastrand v1.5.0
[INFO] [stderr]    Compiling scopeguard v1.1.0
[INFO] [stderr]    Compiling lock_api v0.4.5
[INFO] [stderr]    Compiling futures-lite v1.12.0
[INFO] [stderr]    Compiling rand_core v0.6.3
[INFO] [stderr]    Compiling digest v0.9.0
[INFO] [stderr]    Compiling tokio v1.12.0
[INFO] [stderr]    Compiling matches v0.1.9
[INFO] [stderr]    Compiling tinyvec_macros v0.1.0
[INFO] [stderr]    Compiling wasm-bindgen-shared v0.2.78
[INFO] [stderr]    Compiling tinyvec v1.5.0
[INFO] [stderr]    Compiling rand_chacha v0.3.1
[INFO] [stderr]    Compiling async-channel v1.6.1
[INFO] [stderr]    Compiling cipher v0.2.5
[INFO] [stderr]    Compiling curl-sys v0.4.48+curl-7.79.1
[INFO] [stderr]    Compiling signal-hook-registry v1.4.0
[INFO] [stderr]    Compiling serde_json v1.0.68
[INFO] [stderr]    Compiling getrandom v0.1.16
[INFO] [stderr]    Compiling either v1.6.1
[INFO] [stderr]    Compiling rand v0.8.4
[INFO] [stderr]    Compiling form_urlencoded v1.0.1
[INFO] [stderr]    Compiling universal-hash v0.4.1
[INFO] [stderr]    Compiling block-buffer v0.9.0
[INFO] [stderr]    Compiling async-mutex v1.4.0
[INFO] [stderr]    Compiling bumpalo v3.7.1
[INFO] [stderr]    Compiling async-task v4.0.3
[INFO] [stderr]    Compiling unicode-normalization v0.1.19
[INFO] [stderr]    Compiling base64 v0.13.0
[INFO] [stderr]    Compiling httparse v1.5.1
[INFO] [stderr]    Compiling cpufeatures v0.2.1
[INFO] [stderr]    Compiling unicode-bidi v0.3.6
[INFO] [stderr]    Compiling crossbeam-utils v0.8.5
[INFO] [stderr]    Compiling cpuid-bool v0.2.0
[INFO] [stderr]    Compiling aes-soft v0.6.4
[INFO] [stderr]    Compiling polyval v0.4.5
[INFO] [stderr]    Compiling crypto-mac v0.10.1
[INFO] [stderr]    Compiling ring v0.16.20
[INFO] [stderr]    Compiling idna v0.2.3
[INFO] [stderr]    Compiling indexmap v1.7.0
[INFO] [stderr]    Compiling unicase v2.6.0
[INFO] [stderr]    Compiling async-trait v0.1.51
[INFO] [stderr]    Compiling atomic-waker v1.0.0
[INFO] [stderr]    Compiling openssl-probe v0.1.4
[INFO] [stderr]    Compiling mime v0.3.16
[INFO] [stderr]    Compiling blocking v1.0.2
[INFO] [stderr]    Compiling hmac v0.10.1
[INFO] [stderr]    Compiling aes v0.6.0
[INFO] [stderr]    Compiling ghash v0.3.1
[INFO] [stderr]    Compiling rand_core v0.5.1
[INFO] [stderr]    Compiling async-executor v1.4.1
[INFO] [stderr]    Compiling ctr v0.6.0
[INFO] [stderr]    Compiling aead v0.3.2
[INFO] [stderr]    Compiling num-traits v0.2.14
[INFO] [stderr]    Compiling uncased v0.9.6
[INFO] [stderr]    Compiling cookie v0.14.4
[INFO] [stderr]    Compiling encoding_rs v0.8.28
[INFO] [stderr]    Compiling wasm-bindgen v0.2.78
[INFO] [stderr]    Compiling hashbrown v0.11.2
[INFO] [stderr]    Compiling untrusted v0.7.1
[INFO] [stderr]    Compiling anyhow v1.0.44
[INFO] [stderr]    Compiling smallvec v1.6.1
[INFO] [stderr]    Compiling spin v0.5.2
[INFO] [stderr]    Compiling byteorder v1.4.3
[INFO] [stderr]    Compiling strsim v0.10.0
[INFO] [stderr]    Compiling void v1.0.2
[INFO] [stderr]    Compiling curl v0.4.38
[INFO] [stderr]    Compiling parking_lot_core v0.8.5
[INFO] [stderr]    Compiling darling_core v0.12.4
[INFO] [stderr]    Compiling unreachable v1.0.0
[INFO] [stderr]    Compiling aes-gcm v0.8.0
[INFO] [stderr]    Compiling rand_chacha v0.2.2
[INFO] [stderr]    Compiling hkdf v0.10.0
[INFO] [stderr]    Compiling sha2 v0.9.8
[INFO] [stderr]    Compiling ctor v0.1.21
[INFO] [stderr]    Compiling tracing-attributes v0.1.16
[INFO] [stderr]    Compiling time-macros-impl v0.1.2
[INFO] [stderr]    Compiling thiserror-impl v1.0.29
[INFO] [stderr]    Compiling tokio-macros v1.3.0
[INFO] [stderr]    Compiling time-macros v0.1.1
[INFO] [stderr]    Compiling tracing v0.1.28
[INFO] [stderr]    Compiling mio v0.7.13
[INFO] [stderr]    Compiling polling v2.1.0
[INFO] [stderr]    Compiling wasm-bindgen-backend v0.2.78
[INFO] [stderr]    Compiling thiserror v1.0.29
[INFO] [stderr]    Compiling async-io v1.6.0
[INFO] [stderr]    Compiling pin-project-internal v1.0.8
[INFO] [stderr]    Compiling kv-log-macro v1.0.7
[INFO] [stderr]    Compiling wasm-bindgen-macro-support v0.2.78
[INFO] [stderr]    Compiling async-global-executor v2.0.2
[INFO] [stderr]    Compiling pear_codegen v0.2.3
[INFO] [stderr]    Compiling pin-project v1.0.8
[INFO] [stderr]    Compiling spinning_top v0.2.4
[INFO] [stderr]    Compiling async-lock v2.4.0
[INFO] [stderr]    Compiling cookie v0.15.1
[INFO] [stderr]    Compiling wasm-bindgen-macro v0.2.78
[INFO] [stderr]    Compiling instant v0.1.11
[INFO] [stderr]    Compiling strsim v0.9.3
[INFO] [stderr]    Compiling inlinable_string v0.1.14
[INFO] [stderr]    Compiling bitflags v1.3.2
[INFO] [stderr]    Compiling isahc v0.9.14
[INFO] [stderr]    Compiling try-lock v0.2.3
[INFO] [stderr]    Compiling ascii v0.9.3
[INFO] [stderr]    Compiling ref-cast v1.0.6
[INFO] [stderr]    Compiling http-types v2.12.0
[INFO] [stderr]    Compiling combine v3.8.1
[INFO] [stderr]    Compiling want v0.3.0
[INFO] [stderr]    Compiling pear v0.2.3
[INFO] [stderr]    Compiling devise_core v0.3.1
[INFO] [stderr]    Compiling darling_core v0.10.2
[INFO] [stderr]    Compiling tokio-util v0.6.8
[INFO] [stderr]    Compiling async-std v1.10.0
[INFO] [stderr]    Compiling flume v0.9.2
[INFO] [stderr]    Compiling tracing-futures v0.2.5
[INFO] [stderr]    Compiling darling_macro v0.12.4
[INFO] [stderr]    Compiling mime_guess v2.0.3
[INFO] [stderr]    Compiling url v2.2.2
[INFO] [stderr]    Compiling serde_qs v0.8.4
[INFO] [stderr]    Compiling h2 v0.3.5
[INFO] [stderr]    Compiling serde_urlencoded v0.7.0
[INFO] [stderr]    Compiling rand v0.7.3
[INFO] [stderr]    Compiling ref-cast-impl v1.0.6
[INFO] [stderr]    Compiling sluice v0.5.5
[INFO] [stderr]    Compiling http-body v0.4.3
[INFO] [stderr]    Compiling num-integer v0.1.44
[INFO] [stderr]    Compiling regex-syntax v0.6.25
[INFO] [stderr]    Compiling bytes v0.5.6
[INFO] [stderr]    Compiling httpdate v1.0.1
[INFO] [stderr]    Compiling tower-service v0.3.1
[INFO] [stderr]    Compiling infer v0.2.3
[INFO] [stderr]    Compiling graphql-parser v0.3.0
[INFO] [stderr]    Compiling darling_macro v0.10.2
[INFO] [stderr]    Compiling darling v0.12.4
[INFO] [stderr]    Compiling devise_codegen v0.3.1
[INFO] [stderr]    Compiling js-sys v0.3.55
[INFO] [stderr]    Compiling parking_lot v0.11.2
[INFO] [stderr]    Compiling futures-executor v0.3.17
[INFO] [stderr]    Compiling sct v0.6.1
[INFO] [stderr]    Compiling webpki v0.21.4
[INFO] [stderr]    Compiling dashmap v4.0.2
[INFO] [stderr]    Compiling stable-pattern v0.1.0
[INFO] [stderr]    Compiling atomic v0.5.0
[INFO] [stderr]    Compiling figment v0.10.6
[INFO] [stderr]    Compiling multer v2.0.1
[INFO] [stderr]    Compiling Inflector v0.11.4
[INFO] [stderr]    Compiling unchecked-index v0.2.2
[INFO] [stderr]    Compiling state v0.5.2
[INFO] [stderr]    Compiling twoway v0.2.2
[INFO] [stderr]    Compiling cynic-codegen v0.15.0
[INFO] [stderr]    Compiling http-client v6.5.1
[INFO] [stderr]    Compiling rustls v0.19.1
[INFO] [stderr]    Compiling web-sys v0.3.55
[INFO] [stderr]    Compiling hyper v0.14.13
[INFO] [stderr]    Compiling futures v0.3.17
[INFO] [stderr]    Compiling devise v0.3.1
[INFO] [stderr]    Compiling regex-automata v0.1.10
[INFO] [stderr]    Compiling darling v0.10.2
[INFO] [stderr]    Compiling toml v0.5.8
[INFO] [stderr]    Compiling async-stream-impl v0.3.2
[INFO] [stderr]    Compiling rocket v0.5.0-rc.1
[INFO] [stderr]    Compiling time v0.1.43
[INFO] [stderr]    Compiling cached_proc_macro_types v0.1.0
[INFO] [stderr]    Compiling glob v0.3.0
[INFO] [stderr]    Compiling spin v0.9.2
[INFO] [stderr]    Compiling unicode-segmentation v1.8.0
[INFO] [stderr]    Compiling remove_dir_all v0.5.3
[INFO] [stderr]    Compiling tempfile v3.2.0
[INFO] [stderr]    Compiling heck v0.3.3
[INFO] [stderr]    Compiling cached_proc_macro v0.6.1
[INFO] [stderr]    Compiling async-stream v0.3.2
[INFO] [stderr]    Compiling chrono v0.4.19
[INFO] [stderr]    Compiling rustls-native-certs v0.5.0
[INFO] [stderr]    Compiling surf v2.3.1
[INFO] [stderr]    Compiling matchers v0.0.1
[INFO] [stderr]    Compiling regex v1.5.4
[INFO] [stderr]    Compiling json-decode v0.6.0
[INFO] [stderr]    Compiling rocket_http v0.5.0-rc.1
[INFO] [stderr]    Compiling cynic-proc-macros v0.15.0
[INFO] [stderr]    Compiling tracing-serde v0.1.2
[INFO] [stderr]    Compiling ubyte v0.10.1
[INFO] [stderr]    Compiling tokio-stream v0.1.7
[INFO] [stderr]    Compiling tracing-log v0.1.2
[INFO] [stderr]    Compiling sha-1 v0.9.8
[INFO] [stderr]    Compiling atty v0.2.14
[INFO] [stderr]    Compiling sharded-slab v0.1.3
[INFO] [stderr]    Compiling thread_local v1.1.3
[INFO] [stderr]    Compiling binascii v0.1.4
[INFO] [stderr]    Compiling ansi_term v0.12.1
[INFO] [stderr]    Compiling arrayvec v0.5.2
[INFO] [stderr]    Compiling utf-8 v0.7.6
[INFO] [stderr]    Compiling hashbrown v0.9.1
[INFO] [stderr]    Compiling tungstenite v0.14.0
[INFO] [stderr]    Compiling tracing-subscriber v0.2.24
[INFO] [stderr]    Compiling rust_decimal v1.16.0
[INFO] [stderr]    Compiling strum_macros v0.21.1
[INFO] [stderr]    Compiling serde_path_to_error v0.1.5
[INFO] [stderr]    Compiling cached v0.25.0
[INFO] [stderr]    Compiling cynic v0.15.0
[INFO] [stderr]    Compiling itertools v0.10.1
[INFO] [stderr]    Compiling strum v0.21.0
[INFO] [stderr]    Compiling rocket_codegen v0.5.0-rc.1
[INFO] [stderr]    Compiling liquidation_monitor v0.1.0 (/opt/rustwide/workdir)
[INFO] [stdout] warning: unused imports: `MantleClient`, `MantleExt`
[INFO] [stdout]  --> src/cache.rs:7:29
[INFO] [stdout]   |
[INFO] [stdout] 7 | use crate::mantle::client::{MantleClient, MantleExt};
[INFO] [stdout]   |                             ^^^^^^^^^^^^  ^^^^^^^^^
[INFO] [stdout]   |
[INFO] [stdout]   = note: `#[warn(unused_imports)]` on by default
[INFO] [stdout] 
[INFO] [stdout] 
[INFO] [stdout] warning: unused import: `warn`
[INFO] [stdout]   --> src/cache.rs:16:22
[INFO] [stdout]    |
[INFO] [stdout] 16 | use tracing::{debug, warn};
[INFO] [stdout]    |                      ^^^^
[INFO] [stdout] 
[INFO] [stdout] 
[INFO] [stdout] warning: 2 warnings emitted
[INFO] [stdout] 
[INFO] [stdout] 
[INFO] [stderr]     Finished dev [unoptimized + debuginfo] target(s) in 1m 53s
[INFO] [stderr] warning: the following packages contain code that will be rejected by a future version of Rust: ubyte v0.10.1
[INFO] [stderr] note: to see what the problems were, use the option `--future-incompat-report`, or run `cargo report future-incompatibilities --id 1`
[INFO] running `Command { std: "docker" "inspect" "c8b85e3535affc58535b340c8c2fa7239ad544d95f83a84015b46ce1c1454f6d", kill_on_drop: false }`
[INFO] running `Command { std: "docker" "rm" "-f" "c8b85e3535affc58535b340c8c2fa7239ad544d95f83a84015b46ce1c1454f6d", kill_on_drop: false }`
[INFO] [stdout] c8b85e3535affc58535b340c8c2fa7239ad544d95f83a84015b46ce1c1454f6d
[INFO] running `Command { std: "docker" "create" "-v" "/var/lib/crater-agent-workspace/builds/worker-2-tc1/target:/opt/rustwide/target:rw,Z" "-v" "/var/lib/crater-agent-workspace/builds/worker-2-tc1/source:/opt/rustwide/workdir:ro,Z" "-v" "/var/lib/crater-agent-workspace/cargo-home:/opt/rustwide/cargo-home:ro,Z" "-v" "/var/lib/crater-agent-workspace/rustup-home:/opt/rustwide/rustup-home:ro,Z" "-e" "SOURCE_DIR=/opt/rustwide/workdir" "-e" "CARGO_TARGET_DIR=/opt/rustwide/target" "-e" "CARGO_INCREMENTAL=0" "-e" "RUST_BACKTRACE=full" "-e" "RUSTFLAGS=--cap-lints=warn" "-e" "RUSTDOCFLAGS=--cap-lints=warn" "-e" "CARGO_HOME=/opt/rustwide/cargo-home" "-e" "RUSTUP_HOME=/opt/rustwide/rustup-home" "-w" "/opt/rustwide/workdir" "-m" "1610612736" "--user" "0:0" "--network" "none" "ghcr.io/rust-lang/crates-build-env/linux@sha256:5ff2268d62e97bff2cde7d5815dd6ed5b47097566f13b8d0ca110b04b60e07ed" "/opt/rustwide/cargo-home/bin/cargo" "+1.69.0" "test" "--frozen" "--no-run" "--message-format=json", kill_on_drop: false }`
[INFO] [stdout] 5e5aae4eea6dbe3047f3096f1912496f19cfffe1436d2015838786b612207030
[INFO] running `Command { std: "docker" "start" "-a" "5e5aae4eea6dbe3047f3096f1912496f19cfffe1436d2015838786b612207030", kill_on_drop: false }`
[INFO] [stdout] warning: unused imports: `MantleClient`, `MantleExt`
[INFO] [stdout]  --> src/cache.rs:7:29
[INFO] [stdout]   |
[INFO] [stdout] 7 | use crate::mantle::client::{MantleClient, MantleExt};
[INFO] [stdout]   |                             ^^^^^^^^^^^^  ^^^^^^^^^
[INFO] [stdout]   |
[INFO] [stdout]   = note: `#[warn(unused_imports)]` on by default
[INFO] [stdout] 
[INFO] [stdout] 
[INFO] [stderr]    Compiling liquidation_monitor v0.1.0 (/opt/rustwide/workdir)
[INFO] [stdout] warning: unused import: `warn`
[INFO] [stdout]   --> src/cache.rs:16:22
[INFO] [stdout]    |
[INFO] [stdout] 16 | use tracing::{debug, warn};
[INFO] [stdout]    |                      ^^^^
[INFO] [stdout] 
[INFO] [stdout] 
[INFO] [stdout] warning: 2 warnings emitted
[INFO] [stdout] 
[INFO] [stdout] 
[INFO] [stdout] warning: unused imports: `MantleClient`, `MantleExt`
[INFO] [stdout]  --> src/cache.rs:7:29
[INFO] [stdout]   |
[INFO] [stdout] 7 | use crate::mantle::client::{MantleClient, MantleExt};
[INFO] [stdout]   |                             ^^^^^^^^^^^^  ^^^^^^^^^
[INFO] [stdout]   |
[INFO] [stdout]   = note: `#[warn(unused_imports)]` on by default
[INFO] [stdout] 
[INFO] [stdout] 
[INFO] [stdout] warning: unused import: `warn`
[INFO] [stdout]   --> src/cache.rs:16:22
[INFO] [stdout]    |
[INFO] [stdout] 16 | use tracing::{debug, warn};
[INFO] [stdout]    |                      ^^^^
[INFO] [stdout] 
[INFO] [stdout] 
[INFO] [stdout] warning: 2 warnings emitted
[INFO] [stdout] 
[INFO] [stdout] 
[INFO] [stderr]     Finished test [unoptimized + debuginfo] target(s) in 15.64s
[INFO] [stderr] warning: the following packages contain code that will be rejected by a future version of Rust: ubyte v0.10.1
[INFO] [stderr] note: to see what the problems were, use the option `--future-incompat-report`, or run `cargo report future-incompatibilities --id 1`
[INFO] running `Command { std: "docker" "inspect" "5e5aae4eea6dbe3047f3096f1912496f19cfffe1436d2015838786b612207030", kill_on_drop: false }`
[INFO] running `Command { std: "docker" "rm" "-f" "5e5aae4eea6dbe3047f3096f1912496f19cfffe1436d2015838786b612207030", kill_on_drop: false }`
[INFO] [stdout] 5e5aae4eea6dbe3047f3096f1912496f19cfffe1436d2015838786b612207030
[INFO] running `Command { std: "docker" "create" "-v" "/var/lib/crater-agent-workspace/builds/worker-2-tc1/target:/opt/rustwide/target:rw,Z" "-v" "/var/lib/crater-agent-workspace/builds/worker-2-tc1/source:/opt/rustwide/workdir:ro,Z" "-v" "/var/lib/crater-agent-workspace/cargo-home:/opt/rustwide/cargo-home:ro,Z" "-v" "/var/lib/crater-agent-workspace/rustup-home:/opt/rustwide/rustup-home:ro,Z" "-e" "SOURCE_DIR=/opt/rustwide/workdir" "-e" "CARGO_TARGET_DIR=/opt/rustwide/target" "-e" "CARGO_INCREMENTAL=0" "-e" "RUST_BACKTRACE=full" "-e" "RUSTFLAGS=--cap-lints=warn" "-e" "RUSTDOCFLAGS=--cap-lints=warn" "-e" "CARGO_HOME=/opt/rustwide/cargo-home" "-e" "RUSTUP_HOME=/opt/rustwide/rustup-home" "-w" "/opt/rustwide/workdir" "-m" "1610612736" "--user" "0:0" "--network" "none" "ghcr.io/rust-lang/crates-build-env/linux@sha256:5ff2268d62e97bff2cde7d5815dd6ed5b47097566f13b8d0ca110b04b60e07ed" "/opt/rustwide/cargo-home/bin/cargo" "+1.69.0" "test" "--frozen", kill_on_drop: false }`
[INFO] [stdout] 1198f3a2772d42f0f184d9c7f6a0d1fad0c5ac875abc1f3b1897ea244ee77a16
[INFO] running `Command { std: "docker" "start" "-a" "1198f3a2772d42f0f184d9c7f6a0d1fad0c5ac875abc1f3b1897ea244ee77a16", kill_on_drop: false }`
[INFO] [stderr] warning: unused imports: `MantleClient`, `MantleExt`
[INFO] [stderr]  --> src/cache.rs:7:29
[INFO] [stderr]   |
[INFO] [stderr] 7 | use crate::mantle::client::{MantleClient, MantleExt};
[INFO] [stderr]   |                             ^^^^^^^^^^^^  ^^^^^^^^^
[INFO] [stderr]   |
[INFO] [stderr]   = note: `#[warn(unused_imports)]` on by default
[INFO] [stderr] 
[INFO] [stderr] warning: unused import: `warn`
[INFO] [stderr]   --> src/cache.rs:16:22
[INFO] [stderr]    |
[INFO] [stderr] 16 | use tracing::{debug, warn};
[INFO] [stderr]    |                      ^^^^
[INFO] [stderr] 
[INFO] [stderr] warning: `liquidation_monitor` (lib) generated 2 warnings (run `cargo fix --lib -p liquidation_monitor` to apply 2 suggestions)
[INFO] [stderr] warning: `liquidation_monitor` (lib test) generated 2 warnings (2 duplicates)
[INFO] [stderr]     Finished test [unoptimized + debuginfo] target(s) in 0.24s
[INFO] [stderr] warning: the following packages contain code that will be rejected by a future version of Rust: ubyte v0.10.1
[INFO] [stderr] note: to see what the problems were, use the option `--future-incompat-report`, or run `cargo report future-incompatibilities --id 1`
[INFO] [stderr]      Running unittests src/lib.rs (/opt/rustwide/target/debug/deps/liquidation_monitor-03278912f3b407b9)
[INFO] [stdout] 
[INFO] [stdout] running 10 tests
[INFO] [stdout] test anchor::tests::calculates_correct_multicollateral_liquidation_price ... ok
[INFO] [stdout] test anchor::tests::calculates_correct_liquidation_price ... ok
[INFO] [stdout] test event::tests::can_deserialize_serialize_new_block_4739887 ... ok
[INFO] [stdout] test event::tests::can_deserialize_serialize_new_block_4739836 ... ok
[INFO] [stdout] test event::tests::can_deserialize_serialize_new_block_4739621 ... ok
[INFO] [stdout] test event::tests::can_deserialize_serialize_new_block_473729 ... ok
[INFO] [stdout] test event::tests::can_deserialize_serialize_new_block_4739763 ... ok
[INFO] [stdout] test event::tests::can_deserialize_serialize_new_block_4739954 ... ok
[INFO] [stdout] test event::tests::can_deserialize_serialize_new_block_4737552 ... ok
[INFO] [stdout] test mantle::client::tests::throws_error_on_bad_address ... FAILED
[INFO] [stdout] 
[INFO] [stdout] failures:
[INFO] [stdout] 
[INFO] [stdout] ---- mantle::client::tests::throws_error_on_bad_address stdout ----
[INFO] [stdout] thread 'mantle::client::tests::throws_error_on_bad_address' panicked at 'assertion failed: !price.is_err()', src/mantle/client.rs:224:9
[INFO] [stdout] stack backtrace:
[INFO] [stdout]    0:     0x5627138c5c8a - std::backtrace_rs::backtrace::libunwind::trace::ha9053a9a07ca49cb
[INFO] [stdout]                                at /rustc/84c898d65adf2f39a5a98507f1fe0ce10a2b8dbc/library/std/src/../../backtrace/src/backtrace/libunwind.rs:93:5
[INFO] [stdout]    1:     0x5627138c5c8a - std::backtrace_rs::backtrace::trace_unsynchronized::h9c2852a457ad564e
[INFO] [stdout]                                at /rustc/84c898d65adf2f39a5a98507f1fe0ce10a2b8dbc/library/std/src/../../backtrace/src/backtrace/mod.rs:66:5
[INFO] [stdout]    2:     0x5627138c5c8a - std::sys_common::backtrace::_print_fmt::h457936fbfaa0070f
[INFO] [stdout]                                at /rustc/84c898d65adf2f39a5a98507f1fe0ce10a2b8dbc/library/std/src/sys_common/backtrace.rs:65:5
[INFO] [stdout]    3:     0x5627138c5c8a - <std::sys_common::backtrace::_print::DisplayBacktrace as core::fmt::Display>::fmt::h5779d7bf7f70cb0c
[INFO] [stdout]                                at /rustc/84c898d65adf2f39a5a98507f1fe0ce10a2b8dbc/library/std/src/sys_common/backtrace.rs:44:22
[INFO] [stdout]    4:     0x5627138ed4de - core::fmt::write::h5a4baaff1bcd3eb5
[INFO] [stdout]                                at /rustc/84c898d65adf2f39a5a98507f1fe0ce10a2b8dbc/library/core/src/fmt/mod.rs:1232:17
[INFO] [stdout]    5:     0x5627138c29a5 - std::io::Write::write_fmt::h478f79c628ef31d1
[INFO] [stdout]                                at /rustc/84c898d65adf2f39a5a98507f1fe0ce10a2b8dbc/library/std/src/io/mod.rs:1684:15
[INFO] [stdout]    6:     0x5627138c5a55 - std::sys_common::backtrace::_print::h5fcdc36060f177e8
[INFO] [stdout]                                at /rustc/84c898d65adf2f39a5a98507f1fe0ce10a2b8dbc/library/std/src/sys_common/backtrace.rs:47:5
[INFO] [stdout]    7:     0x5627138c5a55 - std::sys_common::backtrace::print::h54ca9458b876c8bf
[INFO] [stdout]                                at /rustc/84c898d65adf2f39a5a98507f1fe0ce10a2b8dbc/library/std/src/sys_common/backtrace.rs:34:9
[INFO] [stdout]    8:     0x5627138c781f - std::panicking::default_hook::{{closure}}::hbe471161c7664ed6
[INFO] [stdout]                                at /rustc/84c898d65adf2f39a5a98507f1fe0ce10a2b8dbc/library/std/src/panicking.rs:271:22
[INFO] [stdout]    9:     0x5627138c74df - std::panicking::default_hook::ha3500da57aa4ac4f
[INFO] [stdout]                                at /rustc/84c898d65adf2f39a5a98507f1fe0ce10a2b8dbc/library/std/src/panicking.rs:287:9
[INFO] [stdout]   10:     0x5627135e97a7 - <alloc::boxed::Box<F,A> as core::ops::function::Fn<Args>>::call::hdf1b89dd137ece34
[INFO] [stdout]                                at /rustc/84c898d65adf2f39a5a98507f1fe0ce10a2b8dbc/library/alloc/src/boxed.rs:2001:9
[INFO] [stdout]   11:     0x5627135e97a7 - test::test_main::{{closure}}::h9081a79f20e75698
[INFO] [stdout]                                at /rustc/84c898d65adf2f39a5a98507f1fe0ce10a2b8dbc/library/test/src/lib.rs:135:21
[INFO] [stdout]   12:     0x5627138c7f4d - <alloc::boxed::Box<F,A> as core::ops::function::Fn<Args>>::call::h6507bddc3eebb4a5
[INFO] [stdout]                                at /rustc/84c898d65adf2f39a5a98507f1fe0ce10a2b8dbc/library/alloc/src/boxed.rs:2001:9
[INFO] [stdout]   13:     0x5627138c7f4d - std::panicking::rust_panic_with_hook::h50c09d000dc561d2
[INFO] [stdout]                                at /rustc/84c898d65adf2f39a5a98507f1fe0ce10a2b8dbc/library/std/src/panicking.rs:696:13
[INFO] [stdout]   14:     0x5627138c7c82 - std::panicking::begin_panic_handler::{{closure}}::h9e2b2176e00e0d9c
[INFO] [stdout]                                at /rustc/84c898d65adf2f39a5a98507f1fe0ce10a2b8dbc/library/std/src/panicking.rs:581:13
[INFO] [stdout]   15:     0x5627138c60f6 - std::sys_common::backtrace::__rust_end_short_backtrace::h5739b8e512c09d02
[INFO] [stdout]                                at /rustc/84c898d65adf2f39a5a98507f1fe0ce10a2b8dbc/library/std/src/sys_common/backtrace.rs:150:18
[INFO] [stdout]   16:     0x5627138c79d2 - rust_begin_unwind
[INFO] [stdout]                                at /rustc/84c898d65adf2f39a5a98507f1fe0ce10a2b8dbc/library/std/src/panicking.rs:579:5
[INFO] [stdout]   17:     0x5627133f4e13 - core::panicking::panic_fmt::hf33a1475b4dc5c3e
[INFO] [stdout]                                at /rustc/84c898d65adf2f39a5a98507f1fe0ce10a2b8dbc/library/core/src/panicking.rs:64:14
[INFO] [stdout]   18:     0x5627133f4ead - core::panicking::panic::h9533b2fee90b999e
[INFO] [stdout]                                at /rustc/84c898d65adf2f39a5a98507f1fe0ce10a2b8dbc/library/core/src/panicking.rs:114:5
[INFO] [stdout]   19:     0x5627135ac145 - liquidation_monitor::mantle::client::tests::throws_error_on_bad_address::{{closure}}::hf965f138fcdc9b2b
[INFO] [stdout]                                at /opt/rustwide/workdir/src/mantle/client.rs:224:9
[INFO] [stdout]   20:     0x56271357df1b - <core::pin::Pin<P> as core::future::future::Future>::poll::h8ab846996aa446d3
[INFO] [stdout]                                at /rustc/84c898d65adf2f39a5a98507f1fe0ce10a2b8dbc/library/core/src/future/future.rs:125:9
[INFO] [stdout]   21:     0x56271358d6c4 - tokio::runtime::basic_scheduler::Inner<P>::block_on::{{closure}}::{{closure}}::h8b9610e5666251e6
[INFO] [stdout]                                at /opt/rustwide/cargo-home/registry/src/github.com-1ecc6299db9ec823/tokio-1.12.0/src/runtime/basic_scheduler.rs:230:62
[INFO] [stdout]   22:     0x5627134ffe40 - tokio::coop::with_budget::{{closure}}::h7787610555fd6e82
[INFO] [stdout]                                at /opt/rustwide/cargo-home/registry/src/github.com-1ecc6299db9ec823/tokio-1.12.0/src/coop.rs:106:9
[INFO] [stdout]   23:     0x56271356c9b4 - std::thread::local::LocalKey<T>::try_with::hc80d58480ff7971f
[INFO] [stdout]                                at /rustc/84c898d65adf2f39a5a98507f1fe0ce10a2b8dbc/library/std/src/thread/local.rs:446:16
[INFO] [stdout]   24:     0x56271356c44a - std::thread::local::LocalKey<T>::with::hfebf025de61eac98
[INFO] [stdout]                                at /rustc/84c898d65adf2f39a5a98507f1fe0ce10a2b8dbc/library/std/src/thread/local.rs:422:9
[INFO] [stdout]   25:     0x56271358cda1 - tokio::coop::with_budget::h1669eb2f229fb73f
[INFO] [stdout]                                at /opt/rustwide/cargo-home/registry/src/github.com-1ecc6299db9ec823/tokio-1.12.0/src/coop.rs:99:5
[INFO] [stdout]   26:     0x56271358cda1 - tokio::coop::budget::hcde116217b604210
[INFO] [stdout]                                at /opt/rustwide/cargo-home/registry/src/github.com-1ecc6299db9ec823/tokio-1.12.0/src/coop.rs:76:5
[INFO] [stdout]   27:     0x56271358cda1 - tokio::runtime::basic_scheduler::Inner<P>::block_on::{{closure}}::h4fcc4a7daf6cc2de
[INFO] [stdout]                                at /opt/rustwide/cargo-home/registry/src/github.com-1ecc6299db9ec823/tokio-1.12.0/src/runtime/basic_scheduler.rs:230:39
[INFO] [stdout]   28:     0x56271358e141 - tokio::runtime::basic_scheduler::enter::{{closure}}::h56b2f8fca267e9c6
[INFO] [stdout]                                at /opt/rustwide/cargo-home/registry/src/github.com-1ecc6299db9ec823/tokio-1.12.0/src/runtime/basic_scheduler.rs:339:29
[INFO] [stdout]   29:     0x56271358c947 - tokio::macros::scoped_tls::ScopedKey<T>::set::h5dafa94455785eaa
[INFO] [stdout]                                at /opt/rustwide/cargo-home/registry/src/github.com-1ecc6299db9ec823/tokio-1.12.0/src/macros/scoped_tls.rs:61:9
[INFO] [stdout]   30:     0x56271358e0c0 - tokio::runtime::basic_scheduler::enter::h7b8333adae54c4f5
[INFO] [stdout]                                at /opt/rustwide/cargo-home/registry/src/github.com-1ecc6299db9ec823/tokio-1.12.0/src/runtime/basic_scheduler.rs:339:5
[INFO] [stdout]   31:     0x56271358ca0b - tokio::runtime::basic_scheduler::Inner<P>::block_on::h849dabc33ff9a3d3
[INFO] [stdout]                                at /opt/rustwide/cargo-home/registry/src/github.com-1ecc6299db9ec823/tokio-1.12.0/src/runtime/basic_scheduler.rs:218:9
[INFO] [stdout]   32:     0x56271358d73e - tokio::runtime::basic_scheduler::InnerGuard<P>::block_on::hef051698112b86c4
[INFO] [stdout]                                at /opt/rustwide/cargo-home/registry/src/github.com-1ecc6299db9ec823/tokio-1.12.0/src/runtime/basic_scheduler.rs:489:9
[INFO] [stdout]   33:     0x56271358da42 - tokio::runtime::basic_scheduler::BasicScheduler<P>::block_on::h4391c0080d43ff07
[INFO] [stdout]                                at /opt/rustwide/cargo-home/registry/src/github.com-1ecc6299db9ec823/tokio-1.12.0/src/runtime/basic_scheduler.rs:178:24
[INFO] [stdout]   34:     0x56271358e368 - tokio::runtime::Runtime::block_on::h4f535b7c65613e13
[INFO] [stdout]                                at /opt/rustwide/cargo-home/registry/src/github.com-1ecc6299db9ec823/tokio-1.12.0/src/runtime/mod.rs:461:46
[INFO] [stdout]   35:     0x5627135abe8e - liquidation_monitor::mantle::client::tests::throws_error_on_bad_address::h98ead46e347cad33
[INFO] [stdout]                                at /opt/rustwide/workdir/src/mantle/client.rs:224:9
[INFO] [stdout]   36:     0x5627135abd77 - liquidation_monitor::mantle::client::tests::throws_error_on_bad_address::{{closure}}::h89ed1cc57f35e1f7
[INFO] [stdout]                                at /opt/rustwide/workdir/src/mantle/client.rs:222:44
[INFO] [stdout]   37:     0x56271356e615 - core::ops::function::FnOnce::call_once::h66664bcd68930485
[INFO] [stdout]                                at /rustc/84c898d65adf2f39a5a98507f1fe0ce10a2b8dbc/library/core/src/ops/function.rs:250:5
[INFO] [stdout]   38:     0x5627135eeb8f - core::ops::function::FnOnce::call_once::h7d969581be7d0075
[INFO] [stdout]                                at /rustc/84c898d65adf2f39a5a98507f1fe0ce10a2b8dbc/library/core/src/ops/function.rs:250:5
[INFO] [stdout]   39:     0x5627135eeb8f - test::__rust_begin_short_backtrace::hca25a52684e56655
[INFO] [stdout]                                at /rustc/84c898d65adf2f39a5a98507f1fe0ce10a2b8dbc/library/test/src/lib.rs:656:18
[INFO] [stdout]   40:     0x5627135c01ac - test::run_test::{{closure}}::ha8ac744c4af1a4bb
[INFO] [stdout]                                at /rustc/84c898d65adf2f39a5a98507f1fe0ce10a2b8dbc/library/test/src/lib.rs:647:30
[INFO] [stdout]   41:     0x5627135c01ac - core::ops::function::FnOnce::call_once{{vtable.shim}}::h7b411a9ed45bdecf
[INFO] [stdout]                                at /rustc/84c898d65adf2f39a5a98507f1fe0ce10a2b8dbc/library/core/src/ops/function.rs:250:5
[INFO] [stdout]   42:     0x5627135edb56 - <alloc::boxed::Box<F,A> as core::ops::function::FnOnce<Args>>::call_once::hd05328869a8ed200
[INFO] [stdout]                                at /rustc/84c898d65adf2f39a5a98507f1fe0ce10a2b8dbc/library/alloc/src/boxed.rs:1987:9
[INFO] [stdout]   43:     0x5627135edb56 - <core::panic::unwind_safe::AssertUnwindSafe<F> as core::ops::function::FnOnce<()>>::call_once::h0c601ce20bd5b2be
[INFO] [stdout]                                at /rustc/84c898d65adf2f39a5a98507f1fe0ce10a2b8dbc/library/core/src/panic/unwind_safe.rs:271:9
[INFO] [stdout]   44:     0x5627135edb56 - std::panicking::try::do_call::ha4be5c164fe30854
[INFO] [stdout]                                at /rustc/84c898d65adf2f39a5a98507f1fe0ce10a2b8dbc/library/std/src/panicking.rs:487:40
[INFO] [stdout]   45:     0x5627135edb56 - std::panicking::try::h604546f3609af05f
[INFO] [stdout]                                at /rustc/84c898d65adf2f39a5a98507f1fe0ce10a2b8dbc/library/std/src/panicking.rs:451:19
[INFO] [stdout]   46:     0x5627135edb56 - std::panic::catch_unwind::h5bfa8afe44c9c2f9
[INFO] [stdout]                                at /rustc/84c898d65adf2f39a5a98507f1fe0ce10a2b8dbc/library/std/src/panic.rs:140:14
[INFO] [stdout]   47:     0x5627135edb56 - test::run_test_in_process::hd50dee55dd63e6aa
[INFO] [stdout]                                at /rustc/84c898d65adf2f39a5a98507f1fe0ce10a2b8dbc/library/test/src/lib.rs:679:27
[INFO] [stdout]   48:     0x5627135edb56 - test::run_test::run_test_inner::{{closure}}::h4aa0f433aa85cea8
[INFO] [stdout]                                at /rustc/84c898d65adf2f39a5a98507f1fe0ce10a2b8dbc/library/test/src/lib.rs:573:39
[INFO] [stdout]   49:     0x5627135ba821 - test::run_test::run_test_inner::{{closure}}::had56431adf24b4d6
[INFO] [stdout]                                at /rustc/84c898d65adf2f39a5a98507f1fe0ce10a2b8dbc/library/test/src/lib.rs:600:37
[INFO] [stdout]   50:     0x5627135ba821 - std::sys_common::backtrace::__rust_begin_short_backtrace::ha8d9890e0c73bf13
[INFO] [stdout]                                at /rustc/84c898d65adf2f39a5a98507f1fe0ce10a2b8dbc/library/std/src/sys_common/backtrace.rs:134:18
[INFO] [stdout]   51:     0x5627135c023b - std::thread::Builder::spawn_unchecked_::{{closure}}::{{closure}}::h251832bcb4a95327
[INFO] [stdout]                                at /rustc/84c898d65adf2f39a5a98507f1fe0ce10a2b8dbc/library/std/src/thread/mod.rs:560:17
[INFO] [stdout]   52:     0x5627135c023b - <core::panic::unwind_safe::AssertUnwindSafe<F> as core::ops::function::FnOnce<()>>::call_once::h8fdff598fa414831
[INFO] [stdout]                                at /rustc/84c898d65adf2f39a5a98507f1fe0ce10a2b8dbc/library/core/src/panic/unwind_safe.rs:271:9
[INFO] [stdout]   53:     0x5627135c023b - std::panicking::try::do_call::h455dd2f7764a950f
[INFO] [stdout]                                at /rustc/84c898d65adf2f39a5a98507f1fe0ce10a2b8dbc/library/std/src/panicking.rs:487:40
[INFO] [stdout]   54:     0x5627135c023b - std::panicking::try::had6f23b7b73ae72a
[INFO] [stdout]                                at /rustc/84c898d65adf2f39a5a98507f1fe0ce10a2b8dbc/library/std/src/panicking.rs:451:19
[INFO] [stdout]   55:     0x5627135c023b - std::panic::catch_unwind::ha6a5ca3915b4dad0
[INFO] [stdout]                                at /rustc/84c898d65adf2f39a5a98507f1fe0ce10a2b8dbc/library/std/src/panic.rs:140:14
[INFO] [stdout]   56:     0x5627135c023b - std::thread::Builder::spawn_unchecked_::{{closure}}::h883b72ef75da6231
[INFO] [stdout]                                at /rustc/84c898d65adf2f39a5a98507f1fe0ce10a2b8dbc/library/std/src/thread/mod.rs:559:30
[INFO] [stdout]   57:     0x5627135c023b - core::ops::function::FnOnce::call_once{{vtable.shim}}::hb7dff73dc8bd2ccb
[INFO] [stdout]                                at /rustc/84c898d65adf2f39a5a98507f1fe0ce10a2b8dbc/library/core/src/ops/function.rs:250:5
[INFO] [stdout]   58:     0x5627138cc5f3 - <alloc::boxed::Box<F,A> as core::ops::function::FnOnce<Args>>::call_once::h39990b24eedef2ab
[INFO] [stdout]                                at /rustc/84c898d65adf2f39a5a98507f1fe0ce10a2b8dbc/library/alloc/src/boxed.rs:1987:9
[INFO] [stdout]   59:     0x5627138cc5f3 - <alloc::boxed::Box<F,A> as core::ops::function::FnOnce<Args>>::call_once::h01a027258444143b
[INFO] [stdout]                                at /rustc/84c898d65adf2f39a5a98507f1fe0ce10a2b8dbc/library/alloc/src/boxed.rs:1987:9
[INFO] [stdout]   60:     0x5627138cc5f3 - std::sys::unix::thread::Thread::new::thread_start::ha4f1cdd9c25884ba
[INFO] [stdout]                                at /rustc/84c898d65adf2f39a5a98507f1fe0ce10a2b8dbc/library/std/src/sys/unix/thread.rs:108:17
[INFO] [stdout]   61:     0x7ff51e51eb43 - <unknown>
[INFO] [stdout]   62:     0x7ff51e5afbb4 - __clone
[INFO] [stdout]   63:                0x0 - <unknown>
[INFO] [stdout] 
[INFO] [stdout] 
[INFO] [stdout] failures:
[INFO] [stdout]     mantle::client::tests::throws_error_on_bad_address
[INFO] [stdout] 
[INFO] [stdout] test result: FAILED. 9 passed; 1 failed; 0 ignored; 0 measured; 0 filtered out; finished in 0.14s
[INFO] [stdout] 
[INFO] [stderr] error: test failed, to rerun pass `--lib`
[INFO] running `Command { std: "docker" "inspect" "1198f3a2772d42f0f184d9c7f6a0d1fad0c5ac875abc1f3b1897ea244ee77a16", kill_on_drop: false }`
[INFO] running `Command { std: "docker" "rm" "-f" "1198f3a2772d42f0f184d9c7f6a0d1fad0c5ac875abc1f3b1897ea244ee77a16", kill_on_drop: false }`
[INFO] [stdout] 1198f3a2772d42f0f184d9c7f6a0d1fad0c5ac875abc1f3b1897ea244ee77a16
