[INFO] cloning repository https://github.com/maciejjakub/zfp_rust
[INFO] running `Command { std: "git" "-c" "credential.helper=" "-c" "credential.helper=/workspace/cargo-home/bin/git-credential-null" "clone" "--bare" "https://github.com/maciejjakub/zfp_rust" "/workspace/cache/git-repos/https%3A%2F%2Fgithub.com%2Fmaciejjakub%2Fzfp_rust", kill_on_drop: false }`
[INFO] [stderr] Cloning into bare repository '/workspace/cache/git-repos/https%3A%2F%2Fgithub.com%2Fmaciejjakub%2Fzfp_rust'...
[INFO] running `Command { std: "git" "rev-parse" "HEAD", kill_on_drop: false }`
[INFO] [stdout] 2cbdd49b04c9ef2029c9c01cab8a100491657778
[INFO] testing maciejjakub/zfp_rust against beta-2023-04-20 for beta-1.70-1
[INFO] running `Command { std: "git" "clone" "/workspace/cache/git-repos/https%3A%2F%2Fgithub.com%2Fmaciejjakub%2Fzfp_rust" "/workspace/builds/worker-5-tc2/source", kill_on_drop: false }`
[INFO] [stderr] Cloning into '/workspace/builds/worker-5-tc2/source'...
[INFO] [stderr] done.
[INFO] validating manifest of git repo https://github.com/maciejjakub/zfp_rust on toolchain beta-2023-04-20
[INFO] running `Command { std: CARGO_HOME="/workspace/cargo-home" RUSTUP_HOME="/workspace/rustup-home" "/workspace/cargo-home/bin/cargo" "+beta-2023-04-20" "metadata" "--manifest-path" "Cargo.toml" "--no-deps", kill_on_drop: false }`
[INFO] started tweaking git repo https://github.com/maciejjakub/zfp_rust
[INFO] finished tweaking git repo https://github.com/maciejjakub/zfp_rust
[INFO] tweaked toml for git repo https://github.com/maciejjakub/zfp_rust written to /workspace/builds/worker-5-tc2/source/Cargo.toml
[INFO] crate git repo https://github.com/maciejjakub/zfp_rust already has a lockfile, it will not be regenerated
[INFO] running `Command { std: CARGO_HOME="/workspace/cargo-home" RUSTUP_HOME="/workspace/rustup-home" "/workspace/cargo-home/bin/cargo" "+beta-2023-04-20" "fetch" "--manifest-path" "Cargo.toml", kill_on_drop: false }`
[INFO] running `Command { std: "docker" "create" "-v" "/var/lib/crater-agent-workspace/builds/worker-5-tc2/target:/opt/rustwide/target:rw,Z" "-v" "/var/lib/crater-agent-workspace/builds/worker-5-tc2/source:/opt/rustwide/workdir:ro,Z" "-v" "/var/lib/crater-agent-workspace/cargo-home:/opt/rustwide/cargo-home:ro,Z" "-v" "/var/lib/crater-agent-workspace/rustup-home:/opt/rustwide/rustup-home:ro,Z" "-e" "SOURCE_DIR=/opt/rustwide/workdir" "-e" "CARGO_TARGET_DIR=/opt/rustwide/target" "-e" "CARGO_HOME=/opt/rustwide/cargo-home" "-e" "RUSTUP_HOME=/opt/rustwide/rustup-home" "-w" "/opt/rustwide/workdir" "-m" "1610612736" "--user" "0:0" "--network" "none" "ghcr.io/rust-lang/crates-build-env/linux@sha256:5ff2268d62e97bff2cde7d5815dd6ed5b47097566f13b8d0ca110b04b60e07ed" "/opt/rustwide/cargo-home/bin/cargo" "+beta-2023-04-20" "metadata" "--no-deps" "--format-version=1", kill_on_drop: false }`
[INFO] [stdout] 3b856bf9d6cbde82bb9387a2453fce2ffc12b4835af64948dc15af65dca8663c
[INFO] running `Command { std: "docker" "start" "-a" "3b856bf9d6cbde82bb9387a2453fce2ffc12b4835af64948dc15af65dca8663c", kill_on_drop: false }`
[INFO] running `Command { std: "docker" "inspect" "3b856bf9d6cbde82bb9387a2453fce2ffc12b4835af64948dc15af65dca8663c", kill_on_drop: false }`
[INFO] running `Command { std: "docker" "rm" "-f" "3b856bf9d6cbde82bb9387a2453fce2ffc12b4835af64948dc15af65dca8663c", kill_on_drop: false }`
[INFO] [stdout] 3b856bf9d6cbde82bb9387a2453fce2ffc12b4835af64948dc15af65dca8663c
[INFO] running `Command { std: "docker" "create" "-v" "/var/lib/crater-agent-workspace/builds/worker-5-tc2/target:/opt/rustwide/target:rw,Z" "-v" "/var/lib/crater-agent-workspace/builds/worker-5-tc2/source:/opt/rustwide/workdir:ro,Z" "-v" "/var/lib/crater-agent-workspace/cargo-home:/opt/rustwide/cargo-home:ro,Z" "-v" "/var/lib/crater-agent-workspace/rustup-home:/opt/rustwide/rustup-home:ro,Z" "-e" "SOURCE_DIR=/opt/rustwide/workdir" "-e" "CARGO_TARGET_DIR=/opt/rustwide/target" "-e" "CARGO_INCREMENTAL=0" "-e" "RUST_BACKTRACE=full" "-e" "RUSTFLAGS=--cap-lints=warn" "-e" "RUSTDOCFLAGS=--cap-lints=warn" "-e" "CARGO_HOME=/opt/rustwide/cargo-home" "-e" "RUSTUP_HOME=/opt/rustwide/rustup-home" "-w" "/opt/rustwide/workdir" "-m" "1610612736" "--user" "0:0" "--network" "none" "ghcr.io/rust-lang/crates-build-env/linux@sha256:5ff2268d62e97bff2cde7d5815dd6ed5b47097566f13b8d0ca110b04b60e07ed" "/opt/rustwide/cargo-home/bin/cargo" "+beta-2023-04-20" "build" "--frozen" "--message-format=json", kill_on_drop: false }`
[INFO] [stdout] 18091ba81cd91fda38be41539f4cef3b9cdbf3089662748644bdff6bf57459cd
[INFO] running `Command { std: "docker" "start" "-a" "18091ba81cd91fda38be41539f4cef3b9cdbf3089662748644bdff6bf57459cd", kill_on_drop: false }`
[INFO] [stderr]     Blocking waiting for file lock on package cache
[INFO] [stderr]    Compiling autocfg v1.0.1
[INFO] [stderr]    Compiling radium v0.5.3
[INFO] [stderr]    Compiling tap v1.0.0
[INFO] [stderr]    Compiling funty v1.1.0
[INFO] [stderr]    Compiling wyz v0.2.0
[INFO] [stderr]    Compiling num-traits v0.2.14
[INFO] [stderr]    Compiling bitvec v0.19.6
[INFO] [stderr]    Compiling zfp_rust v0.0.1 (/opt/rustwide/workdir)
[INFO] [stdout] warning: unnecessary parentheses around type
[INFO] [stdout]   --> src/float2int.rs:44:51
[INFO] [stdout]    |
[INFO] [stdout] 44 | pub fn float2int1<I: F3264>(float_arr: [I; 4]) -> ([i64; 4]) {
[INFO] [stdout]    |                                                   ^        ^
[INFO] [stdout]    |
[INFO] [stdout]    = note: `#[warn(unused_parens)]` on by default
[INFO] [stdout] help: remove these parentheses
[INFO] [stdout]    |
[INFO] [stdout] 44 - pub fn float2int1<I: F3264>(float_arr: [I; 4]) -> ([i64; 4]) {
[INFO] [stdout] 44 + pub fn float2int1<I: F3264>(float_arr: [I; 4]) -> [i64; 4] {
[INFO] [stdout]    |
[INFO] [stdout] 
[INFO] [stdout] 
[INFO] [stdout] warning: unnecessary parentheses around assigned value
[INFO] [stdout]   --> src/float2int.rs:48:17
[INFO] [stdout]    |
[INFO] [stdout] 48 |     let EBIAS = ((1 << (EBITS - 1)) - 1);
[INFO] [stdout]    |                 ^                      ^
[INFO] [stdout]    |
[INFO] [stdout] help: remove these parentheses
[INFO] [stdout]    |
[INFO] [stdout] 48 -     let EBIAS = ((1 << (EBITS - 1)) - 1);
[INFO] [stdout] 48 +     let EBIAS = (1 << (EBITS - 1)) - 1;
[INFO] [stdout]    |
[INFO] [stdout] 
[INFO] [stdout] 
[INFO] [stdout] warning: unnecessary parentheses around block return value
[INFO] [stdout]   --> src/float2int.rs:72:5
[INFO] [stdout]    |
[INFO] [stdout] 72 |     (int_array)
[INFO] [stdout]    |     ^         ^
[INFO] [stdout]    |
[INFO] [stdout] help: remove these parentheses
[INFO] [stdout]    |
[INFO] [stdout] 72 -     (int_array)
[INFO] [stdout] 72 +     int_array
[INFO] [stdout]    |
[INFO] [stdout] 
[INFO] [stdout] 
[INFO] [stdout] warning: unused variable: `a`
[INFO] [stdout]   --> src/serialize.rs:32:9
[INFO] [stdout]    |
[INFO] [stdout] 32 |     let a: u8 = 0b1111;
[INFO] [stdout]    |         ^ help: if this is intentional, prefix it with an underscore: `_a`
[INFO] [stdout]    |
[INFO] [stdout]    = note: `#[warn(unused_variables)]` on by default
[INFO] [stdout] 
[INFO] [stdout] 
[INFO] [stdout] warning: unused variable: `b`
[INFO] [stdout]   --> src/serialize.rs:33:9
[INFO] [stdout]    |
[INFO] [stdout] 33 |     let b: u8 = 0b1010;
[INFO] [stdout]    |         ^ help: if this is intentional, prefix it with an underscore: `_b`
[INFO] [stdout] 
[INFO] [stdout] 
[INFO] [stdout] warning: value assigned to `my_char` is never read
[INFO] [stdout]   --> src/serialize.rs:46:5
[INFO] [stdout]    |
[INFO] [stdout] 46 |     my_char = my_char >> 1;
[INFO] [stdout]    |     ^^^^^^^
[INFO] [stdout]    |
[INFO] [stdout]    = help: maybe it is overwritten before being read?
[INFO] [stdout]    = note: `#[warn(unused_assignments)]` on by default
[INFO] [stdout] 
[INFO] [stdout] 
[INFO] [stdout] warning: unused variable: `exponent_f`
[INFO] [stdout]   --> src/float2int.rs:34:9
[INFO] [stdout]    |
[INFO] [stdout] 34 |     let exponent_f = num.powf(exponent as f32);
[INFO] [stdout]    |         ^^^^^^^^^^ help: if this is intentional, prefix it with an underscore: `_exponent_f`
[INFO] [stdout] 
[INFO] [stdout] 
[INFO] [stdout] warning: unused variable: `mantissa2`
[INFO] [stdout]   --> src/float2int.rs:36:9
[INFO] [stdout]    |
[INFO] [stdout] 36 |     let mantissa2 = mantissa as i64;
[INFO] [stdout]    |         ^^^^^^^^^ help: if this is intentional, prefix it with an underscore: `_mantissa2`
[INFO] [stdout] 
[INFO] [stdout] 
[INFO] [stdout] warning: unused variable: `sign2`
[INFO] [stdout]   --> src/float2int.rs:38:9
[INFO] [stdout]    |
[INFO] [stdout] 38 |     let sign2 = sign as i64;
[INFO] [stdout]    |         ^^^^^ help: if this is intentional, prefix it with an underscore: `_sign2`
[INFO] [stdout] 
[INFO] [stdout] 
[INFO] [stdout] warning: unused variable: `mantissa`
[INFO] [stdout]   --> src/float2int.rs:54:14
[INFO] [stdout]    |
[INFO] [stdout] 54 |         let (mantissa, exponent, sign) = Float::integer_decode(float_arr[i]);
[INFO] [stdout]    |              ^^^^^^^^ help: if this is intentional, prefix it with an underscore: `_mantissa`
[INFO] [stdout] 
[INFO] [stdout] 
[INFO] [stdout] warning: unused variable: `sign`
[INFO] [stdout]   --> src/float2int.rs:54:34
[INFO] [stdout]    |
[INFO] [stdout] 54 |         let (mantissa, exponent, sign) = Float::integer_decode(float_arr[i]);
[INFO] [stdout]    |                                  ^^^^ help: if this is intentional, prefix it with an underscore: `_sign`
[INFO] [stdout] 
[INFO] [stdout] 
[INFO] [stdout] warning: unused variable: `e`
[INFO] [stdout]   --> src/float2int.rs:60:9
[INFO] [stdout]    |
[INFO] [stdout] 60 |     let e: i32 = max_exp + EBIAS;
[INFO] [stdout]    |         ^ help: if this is intentional, prefix it with an underscore: `_e`
[INFO] [stdout] 
[INFO] [stdout] 
[INFO] [stdout] warning: variable does not need to be mutable
[INFO] [stdout]   --> src/serialize.rs:63:9
[INFO] [stdout]    |
[INFO] [stdout] 63 |     let mut bits = data.view_bits_mut::<Msb0>();
[INFO] [stdout]    |         ----^^^^
[INFO] [stdout]    |         |
[INFO] [stdout]    |         help: remove this `mut`
[INFO] [stdout]    |
[INFO] [stdout]    = note: `#[warn(unused_mut)]` on by default
[INFO] [stdout] 
[INFO] [stdout] 
[INFO] [stdout] warning: variable does not need to be mutable
[INFO] [stdout]   --> src/serialize.rs:68:9
[INFO] [stdout]    |
[INFO] [stdout] 68 |     let mut bits = data.view_bits_mut::<Msb0>();
[INFO] [stdout]    |         ----^^^^
[INFO] [stdout]    |         |
[INFO] [stdout]    |         help: remove this `mut`
[INFO] [stdout] 
[INFO] [stdout] 
[INFO] [stdout] warning: variable `BASE` should have a snake case name
[INFO] [stdout]   --> src/float2int.rs:45:9
[INFO] [stdout]    |
[INFO] [stdout] 45 |     let BASE = 2.0f64;
[INFO] [stdout]    |         ^^^^ help: convert the identifier to snake case: `base`
[INFO] [stdout]    |
[INFO] [stdout]    = note: `#[warn(non_snake_case)]` on by default
[INFO] [stdout] 
[INFO] [stdout] 
[INFO] [stdout] warning: variable `EBITS` should have a snake case name
[INFO] [stdout]   --> src/float2int.rs:46:9
[INFO] [stdout]    |
[INFO] [stdout] 46 |     let EBITS = if size_of::<I>() == 4 { 8 } else { 11 };  // 8 bits exponent size if f32, 11 if f64
[INFO] [stdout]    |         ^^^^^ help: convert the identifier to snake case: `ebits`
[INFO] [stdout] 
[INFO] [stdout] 
[INFO] [stdout] warning: variable `MANTISSA_SIZE` should have a snake case name
[INFO] [stdout]   --> src/float2int.rs:47:9
[INFO] [stdout]    |
[INFO] [stdout] 47 |     let MANTISSA_SIZE = if size_of::<I>() == 4 { 24 } else { 53 };
[INFO] [stdout]    |         ^^^^^^^^^^^^^ help: convert the identifier to snake case: `mantissa_size`
[INFO] [stdout] 
[INFO] [stdout] 
[INFO] [stdout] warning: variable `EBIAS` should have a snake case name
[INFO] [stdout]   --> src/float2int.rs:48:9
[INFO] [stdout]    |
[INFO] [stdout] 48 |     let EBIAS = ((1 << (EBITS - 1)) - 1);
[INFO] [stdout]    |         ^^^^^ help: convert the identifier to snake case: `ebias`
[INFO] [stdout] 
[INFO] [stdout] 
[INFO] [stdout] warning: 18 warnings emitted
[INFO] [stdout] 
[INFO] [stdout] 
[INFO] [stdout] warning: unused import: `bitvec::prelude::*`
[INFO] [stdout]  --> src/main.rs:3:5
[INFO] [stdout]   |
[INFO] [stdout] 3 | use bitvec::prelude::*;
[INFO] [stdout]   |     ^^^^^^^^^^^^^^^^^^
[INFO] [stdout]   |
[INFO] [stdout]   = note: `#[warn(unused_imports)]` on by default
[INFO] [stdout] 
[INFO] [stdout] 
[INFO] [stdout] warning: unused variable: `y`
[INFO] [stdout]   --> src/main.rs:25:9
[INFO] [stdout]    |
[INFO] [stdout] 25 |     let y: i16 = 45;
[INFO] [stdout]    |         ^ help: if this is intentional, prefix it with an underscore: `_y`
[INFO] [stdout]    |
[INFO] [stdout]    = note: `#[warn(unused_variables)]` on by default
[INFO] [stdout] 
[INFO] [stdout] 
[INFO] [stdout] warning: 2 warnings emitted
[INFO] [stdout] 
[INFO] [stdout] 
[INFO] [stderr]     Finished dev [unoptimized + debuginfo] target(s) in 2.31s
[INFO] running `Command { std: "docker" "inspect" "18091ba81cd91fda38be41539f4cef3b9cdbf3089662748644bdff6bf57459cd", kill_on_drop: false }`
[INFO] running `Command { std: "docker" "rm" "-f" "18091ba81cd91fda38be41539f4cef3b9cdbf3089662748644bdff6bf57459cd", kill_on_drop: false }`
[INFO] [stdout] 18091ba81cd91fda38be41539f4cef3b9cdbf3089662748644bdff6bf57459cd
[INFO] running `Command { std: "docker" "create" "-v" "/var/lib/crater-agent-workspace/builds/worker-5-tc2/target:/opt/rustwide/target:rw,Z" "-v" "/var/lib/crater-agent-workspace/builds/worker-5-tc2/source:/opt/rustwide/workdir:ro,Z" "-v" "/var/lib/crater-agent-workspace/cargo-home:/opt/rustwide/cargo-home:ro,Z" "-v" "/var/lib/crater-agent-workspace/rustup-home:/opt/rustwide/rustup-home:ro,Z" "-e" "SOURCE_DIR=/opt/rustwide/workdir" "-e" "CARGO_TARGET_DIR=/opt/rustwide/target" "-e" "CARGO_INCREMENTAL=0" "-e" "RUST_BACKTRACE=full" "-e" "RUSTFLAGS=--cap-lints=warn" "-e" "RUSTDOCFLAGS=--cap-lints=warn" "-e" "CARGO_HOME=/opt/rustwide/cargo-home" "-e" "RUSTUP_HOME=/opt/rustwide/rustup-home" "-w" "/opt/rustwide/workdir" "-m" "1610612736" "--user" "0:0" "--network" "none" "ghcr.io/rust-lang/crates-build-env/linux@sha256:5ff2268d62e97bff2cde7d5815dd6ed5b47097566f13b8d0ca110b04b60e07ed" "/opt/rustwide/cargo-home/bin/cargo" "+beta-2023-04-20" "test" "--frozen" "--no-run" "--message-format=json", kill_on_drop: false }`
[INFO] [stdout] d78c88364b1c3c4b8c0358df53c9e8ea7653f546a7c67b049a353de5da96cd59
[INFO] running `Command { std: "docker" "start" "-a" "d78c88364b1c3c4b8c0358df53c9e8ea7653f546a7c67b049a353de5da96cd59", kill_on_drop: false }`
[INFO] [stdout] warning: unnecessary parentheses around type
[INFO] [stdout]   --> src/float2int.rs:44:51
[INFO] [stdout]    |
[INFO] [stdout] 44 | pub fn float2int1<I: F3264>(float_arr: [I; 4]) -> ([i64; 4]) {
[INFO] [stdout]    |                                                   ^        ^
[INFO] [stdout]    |
[INFO] [stdout]    = note: `#[warn(unused_parens)]` on by default
[INFO] [stdout] help: remove these parentheses
[INFO] [stdout]    |
[INFO] [stdout] 44 - pub fn float2int1<I: F3264>(float_arr: [I; 4]) -> ([i64; 4]) {
[INFO] [stdout] 44 + pub fn float2int1<I: F3264>(float_arr: [I; 4]) -> [i64; 4] {
[INFO] [stdout]    |
[INFO] [stdout] 
[INFO] [stdout] 
[INFO] [stdout] warning: unnecessary parentheses around assigned value
[INFO] [stdout]   --> src/float2int.rs:48:17
[INFO] [stdout]    |
[INFO] [stdout] 48 |     let EBIAS = ((1 << (EBITS - 1)) - 1);
[INFO] [stdout]    |                 ^                      ^
[INFO] [stdout]    |
[INFO] [stdout] help: remove these parentheses
[INFO] [stdout]    |
[INFO] [stdout] 48 -     let EBIAS = ((1 << (EBITS - 1)) - 1);
[INFO] [stdout] 48 +     let EBIAS = (1 << (EBITS - 1)) - 1;
[INFO] [stdout]    |
[INFO] [stdout] 
[INFO] [stdout] 
[INFO] [stdout] warning: unnecessary parentheses around block return value
[INFO] [stdout]   --> src/float2int.rs:72:5
[INFO] [stdout]    |
[INFO] [stdout] 72 |     (int_array)
[INFO] [stdout]    |     ^         ^
[INFO] [stdout]    |
[INFO] [stdout] help: remove these parentheses
[INFO] [stdout]    |
[INFO] [stdout] 72 -     (int_array)
[INFO] [stdout] 72 +     int_array
[INFO] [stdout]    |
[INFO] [stdout] 
[INFO] [stdout] 
[INFO] [stdout] warning: unused variable: `a`
[INFO] [stdout]   --> src/serialize.rs:32:9
[INFO] [stdout]    |
[INFO] [stdout] 32 |     let a: u8 = 0b1111;
[INFO] [stdout]    |         ^ help: if this is intentional, prefix it with an underscore: `_a`
[INFO] [stdout]    |
[INFO] [stdout]    = note: `#[warn(unused_variables)]` on by default
[INFO] [stdout] 
[INFO] [stdout] 
[INFO] [stdout] warning: unused variable: `b`
[INFO] [stdout]   --> src/serialize.rs:33:9
[INFO] [stdout]    |
[INFO] [stdout] 33 |     let b: u8 = 0b1010;
[INFO] [stdout]    |         ^ help: if this is intentional, prefix it with an underscore: `_b`
[INFO] [stdout] 
[INFO] [stdout] 
[INFO] [stdout] warning: value assigned to `my_char` is never read
[INFO] [stdout]   --> src/serialize.rs:46:5
[INFO] [stdout]    |
[INFO] [stdout] 46 |     my_char = my_char >> 1;
[INFO] [stdout]    |     ^^^^^^^
[INFO] [stdout]    |
[INFO] [stdout]    = help: maybe it is overwritten before being read?
[INFO] [stdout]    = note: `#[warn(unused_assignments)]` on by default
[INFO] [stdout] 
[INFO] [stdout] 
[INFO] [stdout] warning: unused variable: `exponent_f`
[INFO] [stdout]   --> src/float2int.rs:34:9
[INFO] [stdout]    |
[INFO] [stdout] 34 |     let exponent_f = num.powf(exponent as f32);
[INFO] [stdout]    |         ^^^^^^^^^^ help: if this is intentional, prefix it with an underscore: `_exponent_f`
[INFO] [stdout] 
[INFO] [stdout] 
[INFO] [stdout] warning: unused variable: `mantissa2`
[INFO] [stdout]   --> src/float2int.rs:36:9
[INFO] [stdout]    |
[INFO] [stdout] 36 |     let mantissa2 = mantissa as i64;
[INFO] [stdout]    |         ^^^^^^^^^ help: if this is intentional, prefix it with an underscore: `_mantissa2`
[INFO] [stdout] 
[INFO] [stdout] 
[INFO] [stdout] warning: unused variable: `sign2`
[INFO] [stdout]   --> src/float2int.rs:38:9
[INFO] [stdout]    |
[INFO] [stdout] 38 |     let sign2 = sign as i64;
[INFO] [stdout]    |         ^^^^^ help: if this is intentional, prefix it with an underscore: `_sign2`
[INFO] [stdout] 
[INFO] [stdout] 
[INFO] [stdout] warning: unused variable: `mantissa`
[INFO] [stdout]   --> src/float2int.rs:54:14
[INFO] [stdout]    |
[INFO] [stdout] 54 |         let (mantissa, exponent, sign) = Float::integer_decode(float_arr[i]);
[INFO] [stdout]    |              ^^^^^^^^ help: if this is intentional, prefix it with an underscore: `_mantissa`
[INFO] [stdout] 
[INFO] [stdout] 
[INFO] [stdout] warning: unused variable: `sign`
[INFO] [stdout]   --> src/float2int.rs:54:34
[INFO] [stdout]    |
[INFO] [stdout] 54 |         let (mantissa, exponent, sign) = Float::integer_decode(float_arr[i]);
[INFO] [stdout]    |                                  ^^^^ help: if this is intentional, prefix it with an underscore: `_sign`
[INFO] [stdout] 
[INFO] [stdout] 
[INFO] [stdout] warning: unused variable: `e`
[INFO] [stdout]   --> src/float2int.rs:60:9
[INFO] [stdout]    |
[INFO] [stdout] 60 |     let e: i32 = max_exp + EBIAS;
[INFO] [stdout]    |         ^ help: if this is intentional, prefix it with an underscore: `_e`
[INFO] [stdout] 
[INFO] [stdout] 
[INFO] [stdout] warning: variable does not need to be mutable
[INFO] [stdout]   --> src/serialize.rs:63:9
[INFO] [stdout]    |
[INFO] [stdout] 63 |     let mut bits = data.view_bits_mut::<Msb0>();
[INFO] [stdout]    |         ----^^^^
[INFO] [stdout]    |         |
[INFO] [stdout]    |         help: remove this `mut`
[INFO] [stdout]    |
[INFO] [stdout]    = note: `#[warn(unused_mut)]` on by default
[INFO] [stdout] 
[INFO] [stdout] 
[INFO] [stdout] warning: variable does not need to be mutable
[INFO] [stdout]   --> src/serialize.rs:68:9
[INFO] [stdout]    |
[INFO] [stdout] 68 |     let mut bits = data.view_bits_mut::<Msb0>();
[INFO] [stdout]    |         ----^^^^
[INFO] [stdout]    |         |
[INFO] [stdout]    |         help: remove this `mut`
[INFO] [stdout] 
[INFO] [stdout] 
[INFO] [stdout] warning: variable `BASE` should have a snake case name
[INFO] [stdout]   --> src/float2int.rs:45:9
[INFO] [stdout]    |
[INFO] [stdout] 45 |     let BASE = 2.0f64;
[INFO] [stdout]    |         ^^^^ help: convert the identifier to snake case: `base`
[INFO] [stdout]    |
[INFO] [stdout]    = note: `#[warn(non_snake_case)]` on by default
[INFO] [stdout] 
[INFO] [stdout] 
[INFO] [stdout] warning: variable `EBITS` should have a snake case name
[INFO] [stdout]   --> src/float2int.rs:46:9
[INFO] [stdout]    |
[INFO] [stdout] 46 |     let EBITS = if size_of::<I>() == 4 { 8 } else { 11 };  // 8 bits exponent size if f32, 11 if f64
[INFO] [stdout]    |         ^^^^^ help: convert the identifier to snake case: `ebits`
[INFO] [stdout] 
[INFO] [stdout] 
[INFO] [stdout] warning: variable `MANTISSA_SIZE` should have a snake case name
[INFO] [stdout]   --> src/float2int.rs:47:9
[INFO] [stdout]    |
[INFO] [stdout] 47 |     let MANTISSA_SIZE = if size_of::<I>() == 4 { 24 } else { 53 };
[INFO] [stdout]    |         ^^^^^^^^^^^^^ help: convert the identifier to snake case: `mantissa_size`
[INFO] [stdout] 
[INFO] [stdout] 
[INFO] [stdout] warning: variable `EBIAS` should have a snake case name
[INFO] [stdout]   --> src/float2int.rs:48:9
[INFO] [stdout]    |
[INFO] [stdout] 48 |     let EBIAS = ((1 << (EBITS - 1)) - 1);
[INFO] [stdout]    |         ^^^^^ help: convert the identifier to snake case: `ebias`
[INFO] [stdout] 
[INFO] [stdout] 
[INFO] [stdout] warning: 18 warnings emitted
[INFO] [stdout] 
[INFO] [stdout] 
[INFO] [stderr]    Compiling zfp_rust v0.0.1 (/opt/rustwide/workdir)
[INFO] [stdout] warning: unused import: `bitvec::prelude::*`
[INFO] [stdout]  --> src/main.rs:3:5
[INFO] [stdout]   |
[INFO] [stdout] 3 | use bitvec::prelude::*;
[INFO] [stdout]   |     ^^^^^^^^^^^^^^^^^^
[INFO] [stdout]   |
[INFO] [stdout]   = note: `#[warn(unused_imports)]` on by default
[INFO] [stdout] 
[INFO] [stdout] 
[INFO] [stdout] warning: unused variable: `y`
[INFO] [stdout]   --> src/main.rs:25:9
[INFO] [stdout]    |
[INFO] [stdout] 25 |     let y: i16 = 45;
[INFO] [stdout]    |         ^ help: if this is intentional, prefix it with an underscore: `_y`
[INFO] [stdout]    |
[INFO] [stdout]    = note: `#[warn(unused_variables)]` on by default
[INFO] [stdout] 
[INFO] [stdout] 
[INFO] [stdout] warning: unnecessary parentheses around type
[INFO] [stdout]   --> src/float2int.rs:44:51
[INFO] [stdout]    |
[INFO] [stdout] 44 | pub fn float2int1<I: F3264>(float_arr: [I; 4]) -> ([i64; 4]) {
[INFO] [stdout]    |                                                   ^        ^
[INFO] [stdout]    |
[INFO] [stdout]    = note: `#[warn(unused_parens)]` on by default
[INFO] [stdout] help: remove these parentheses
[INFO] [stdout]    |
[INFO] [stdout] 44 - pub fn float2int1<I: F3264>(float_arr: [I; 4]) -> ([i64; 4]) {
[INFO] [stdout] 44 + pub fn float2int1<I: F3264>(float_arr: [I; 4]) -> [i64; 4] {
[INFO] [stdout]    |
[INFO] [stdout] 
[INFO] [stdout] 
[INFO] [stdout] warning: unnecessary parentheses around assigned value
[INFO] [stdout]   --> src/float2int.rs:48:17
[INFO] [stdout]    |
[INFO] [stdout] 48 |     let EBIAS = ((1 << (EBITS - 1)) - 1);
[INFO] [stdout]    |                 ^                      ^
[INFO] [stdout]    |
[INFO] [stdout] help: remove these parentheses
[INFO] [stdout]    |
[INFO] [stdout] 48 -     let EBIAS = ((1 << (EBITS - 1)) - 1);
[INFO] [stdout] 48 +     let EBIAS = (1 << (EBITS - 1)) - 1;
[INFO] [stdout]    |
[INFO] [stdout] 
[INFO] [stdout] 
[INFO] [stdout] warning: unnecessary parentheses around block return value
[INFO] [stdout]   --> src/float2int.rs:72:5
[INFO] [stdout]    |
[INFO] [stdout] 72 |     (int_array)
[INFO] [stdout]    |     ^         ^
[INFO] [stdout]    |
[INFO] [stdout] help: remove these parentheses
[INFO] [stdout]    |
[INFO] [stdout] 72 -     (int_array)
[INFO] [stdout] 72 +     int_array
[INFO] [stdout]    |
[INFO] [stdout] 
[INFO] [stdout] 
[INFO] [stdout] warning: unused variable: `a`
[INFO] [stdout]   --> src/serialize.rs:32:9
[INFO] [stdout]    |
[INFO] [stdout] 32 |     let a: u8 = 0b1111;
[INFO] [stdout]    |         ^ help: if this is intentional, prefix it with an underscore: `_a`
[INFO] [stdout]    |
[INFO] [stdout]    = note: `#[warn(unused_variables)]` on by default
[INFO] [stdout] 
[INFO] [stdout] 
[INFO] [stdout] warning: unused variable: `b`
[INFO] [stdout]   --> src/serialize.rs:33:9
[INFO] [stdout]    |
[INFO] [stdout] 33 |     let b: u8 = 0b1010;
[INFO] [stdout]    |         ^ help: if this is intentional, prefix it with an underscore: `_b`
[INFO] [stdout] 
[INFO] [stdout] 
[INFO] [stdout] warning: value assigned to `my_char` is never read
[INFO] [stdout]   --> src/serialize.rs:46:5
[INFO] [stdout]    |
[INFO] [stdout] 46 |     my_char = my_char >> 1;
[INFO] [stdout]    |     ^^^^^^^
[INFO] [stdout]    |
[INFO] [stdout]    = help: maybe it is overwritten before being read?
[INFO] [stdout]    = note: `#[warn(unused_assignments)]` on by default
[INFO] [stdout] 
[INFO] [stdout] 
[INFO] [stdout] warning: unused variable: `exponent_f`
[INFO] [stdout]   --> src/float2int.rs:34:9
[INFO] [stdout]    |
[INFO] [stdout] 34 |     let exponent_f = num.powf(exponent as f32);
[INFO] [stdout]    |         ^^^^^^^^^^ help: if this is intentional, prefix it with an underscore: `_exponent_f`
[INFO] [stdout] 
[INFO] [stdout] 
[INFO] [stdout] warning: unused variable: `mantissa2`
[INFO] [stdout]   --> src/float2int.rs:36:9
[INFO] [stdout]    |
[INFO] [stdout] 36 |     let mantissa2 = mantissa as i64;
[INFO] [stdout]    |         ^^^^^^^^^ help: if this is intentional, prefix it with an underscore: `_mantissa2`
[INFO] [stdout] 
[INFO] [stdout] 
[INFO] [stdout] warning: unused variable: `sign2`
[INFO] [stdout]   --> src/float2int.rs:38:9
[INFO] [stdout]    |
[INFO] [stdout] 38 |     let sign2 = sign as i64;
[INFO] [stdout]    |         ^^^^^ help: if this is intentional, prefix it with an underscore: `_sign2`
[INFO] [stdout] 
[INFO] [stdout] 
[INFO] [stdout] warning: unused variable: `mantissa`
[INFO] [stdout]   --> src/float2int.rs:54:14
[INFO] [stdout]    |
[INFO] [stdout] 54 |         let (mantissa, exponent, sign) = Float::integer_decode(float_arr[i]);
[INFO] [stdout]    |              ^^^^^^^^ help: if this is intentional, prefix it with an underscore: `_mantissa`
[INFO] [stdout] 
[INFO] [stdout] 
[INFO] [stdout] warning: unused variable: `sign`
[INFO] [stdout]   --> src/float2int.rs:54:34
[INFO] [stdout]    |
[INFO] [stdout] 54 |         let (mantissa, exponent, sign) = Float::integer_decode(float_arr[i]);
[INFO] [stdout]    |                                  ^^^^ help: if this is intentional, prefix it with an underscore: `_sign`
[INFO] [stdout] 
[INFO] [stdout] 
[INFO] [stdout] warning: unused variable: `e`
[INFO] [stdout]   --> src/float2int.rs:60:9
[INFO] [stdout]    |
[INFO] [stdout] 60 |     let e: i32 = max_exp + EBIAS;
[INFO] [stdout]    |         ^ help: if this is intentional, prefix it with an underscore: `_e`
[INFO] [stdout] 
[INFO] [stdout] 
[INFO] [stdout] warning: variable does not need to be mutable
[INFO] [stdout]   --> src/serialize.rs:63:9
[INFO] [stdout]    |
[INFO] [stdout] 63 |     let mut bits = data.view_bits_mut::<Msb0>();
[INFO] [stdout]    |         ----^^^^
[INFO] [stdout]    |         |
[INFO] [stdout]    |         help: remove this `mut`
[INFO] [stdout]    |
[INFO] [stdout]    = note: `#[warn(unused_mut)]` on by default
[INFO] [stdout] 
[INFO] [stdout] 
[INFO] [stdout] warning: variable does not need to be mutable
[INFO] [stdout]   --> src/serialize.rs:68:9
[INFO] [stdout]    |
[INFO] [stdout] 68 |     let mut bits = data.view_bits_mut::<Msb0>();
[INFO] [stdout]    |         ----^^^^
[INFO] [stdout]    |         |
[INFO] [stdout]    |         help: remove this `mut`
[INFO] [stdout] 
[INFO] [stdout] 
[INFO] [stdout] warning: variable `BASE` should have a snake case name
[INFO] [stdout]   --> src/float2int.rs:45:9
[INFO] [stdout]    |
[INFO] [stdout] 45 |     let BASE = 2.0f64;
[INFO] [stdout]    |         ^^^^ help: convert the identifier to snake case: `base`
[INFO] [stdout]    |
[INFO] [stdout]    = note: `#[warn(non_snake_case)]` on by default
[INFO] [stdout] 
[INFO] [stdout] 
[INFO] [stdout] warning: variable `EBITS` should have a snake case name
[INFO] [stdout]   --> src/float2int.rs:46:9
[INFO] [stdout]    |
[INFO] [stdout] 46 |     let EBITS = if size_of::<I>() == 4 { 8 } else { 11 };  // 8 bits exponent size if f32, 11 if f64
[INFO] [stdout]    |         ^^^^^ help: convert the identifier to snake case: `ebits`
[INFO] [stdout] 
[INFO] [stdout] 
[INFO] [stdout] warning: variable `MANTISSA_SIZE` should have a snake case name
[INFO] [stdout]   --> src/float2int.rs:47:9
[INFO] [stdout]    |
[INFO] [stdout] 47 |     let MANTISSA_SIZE = if size_of::<I>() == 4 { 24 } else { 53 };
[INFO] [stdout]    |         ^^^^^^^^^^^^^ help: convert the identifier to snake case: `mantissa_size`
[INFO] [stdout] 
[INFO] [stdout] 
[INFO] [stdout] warning: variable `EBIAS` should have a snake case name
[INFO] [stdout]   --> src/float2int.rs:48:9
[INFO] [stdout]    |
[INFO] [stdout] 48 |     let EBIAS = ((1 << (EBITS - 1)) - 1);
[INFO] [stdout]    |         ^^^^^ help: convert the identifier to snake case: `ebias`
[INFO] [stdout] 
[INFO] [stdout] 
[INFO] [stdout] warning: 2 warnings emitted
[INFO] [stdout] 
[INFO] [stdout] 
[INFO] [stdout] warning: 18 warnings emitted
[INFO] [stdout] 
[INFO] [stdout] 
[INFO] [stderr]     Finished test [unoptimized + debuginfo] target(s) in 0.42s
[INFO] running `Command { std: "docker" "inspect" "d78c88364b1c3c4b8c0358df53c9e8ea7653f546a7c67b049a353de5da96cd59", kill_on_drop: false }`
[INFO] running `Command { std: "docker" "rm" "-f" "d78c88364b1c3c4b8c0358df53c9e8ea7653f546a7c67b049a353de5da96cd59", kill_on_drop: false }`
[INFO] [stdout] d78c88364b1c3c4b8c0358df53c9e8ea7653f546a7c67b049a353de5da96cd59
[INFO] running `Command { std: "docker" "create" "-v" "/var/lib/crater-agent-workspace/builds/worker-5-tc2/target:/opt/rustwide/target:rw,Z" "-v" "/var/lib/crater-agent-workspace/builds/worker-5-tc2/source:/opt/rustwide/workdir:ro,Z" "-v" "/var/lib/crater-agent-workspace/cargo-home:/opt/rustwide/cargo-home:ro,Z" "-v" "/var/lib/crater-agent-workspace/rustup-home:/opt/rustwide/rustup-home:ro,Z" "-e" "SOURCE_DIR=/opt/rustwide/workdir" "-e" "CARGO_TARGET_DIR=/opt/rustwide/target" "-e" "CARGO_INCREMENTAL=0" "-e" "RUST_BACKTRACE=full" "-e" "RUSTFLAGS=--cap-lints=warn" "-e" "RUSTDOCFLAGS=--cap-lints=warn" "-e" "CARGO_HOME=/opt/rustwide/cargo-home" "-e" "RUSTUP_HOME=/opt/rustwide/rustup-home" "-w" "/opt/rustwide/workdir" "-m" "1610612736" "--user" "0:0" "--network" "none" "ghcr.io/rust-lang/crates-build-env/linux@sha256:5ff2268d62e97bff2cde7d5815dd6ed5b47097566f13b8d0ca110b04b60e07ed" "/opt/rustwide/cargo-home/bin/cargo" "+beta-2023-04-20" "test" "--frozen", kill_on_drop: false }`
[INFO] [stdout] 6e06a9522e274b1c7bc53bda68bbdbfcb7b6faa65e1672c7e9e4b2cd68773c2f
[INFO] running `Command { std: "docker" "start" "-a" "6e06a9522e274b1c7bc53bda68bbdbfcb7b6faa65e1672c7e9e4b2cd68773c2f", kill_on_drop: false }`
[INFO] [stderr] warning: unnecessary parentheses around type
[INFO] [stderr]   --> src/float2int.rs:44:51
[INFO] [stderr]    |
[INFO] [stderr] 44 | pub fn float2int1<I: F3264>(float_arr: [I; 4]) -> ([i64; 4]) {
[INFO] [stderr]    |                                                   ^        ^
[INFO] [stderr]    |
[INFO] [stderr]    = note: `#[warn(unused_parens)]` on by default
[INFO] [stderr] help: remove these parentheses
[INFO] [stderr]    |
[INFO] [stderr] 44 - pub fn float2int1<I: F3264>(float_arr: [I; 4]) -> ([i64; 4]) {
[INFO] [stderr] 44 + pub fn float2int1<I: F3264>(float_arr: [I; 4]) -> [i64; 4] {
[INFO] [stderr]    |
[INFO] [stderr] 
[INFO] [stderr] warning: unnecessary parentheses around assigned value
[INFO] [stderr]   --> src/float2int.rs:48:17
[INFO] [stderr]    |
[INFO] [stderr] 48 |     let EBIAS = ((1 << (EBITS - 1)) - 1);
[INFO] [stderr]    |                 ^                      ^
[INFO] [stderr]    |
[INFO] [stderr] help: remove these parentheses
[INFO] [stderr]    |
[INFO] [stderr] 48 -     let EBIAS = ((1 << (EBITS - 1)) - 1);
[INFO] [stderr] 48 +     let EBIAS = (1 << (EBITS - 1)) - 1;
[INFO] [stderr]    |
[INFO] [stderr] 
[INFO] [stderr] warning: unnecessary parentheses around block return value
[INFO] [stderr]   --> src/float2int.rs:72:5
[INFO] [stderr]    |
[INFO] [stderr] 72 |     (int_array)
[INFO] [stderr]    |     ^         ^
[INFO] [stderr]    |
[INFO] [stderr] help: remove these parentheses
[INFO] [stderr]    |
[INFO] [stderr] 72 -     (int_array)
[INFO] [stderr] 72 +     int_array
[INFO] [stderr]    |
[INFO] [stderr] 
[INFO] [stderr] warning: unused variable: `a`
[INFO] [stderr]   --> src/serialize.rs:32:9
[INFO] [stderr]    |
[INFO] [stderr] 32 |     let a: u8 = 0b1111;
[INFO] [stderr]    |         ^ help: if this is intentional, prefix it with an underscore: `_a`
[INFO] [stderr]    |
[INFO] [stderr]    = note: `#[warn(unused_variables)]` on by default
[INFO] [stderr] 
[INFO] [stderr] warning: unused variable: `b`
[INFO] [stderr]   --> src/serialize.rs:33:9
[INFO] [stderr]    |
[INFO] [stderr] 33 |     let b: u8 = 0b1010;
[INFO] [stderr]    |         ^ help: if this is intentional, prefix it with an underscore: `_b`
[INFO] [stderr] 
[INFO] [stderr] warning: value assigned to `my_char` is never read
[INFO] [stderr]   --> src/serialize.rs:46:5
[INFO] [stderr]    |
[INFO] [stderr] 46 |     my_char = my_char >> 1;
[INFO] [stderr]    |     ^^^^^^^
[INFO] [stderr]    |
[INFO] [stderr]    = help: maybe it is overwritten before being read?
[INFO] [stderr]    = note: `#[warn(unused_assignments)]` on by default
[INFO] [stderr] 
[INFO] [stderr] warning: unused variable: `exponent_f`
[INFO] [stderr]   --> src/float2int.rs:34:9
[INFO] [stderr]    |
[INFO] [stderr] 34 |     let exponent_f = num.powf(exponent as f32);
[INFO] [stderr]    |         ^^^^^^^^^^ help: if this is intentional, prefix it with an underscore: `_exponent_f`
[INFO] [stderr] 
[INFO] [stderr] warning: unused variable: `mantissa2`
[INFO] [stderr]   --> src/float2int.rs:36:9
[INFO] [stderr]    |
[INFO] [stderr] 36 |     let mantissa2 = mantissa as i64;
[INFO] [stderr]    |         ^^^^^^^^^ help: if this is intentional, prefix it with an underscore: `_mantissa2`
[INFO] [stderr] 
[INFO] [stderr] warning: unused variable: `sign2`
[INFO] [stderr]   --> src/float2int.rs:38:9
[INFO] [stderr]    |
[INFO] [stderr] 38 |     let sign2 = sign as i64;
[INFO] [stderr]    |         ^^^^^ help: if this is intentional, prefix it with an underscore: `_sign2`
[INFO] [stderr] 
[INFO] [stderr] warning: unused variable: `mantissa`
[INFO] [stderr]   --> src/float2int.rs:54:14
[INFO] [stderr]    |
[INFO] [stderr] 54 |         let (mantissa, exponent, sign) = Float::integer_decode(float_arr[i]);
[INFO] [stderr]    |              ^^^^^^^^ help: if this is intentional, prefix it with an underscore: `_mantissa`
[INFO] [stderr] 
[INFO] [stderr] warning: unused variable: `sign`
[INFO] [stderr]   --> src/float2int.rs:54:34
[INFO] [stderr]    |
[INFO] [stderr] 54 |         let (mantissa, exponent, sign) = Float::integer_decode(float_arr[i]);
[INFO] [stderr]    |                                  ^^^^ help: if this is intentional, prefix it with an underscore: `_sign`
[INFO] [stderr] 
[INFO] [stderr] warning: unused variable: `e`
[INFO] [stderr]   --> src/float2int.rs:60:9
[INFO] [stderr]    |
[INFO] [stderr] 60 |     let e: i32 = max_exp + EBIAS;
[INFO] [stderr]    |         ^ help: if this is intentional, prefix it with an underscore: `_e`
[INFO] [stderr] 
[INFO] [stderr] warning: variable does not need to be mutable
[INFO] [stderr]   --> src/serialize.rs:63:9
[INFO] [stderr]    |
[INFO] [stderr] 63 |     let mut bits = data.view_bits_mut::<Msb0>();
[INFO] [stderr]    |         ----^^^^
[INFO] [stderr]    |         |
[INFO] [stderr]    |         help: remove this `mut`
[INFO] [stderr]    |
[INFO] [stderr]    = note: `#[warn(unused_mut)]` on by default
[INFO] [stderr] 
[INFO] [stderr] warning: variable does not need to be mutable
[INFO] [stderr]   --> src/serialize.rs:68:9
[INFO] [stderr]    |
[INFO] [stderr] 68 |     let mut bits = data.view_bits_mut::<Msb0>();
[INFO] [stderr]    |         ----^^^^
[INFO] [stderr]    |         |
[INFO] [stderr]    |         help: remove this `mut`
[INFO] [stderr] 
[INFO] [stderr] warning: variable `BASE` should have a snake case name
[INFO] [stderr]   --> src/float2int.rs:45:9
[INFO] [stderr]    |
[INFO] [stderr] 45 |     let BASE = 2.0f64;
[INFO] [stderr]    |         ^^^^ help: convert the identifier to snake case: `base`
[INFO] [stderr]    |
[INFO] [stderr]    = note: `#[warn(non_snake_case)]` on by default
[INFO] [stderr] 
[INFO] [stderr] warning: variable `EBITS` should have a snake case name
[INFO] [stderr]   --> src/float2int.rs:46:9
[INFO] [stderr]    |
[INFO] [stderr] 46 |     let EBITS = if size_of::<I>() == 4 { 8 } else { 11 };  // 8 bits exponent size if f32, 11 if f64
[INFO] [stderr]    |         ^^^^^ help: convert the identifier to snake case: `ebits`
[INFO] [stderr] 
[INFO] [stderr] warning: variable `MANTISSA_SIZE` should have a snake case name
[INFO] [stderr]   --> src/float2int.rs:47:9
[INFO] [stderr]    |
[INFO] [stderr] 47 |     let MANTISSA_SIZE = if size_of::<I>() == 4 { 24 } else { 53 };
[INFO] [stderr]    |         ^^^^^^^^^^^^^ help: convert the identifier to snake case: `mantissa_size`
[INFO] [stderr] 
[INFO] [stderr] warning: variable `EBIAS` should have a snake case name
[INFO] [stderr]   --> src/float2int.rs:48:9
[INFO] [stderr]    |
[INFO] [stderr] 48 |     let EBIAS = ((1 << (EBITS - 1)) - 1);
[INFO] [stderr]    |         ^^^^^ help: convert the identifier to snake case: `ebias`
[INFO] [stderr] 
[INFO] [stderr] warning: `zfp_rust` (lib) generated 18 warnings (run `cargo fix --lib -p zfp_rust` to apply 13 suggestions)
[INFO] [stderr] warning: `zfp_rust` (lib test) generated 18 warnings (18 duplicates)
[INFO] [stderr] warning: unused import: `bitvec::prelude::*`
[INFO] [stderr]  --> src/main.rs:3:5
[INFO] [stderr]   |
[INFO] [stderr] 3 | use bitvec::prelude::*;
[INFO] [stderr]   |     ^^^^^^^^^^^^^^^^^^
[INFO] [stderr]   |
[INFO] [stderr]   = note: `#[warn(unused_imports)]` on by default
[INFO] [stderr] 
[INFO] [stderr] warning: unused variable: `y`
[INFO] [stderr]   --> src/main.rs:25:9
[INFO] [stderr]    |
[INFO] [stderr] 25 |     let y: i16 = 45;
[INFO] [stderr]    |         ^ help: if this is intentional, prefix it with an underscore: `_y`
[INFO] [stderr]    |
[INFO] [stderr]    = note: `#[warn(unused_variables)]` on by default
[INFO] [stderr] 
[INFO] [stderr] warning: `zfp_rust` (bin "zfp_rust" test) generated 2 warnings (run `cargo fix --bin "zfp_rust" --tests` to apply 2 suggestions)
[INFO] [stderr]     Finished test [unoptimized + debuginfo] target(s) in 0.00s
[INFO] [stderr]      Running unittests src/lib.rs (/opt/rustwide/target/debug/deps/zfp_rust-9604ba5432bcab6e)
[INFO] [stdout] 
[INFO] [stdout] running 30 tests
[INFO] [stdout] test decode::tests::i128_test ... ok
[INFO] [stdout] test decode::tests::i32_test ... ok
[INFO] [stdout] test decode::tests::i8_test ... ok
[INFO] [stdout] test decode::tests::i64_test ... ok
[INFO] [stdout] test decode::tests::i16_test ... ok
[INFO] [stdout] test decode::tests::test_2d ... ok
[INFO] [stdout] test decode::tests::test_3d ... ok
[INFO] [stdout] test encode::tests::i128_test ... ok
[INFO] [stdout] test encode::tests::i32_test ... ok
[INFO] [stdout] test encode::tests::i16_test ... ok
[INFO] [stdout] test encode::tests::i64_test ... ok
[INFO] [stdout] test encode::tests::i8_test ... ok
[INFO] [stdout] test encode::tests::test_2d ... ok
[INFO] [stdout] test encode::tests::test_3d ... ok
[INFO] [stdout] test fwd_order::tests::i16_test ... ok
[INFO] [stdout] test fwd_order::tests::i32_test ... ok
[INFO] [stdout] test fwd_order::tests::i32_test2d ... ok
[INFO] [stdout] test fwd_order::tests::i32_test3d ... ok
[INFO] [stdout] test fwd_order::tests::i64_test ... ok
[INFO] [stdout] test fwd_order::tests::i8_test ... ok
[INFO] [stdout] test inv_order::tests::i16_test ... ok
[INFO] [stdout] test inv_order::tests::i32_test ... ok
[INFO] [stdout] test inv_order::tests::i32_test2d ... ok
[INFO] [stdout] test inv_order::tests::i64_test ... ok
[INFO] [stdout] test inv_order::tests::i8_test ... ok
[INFO] [stdout] test negbin_convert::tests::i16_test ... ok
[INFO] [stdout] test negbin_convert::tests::i32_test ... ok
[INFO] [stdout] test negbin_convert::tests::i64_test ... ok
[INFO] [stdout] test inv_order::tests::i32_test3d ... FAILED
[INFO] [stdout] test negbin_convert::tests::i8_test ... FAILED
[INFO] [stdout] 
[INFO] [stdout] failures:
[INFO] [stdout] 
[INFO] [stdout] ---- inv_order::tests::i32_test3d stdout ----
[INFO] [stdout] thread 'inv_order::tests::i32_test3d' panicked at 'assertion failed: output_should_be.iter().zip(output.iter()).all(|(a, b)| a == b)', src/inv_order.rs:91:9
[INFO] [stdout] stack backtrace:
[INFO] [stdout]    0:     0x55a58311011a - std::backtrace_rs::backtrace::libunwind::trace::h2f05d0192276a8f6
[INFO] [stdout]                                at /rustc/1b7dd2252b99671ce5d1cb9664c5f8636329436d/library/std/src/../../backtrace/src/backtrace/libunwind.rs:93:5
[INFO] [stdout]    1:     0x55a58311011a - std::backtrace_rs::backtrace::trace_unsynchronized::hedc23dff7a1af150
[INFO] [stdout]                                at /rustc/1b7dd2252b99671ce5d1cb9664c5f8636329436d/library/std/src/../../backtrace/src/backtrace/mod.rs:66:5
[INFO] [stdout]    2:     0x55a58311011a - std::sys_common::backtrace::_print_fmt::h17541ef7592f3ce2
[INFO] [stdout]                                at /rustc/1b7dd2252b99671ce5d1cb9664c5f8636329436d/library/std/src/sys_common/backtrace.rs:65:5
[INFO] [stdout]    3:     0x55a58311011a - <std::sys_common::backtrace::_print::DisplayBacktrace as core::fmt::Display>::fmt::h20f75df5ab0c0792
[INFO] [stdout]                                at /rustc/1b7dd2252b99671ce5d1cb9664c5f8636329436d/library/std/src/sys_common/backtrace.rs:44:22
[INFO] [stdout]    4:     0x55a5831342bf - core::fmt::write::h78109e6f466b3af6
[INFO] [stdout]                                at /rustc/1b7dd2252b99671ce5d1cb9664c5f8636329436d/library/core/src/fmt/mod.rs:1254:17
[INFO] [stdout]    5:     0x55a58310d465 - std::io::Write::write_fmt::hd24bfb68a1b35a25
[INFO] [stdout]                                at /rustc/1b7dd2252b99671ce5d1cb9664c5f8636329436d/library/std/src/io/mod.rs:1698:15
[INFO] [stdout]    6:     0x55a58310fee5 - std::sys_common::backtrace::_print::h8dac57a9f8fbf9a5
[INFO] [stdout]                                at /rustc/1b7dd2252b99671ce5d1cb9664c5f8636329436d/library/std/src/sys_common/backtrace.rs:47:5
[INFO] [stdout]    7:     0x55a58310fee5 - std::sys_common::backtrace::print::hf9ecbf41d1aa712f
[INFO] [stdout]                                at /rustc/1b7dd2252b99671ce5d1cb9664c5f8636329436d/library/std/src/sys_common/backtrace.rs:34:9
[INFO] [stdout]    8:     0x55a583111b9e - std::panicking::default_hook::{{closure}}::h04c07acfc84ca028
[INFO] [stdout]                                at /rustc/1b7dd2252b99671ce5d1cb9664c5f8636329436d/library/std/src/panicking.rs:269:22
[INFO] [stdout]    9:     0x55a5831118d1 - std::panicking::default_hook::h01f6bb23e1eceb2c
[INFO] [stdout]                                at /rustc/1b7dd2252b99671ce5d1cb9664c5f8636329436d/library/std/src/panicking.rs:285:9
[INFO] [stdout]   10:     0x55a5830e526b - <alloc::boxed::Box<F,A> as core::ops::function::Fn<Args>>::call::h87fe9f7b2fd49e4c
[INFO] [stdout]                                at /rustc/1b7dd2252b99671ce5d1cb9664c5f8636329436d/library/alloc/src/boxed.rs:1987:9
[INFO] [stdout]   11:     0x55a5830e526b - test::test_main::{{closure}}::he94d679243a7531b
[INFO] [stdout]                                at /rustc/1b7dd2252b99671ce5d1cb9664c5f8636329436d/library/test/src/lib.rs:134:21
[INFO] [stdout]   12:     0x55a583112284 - <alloc::boxed::Box<F,A> as core::ops::function::Fn<Args>>::call::h3f2d6d8b14c4769f
[INFO] [stdout]                                at /rustc/1b7dd2252b99671ce5d1cb9664c5f8636329436d/library/alloc/src/boxed.rs:1987:9
[INFO] [stdout]   13:     0x55a583112284 - std::panicking::rust_panic_with_hook::h2bb3722bbaf2f6df
[INFO] [stdout]                                at /rustc/1b7dd2252b99671ce5d1cb9664c5f8636329436d/library/std/src/panicking.rs:695:13
[INFO] [stdout]   14:     0x55a583111fb2 - std::panicking::begin_panic_handler::{{closure}}::h91bc7f36a4be011b
[INFO] [stdout]                                at /rustc/1b7dd2252b99671ce5d1cb9664c5f8636329436d/library/std/src/panicking.rs:580:13
[INFO] [stdout]   15:     0x55a583110586 - std::sys_common::backtrace::__rust_end_short_backtrace::h8b3d3717114f9e59
[INFO] [stdout]                                at /rustc/1b7dd2252b99671ce5d1cb9664c5f8636329436d/library/std/src/sys_common/backtrace.rs:150:18
[INFO] [stdout]   16:     0x55a583111d52 - rust_begin_unwind
[INFO] [stdout]                                at /rustc/1b7dd2252b99671ce5d1cb9664c5f8636329436d/library/std/src/panicking.rs:578:5
[INFO] [stdout]   17:     0x55a58309cba3 - core::panicking::panic_fmt::hfd368e3fbdabea26
[INFO] [stdout]                                at /rustc/1b7dd2252b99671ce5d1cb9664c5f8636329436d/library/core/src/panicking.rs:67:14
[INFO] [stdout]   18:     0x55a58309cc3d - core::panicking::panic::h3f9042d09bd0bf2e
[INFO] [stdout]                                at /rustc/1b7dd2252b99671ce5d1cb9664c5f8636329436d/library/core/src/panicking.rs:117:5
[INFO] [stdout]   19:     0x55a5830afa1f - zfp_rust::inv_order::tests::i32_test3d::h037f2cbeb9d924c8
[INFO] [stdout]                                at /opt/rustwide/workdir/src/inv_order.rs:91:9
[INFO] [stdout]   20:     0x55a5830af427 - zfp_rust::inv_order::tests::i32_test3d::{{closure}}::h07fcbcd97897db99
[INFO] [stdout]                                at /opt/rustwide/workdir/src/inv_order.rs:75:21
[INFO] [stdout]   21:     0x55a5830a2e95 - core::ops::function::FnOnce::call_once::hac9b826a7d522d08
[INFO] [stdout]                                at /rustc/1b7dd2252b99671ce5d1cb9664c5f8636329436d/library/core/src/ops/function.rs:250:5
[INFO] [stdout]   22:     0x55a5830ea13f - core::ops::function::FnOnce::call_once::ha6a70e79f7481a7e
[INFO] [stdout]                                at /rustc/1b7dd2252b99671ce5d1cb9664c5f8636329436d/library/core/src/ops/function.rs:250:5
[INFO] [stdout]   23:     0x55a5830ea13f - test::__rust_begin_short_backtrace::hce33033019b61e69
[INFO] [stdout]                                at /rustc/1b7dd2252b99671ce5d1cb9664c5f8636329436d/library/test/src/lib.rs:655:18
[INFO] [stdout]   24:     0x55a5830b792c - test::run_test::{{closure}}::h858d3528838ae3e5
[INFO] [stdout]                                at /rustc/1b7dd2252b99671ce5d1cb9664c5f8636329436d/library/test/src/lib.rs:646:30
[INFO] [stdout]   25:     0x55a5830b792c - core::ops::function::FnOnce::call_once{{vtable.shim}}::he8ac2b00f01ae79e
[INFO] [stdout]                                at /rustc/1b7dd2252b99671ce5d1cb9664c5f8636329436d/library/core/src/ops/function.rs:250:5
[INFO] [stdout]   26:     0x55a5830e9216 - <alloc::boxed::Box<F,A> as core::ops::function::FnOnce<Args>>::call_once::h8093d25b522725ef
[INFO] [stdout]                                at /rustc/1b7dd2252b99671ce5d1cb9664c5f8636329436d/library/alloc/src/boxed.rs:1973:9
[INFO] [stdout]   27:     0x55a5830e9216 - <core::panic::unwind_safe::AssertUnwindSafe<F> as core::ops::function::FnOnce<()>>::call_once::h5c334c204e4a3913
[INFO] [stdout]                                at /rustc/1b7dd2252b99671ce5d1cb9664c5f8636329436d/library/core/src/panic/unwind_safe.rs:271:9
[INFO] [stdout]   28:     0x55a5830e9216 - std::panicking::try::do_call::ha8b740c7b9478074
[INFO] [stdout]                                at /rustc/1b7dd2252b99671ce5d1cb9664c5f8636329436d/library/std/src/panicking.rs:485:40
[INFO] [stdout]   29:     0x55a5830e9216 - std::panicking::try::h5d34f63d0e41b64e
[INFO] [stdout]                                at /rustc/1b7dd2252b99671ce5d1cb9664c5f8636329436d/library/std/src/panicking.rs:449:19
[INFO] [stdout]   30:     0x55a5830e9216 - std::panic::catch_unwind::hcfbb511e1aa7fc67
[INFO] [stdout]                                at /rustc/1b7dd2252b99671ce5d1cb9664c5f8636329436d/library/std/src/panic.rs:140:14
[INFO] [stdout]   31:     0x55a5830e9216 - test::run_test_in_process::h9abda90f802eaf21
[INFO] [stdout]                                at /rustc/1b7dd2252b99671ce5d1cb9664c5f8636329436d/library/test/src/lib.rs:678:27
[INFO] [stdout]   32:     0x55a5830e9216 - test::run_test::run_test_inner::{{closure}}::h0f058de91f6c6edf
[INFO] [stdout]                                at /rustc/1b7dd2252b99671ce5d1cb9664c5f8636329436d/library/test/src/lib.rs:572:39
[INFO] [stdout]   33:     0x55a5830b2135 - test::run_test::run_test_inner::{{closure}}::h5ca48a4c59c6c1fb
[INFO] [stdout]                                at /rustc/1b7dd2252b99671ce5d1cb9664c5f8636329436d/library/test/src/lib.rs:599:37
[INFO] [stdout]   34:     0x55a5830b2135 - std::sys_common::backtrace::__rust_begin_short_backtrace::h32bd51e1495d4a33
[INFO] [stdout]                                at /rustc/1b7dd2252b99671ce5d1cb9664c5f8636329436d/library/std/src/sys_common/backtrace.rs:134:18
[INFO] [stdout]   35:     0x55a5830b7671 - std::thread::Builder::spawn_unchecked_::{{closure}}::{{closure}}::hc086fae9b128b2db
[INFO] [stdout]                                at /rustc/1b7dd2252b99671ce5d1cb9664c5f8636329436d/library/std/src/thread/mod.rs:526:17
[INFO] [stdout]   36:     0x55a5830b7671 - <core::panic::unwind_safe::AssertUnwindSafe<F> as core::ops::function::FnOnce<()>>::call_once::hb66571888d270d43
[INFO] [stdout]                                at /rustc/1b7dd2252b99671ce5d1cb9664c5f8636329436d/library/core/src/panic/unwind_safe.rs:271:9
[INFO] [stdout]   37:     0x55a5830b7671 - std::panicking::try::do_call::h4fa2ef4f6e51fecf
[INFO] [stdout]                                at /rustc/1b7dd2252b99671ce5d1cb9664c5f8636329436d/library/std/src/panicking.rs:485:40
[INFO] [stdout]   38:     0x55a5830b7671 - std::panicking::try::h1e9e22b8584489b5
[INFO] [stdout]                                at /rustc/1b7dd2252b99671ce5d1cb9664c5f8636329436d/library/std/src/panicking.rs:449:19
[INFO] [stdout]   39:     0x55a5830b7671 - std::panic::catch_unwind::h44698a3de0e0769e
[INFO] [stdout]                                at /rustc/1b7dd2252b99671ce5d1cb9664c5f8636329436d/library/std/src/panic.rs:140:14
[INFO] [stdout]   40:     0x55a5830b7671 - std::thread::Builder::spawn_unchecked_::{{closure}}::h50153abde3fe239e
[INFO] [stdout]                                at /rustc/1b7dd2252b99671ce5d1cb9664c5f8636329436d/library/std/src/thread/mod.rs:525:30
[INFO] [stdout]   41:     0x55a5830b7671 - core::ops::function::FnOnce::call_once{{vtable.shim}}::hbe5bbf6f38394364
[INFO] [stdout]                                at /rustc/1b7dd2252b99671ce5d1cb9664c5f8636329436d/library/core/src/ops/function.rs:250:5
[INFO] [stdout]   42:     0x55a583116755 - <alloc::boxed::Box<F,A> as core::ops::function::FnOnce<Args>>::call_once::h0d83cb2920a49046
[INFO] [stdout]                                at /rustc/1b7dd2252b99671ce5d1cb9664c5f8636329436d/library/alloc/src/boxed.rs:1973:9
[INFO] [stdout]   43:     0x55a583116755 - <alloc::boxed::Box<F,A> as core::ops::function::FnOnce<Args>>::call_once::hbe0a008aa7d9ef59
[INFO] [stdout]                                at /rustc/1b7dd2252b99671ce5d1cb9664c5f8636329436d/library/alloc/src/boxed.rs:1973:9
[INFO] [stdout]   44:     0x55a583116755 - std::sys::unix::thread::Thread::new::thread_start::h3a466996bdf6b1f9
[INFO] [stdout]                                at /rustc/1b7dd2252b99671ce5d1cb9664c5f8636329436d/library/std/src/sys/unix/thread.rs:108:17
[INFO] [stdout]   45:     0x7f81972b4b43 - <unknown>
[INFO] [stdout]   46:     0x7f8197345bb4 - __clone
[INFO] [stdout]   47:                0x0 - <unknown>
[INFO] [stdout] 
[INFO] [stdout] ---- negbin_convert::tests::i8_test stdout ----
[INFO] [stdout] thread 'negbin_convert::tests::i8_test' panicked at 'attempt to add with overflow', src/negbin_convert.rs:26:9
[INFO] [stdout] stack backtrace:
[INFO] [stdout]    0:     0x55a58311011a - std::backtrace_rs::backtrace::libunwind::trace::h2f05d0192276a8f6
[INFO] [stdout]                                at /rustc/1b7dd2252b99671ce5d1cb9664c5f8636329436d/library/std/src/../../backtrace/src/backtrace/libunwind.rs:93:5
[INFO] [stdout]    1:     0x55a58311011a - std::backtrace_rs::backtrace::trace_unsynchronized::hedc23dff7a1af150
[INFO] [stdout]                                at /rustc/1b7dd2252b99671ce5d1cb9664c5f8636329436d/library/std/src/../../backtrace/src/backtrace/mod.rs:66:5
[INFO] [stdout]    2:     0x55a58311011a - std::sys_common::backtrace::_print_fmt::h17541ef7592f3ce2
[INFO] [stdout]                                at /rustc/1b7dd2252b99671ce5d1cb9664c5f8636329436d/library/std/src/sys_common/backtrace.rs:65:5
[INFO] [stdout]    3:     0x55a58311011a - <std::sys_common::backtrace::_print::DisplayBacktrace as core::fmt::Display>::fmt::h20f75df5ab0c0792
[INFO] [stdout]                                at /rustc/1b7dd2252b99671ce5d1cb9664c5f8636329436d/library/std/src/sys_common/backtrace.rs:44:22
[INFO] [stdout]    4:     0x55a5831342bf - core::fmt::write::h78109e6f466b3af6
[INFO] [stdout]                                at /rustc/1b7dd2252b99671ce5d1cb9664c5f8636329436d/library/core/src/fmt/mod.rs:1254:17
[INFO] [stdout]    5:     0x55a58310d465 - std::io::Write::write_fmt::hd24bfb68a1b35a25
[INFO] [stdout]                                at /rustc/1b7dd2252b99671ce5d1cb9664c5f8636329436d/library/std/src/io/mod.rs:1698:15
[INFO] [stdout]    6:     0x55a58310fee5 - std::sys_common::backtrace::_print::h8dac57a9f8fbf9a5
[INFO] [stdout]                                at /rustc/1b7dd2252b99671ce5d1cb9664c5f8636329436d/library/std/src/sys_common/backtrace.rs:47:5
[INFO] [stdout]    7:     0x55a58310fee5 - std::sys_common::backtrace::print::hf9ecbf41d1aa712f
[INFO] [stdout]                                at /rustc/1b7dd2252b99671ce5d1cb9664c5f8636329436d/library/std/src/sys_common/backtrace.rs:34:9
[INFO] [stdout]    8:     0x55a583111b9e - std::panicking::default_hook::{{closure}}::h04c07acfc84ca028
[INFO] [stdout]                                at /rustc/1b7dd2252b99671ce5d1cb9664c5f8636329436d/library/std/src/panicking.rs:269:22
[INFO] [stdout]    9:     0x55a5831118d1 - std::panicking::default_hook::h01f6bb23e1eceb2c
[INFO] [stdout]                                at /rustc/1b7dd2252b99671ce5d1cb9664c5f8636329436d/library/std/src/panicking.rs:285:9
[INFO] [stdout]   10:     0x55a5830e526b - <alloc::boxed::Box<F,A> as core::ops::function::Fn<Args>>::call::h87fe9f7b2fd49e4c
[INFO] [stdout]                                at /rustc/1b7dd2252b99671ce5d1cb9664c5f8636329436d/library/alloc/src/boxed.rs:1987:9
[INFO] [stdout]   11:     0x55a5830e526b - test::test_main::{{closure}}::he94d679243a7531b
[INFO] [stdout]                                at /rustc/1b7dd2252b99671ce5d1cb9664c5f8636329436d/library/test/src/lib.rs:134:21
[INFO] [stdout]   12:     0x55a583112284 - <alloc::boxed::Box<F,A> as core::ops::function::Fn<Args>>::call::h3f2d6d8b14c4769f
[INFO] [stdout]                                at /rustc/1b7dd2252b99671ce5d1cb9664c5f8636329436d/library/alloc/src/boxed.rs:1987:9
[INFO] [stdout]   13:     0x55a583112284 - std::panicking::rust_panic_with_hook::h2bb3722bbaf2f6df
[INFO] [stdout]                                at /rustc/1b7dd2252b99671ce5d1cb9664c5f8636329436d/library/std/src/panicking.rs:695:13
[INFO] [stdout]   14:     0x55a583111fb2 - std::panicking::begin_panic_handler::{{closure}}::h91bc7f36a4be011b
[INFO] [stdout]                                at /rustc/1b7dd2252b99671ce5d1cb9664c5f8636329436d/library/std/src/panicking.rs:580:13
[INFO] [stdout]   15:     0x55a583110586 - std::sys_common::backtrace::__rust_end_short_backtrace::h8b3d3717114f9e59
[INFO] [stdout]                                at /rustc/1b7dd2252b99671ce5d1cb9664c5f8636329436d/library/std/src/sys_common/backtrace.rs:150:18
[INFO] [stdout]   16:     0x55a583111d52 - rust_begin_unwind
[INFO] [stdout]                                at /rustc/1b7dd2252b99671ce5d1cb9664c5f8636329436d/library/std/src/panicking.rs:578:5
[INFO] [stdout]   17:     0x55a58309cba3 - core::panicking::panic_fmt::hfd368e3fbdabea26
[INFO] [stdout]                                at /rustc/1b7dd2252b99671ce5d1cb9664c5f8636329436d/library/core/src/panicking.rs:67:14
[INFO] [stdout]   18:     0x55a58309cc3d - core::panicking::panic::h3f9042d09bd0bf2e
[INFO] [stdout]                                at /rustc/1b7dd2252b99671ce5d1cb9664c5f8636329436d/library/core/src/panicking.rs:117:5
[INFO] [stdout]   19:     0x55a5830ae13e - <i8 as zfp_rust::negbin_convert::Int2Uint<u8>>::int2uint::hb3008555c74a94ca
[INFO] [stdout]                                at /opt/rustwide/workdir/src/negbin_convert.rs:26:9
[INFO] [stdout]   20:     0x55a5830a4313 - zfp_rust::negbin_convert::tests::i8_test::heae89f53457859e2
[INFO] [stdout]                                at /opt/rustwide/workdir/src/negbin_convert.rs:81:48
[INFO] [stdout]   21:     0x55a5830a42e7 - zfp_rust::negbin_convert::tests::i8_test::{{closure}}::hde30f7a36f21da35
[INFO] [stdout]                                at /opt/rustwide/workdir/src/negbin_convert.rs:79:18
[INFO] [stdout]   22:     0x55a5830a2ae5 - core::ops::function::FnOnce::call_once::h197caa5cdd53cb12
[INFO] [stdout]                                at /rustc/1b7dd2252b99671ce5d1cb9664c5f8636329436d/library/core/src/ops/function.rs:250:5
[INFO] [stdout]   23:     0x55a5830ea13f - core::ops::function::FnOnce::call_once::ha6a70e79f7481a7e
[INFO] [stdout]                                at /rustc/1b7dd2252b99671ce5d1cb9664c5f8636329436d/library/core/src/ops/function.rs:250:5
[INFO] [stdout]   24:     0x55a5830ea13f - test::__rust_begin_short_backtrace::hce33033019b61e69
[INFO] [stdout]                                at /rustc/1b7dd2252b99671ce5d1cb9664c5f8636329436d/library/test/src/lib.rs:655:18
[INFO] [stdout]   25:     0x55a5830b792c - test::run_test::{{closure}}::h858d3528838ae3e5
[INFO] [stdout]                                at /rustc/1b7dd2252b99671ce5d1cb9664c5f8636329436d/library/test/src/lib.rs:646:30
[INFO] [stdout]   26:     0x55a5830b792c - core::ops::function::FnOnce::call_once{{vtable.shim}}::he8ac2b00f01ae79e
[INFO] [stdout]                                at /rustc/1b7dd2252b99671ce5d1cb9664c5f8636329436d/library/core/src/ops/function.rs:250:5
[INFO] [stdout]   27:     0x55a5830e9216 - <alloc::boxed::Box<F,A> as core::ops::function::FnOnce<Args>>::call_once::h8093d25b522725ef
[INFO] [stdout]                                at /rustc/1b7dd2252b99671ce5d1cb9664c5f8636329436d/library/alloc/src/boxed.rs:1973:9
[INFO] [stdout]   28:     0x55a5830e9216 - <core::panic::unwind_safe::AssertUnwindSafe<F> as core::ops::function::FnOnce<()>>::call_once::h5c334c204e4a3913
[INFO] [stdout]                                at /rustc/1b7dd2252b99671ce5d1cb9664c5f8636329436d/library/core/src/panic/unwind_safe.rs:271:9
[INFO] [stdout]   29:     0x55a5830e9216 - std::panicking::try::do_call::ha8b740c7b9478074
[INFO] [stdout]                                at /rustc/1b7dd2252b99671ce5d1cb9664c5f8636329436d/library/std/src/panicking.rs:485:40
[INFO] [stdout]   30:     0x55a5830e9216 - std::panicking::try::h5d34f63d0e41b64e
[INFO] [stdout]                                at /rustc/1b7dd2252b99671ce5d1cb9664c5f8636329436d/library/std/src/panicking.rs:449:19
[INFO] [stdout]   31:     0x55a5830e9216 - std::panic::catch_unwind::hcfbb511e1aa7fc67
[INFO] [stdout]                                at /rustc/1b7dd2252b99671ce5d1cb9664c5f8636329436d/library/std/src/panic.rs:140:14
[INFO] [stdout]   32:     0x55a5830e9216 - test::run_test_in_process::h9abda90f802eaf21
[INFO] [stdout]                                at /rustc/1b7dd2252b99671ce5d1cb9664c5f8636329436d/library/test/src/lib.rs:678:27
[INFO] [stdout]   33:     0x55a5830e9216 - test::run_test::run_test_inner::{{closure}}::h0f058de91f6c6edf
[INFO] [stdout]                                at /rustc/1b7dd2252b99671ce5d1cb9664c5f8636329436d/library/test/src/lib.rs:572:39
[INFO] [stdout]   34:     0x55a5830b2135 - test::run_test::run_test_inner::{{closure}}::h5ca48a4c59c6c1fb
[INFO] [stdout]                                at /rustc/1b7dd2252b99671ce5d1cb9664c5f8636329436d/library/test/src/lib.rs:599:37
[INFO] [stdout]   35:     0x55a5830b2135 - std::sys_common::backtrace::__rust_begin_short_backtrace::h32bd51e1495d4a33
[INFO] [stdout]                                at /rustc/1b7dd2252b99671ce5d1cb9664c5f8636329436d/library/std/src/sys_common/backtrace.rs:134:18
[INFO] [stdout]   36:     0x55a5830b7671 - std::thread::Builder::spawn_unchecked_::{{closure}}::{{closure}}::hc086fae9b128b2db
[INFO] [stdout]                                at /rustc/1b7dd2252b99671ce5d1cb9664c5f8636329436d/library/std/src/thread/mod.rs:526:17
[INFO] [stdout]   37:     0x55a5830b7671 - <core::panic::unwind_safe::AssertUnwindSafe<F> as core::ops::function::FnOnce<()>>::call_once::hb66571888d270d43
[INFO] [stdout]                                at /rustc/1b7dd2252b99671ce5d1cb9664c5f8636329436d/library/core/src/panic/unwind_safe.rs:271:9
[INFO] [stdout]   38:     0x55a5830b7671 - std::panicking::try::do_call::h4fa2ef4f6e51fecf
[INFO] [stdout]                                at /rustc/1b7dd2252b99671ce5d1cb9664c5f8636329436d/library/std/src/panicking.rs:485:40
[INFO] [stdout]   39:     0x55a5830b7671 - std::panicking::try::h1e9e22b8584489b5
[INFO] [stdout]                                at /rustc/1b7dd2252b99671ce5d1cb9664c5f8636329436d/library/std/src/panicking.rs:449:19
[INFO] [stdout]   40:     0x55a5830b7671 - std::panic::catch_unwind::h44698a3de0e0769e
[INFO] [stdout]                                at /rustc/1b7dd2252b99671ce5d1cb9664c5f8636329436d/library/std/src/panic.rs:140:14
[INFO] [stdout]   41:     0x55a5830b7671 - std::thread::Builder::spawn_unchecked_::{{closure}}::h50153abde3fe239e
[INFO] [stdout]                                at /rustc/1b7dd2252b99671ce5d1cb9664c5f8636329436d/library/std/src/thread/mod.rs:525:30
[INFO] [stdout]   42:     0x55a5830b7671 - core::ops::function::FnOnce::call_once{{vtable.shim}}::hbe5bbf6f38394364
[INFO] [stdout]                                at /rustc/1b7dd2252b99671ce5d1cb9664c5f8636329436d/library/core/src/ops/function.rs:250:5
[INFO] [stdout]   43:     0x55a583116755 - <alloc::boxed::Box<F,A> as core::ops::function::FnOnce<Args>>::call_once::h0d83cb2920a49046
[INFO] [stdout]                                at /rustc/1b7dd2252b99671ce5d1cb9664c5f8636329436d/library/alloc/src/boxed.rs:1973:9
[INFO] [stdout]   44:     0x55a583116755 - <alloc::boxed::Box<F,A> as core::ops::function::FnOnce<Args>>::call_once::hbe0a008aa7d9ef59
[INFO] [stdout]                                at /rustc/1b7dd2252b99671ce5d1cb9664c5f8636329436d/library/alloc/src/boxed.rs:1973:9
[INFO] [stdout]   45:     0x55a583116755 - std::sys::unix::thread::Thread::new::thread_start::h3a466996bdf6b1f9
[INFO] [stdout]                                at /rustc/1b7dd2252b99671ce5d1cb9664c5f8636329436d/library/std/src/sys/unix/thread.rs:108:17
[INFO] [stdout]   46:     0x7f81972b4b43 - <unknown>
[INFO] [stdout]   47:     0x7f8197345bb4 - __clone
[INFO] [stdout]   48:                0x0 - <unknown>
[INFO] [stdout] 
[INFO] [stdout] 
[INFO] [stdout] failures:
[INFO] [stdout]     inv_order::tests::i32_test3d
[INFO] [stdout]     negbin_convert::tests::i8_test
[INFO] [stdout] 
[INFO] [stdout] test result: FAILED. 28 passed; 2 failed; 0 ignored; 0 measured; 0 filtered out; finished in 0.01s
[INFO] [stdout] 
[INFO] [stderr] error: test failed, to rerun pass `--lib`
[INFO] running `Command { std: "docker" "inspect" "6e06a9522e274b1c7bc53bda68bbdbfcb7b6faa65e1672c7e9e4b2cd68773c2f", kill_on_drop: false }`
[INFO] running `Command { std: "docker" "rm" "-f" "6e06a9522e274b1c7bc53bda68bbdbfcb7b6faa65e1672c7e9e4b2cd68773c2f", kill_on_drop: false }`
[INFO] [stdout] 6e06a9522e274b1c7bc53bda68bbdbfcb7b6faa65e1672c7e9e4b2cd68773c2f
