[INFO] cloning repository https://github.com/maccoda/made-up
[INFO] running `Command { std: "git" "-c" "credential.helper=" "-c" "credential.helper=/workspace/cargo-home/bin/git-credential-null" "clone" "--bare" "https://github.com/maccoda/made-up" "/workspace/cache/git-repos/https%3A%2F%2Fgithub.com%2Fmaccoda%2Fmade-up", kill_on_drop: false }`
[INFO] [stderr] Cloning into bare repository '/workspace/cache/git-repos/https%3A%2F%2Fgithub.com%2Fmaccoda%2Fmade-up'...
[INFO] running `Command { std: "git" "rev-parse" "HEAD", kill_on_drop: false }`
[INFO] [stdout] 679f10debf0bca720b033870ef59e43416200ea3
[INFO] testing maccoda/made-up against 1.69.0 for beta-1.70-1
[INFO] running `Command { std: "git" "clone" "/workspace/cache/git-repos/https%3A%2F%2Fgithub.com%2Fmaccoda%2Fmade-up" "/workspace/builds/worker-2-tc1/source", kill_on_drop: false }`
[INFO] [stderr] Cloning into '/workspace/builds/worker-2-tc1/source'...
[INFO] [stderr] done.
[INFO] validating manifest of git repo https://github.com/maccoda/made-up on toolchain 1.69.0
[INFO] running `Command { std: CARGO_HOME="/workspace/cargo-home" RUSTUP_HOME="/workspace/rustup-home" "/workspace/cargo-home/bin/cargo" "+1.69.0" "metadata" "--manifest-path" "Cargo.toml" "--no-deps", kill_on_drop: false }`
[INFO] started tweaking git repo https://github.com/maccoda/made-up
[INFO] finished tweaking git repo https://github.com/maccoda/made-up
[INFO] tweaked toml for git repo https://github.com/maccoda/made-up written to /workspace/builds/worker-2-tc1/source/Cargo.toml
[INFO] crate git repo https://github.com/maccoda/made-up already has a lockfile, it will not be regenerated
[INFO] running `Command { std: CARGO_HOME="/workspace/cargo-home" RUSTUP_HOME="/workspace/rustup-home" "/workspace/cargo-home/bin/cargo" "+1.69.0" "fetch" "--manifest-path" "Cargo.toml", kill_on_drop: false }`
[INFO] [stderr]  Downloading crates ...
[INFO] [stderr]   Downloaded pulldown-cmark v0.0.14
[INFO] [stderr]   Downloaded handlebars v0.29.1
[INFO] running `Command { std: "docker" "create" "-v" "/var/lib/crater-agent-workspace/builds/worker-2-tc1/target:/opt/rustwide/target:rw,Z" "-v" "/var/lib/crater-agent-workspace/builds/worker-2-tc1/source:/opt/rustwide/workdir:ro,Z" "-v" "/var/lib/crater-agent-workspace/cargo-home:/opt/rustwide/cargo-home:ro,Z" "-v" "/var/lib/crater-agent-workspace/rustup-home:/opt/rustwide/rustup-home:ro,Z" "-e" "SOURCE_DIR=/opt/rustwide/workdir" "-e" "CARGO_TARGET_DIR=/opt/rustwide/target" "-e" "CARGO_HOME=/opt/rustwide/cargo-home" "-e" "RUSTUP_HOME=/opt/rustwide/rustup-home" "-w" "/opt/rustwide/workdir" "-m" "1610612736" "--user" "0:0" "--network" "none" "ghcr.io/rust-lang/crates-build-env/linux@sha256:5ff2268d62e97bff2cde7d5815dd6ed5b47097566f13b8d0ca110b04b60e07ed" "/opt/rustwide/cargo-home/bin/cargo" "+1.69.0" "metadata" "--no-deps" "--format-version=1", kill_on_drop: false }`
[INFO] [stdout] 823753467a09cca298e4c9a85b1b17b0db972670371019c116cd4cb20f0aea88
[INFO] running `Command { std: "docker" "start" "-a" "823753467a09cca298e4c9a85b1b17b0db972670371019c116cd4cb20f0aea88", kill_on_drop: false }`
[INFO] running `Command { std: "docker" "inspect" "823753467a09cca298e4c9a85b1b17b0db972670371019c116cd4cb20f0aea88", kill_on_drop: false }`
[INFO] running `Command { std: "docker" "rm" "-f" "823753467a09cca298e4c9a85b1b17b0db972670371019c116cd4cb20f0aea88", kill_on_drop: false }`
[INFO] [stdout] 823753467a09cca298e4c9a85b1b17b0db972670371019c116cd4cb20f0aea88
[INFO] running `Command { std: "docker" "create" "-v" "/var/lib/crater-agent-workspace/builds/worker-2-tc1/target:/opt/rustwide/target:rw,Z" "-v" "/var/lib/crater-agent-workspace/builds/worker-2-tc1/source:/opt/rustwide/workdir:ro,Z" "-v" "/var/lib/crater-agent-workspace/cargo-home:/opt/rustwide/cargo-home:ro,Z" "-v" "/var/lib/crater-agent-workspace/rustup-home:/opt/rustwide/rustup-home:ro,Z" "-e" "SOURCE_DIR=/opt/rustwide/workdir" "-e" "CARGO_TARGET_DIR=/opt/rustwide/target" "-e" "CARGO_INCREMENTAL=0" "-e" "RUST_BACKTRACE=full" "-e" "RUSTFLAGS=--cap-lints=warn" "-e" "RUSTDOCFLAGS=--cap-lints=warn" "-e" "CARGO_HOME=/opt/rustwide/cargo-home" "-e" "RUSTUP_HOME=/opt/rustwide/rustup-home" "-w" "/opt/rustwide/workdir" "-m" "1610612736" "--user" "0:0" "--network" "none" "ghcr.io/rust-lang/crates-build-env/linux@sha256:5ff2268d62e97bff2cde7d5815dd6ed5b47097566f13b8d0ca110b04b60e07ed" "/opt/rustwide/cargo-home/bin/cargo" "+1.69.0" "build" "--frozen" "--message-format=json", kill_on_drop: false }`
[INFO] [stdout] f691f47ef06f5f3263fa89f9c36c611df4ffd8fe060177b1a24d4ce9226453e6
[INFO] running `Command { std: "docker" "start" "-a" "f691f47ef06f5f3263fa89f9c36c611df4ffd8fe060177b1a24d4ce9226453e6", kill_on_drop: false }`
[INFO] [stderr]    Compiling libc v0.2.71
[INFO] [stderr]    Compiling proc-macro2 v1.0.18
[INFO] [stderr]    Compiling memchr v2.3.3
[INFO] [stderr]    Compiling serde v1.0.111
[INFO] [stderr]    Compiling unicode-width v0.1.7
[INFO] [stderr]    Compiling log v0.4.8
[INFO] [stderr]    Compiling unicode-xid v0.2.0
[INFO] [stderr]    Compiling ryu v1.0.5
[INFO] [stderr]    Compiling ucd-util v0.1.8
[INFO] [stderr]    Compiling syn v1.0.31
[INFO] [stderr]    Compiling gimli v0.21.0
[INFO] [stderr]    Compiling regex v0.2.11
[INFO] [stderr]    Compiling serde_json v1.0.55
[INFO] [stderr]    Compiling bitflags v1.2.1
[INFO] [stderr]    Compiling aho-corasick v0.6.10
[INFO] [stderr]    Compiling regex-syntax v0.5.6
[INFO] [stderr]    Compiling quote v1.0.7
[INFO] [stderr]    Compiling thread_local v0.3.6
[INFO] [stderr]    Compiling linked-hash-map v0.5.3
[INFO] [stderr]    Compiling utf8-ranges v1.0.4
[INFO] [stderr]    Compiling object v0.19.0
[INFO] [stderr]    Compiling rustc-demangle v0.1.16
[INFO] [stderr]    Compiling itoa v0.4.5
[INFO] [stderr]    Compiling pulldown-cmark v0.0.14
[INFO] [stderr]    Compiling yaml-rust v0.4.4
[INFO] [stderr]    Compiling log v0.3.9
[INFO] [stderr]    Compiling atty v0.2.14
[INFO] [stderr]    Compiling addr2line v0.12.1
[INFO] [stderr]    Compiling textwrap v0.11.0
[INFO] [stderr]    Compiling getopts v0.2.21
[INFO] [stderr]    Compiling dtoa v0.4.5
[INFO] [stderr]    Compiling vec_map v0.8.2
[INFO] [stderr]    Compiling pest v0.3.3
[INFO] [stderr]    Compiling same-file v0.1.3
[INFO] [stderr]    Compiling quick-error v1.2.3
[INFO] [stderr]    Compiling bitflags v0.8.2
[INFO] [stderr]    Compiling backtrace v0.3.48
[INFO] [stderr]    Compiling ansi_term v0.11.0
[INFO] [stderr]    Compiling lazy_static v0.2.11
[INFO] [stderr]    Compiling strsim v0.8.0
[INFO] [stderr]    Compiling clap v2.33.1
[INFO] [stderr]    Compiling serde_yaml v0.7.5
[INFO] [stderr]    Compiling error-chain v0.10.0
[INFO] [stderr]    Compiling serde_derive v1.0.111
[INFO] [stderr]    Compiling walkdir v1.0.7
[INFO] [stderr]    Compiling handlebars v0.29.1
[INFO] [stderr]    Compiling made-up v0.1.0 (/opt/rustwide/workdir)
[INFO] [stdout] warning: unused doc comment
[INFO] [stdout]   --> src/lib.rs:27:1
[INFO] [stdout]    |
[INFO] [stdout] 27 | /// Error type for the conversion of the markdown files to the static site.
[INFO] [stdout]    | ^^^^^^^^^^^^^^^^^^^^^^^^^^^^^^^^^^^^^^^^^^^^^^^^^^^^^^^^^^^^^^^^^^^^^^^^^^^ rustdoc does not generate documentation for macro invocations
[INFO] [stdout]    |
[INFO] [stdout]    = help: to document an item produced by a macro, the macro must produce the documentation as part of its expansion
[INFO] [stdout]    = note: `#[warn(unused_doc_comments)]` on by default
[INFO] [stdout] 
[INFO] [stdout] 
[INFO] [stdout] warning: use of deprecated method `std::error::Error::description`: use the Display impl or to_string()
[INFO] [stdout]   --> src/lib.rs:28:1
[INFO] [stdout]    |
[INFO] [stdout] 28 | / error_chain! {
[INFO] [stdout] 29 | |     foreign_links {
[INFO] [stdout] 30 | |         IO(std::io::Error);
[INFO] [stdout] 31 | |         Template(handlebars::RenderError);
[INFO] [stdout] ...  |
[INFO] [stdout] 38 | |     }
[INFO] [stdout] 39 | | }
[INFO] [stdout]    | |_^
[INFO] [stdout]    |
[INFO] [stdout]    = note: `#[warn(deprecated)]` on by default
[INFO] [stdout]    = note: this warning originates in the macro `error_chain_processed` which comes from the expansion of the macro `error_chain` (in Nightly builds, run with -Z macro-backtrace for more info)
[INFO] [stdout] 
[INFO] [stdout] 
[INFO] [stdout] warning: trait objects without an explicit `dyn` are deprecated
[INFO] [stdout]    --> src/lib.rs:227:29
[INFO] [stdout]     |
[INFO] [stdout] 227 | fn handle_config(root_dir: &AsRef<Path>, config: &config::Configuration) -> Result<()> {
[INFO] [stdout]     |                             ^^^^^^^^^^^
[INFO] [stdout]     |
[INFO] [stdout]     = warning: this is accepted in the current edition (Rust 2015) but is a hard error in Rust 2021!
[INFO] [stdout]     = note: for more information, see <https://doc.rust-lang.org/nightly/edition-guide/rust-2021/warnings-promoted-to-error.html>
[INFO] [stdout]     = note: `#[warn(bare_trait_objects)]` on by default
[INFO] [stdout] help: use `dyn`
[INFO] [stdout]     |
[INFO] [stdout] 227 | fn handle_config(root_dir: &dyn AsRef<Path>, config: &config::Configuration) -> Result<()> {
[INFO] [stdout]     |                             +++
[INFO] [stdout] 
[INFO] [stdout] 
[INFO] [stdout] warning: use of deprecated method `std::error::Error::cause`: replaced by Error::source, which can support downcasting
[INFO] [stdout]   --> src/lib.rs:28:1
[INFO] [stdout]    |
[INFO] [stdout] 28 | / error_chain! {
[INFO] [stdout] 29 | |     foreign_links {
[INFO] [stdout] 30 | |         IO(std::io::Error);
[INFO] [stdout] 31 | |         Template(handlebars::RenderError);
[INFO] [stdout] ...  |
[INFO] [stdout] 38 | |     }
[INFO] [stdout] 39 | | }
[INFO] [stdout]    | |_^
[INFO] [stdout]    |
[INFO] [stdout]    = note: this warning originates in the macro `error_chain_processed` which comes from the expansion of the macro `error_chain` (in Nightly builds, run with -Z macro-backtrace for more info)
[INFO] [stdout] 
[INFO] [stdout] 
[INFO] [stdout] warning: 4 warnings emitted
[INFO] [stdout] 
[INFO] [stdout] 
[INFO] [stderr]     Finished dev [unoptimized + debuginfo] target(s) in 19.38s
[INFO] running `Command { std: "docker" "inspect" "f691f47ef06f5f3263fa89f9c36c611df4ffd8fe060177b1a24d4ce9226453e6", kill_on_drop: false }`
[INFO] running `Command { std: "docker" "rm" "-f" "f691f47ef06f5f3263fa89f9c36c611df4ffd8fe060177b1a24d4ce9226453e6", kill_on_drop: false }`
[INFO] [stdout] f691f47ef06f5f3263fa89f9c36c611df4ffd8fe060177b1a24d4ce9226453e6
[INFO] running `Command { std: "docker" "create" "-v" "/var/lib/crater-agent-workspace/builds/worker-2-tc1/target:/opt/rustwide/target:rw,Z" "-v" "/var/lib/crater-agent-workspace/builds/worker-2-tc1/source:/opt/rustwide/workdir:ro,Z" "-v" "/var/lib/crater-agent-workspace/cargo-home:/opt/rustwide/cargo-home:ro,Z" "-v" "/var/lib/crater-agent-workspace/rustup-home:/opt/rustwide/rustup-home:ro,Z" "-e" "SOURCE_DIR=/opt/rustwide/workdir" "-e" "CARGO_TARGET_DIR=/opt/rustwide/target" "-e" "CARGO_INCREMENTAL=0" "-e" "RUST_BACKTRACE=full" "-e" "RUSTFLAGS=--cap-lints=warn" "-e" "RUSTDOCFLAGS=--cap-lints=warn" "-e" "CARGO_HOME=/opt/rustwide/cargo-home" "-e" "RUSTUP_HOME=/opt/rustwide/rustup-home" "-w" "/opt/rustwide/workdir" "-m" "1610612736" "--user" "0:0" "--network" "none" "ghcr.io/rust-lang/crates-build-env/linux@sha256:5ff2268d62e97bff2cde7d5815dd6ed5b47097566f13b8d0ca110b04b60e07ed" "/opt/rustwide/cargo-home/bin/cargo" "+1.69.0" "test" "--frozen" "--no-run" "--message-format=json", kill_on_drop: false }`
[INFO] [stdout] ebe7a5fe7bed8ce7217b22f56f83a14c937ca0b2b68e33fa9485dd5d4fc19353
[INFO] running `Command { std: "docker" "start" "-a" "ebe7a5fe7bed8ce7217b22f56f83a14c937ca0b2b68e33fa9485dd5d4fc19353", kill_on_drop: false }`
[INFO] [stdout] warning: unused doc comment
[INFO] [stdout]   --> src/lib.rs:27:1
[INFO] [stdout]    |
[INFO] [stdout] 27 | /// Error type for the conversion of the markdown files to the static site.
[INFO] [stdout]    | ^^^^^^^^^^^^^^^^^^^^^^^^^^^^^^^^^^^^^^^^^^^^^^^^^^^^^^^^^^^^^^^^^^^^^^^^^^^ rustdoc does not generate documentation for macro invocations
[INFO] [stdout]    |
[INFO] [stdout]    = help: to document an item produced by a macro, the macro must produce the documentation as part of its expansion
[INFO] [stdout]    = note: `#[warn(unused_doc_comments)]` on by default
[INFO] [stdout] 
[INFO] [stdout] 
[INFO] [stdout] warning: use of deprecated method `std::error::Error::description`: use the Display impl or to_string()
[INFO] [stdout]   --> src/lib.rs:28:1
[INFO] [stdout]    |
[INFO] [stdout] 28 | / error_chain! {
[INFO] [stdout] 29 | |     foreign_links {
[INFO] [stdout] 30 | |         IO(std::io::Error);
[INFO] [stdout] 31 | |         Template(handlebars::RenderError);
[INFO] [stdout] ...  |
[INFO] [stdout] 38 | |     }
[INFO] [stdout] 39 | | }
[INFO] [stdout]    | |_^
[INFO] [stdout]    |
[INFO] [stdout]    = note: `#[warn(deprecated)]` on by default
[INFO] [stdout]    = note: this warning originates in the macro `error_chain_processed` which comes from the expansion of the macro `error_chain` (in Nightly builds, run with -Z macro-backtrace for more info)
[INFO] [stdout] 
[INFO] [stdout] 
[INFO] [stdout] warning: trait objects without an explicit `dyn` are deprecated
[INFO] [stdout]    --> src/lib.rs:227:29
[INFO] [stdout]     |
[INFO] [stdout] 227 | fn handle_config(root_dir: &AsRef<Path>, config: &config::Configuration) -> Result<()> {
[INFO] [stdout]     |                             ^^^^^^^^^^^
[INFO] [stdout]     |
[INFO] [stdout]     = warning: this is accepted in the current edition (Rust 2015) but is a hard error in Rust 2021!
[INFO] [stdout]     = note: for more information, see <https://doc.rust-lang.org/nightly/edition-guide/rust-2021/warnings-promoted-to-error.html>
[INFO] [stdout]     = note: `#[warn(bare_trait_objects)]` on by default
[INFO] [stdout] help: use `dyn`
[INFO] [stdout]     |
[INFO] [stdout] 227 | fn handle_config(root_dir: &dyn AsRef<Path>, config: &config::Configuration) -> Result<()> {
[INFO] [stdout]     |                             +++
[INFO] [stdout] 
[INFO] [stdout] 
[INFO] [stdout] warning: use of deprecated method `std::error::Error::cause`: replaced by Error::source, which can support downcasting
[INFO] [stdout]   --> src/lib.rs:28:1
[INFO] [stdout]    |
[INFO] [stdout] 28 | / error_chain! {
[INFO] [stdout] 29 | |     foreign_links {
[INFO] [stdout] 30 | |         IO(std::io::Error);
[INFO] [stdout] 31 | |         Template(handlebars::RenderError);
[INFO] [stdout] ...  |
[INFO] [stdout] 38 | |     }
[INFO] [stdout] 39 | | }
[INFO] [stdout]    | |_^
[INFO] [stdout]    |
[INFO] [stdout]    = note: this warning originates in the macro `error_chain_processed` which comes from the expansion of the macro `error_chain` (in Nightly builds, run with -Z macro-backtrace for more info)
[INFO] [stdout] 
[INFO] [stdout] 
[INFO] [stdout] warning: 4 warnings emitted
[INFO] [stdout] 
[INFO] [stdout] 
[INFO] [stderr]    Compiling made-up v0.1.0 (/opt/rustwide/workdir)
[INFO] [stdout] warning: unused doc comment
[INFO] [stdout]   --> src/lib.rs:27:1
[INFO] [stdout]    |
[INFO] [stdout] 27 | /// Error type for the conversion of the markdown files to the static site.
[INFO] [stdout]    | ^^^^^^^^^^^^^^^^^^^^^^^^^^^^^^^^^^^^^^^^^^^^^^^^^^^^^^^^^^^^^^^^^^^^^^^^^^^ rustdoc does not generate documentation for macro invocations
[INFO] [stdout]    |
[INFO] [stdout]    = help: to document an item produced by a macro, the macro must produce the documentation as part of its expansion
[INFO] [stdout]    = note: `#[warn(unused_doc_comments)]` on by default
[INFO] [stdout] 
[INFO] [stdout] 
[INFO] [stdout] warning: use of deprecated method `std::error::Error::description`: use the Display impl or to_string()
[INFO] [stdout]   --> src/lib.rs:28:1
[INFO] [stdout]    |
[INFO] [stdout] 28 | / error_chain! {
[INFO] [stdout] 29 | |     foreign_links {
[INFO] [stdout] 30 | |         IO(std::io::Error);
[INFO] [stdout] 31 | |         Template(handlebars::RenderError);
[INFO] [stdout] ...  |
[INFO] [stdout] 38 | |     }
[INFO] [stdout] 39 | | }
[INFO] [stdout]    | |_^
[INFO] [stdout]    |
[INFO] [stdout]    = note: `#[warn(deprecated)]` on by default
[INFO] [stdout]    = note: this warning originates in the macro `error_chain_processed` which comes from the expansion of the macro `error_chain` (in Nightly builds, run with -Z macro-backtrace for more info)
[INFO] [stdout] 
[INFO] [stdout] 
[INFO] [stdout] warning: trait objects without an explicit `dyn` are deprecated
[INFO] [stdout]    --> src/lib.rs:227:29
[INFO] [stdout]     |
[INFO] [stdout] 227 | fn handle_config(root_dir: &AsRef<Path>, config: &config::Configuration) -> Result<()> {
[INFO] [stdout]     |                             ^^^^^^^^^^^
[INFO] [stdout]     |
[INFO] [stdout]     = warning: this is accepted in the current edition (Rust 2015) but is a hard error in Rust 2021!
[INFO] [stdout]     = note: for more information, see <https://doc.rust-lang.org/nightly/edition-guide/rust-2021/warnings-promoted-to-error.html>
[INFO] [stdout]     = note: `#[warn(bare_trait_objects)]` on by default
[INFO] [stdout] help: use `dyn`
[INFO] [stdout]     |
[INFO] [stdout] 227 | fn handle_config(root_dir: &dyn AsRef<Path>, config: &config::Configuration) -> Result<()> {
[INFO] [stdout]     |                             +++
[INFO] [stdout] 
[INFO] [stdout] 
[INFO] [stdout] warning: use of deprecated method `std::error::Error::cause`: replaced by Error::source, which can support downcasting
[INFO] [stdout]   --> src/lib.rs:28:1
[INFO] [stdout]    |
[INFO] [stdout] 28 | / error_chain! {
[INFO] [stdout] 29 | |     foreign_links {
[INFO] [stdout] 30 | |         IO(std::io::Error);
[INFO] [stdout] 31 | |         Template(handlebars::RenderError);
[INFO] [stdout] ...  |
[INFO] [stdout] 38 | |     }
[INFO] [stdout] 39 | | }
[INFO] [stdout]    | |_^
[INFO] [stdout]    |
[INFO] [stdout]    = note: this warning originates in the macro `error_chain_processed` which comes from the expansion of the macro `error_chain` (in Nightly builds, run with -Z macro-backtrace for more info)
[INFO] [stdout] 
[INFO] [stdout] 
[INFO] [stdout] warning: associated function `from` is never used
[INFO] [stdout]   --> src/config/config_macro.rs:22:20
[INFO] [stdout]    |
[INFO] [stdout] 22 |                   fn from<P: AsRef<Path>>(config_path: P) ->
[INFO] [stdout]    |                      ^^^^
[INFO] [stdout] ...
[INFO] [stdout] 79 | /     configuration! {
[INFO] [stdout] 80 | |         stylesheet, String, "".to_string();
[INFO] [stdout] 81 | |         gen_index, bool, false;
[INFO] [stdout] 82 | |         out_dir, String, "out".to_string();
[INFO] [stdout] 83 | |         copy_resources, bool, true;
[INFO] [stdout] 84 | |         title, String, "title".to_string()
[INFO] [stdout] 85 | |     }
[INFO] [stdout]    | |_____- in this macro invocation
[INFO] [stdout]    |
[INFO] [stdout]    = note: `#[warn(dead_code)]` on by default
[INFO] [stdout]    = note: this warning originates in the macro `configuration` (in Nightly builds, run with -Z macro-backtrace for more info)
[INFO] [stdout] 
[INFO] [stdout] 
[INFO] [stdout] warning: associated function `from` is never used
[INFO] [stdout]   --> src/config/config_macro.rs:48:24
[INFO] [stdout]    |
[INFO] [stdout] 48 |                   pub fn from<P: AsRef<Path>>(path: P) -> Result<Configuration> {
[INFO] [stdout]    |                          ^^^^
[INFO] [stdout] ...
[INFO] [stdout] 79 | /     configuration! {
[INFO] [stdout] 80 | |         stylesheet, String, "".to_string();
[INFO] [stdout] 81 | |         gen_index, bool, false;
[INFO] [stdout] 82 | |         out_dir, String, "out".to_string();
[INFO] [stdout] 83 | |         copy_resources, bool, true;
[INFO] [stdout] 84 | |         title, String, "title".to_string()
[INFO] [stdout] 85 | |     }
[INFO] [stdout]    | |_____- in this macro invocation
[INFO] [stdout]    |
[INFO] [stdout]    = note: this warning originates in the macro `configuration` (in Nightly builds, run with -Z macro-backtrace for more info)
[INFO] [stdout] 
[INFO] [stdout] 
[INFO] [stdout] warning: 6 warnings emitted
[INFO] [stdout] 
[INFO] [stdout] 
[INFO] [stderr]     Finished test [unoptimized + debuginfo] target(s) in 2.62s
[INFO] running `Command { std: "docker" "inspect" "ebe7a5fe7bed8ce7217b22f56f83a14c937ca0b2b68e33fa9485dd5d4fc19353", kill_on_drop: false }`
[INFO] running `Command { std: "docker" "rm" "-f" "ebe7a5fe7bed8ce7217b22f56f83a14c937ca0b2b68e33fa9485dd5d4fc19353", kill_on_drop: false }`
[INFO] [stdout] ebe7a5fe7bed8ce7217b22f56f83a14c937ca0b2b68e33fa9485dd5d4fc19353
[INFO] running `Command { std: "docker" "create" "-v" "/var/lib/crater-agent-workspace/builds/worker-2-tc1/target:/opt/rustwide/target:rw,Z" "-v" "/var/lib/crater-agent-workspace/builds/worker-2-tc1/source:/opt/rustwide/workdir:ro,Z" "-v" "/var/lib/crater-agent-workspace/cargo-home:/opt/rustwide/cargo-home:ro,Z" "-v" "/var/lib/crater-agent-workspace/rustup-home:/opt/rustwide/rustup-home:ro,Z" "-e" "SOURCE_DIR=/opt/rustwide/workdir" "-e" "CARGO_TARGET_DIR=/opt/rustwide/target" "-e" "CARGO_INCREMENTAL=0" "-e" "RUST_BACKTRACE=full" "-e" "RUSTFLAGS=--cap-lints=warn" "-e" "RUSTDOCFLAGS=--cap-lints=warn" "-e" "CARGO_HOME=/opt/rustwide/cargo-home" "-e" "RUSTUP_HOME=/opt/rustwide/rustup-home" "-w" "/opt/rustwide/workdir" "-m" "1610612736" "--user" "0:0" "--network" "none" "ghcr.io/rust-lang/crates-build-env/linux@sha256:5ff2268d62e97bff2cde7d5815dd6ed5b47097566f13b8d0ca110b04b60e07ed" "/opt/rustwide/cargo-home/bin/cargo" "+1.69.0" "test" "--frozen", kill_on_drop: false }`
[INFO] [stdout] 46a35cd69e88988ab74acf2237f479811b6b4688479cbfd07b058147482552cf
[INFO] running `Command { std: "docker" "start" "-a" "46a35cd69e88988ab74acf2237f479811b6b4688479cbfd07b058147482552cf", kill_on_drop: false }`
[INFO] [stderr] warning: unused doc comment
[INFO] [stderr]   --> src/lib.rs:27:1
[INFO] [stderr]    |
[INFO] [stderr] 27 | /// Error type for the conversion of the markdown files to the static site.
[INFO] [stderr]    | ^^^^^^^^^^^^^^^^^^^^^^^^^^^^^^^^^^^^^^^^^^^^^^^^^^^^^^^^^^^^^^^^^^^^^^^^^^^ rustdoc does not generate documentation for macro invocations
[INFO] [stderr]    |
[INFO] [stderr]    = help: to document an item produced by a macro, the macro must produce the documentation as part of its expansion
[INFO] [stderr]    = note: `#[warn(unused_doc_comments)]` on by default
[INFO] [stderr] 
[INFO] [stderr] warning: use of deprecated method `std::error::Error::description`: use the Display impl or to_string()
[INFO] [stderr]   --> src/lib.rs:28:1
[INFO] [stderr]    |
[INFO] [stderr] 28 | / error_chain! {
[INFO] [stderr] 29 | |     foreign_links {
[INFO] [stderr] 30 | |         IO(std::io::Error);
[INFO] [stderr] 31 | |         Template(handlebars::RenderError);
[INFO] [stderr] ...  |
[INFO] [stderr] 38 | |     }
[INFO] [stderr] 39 | | }
[INFO] [stderr]    | |_^
[INFO] [stderr]    |
[INFO] [stderr]    = note: `#[warn(deprecated)]` on by default
[INFO] [stderr]    = note: this warning originates in the macro `error_chain_processed` which comes from the expansion of the macro `error_chain` (in Nightly builds, run with -Z macro-backtrace for more info)
[INFO] [stderr] 
[INFO] [stderr] warning: trait objects without an explicit `dyn` are deprecated
[INFO] [stderr]    --> src/lib.rs:227:29
[INFO] [stderr]     |
[INFO] [stderr] 227 | fn handle_config(root_dir: &AsRef<Path>, config: &config::Configuration) -> Result<()> {
[INFO] [stderr]     |                             ^^^^^^^^^^^
[INFO] [stderr]     |
[INFO] [stderr]     = warning: this is accepted in the current edition (Rust 2015) but is a hard error in Rust 2021!
[INFO] [stderr]     = note: for more information, see <https://doc.rust-lang.org/nightly/edition-guide/rust-2021/warnings-promoted-to-error.html>
[INFO] [stderr]     = note: `#[warn(bare_trait_objects)]` on by default
[INFO] [stderr] help: use `dyn`
[INFO] [stderr]     |
[INFO] [stderr] 227 | fn handle_config(root_dir: &dyn AsRef<Path>, config: &config::Configuration) -> Result<()> {
[INFO] [stderr]     |                             +++
[INFO] [stderr] 
[INFO] [stderr] warning: use of deprecated method `std::error::Error::cause`: replaced by Error::source, which can support downcasting
[INFO] [stderr]   --> src/lib.rs:28:1
[INFO] [stderr]    |
[INFO] [stderr] 28 | / error_chain! {
[INFO] [stderr] 29 | |     foreign_links {
[INFO] [stderr] 30 | |         IO(std::io::Error);
[INFO] [stderr] 31 | |         Template(handlebars::RenderError);
[INFO] [stderr] ...  |
[INFO] [stderr] 38 | |     }
[INFO] [stderr] 39 | | }
[INFO] [stderr]    | |_^
[INFO] [stderr]    |
[INFO] [stderr]    = note: this warning originates in the macro `error_chain_processed` which comes from the expansion of the macro `error_chain` (in Nightly builds, run with -Z macro-backtrace for more info)
[INFO] [stderr] 
[INFO] [stdout] 
[INFO] [stdout] running 20 tests
[INFO] [stderr] warning: associated function `from` is never used
[INFO] [stderr]   --> src/config/config_macro.rs:22:20
[INFO] [stderr]    |
[INFO] [stderr] 22 |                   fn from<P: AsRef<Path>>(config_path: P) ->
[INFO] [stderr]    |                      ^^^^
[INFO] [stderr] ...
[INFO] [stderr] 79 | /     configuration! {
[INFO] [stderr] 80 | |         stylesheet, String, "".to_string();
[INFO] [stderr] 81 | |         gen_index, bool, false;
[INFO] [stderr] 82 | |         out_dir, String, "out".to_string();
[INFO] [stderr] 83 | |         copy_resources, bool, true;
[INFO] [stderr] 84 | |         title, String, "title".to_string()
[INFO] [stderr] 85 | |     }
[INFO] [stderr]    | |_____- in this macro invocation
[INFO] [stderr]    |
[INFO] [stderr]    = note: `#[warn(dead_code)]` on by default
[INFO] [stderr]    = note: this warning originates in the macro `configuration` (in Nightly builds, run with -Z macro-backtrace for more info)
[INFO] [stderr] 
[INFO] [stderr] warning: associated function `from` is never used
[INFO] [stderr]   --> src/config/config_macro.rs:48:24
[INFO] [stderr]    |
[INFO] [stderr] 48 |                   pub fn from<P: AsRef<Path>>(path: P) -> Result<Configuration> {
[INFO] [stderr]    |                          ^^^^
[INFO] [stderr] ...
[INFO] [stderr] 79 | /     configuration! {
[INFO] [stderr] 80 | |         stylesheet, String, "".to_string();
[INFO] [stderr] 81 | |         gen_index, bool, false;
[INFO] [stderr] 82 | |         out_dir, String, "out".to_string();
[INFO] [stderr] 83 | |         copy_resources, bool, true;
[INFO] [stderr] 84 | |         title, String, "title".to_string()
[INFO] [stderr] 85 | |     }
[INFO] [stderr]    | |_____- in this macro invocation
[INFO] [stderr]    |
[INFO] [stderr]    = note: this warning originates in the macro `configuration` (in Nightly builds, run with -Z macro-backtrace for more info)
[INFO] [stderr] 
[INFO] [stderr] warning: `made-up` (lib) generated 4 warnings (run `cargo fix --lib -p made-up` to apply 1 suggestion)
[INFO] [stderr] warning: `made-up` (lib test) generated 6 warnings (4 duplicates)
[INFO] [stderr]     Finished test [unoptimized + debuginfo] target(s) in 0.05s
[INFO] [stderr]      Running unittests src/lib.rs (/opt/rustwide/target/debug/deps/made_up-c0d320564673275a)
[INFO] [stdout] test config::tests::test_raw_read ... ok
[INFO] [stdout] test config::tests::test_raw_read_all ... ok
[INFO] [stdout] test config::tests::test_read ... ok
[INFO] [stdout] test file_utils::tests::test_check_dir_exists ... ok
[INFO] [stdout] test file_utils::tests::test_check_file ... ok
[INFO] [stdout] test config::tests::test_read_all ... ok
[INFO] [stdout] test file_utils::tests::test_write_and_read_file ... ok
[INFO] [stdout] test html::tests::test_consume ... ok
[INFO] [stdout] test html::tests::test_ordered_list ... ok
[INFO] [stdout] test html::tests::test_unordered_list ... ok
[INFO] [stdout] test html::tests::test_name_to_id ... ok
[INFO] [stdout] test tests::test_create_html ... ok
[INFO] [stdout] test templates::tests::test_index_from_template ... ok
[INFO] [stdout] test templates::tests::test_generate_index ... ok
[INFO] [stdout] test config::config_macro::tests::test_config_macro_default ... ok
[INFO] [stdout] test walker::tests::test_find_markdown_files ... ok
[INFO] [stdout] test walker::tests::test_get_file_name ... ok
[INFO] [stdout] test tests::test_pass_handle_config ... ok
[INFO] [stdout] test tests::test_fail_handle_config_no_index ... ok
[INFO] [stderr]      Running unittests src/bin/make-up.rs (/opt/rustwide/target/debug/deps/make_up-3d22c6a18012dca2)
[INFO] [stdout] test tests::test_fail_read_config ... ok
[INFO] [stdout] 
[INFO] [stdout] test result: ok. 20 passed; 0 failed; 0 ignored; 0 measured; 0 filtered out; finished in 0.49s
[INFO] [stdout] 
[INFO] [stdout] 
[INFO] [stdout] running 0 tests
[INFO] [stdout] 
[INFO] [stdout] test result: ok. 0 passed; 0 failed; 0 ignored; 0 measured; 0 filtered out; finished in 0.00s
[INFO] [stdout] 
[INFO] [stderr]      Running tests/all_test.rs (/opt/rustwide/target/debug/deps/all_test-6fc26a831df13a9d)
[INFO] [stdout] 
[INFO] [stdout] running 1 test
[INFO] [stdout] test test_it ... FAILED
[INFO] [stdout] 
[INFO] [stdout] failures:
[INFO] [stdout] 
[INFO] [stdout] ---- test_it stdout ----
[INFO] [stdout] Temp dir: "/tmp/made_up_out"
[INFO] [stdout] Writing config: stylesheet:
[INFO] [stdout]   - "style.css"
[INFO] [stdout]   - "second_style.css"
[INFO] [stdout] out_dir: "/tmp/made_up_out"
[INFO] [stdout] 
[INFO] [stdout] thread 'test_it' panicked at 'called `Result::unwrap()` on an `Err` value: Os { code: 30, kind: ReadOnlyFilesystem, message: "Read-only file system" }', tests/common/mod.rs:14:44
[INFO] [stdout] stack backtrace:
[INFO] [stdout]    0:     0x5626f8f8d6da - std::backtrace_rs::backtrace::libunwind::trace::ha9053a9a07ca49cb
[INFO] [stdout]                                at /rustc/84c898d65adf2f39a5a98507f1fe0ce10a2b8dbc/library/std/src/../../backtrace/src/backtrace/libunwind.rs:93:5
[INFO] [stdout]    1:     0x5626f8f8d6da - std::backtrace_rs::backtrace::trace_unsynchronized::h9c2852a457ad564e
[INFO] [stdout]                                at /rustc/84c898d65adf2f39a5a98507f1fe0ce10a2b8dbc/library/std/src/../../backtrace/src/backtrace/mod.rs:66:5
[INFO] [stdout]    2:     0x5626f8f8d6da - std::sys_common::backtrace::_print_fmt::h457936fbfaa0070f
[INFO] [stdout]                                at /rustc/84c898d65adf2f39a5a98507f1fe0ce10a2b8dbc/library/std/src/sys_common/backtrace.rs:65:5
[INFO] [stdout]    3:     0x5626f8f8d6da - <std::sys_common::backtrace::_print::DisplayBacktrace as core::fmt::Display>::fmt::h5779d7bf7f70cb0c
[INFO] [stdout]                                at /rustc/84c898d65adf2f39a5a98507f1fe0ce10a2b8dbc/library/std/src/sys_common/backtrace.rs:44:22
[INFO] [stdout]    4:     0x5626f8fb457e - core::fmt::write::h5a4baaff1bcd3eb5
[INFO] [stdout]                                at /rustc/84c898d65adf2f39a5a98507f1fe0ce10a2b8dbc/library/core/src/fmt/mod.rs:1232:17
[INFO] [stdout]    5:     0x5626f8f8a695 - std::io::Write::write_fmt::h478f79c628ef31d1
[INFO] [stdout]                                at /rustc/84c898d65adf2f39a5a98507f1fe0ce10a2b8dbc/library/std/src/io/mod.rs:1684:15
[INFO] [stdout]    6:     0x5626f8f8d4a5 - std::sys_common::backtrace::_print::h5fcdc36060f177e8
[INFO] [stdout]                                at /rustc/84c898d65adf2f39a5a98507f1fe0ce10a2b8dbc/library/std/src/sys_common/backtrace.rs:47:5
[INFO] [stdout]    7:     0x5626f8f8d4a5 - std::sys_common::backtrace::print::h54ca9458b876c8bf
[INFO] [stdout]                                at /rustc/84c898d65adf2f39a5a98507f1fe0ce10a2b8dbc/library/std/src/sys_common/backtrace.rs:34:9
[INFO] [stdout]    8:     0x5626f8f8f26f - std::panicking::default_hook::{{closure}}::hbe471161c7664ed6
[INFO] [stdout]                                at /rustc/84c898d65adf2f39a5a98507f1fe0ce10a2b8dbc/library/std/src/panicking.rs:271:22
[INFO] [stdout]    9:     0x5626f8f8ef2f - std::panicking::default_hook::ha3500da57aa4ac4f
[INFO] [stdout]                                at /rustc/84c898d65adf2f39a5a98507f1fe0ce10a2b8dbc/library/std/src/panicking.rs:287:9
[INFO] [stdout]   10:     0x5626f8c5b3b7 - <alloc::boxed::Box<F,A> as core::ops::function::Fn<Args>>::call::hdf1b89dd137ece34
[INFO] [stdout]                                at /rustc/84c898d65adf2f39a5a98507f1fe0ce10a2b8dbc/library/alloc/src/boxed.rs:2001:9
[INFO] [stdout]   11:     0x5626f8c5b3b7 - test::test_main::{{closure}}::h9081a79f20e75698
[INFO] [stdout]                                at /rustc/84c898d65adf2f39a5a98507f1fe0ce10a2b8dbc/library/test/src/lib.rs:135:21
[INFO] [stdout]   12:     0x5626f8f8f99d - <alloc::boxed::Box<F,A> as core::ops::function::Fn<Args>>::call::h6507bddc3eebb4a5
[INFO] [stdout]                                at /rustc/84c898d65adf2f39a5a98507f1fe0ce10a2b8dbc/library/alloc/src/boxed.rs:2001:9
[INFO] [stdout]   13:     0x5626f8f8f99d - std::panicking::rust_panic_with_hook::h50c09d000dc561d2
[INFO] [stdout]                                at /rustc/84c898d65adf2f39a5a98507f1fe0ce10a2b8dbc/library/std/src/panicking.rs:696:13
[INFO] [stdout]   14:     0x5626f8f8f719 - std::panicking::begin_panic_handler::{{closure}}::h9e2b2176e00e0d9c
[INFO] [stdout]                                at /rustc/84c898d65adf2f39a5a98507f1fe0ce10a2b8dbc/library/std/src/panicking.rs:583:13
[INFO] [stdout]   15:     0x5626f8f8db46 - std::sys_common::backtrace::__rust_end_short_backtrace::h5739b8e512c09d02
[INFO] [stdout]                                at /rustc/84c898d65adf2f39a5a98507f1fe0ce10a2b8dbc/library/std/src/sys_common/backtrace.rs:150:18
[INFO] [stdout]   16:     0x5626f8f8f422 - rust_begin_unwind
[INFO] [stdout]                                at /rustc/84c898d65adf2f39a5a98507f1fe0ce10a2b8dbc/library/std/src/panicking.rs:579:5
[INFO] [stdout]   17:     0x5626f8c0e473 - core::panicking::panic_fmt::hf33a1475b4dc5c3e
[INFO] [stdout]                                at /rustc/84c898d65adf2f39a5a98507f1fe0ce10a2b8dbc/library/core/src/panicking.rs:64:14
[INFO] [stdout]   18:     0x5626f8c0e923 - core::result::unwrap_failed::hdff5465d74574b44
[INFO] [stdout]                                at /rustc/84c898d65adf2f39a5a98507f1fe0ce10a2b8dbc/library/core/src/result.rs:1750:5
[INFO] [stdout]   19:     0x5626f8c21c0b - core::result::Result<T,E>::unwrap::hfea47fcb932c6afa
[INFO] [stdout]                                at /rustc/84c898d65adf2f39a5a98507f1fe0ce10a2b8dbc/library/core/src/result.rs:1090:23
[INFO] [stdout]   20:     0x5626f8c25c0b - all_test::common::write_to_file::ha5aa08e9f2090d73
[INFO] [stdout]                                at /opt/rustwide/workdir/tests/common/mod.rs:14:20
[INFO] [stdout]   21:     0x5626f8c2a79f - all_test::test_it::h712b7db80b3df460
[INFO] [stdout]                                at /opt/rustwide/workdir/tests/all_test.rs:26:5
[INFO] [stdout]   22:     0x5626f8c2a277 - all_test::test_it::{{closure}}::h53bac27942234b29
[INFO] [stdout]                                at /opt/rustwide/workdir/tests/all_test.rs:10:14
[INFO] [stdout]   23:     0x5626f8c26675 - core::ops::function::FnOnce::call_once::h3ffa5203ad586647
[INFO] [stdout]                                at /rustc/84c898d65adf2f39a5a98507f1fe0ce10a2b8dbc/library/core/src/ops/function.rs:250:5
[INFO] [stdout]   24:     0x5626f8c6079f - core::ops::function::FnOnce::call_once::h7d969581be7d0075
[INFO] [stdout]                                at /rustc/84c898d65adf2f39a5a98507f1fe0ce10a2b8dbc/library/core/src/ops/function.rs:250:5
[INFO] [stdout]   25:     0x5626f8c6079f - test::__rust_begin_short_backtrace::hca25a52684e56655
[INFO] [stdout]                                at /rustc/84c898d65adf2f39a5a98507f1fe0ce10a2b8dbc/library/test/src/lib.rs:656:18
[INFO] [stdout]   26:     0x5626f8c31dbc - test::run_test::{{closure}}::ha8ac744c4af1a4bb
[INFO] [stdout]                                at /rustc/84c898d65adf2f39a5a98507f1fe0ce10a2b8dbc/library/test/src/lib.rs:647:30
[INFO] [stdout]   27:     0x5626f8c31dbc - core::ops::function::FnOnce::call_once{{vtable.shim}}::h7b411a9ed45bdecf
[INFO] [stdout]                                at /rustc/84c898d65adf2f39a5a98507f1fe0ce10a2b8dbc/library/core/src/ops/function.rs:250:5
[INFO] [stdout]   28:     0x5626f8c5f766 - <alloc::boxed::Box<F,A> as core::ops::function::FnOnce<Args>>::call_once::hd05328869a8ed200
[INFO] [stdout]                                at /rustc/84c898d65adf2f39a5a98507f1fe0ce10a2b8dbc/library/alloc/src/boxed.rs:1987:9
[INFO] [stdout]   29:     0x5626f8c5f766 - <core::panic::unwind_safe::AssertUnwindSafe<F> as core::ops::function::FnOnce<()>>::call_once::h0c601ce20bd5b2be
[INFO] [stdout]                                at /rustc/84c898d65adf2f39a5a98507f1fe0ce10a2b8dbc/library/core/src/panic/unwind_safe.rs:271:9
[INFO] [stdout]   30:     0x5626f8c5f766 - std::panicking::try::do_call::ha4be5c164fe30854
[INFO] [stdout]                                at /rustc/84c898d65adf2f39a5a98507f1fe0ce10a2b8dbc/library/std/src/panicking.rs:487:40
[INFO] [stdout]   31:     0x5626f8c5f766 - std::panicking::try::h604546f3609af05f
[INFO] [stdout]                                at /rustc/84c898d65adf2f39a5a98507f1fe0ce10a2b8dbc/library/std/src/panicking.rs:451:19
[INFO] [stdout]   32:     0x5626f8c5f766 - std::panic::catch_unwind::h5bfa8afe44c9c2f9
[INFO] [stdout]                                at /rustc/84c898d65adf2f39a5a98507f1fe0ce10a2b8dbc/library/std/src/panic.rs:140:14
[INFO] [stdout]   33:     0x5626f8c5f766 - test::run_test_in_process::hd50dee55dd63e6aa
[INFO] [stdout]                                at /rustc/84c898d65adf2f39a5a98507f1fe0ce10a2b8dbc/library/test/src/lib.rs:679:27
[INFO] [stdout]   34:     0x5626f8c5f766 - test::run_test::run_test_inner::{{closure}}::h4aa0f433aa85cea8
[INFO] [stdout]                                at /rustc/84c898d65adf2f39a5a98507f1fe0ce10a2b8dbc/library/test/src/lib.rs:573:39
[INFO] [stdout]   35:     0x5626f8c2c431 - test::run_test::run_test_inner::{{closure}}::had56431adf24b4d6
[INFO] [stdout]                                at /rustc/84c898d65adf2f39a5a98507f1fe0ce10a2b8dbc/library/test/src/lib.rs:600:37
[INFO] [stdout]   36:     0x5626f8c2c431 - std::sys_common::backtrace::__rust_begin_short_backtrace::ha8d9890e0c73bf13
[INFO] [stdout]                                at /rustc/84c898d65adf2f39a5a98507f1fe0ce10a2b8dbc/library/std/src/sys_common/backtrace.rs:134:18
[INFO] [stdout]   37:     0x5626f8c31e4b - std::thread::Builder::spawn_unchecked_::{{closure}}::{{closure}}::h251832bcb4a95327
[INFO] [stdout]                                at /rustc/84c898d65adf2f39a5a98507f1fe0ce10a2b8dbc/library/std/src/thread/mod.rs:560:17
[INFO] [stdout]   38:     0x5626f8c31e4b - <core::panic::unwind_safe::AssertUnwindSafe<F> as core::ops::function::FnOnce<()>>::call_once::h8fdff598fa414831
[INFO] [stdout]                                at /rustc/84c898d65adf2f39a5a98507f1fe0ce10a2b8dbc/library/core/src/panic/unwind_safe.rs:271:9
[INFO] [stdout]   39:     0x5626f8c31e4b - std::panicking::try::do_call::h455dd2f7764a950f
[INFO] [stdout]                                at /rustc/84c898d65adf2f39a5a98507f1fe0ce10a2b8dbc/library/std/src/panicking.rs:487:40
[INFO] [stdout]   40:     0x5626f8c31e4b - std::panicking::try::had6f23b7b73ae72a
[INFO] [stdout]                                at /rustc/84c898d65adf2f39a5a98507f1fe0ce10a2b8dbc/library/std/src/panicking.rs:451:19
[INFO] [stdout]   41:     0x5626f8c31e4b - std::panic::catch_unwind::ha6a5ca3915b4dad0
[INFO] [stdout]                                at /rustc/84c898d65adf2f39a5a98507f1fe0ce10a2b8dbc/library/std/src/panic.rs:140:14
[INFO] [stdout]   42:     0x5626f8c31e4b - std::thread::Builder::spawn_unchecked_::{{closure}}::h883b72ef75da6231
[INFO] [stdout]                                at /rustc/84c898d65adf2f39a5a98507f1fe0ce10a2b8dbc/library/std/src/thread/mod.rs:559:30
[INFO] [stdout]   43:     0x5626f8c31e4b - core::ops::function::FnOnce::call_once{{vtable.shim}}::hb7dff73dc8bd2ccb
[INFO] [stdout]                                at /rustc/84c898d65adf2f39a5a98507f1fe0ce10a2b8dbc/library/core/src/ops/function.rs:250:5
[INFO] [stdout]   44:     0x5626f8f94fd3 - <alloc::boxed::Box<F,A> as core::ops::function::FnOnce<Args>>::call_once::h39990b24eedef2ab
[INFO] [stdout]                                at /rustc/84c898d65adf2f39a5a98507f1fe0ce10a2b8dbc/library/alloc/src/boxed.rs:1987:9
[INFO] [stdout]   45:     0x5626f8f94fd3 - <alloc::boxed::Box<F,A> as core::ops::function::FnOnce<Args>>::call_once::h01a027258444143b
[INFO] [stdout]                                at /rustc/84c898d65adf2f39a5a98507f1fe0ce10a2b8dbc/library/alloc/src/boxed.rs:1987:9
[INFO] [stdout]   46:     0x5626f8f94fd3 - std::sys::unix::thread::Thread::new::thread_start::ha4f1cdd9c25884ba
[INFO] [stdout]                                at /rustc/84c898d65adf2f39a5a98507f1fe0ce10a2b8dbc/library/std/src/sys/unix/thread.rs:108:17
[INFO] [stdout]   47:     0x7fd0508d3b43 - <unknown>
[INFO] [stdout]   48:     0x7fd050964bb4 - __clone
[INFO] [stdout]   49:                0x0 - <unknown>
[INFO] [stdout] 
[INFO] [stdout] 
[INFO] [stdout] failures:
[INFO] [stdout]     test_it
[INFO] [stdout] 
[INFO] [stdout] test result: FAILED. 0 passed; 1 failed; 0 ignored; 0 measured; 0 filtered out; finished in 0.02s
[INFO] [stdout] 
[INFO] [stderr] error: test failed, to rerun pass `--test all_test`
[INFO] running `Command { std: "docker" "inspect" "46a35cd69e88988ab74acf2237f479811b6b4688479cbfd07b058147482552cf", kill_on_drop: false }`
[INFO] running `Command { std: "docker" "rm" "-f" "46a35cd69e88988ab74acf2237f479811b6b4688479cbfd07b058147482552cf", kill_on_drop: false }`
[INFO] [stdout] 46a35cd69e88988ab74acf2237f479811b6b4688479cbfd07b058147482552cf
