[INFO] cloning repository https://github.com/lyqingye/off-chain-worker-template
[INFO] running `Command { std: "git" "-c" "credential.helper=" "-c" "credential.helper=/workspace/cargo-home/bin/git-credential-null" "clone" "--bare" "https://github.com/lyqingye/off-chain-worker-template" "/workspace/cache/git-repos/https%3A%2F%2Fgithub.com%2Flyqingye%2Foff-chain-worker-template", kill_on_drop: false }`
[INFO] [stderr] Cloning into bare repository '/workspace/cache/git-repos/https%3A%2F%2Fgithub.com%2Flyqingye%2Foff-chain-worker-template'...
[INFO] running `Command { std: "git" "rev-parse" "HEAD", kill_on_drop: false }`
[INFO] [stdout] ca92f39eccaeaedb26b501bd65d47c4d9cfd66d5
[INFO] testing lyqingye/off-chain-worker-template against beta-2023-04-20 for beta-1.70-1
[INFO] running `Command { std: "git" "clone" "/workspace/cache/git-repos/https%3A%2F%2Fgithub.com%2Flyqingye%2Foff-chain-worker-template" "/workspace/builds/worker-3-tc2/source", kill_on_drop: false }`
[INFO] [stderr] Cloning into '/workspace/builds/worker-3-tc2/source'...
[INFO] [stderr] done.
[INFO] validating manifest of git repo https://github.com/lyqingye/off-chain-worker-template on toolchain beta-2023-04-20
[INFO] running `Command { std: CARGO_HOME="/workspace/cargo-home" RUSTUP_HOME="/workspace/rustup-home" "/workspace/cargo-home/bin/cargo" "+beta-2023-04-20" "metadata" "--manifest-path" "Cargo.toml" "--no-deps", kill_on_drop: false }`
[INFO] started tweaking git repo https://github.com/lyqingye/off-chain-worker-template
[INFO] finished tweaking git repo https://github.com/lyqingye/off-chain-worker-template
[INFO] tweaked toml for git repo https://github.com/lyqingye/off-chain-worker-template written to /workspace/builds/worker-3-tc2/source/Cargo.toml
[INFO] crate git repo https://github.com/lyqingye/off-chain-worker-template already has a lockfile, it will not be regenerated
[INFO] running `Command { std: CARGO_HOME="/workspace/cargo-home" RUSTUP_HOME="/workspace/rustup-home" "/workspace/cargo-home/bin/cargo" "+beta-2023-04-20" "fetch" "--manifest-path" "Cargo.toml", kill_on_drop: false }`
[INFO] [stderr]     Updating crates.io index
[INFO] [stderr]     Blocking waiting for file lock on package cache
[INFO] [stderr]  Downloading crates ...
[INFO] [stderr]   Downloaded async-tungstenite v0.12.0
[INFO] [stderr]   Downloaded retry v1.2.1
[INFO] [stderr]   Downloaded anomaly v0.2.0
[INFO] [stderr]   Downloaded tonic v0.4.3
[INFO] [stderr]   Downloaded hdpath v0.6.0
[INFO] [stderr]   Downloaded bitcoin_hashes v0.10.0
[INFO] [stderr]   Downloaded test-env-log v0.2.7
[INFO] [stderr]   Downloaded bitcoin v0.27.0
[INFO] [stderr]   Downloaded tendermint-proto v0.21.0
[INFO] [stderr]   Downloaded tendermint v0.21.0
[INFO] [stderr]   Downloaded tendermint-rpc v0.21.0
[INFO] running `Command { std: "docker" "create" "-v" "/var/lib/crater-agent-workspace/builds/worker-3-tc2/target:/opt/rustwide/target:rw,Z" "-v" "/var/lib/crater-agent-workspace/builds/worker-3-tc2/source:/opt/rustwide/workdir:ro,Z" "-v" "/var/lib/crater-agent-workspace/cargo-home:/opt/rustwide/cargo-home:ro,Z" "-v" "/var/lib/crater-agent-workspace/rustup-home:/opt/rustwide/rustup-home:ro,Z" "-e" "SOURCE_DIR=/opt/rustwide/workdir" "-e" "CARGO_TARGET_DIR=/opt/rustwide/target" "-e" "CARGO_HOME=/opt/rustwide/cargo-home" "-e" "RUSTUP_HOME=/opt/rustwide/rustup-home" "-w" "/opt/rustwide/workdir" "-m" "1610612736" "--user" "0:0" "--network" "none" "ghcr.io/rust-lang/crates-build-env/linux@sha256:5ff2268d62e97bff2cde7d5815dd6ed5b47097566f13b8d0ca110b04b60e07ed" "/opt/rustwide/cargo-home/bin/cargo" "+beta-2023-04-20" "metadata" "--no-deps" "--format-version=1", kill_on_drop: false }`
[INFO] [stdout] 6752f8ec569c0b72e64b9e5df5b60280f6fd3a1b962642e8547ee51d41849d5c
[INFO] running `Command { std: "docker" "start" "-a" "6752f8ec569c0b72e64b9e5df5b60280f6fd3a1b962642e8547ee51d41849d5c", kill_on_drop: false }`
[INFO] running `Command { std: "docker" "inspect" "6752f8ec569c0b72e64b9e5df5b60280f6fd3a1b962642e8547ee51d41849d5c", kill_on_drop: false }`
[INFO] running `Command { std: "docker" "rm" "-f" "6752f8ec569c0b72e64b9e5df5b60280f6fd3a1b962642e8547ee51d41849d5c", kill_on_drop: false }`
[INFO] [stdout] 6752f8ec569c0b72e64b9e5df5b60280f6fd3a1b962642e8547ee51d41849d5c
[INFO] running `Command { std: "docker" "create" "-v" "/var/lib/crater-agent-workspace/builds/worker-3-tc2/target:/opt/rustwide/target:rw,Z" "-v" "/var/lib/crater-agent-workspace/builds/worker-3-tc2/source:/opt/rustwide/workdir:ro,Z" "-v" "/var/lib/crater-agent-workspace/cargo-home:/opt/rustwide/cargo-home:ro,Z" "-v" "/var/lib/crater-agent-workspace/rustup-home:/opt/rustwide/rustup-home:ro,Z" "-e" "SOURCE_DIR=/opt/rustwide/workdir" "-e" "CARGO_TARGET_DIR=/opt/rustwide/target" "-e" "CARGO_INCREMENTAL=0" "-e" "RUST_BACKTRACE=full" "-e" "RUSTFLAGS=--cap-lints=warn" "-e" "RUSTDOCFLAGS=--cap-lints=warn" "-e" "CARGO_HOME=/opt/rustwide/cargo-home" "-e" "RUSTUP_HOME=/opt/rustwide/rustup-home" "-w" "/opt/rustwide/workdir" "-m" "1610612736" "--user" "0:0" "--network" "none" "ghcr.io/rust-lang/crates-build-env/linux@sha256:5ff2268d62e97bff2cde7d5815dd6ed5b47097566f13b8d0ca110b04b60e07ed" "/opt/rustwide/cargo-home/bin/cargo" "+beta-2023-04-20" "build" "--frozen" "--message-format=json", kill_on_drop: false }`
[INFO] [stdout] c70e853b3726255e37d1a212e9a78336a0e716d5f8eaffa2560d85099bd203cf
[INFO] running `Command { std: "docker" "start" "-a" "c70e853b3726255e37d1a212e9a78336a0e716d5f8eaffa2560d85099bd203cf", kill_on_drop: false }`
[INFO] [stderr]    Compiling proc-macro2 v1.0.28
[INFO] [stderr]    Compiling syn v1.0.74
[INFO] [stderr]    Compiling libc v0.2.98
[INFO] [stderr]    Compiling cc v1.0.69
[INFO] [stderr]    Compiling typenum v1.13.0
[INFO] [stderr]    Compiling log v0.4.14
[INFO] [stderr]    Compiling generic-array v0.14.4
[INFO] [stderr]    Compiling instant v0.1.10
[INFO] [stderr]    Compiling smallvec v1.6.1
[INFO] [stderr]    Compiling scopeguard v1.1.0
[INFO] [stderr]    Compiling serde_derive v1.0.127
[INFO] [stderr]    Compiling lock_api v0.4.4
[INFO] [stderr]    Compiling serde v1.0.127
[INFO] [stderr]    Compiling futures-core v0.3.16
[INFO] [stderr]    Compiling subtle v2.4.1
[INFO] [stderr]    Compiling proc-macro-hack v0.5.19
[INFO] [stderr]    Compiling quote v1.0.9
[INFO] [stderr]    Compiling futures-macro v0.3.16
[INFO] [stderr]    Compiling tokio v1.9.0
[INFO] [stderr]    Compiling parking_lot_core v0.8.3
[INFO] [stderr]    Compiling getrandom v0.2.3
[INFO] [stderr]    Compiling proc-macro-nested v0.1.7
[INFO] [stderr]    Compiling futures-sink v0.3.16
[INFO] [stderr]    Compiling futures-task v0.3.16
[INFO] [stderr]    Compiling futures-channel v0.3.16
[INFO] [stderr]    Compiling parking_lot v0.11.1
[INFO] [stderr]    Compiling rand_core v0.6.3
[INFO] [stderr]    Compiling mio v0.7.13
[INFO] [stderr]    Compiling digest v0.9.0
[INFO] [stderr]    Compiling num_cpus v1.13.0
[INFO] [stderr]    Compiling futures-util v0.3.16
[INFO] [stderr]    Compiling once_cell v1.8.0
[INFO] [stderr]    Compiling ring v0.16.20
[INFO] [stderr]    Compiling tracing-core v0.1.18
[INFO] [stderr]    Compiling futures-io v0.3.16
[INFO] [stderr]    Compiling block-buffer v0.9.0
[INFO] [stderr]    Compiling spin v0.5.2
[INFO] [stderr]    Compiling opaque-debug v0.3.0
[INFO] [stderr]    Compiling ppv-lite86 v0.2.10
[INFO] [stderr]    Compiling untrusted v0.7.1
[INFO] [stderr]    Compiling cpufeatures v0.1.5
[INFO] [stderr]    Compiling openssl-sys v0.9.65
[INFO] [stderr]    Compiling anyhow v1.0.42
[INFO] [stderr]    Compiling getrandom v0.1.16
[INFO] [stderr]    Compiling httparse v1.4.1
[INFO] [stderr]    Compiling num-traits v0.2.14
[INFO] [stderr]    Compiling either v1.6.1
[INFO] [stderr]    Compiling tinyvec v1.3.1
[INFO] [stderr]    Compiling rand_core v0.5.1
[INFO] [stderr]    Compiling itertools v0.9.0
[INFO] [stderr]    Compiling time v0.1.43
[INFO] [stderr]    Compiling num-integer v0.1.44
[INFO] [stderr]    Compiling miniz_oxide v0.4.4
[INFO] [stderr]    Compiling byteorder v1.4.3
[INFO] [stderr]    Compiling openssl v0.10.35
[INFO] [stderr]    Compiling want v0.3.0
[INFO] [stderr]    Compiling unicode-normalization v0.1.19
[INFO] [stderr]    Compiling unicode-bidi v0.3.5
[INFO] [stderr]    Compiling rand_chacha v0.3.1
[INFO] [stderr]    Compiling http-body v0.4.2
[INFO] [stderr]    Compiling signature v1.3.1
[INFO] [stderr]    Compiling backtrace v0.3.61
[INFO] [stderr]    Compiling socket2 v0.4.1
[INFO] [stderr]    Compiling synstructure v0.12.5
[INFO] [stderr]    Compiling gimli v0.25.0
[INFO] [stderr]    Compiling adler v1.0.2
[INFO] [stderr]    Compiling const-oid v0.6.0
[INFO] [stderr]    Compiling native-tls v0.2.7
[INFO] [stderr]    Compiling idna v0.2.3
[INFO] [stderr]    Compiling der v0.4.0
[INFO] [stderr]    Compiling sct v0.6.1
[INFO] [stderr]    Compiling webpki v0.21.4
[INFO] [stderr]    Compiling rand v0.8.4
[INFO] [stderr]    Compiling rustls v0.19.1
[INFO] [stderr]    Compiling form_urlencoded v1.0.1
[INFO] [stderr]    Compiling rand_chacha v0.2.2
[INFO] [stderr]    Compiling sha2 v0.9.5
[INFO] [stderr]    Compiling sha-1 v0.9.7
[INFO] [stderr]    Compiling secp256k1-sys v0.4.1
[INFO] [stderr]    Compiling object v0.26.0
[INFO] [stderr]    Compiling addr2line v0.16.0
[INFO] [stderr]    Compiling serde_json v1.0.66
[INFO] [stderr]    Compiling async-trait v0.1.51
[INFO] [stderr]    Compiling rustc-demangle v0.1.20
[INFO] [stderr]    Compiling regex-syntax v0.6.25
[INFO] [stderr]    Compiling tokio-macros v1.3.0
[INFO] [stderr]    Compiling zeroize_derive v1.1.0
[INFO] [stderr]    Compiling tracing-attributes v0.1.15
[INFO] [stderr]    Compiling zeroize v1.4.1
[INFO] [stderr]    Compiling prost-derive v0.7.0
[INFO] [stderr]    Compiling thiserror-impl v1.0.26
[INFO] [stderr]    Compiling tracing v0.1.26
[INFO] [stderr]    Compiling pin-project-internal v1.0.8
[INFO] [stderr]    Compiling thiserror v1.0.26
[INFO] [stderr]    Compiling prost v0.7.0
[INFO] [stderr]    Compiling futures-executor v0.3.16
[INFO] [stderr]    Compiling url v2.2.2
[INFO] [stderr]    Compiling pin-project v1.0.8
[INFO] [stderr]    Compiling rand v0.7.3
[INFO] [stderr]    Compiling spki v0.4.0
[INFO] [stderr]    Compiling ff v0.10.0
[INFO] [stderr]    Compiling pkcs8 v0.7.5
[INFO] [stderr]    Compiling group v0.10.0
[INFO] [stderr]    Compiling tokio-util v0.6.7
[INFO] [stderr]    Compiling tokio-rustls v0.22.0
[INFO] [stderr]    Compiling tokio-native-tls v0.3.0
[INFO] [stderr]    Compiling futures v0.3.16
[INFO] [stderr]    Compiling prost-types v0.7.0
[INFO] [stderr]    Compiling anomaly v0.2.0
[INFO] [stderr]    Compiling h2 v0.3.3
[INFO] [stderr]    Compiling curve25519-dalek v3.1.0
[INFO] [stderr]    Compiling crypto-bigint v0.2.2
[INFO] [stderr]    Compiling subtle-encoding v0.5.1
[INFO] [stderr]    Compiling rustls-native-certs v0.5.0
[INFO] [stderr]    Compiling num-derive v0.3.3
[INFO] [stderr]    Compiling headers-core v0.2.0
[INFO] [stderr]    Compiling crypto-mac v0.11.1
[INFO] [stderr]    Compiling crypto-mac v0.8.0
[INFO] [stderr]    Compiling input_buffer v0.4.0
[INFO] [stderr]    Compiling aho-corasick v0.7.18
[INFO] [stderr]    Compiling utf-8 v0.7.6
[INFO] [stderr]    Compiling crossbeam-utils v0.8.5
[INFO] [stderr]    Compiling tungstenite v0.12.0
[INFO] [stderr]    Compiling regex v1.5.4
[INFO] [stderr]    Compiling headers v0.3.4
[INFO] [stderr]    Compiling hmac v0.11.0
[INFO] [stderr]    Compiling elliptic-curve v0.10.5
[INFO] [stderr]    Compiling tokio-stream v0.1.7
[INFO] [stderr]    Compiling regex-automata v0.1.10
[INFO] [stderr]    Compiling serde_repr v0.1.7
[INFO] [stderr]    Compiling async-stream-impl v0.3.2
[INFO] [stderr]    Compiling chrono v0.4.19
[INFO] [stderr]    Compiling serde_bytes v0.11.5
[INFO] [stderr]    Compiling ed25519 v1.2.0
[INFO] [stderr]    Compiling ed25519-dalek v1.0.1
[INFO] [stderr]    Compiling toml v0.5.8
[INFO] [stderr]    Compiling secp256k1 v0.20.3
[INFO] [stderr]    Compiling bitcoin_hashes v0.10.0
[INFO] [stderr]    Compiling tendermint-proto v0.21.0
[INFO] [stderr]    Compiling webpki-roots v0.21.1
[INFO] [stderr]    Compiling ct-logs v0.8.0
[INFO] [stderr]    Compiling tower-layer v0.3.1
[INFO] [stderr]    Compiling humantime v2.1.0
[INFO] [stderr]    Compiling bech32 v0.8.1
[INFO] [stderr]    Compiling hyper v0.14.11
[INFO] [stderr]    Compiling same-file v1.0.6
[INFO] [stderr]    Compiling walkdir v2.3.2
[INFO] [stderr]    Compiling tower v0.4.8
[INFO] [stderr]    Compiling async-tungstenite v0.12.0
[INFO] [stderr]    Compiling async-stream v0.3.2
[INFO] [stderr]    Compiling matchers v0.0.1
[INFO] [stderr]    Compiling tracing-serde v0.1.2
[INFO] [stderr]    Compiling ecdsa v0.12.3
[INFO] [stderr]    Compiling pbkdf2 v0.4.0
[INFO] [stderr]    Compiling hmac v0.8.1
[INFO] [stderr]    Compiling tracing-futures v0.2.5
[INFO] [stderr]    Compiling dyn-clonable-impl v0.9.0
[INFO] [stderr]    Compiling tracing-log v0.1.2
[INFO] [stderr]    Compiling thread_local v1.1.3
[INFO] [stderr]    Compiling atty v0.2.14
[INFO] [stderr]    Compiling dirs-sys-next v0.1.2
[INFO] [stderr]    Compiling sharded-slab v0.1.1
[INFO] [stderr]    Compiling rustc-hash v1.1.0
[INFO] [stderr]    Compiling arrayvec v0.5.2
[INFO] [stderr]    Compiling half v1.7.1
[INFO] [stderr]    Compiling ansi_term v0.12.1
[INFO] [stderr]    Compiling uuid v0.8.2
[INFO] [stderr]    Compiling dyn-clone v1.0.4
[INFO] [stderr]    Compiling rust_decimal v1.15.0
[INFO] [stderr]    Compiling dyn-clonable v0.9.0
[INFO] [stderr]    Compiling serde_cbor v0.11.1
[INFO] [stderr]    Compiling tiny-bip39 v0.8.0
[INFO] [stderr]    Compiling tracing-subscriber v0.2.19
[INFO] [stderr]    Compiling dirs-next v2.0.0
[INFO] [stderr]    Compiling bitcoin v0.27.0
[INFO] [stderr]    Compiling env_logger v0.9.0
[INFO] [stderr]    Compiling crossbeam-channel v0.5.1
[INFO] [stderr]    Compiling tendermint v0.21.0
[INFO] [stderr]    Compiling k256 v0.9.6
[INFO] [stderr]    Compiling humantime-serde v1.0.1
[INFO] [stderr]    Compiling test-env-log v0.2.7
[INFO] [stderr]    Compiling itertools v0.10.1
[INFO] [stderr]    Compiling ripemd160 v0.9.1
[INFO] [stderr]    Compiling retry v1.2.1
[INFO] [stderr]    Compiling hex v0.4.3
[INFO] [stderr]    Compiling hdpath v0.6.0
[INFO] [stderr]    Compiling hyper-tls v0.5.0
[INFO] [stderr]    Compiling hyper-rustls v0.22.1
[INFO] [stderr]    Compiling tonic v0.4.3
[INFO] [stderr]    Compiling hyper-proxy v0.9.1
[INFO] [stderr]    Compiling tendermint-rpc v0.21.0
[INFO] [stderr]    Compiling off-chain-workers-template v0.1.0 (/opt/rustwide/workdir)
[INFO] [stdout] warning: unused doc comment
[INFO] [stdout]    --> src/chain/cosmos.rs:362:13
[INFO] [stdout]     |
[INFO] [stdout] 362 |             /// query balance
[INFO] [stdout]     |             ^^^^^^^^^^^^^^^^^
[INFO] [stdout] 363 |             let balance = self.balance().expect("fail to query account balance!");
[INFO] [stdout]     |             ---------------------------------------------------------------------- rustdoc does not generate documentation for statements
[INFO] [stdout]     |
[INFO] [stdout]     = help: use `//` for a plain comment
[INFO] [stdout]     = note: `#[warn(unused_doc_comments)]` on by default
[INFO] [stdout] 
[INFO] [stdout] 
[INFO] [stdout] warning: unused import: `chain::QueryTxRequest`
[INFO] [stdout]  --> src/chain/handle.rs:6:5
[INFO] [stdout]   |
[INFO] [stdout] 6 |     chain::QueryTxRequest,
[INFO] [stdout]   |     ^^^^^^^^^^^^^^^^^^^^^
[INFO] [stdout]   |
[INFO] [stdout]   = note: `#[warn(unused_imports)]` on by default
[INFO] [stdout] 
[INFO] [stdout] 
[INFO] [stdout] warning: unused import: `Subscription`
[INFO] [stdout]  --> src/chain/handle/prod.rs:5:64
[INFO] [stdout]   |
[INFO] [stdout] 5 | use super::{reply_channel, ChainHandle, ChainRequest, ReplyTo, Subscription};
[INFO] [stdout]   |                                                                ^^^^^^^^^^^^
[INFO] [stdout] 
[INFO] [stdout] 
[INFO] [stdout] warning: unused variable: `balance`
[INFO] [stdout]    --> src/chain/cosmos.rs:363:17
[INFO] [stdout]     |
[INFO] [stdout] 363 |             let balance = self.balance().expect("fail to query account balance!");
[INFO] [stdout]     |                 ^^^^^^^ help: if this is intentional, prefix it with an underscore: `_balance`
[INFO] [stdout]     |
[INFO] [stdout]     = note: `#[warn(unused_variables)]` on by default
[INFO] [stdout] 
[INFO] [stdout] 
[INFO] [stdout] warning: unused variable: `event_batch`
[INFO] [stdout]    --> src/chain/runtime.rs:114:28
[INFO] [stdout]     |
[INFO] [stdout] 114 |                         Ok(event_batch) => {
[INFO] [stdout]     |                            ^^^^^^^^^^^ help: if this is intentional, prefix it with an underscore: `_event_batch`
[INFO] [stdout] 
[INFO] [stdout] 
[INFO] [stdout] warning: unused variable: `reply_to`
[INFO] [stdout]    --> src/chain/runtime.rs:175:9
[INFO] [stdout]     |
[INFO] [stdout] 175 |         reply_to: ReplyTo<Subscription>,
[INFO] [stdout]     |         ^^^^^^^^ help: if this is intentional, prefix it with an underscore: `_reply_to`
[INFO] [stdout] 
[INFO] [stdout] 
[INFO] [stdout] warning: variable does not need to be mutable
[INFO] [stdout]    --> src/chain/cosmos.rs:703:21
[INFO] [stdout]     |
[INFO] [stdout] 703 |                 let mut response = self
[INFO] [stdout]     |                     ----^^^^^^^^
[INFO] [stdout]     |                     |
[INFO] [stdout]     |                     help: remove this `mut`
[INFO] [stdout]     |
[INFO] [stdout]     = note: `#[warn(unused_mut)]` on by default
[INFO] [stdout] 
[INFO] [stdout] 
[INFO] [stdout] warning: 7 warnings emitted
[INFO] [stdout] 
[INFO] [stdout] 
[INFO] [stderr]     Finished dev [unoptimized + debuginfo] target(s) in 1m 25s
[INFO] running `Command { std: "docker" "inspect" "c70e853b3726255e37d1a212e9a78336a0e716d5f8eaffa2560d85099bd203cf", kill_on_drop: false }`
[INFO] running `Command { std: "docker" "rm" "-f" "c70e853b3726255e37d1a212e9a78336a0e716d5f8eaffa2560d85099bd203cf", kill_on_drop: false }`
[INFO] [stdout] c70e853b3726255e37d1a212e9a78336a0e716d5f8eaffa2560d85099bd203cf
[INFO] running `Command { std: "docker" "create" "-v" "/var/lib/crater-agent-workspace/builds/worker-3-tc2/target:/opt/rustwide/target:rw,Z" "-v" "/var/lib/crater-agent-workspace/builds/worker-3-tc2/source:/opt/rustwide/workdir:ro,Z" "-v" "/var/lib/crater-agent-workspace/cargo-home:/opt/rustwide/cargo-home:ro,Z" "-v" "/var/lib/crater-agent-workspace/rustup-home:/opt/rustwide/rustup-home:ro,Z" "-e" "SOURCE_DIR=/opt/rustwide/workdir" "-e" "CARGO_TARGET_DIR=/opt/rustwide/target" "-e" "CARGO_INCREMENTAL=0" "-e" "RUST_BACKTRACE=full" "-e" "RUSTFLAGS=--cap-lints=warn" "-e" "RUSTDOCFLAGS=--cap-lints=warn" "-e" "CARGO_HOME=/opt/rustwide/cargo-home" "-e" "RUSTUP_HOME=/opt/rustwide/rustup-home" "-w" "/opt/rustwide/workdir" "-m" "1610612736" "--user" "0:0" "--network" "none" "ghcr.io/rust-lang/crates-build-env/linux@sha256:5ff2268d62e97bff2cde7d5815dd6ed5b47097566f13b8d0ca110b04b60e07ed" "/opt/rustwide/cargo-home/bin/cargo" "+beta-2023-04-20" "test" "--frozen" "--no-run" "--message-format=json", kill_on_drop: false }`
[INFO] [stdout] 3328a64101a8536c2e022c3c95d89fa1d8a2000f866a2ee59c4d6e004243c916
[INFO] running `Command { std: "docker" "start" "-a" "3328a64101a8536c2e022c3c95d89fa1d8a2000f866a2ee59c4d6e004243c916", kill_on_drop: false }`
[INFO] [stdout] warning: unused doc comment
[INFO] [stdout]    --> src/chain/cosmos.rs:362:13
[INFO] [stdout]     |
[INFO] [stdout] 362 |             /// query balance
[INFO] [stdout]     |             ^^^^^^^^^^^^^^^^^
[INFO] [stdout] 363 |             let balance = self.balance().expect("fail to query account balance!");
[INFO] [stdout]     |             ---------------------------------------------------------------------- rustdoc does not generate documentation for statements
[INFO] [stdout]     |
[INFO] [stdout]     = help: use `//` for a plain comment
[INFO] [stdout]     = note: `#[warn(unused_doc_comments)]` on by default
[INFO] [stdout] 
[INFO] [stdout] 
[INFO] [stdout] warning: unused import: `chain::QueryTxRequest`
[INFO] [stdout]  --> src/chain/handle.rs:6:5
[INFO] [stdout]   |
[INFO] [stdout] 6 |     chain::QueryTxRequest,
[INFO] [stdout]   |     ^^^^^^^^^^^^^^^^^^^^^
[INFO] [stdout]   |
[INFO] [stdout]   = note: `#[warn(unused_imports)]` on by default
[INFO] [stdout] 
[INFO] [stdout] 
[INFO] [stdout] warning: unused import: `Subscription`
[INFO] [stdout]  --> src/chain/handle/prod.rs:5:64
[INFO] [stdout]   |
[INFO] [stdout] 5 | use super::{reply_channel, ChainHandle, ChainRequest, ReplyTo, Subscription};
[INFO] [stdout]   |                                                                ^^^^^^^^^^^^
[INFO] [stdout] 
[INFO] [stdout] 
[INFO] [stdout] warning: unused variable: `balance`
[INFO] [stdout]    --> src/chain/cosmos.rs:363:17
[INFO] [stdout]     |
[INFO] [stdout] 363 |             let balance = self.balance().expect("fail to query account balance!");
[INFO] [stdout]     |                 ^^^^^^^ help: if this is intentional, prefix it with an underscore: `_balance`
[INFO] [stdout]     |
[INFO] [stdout]     = note: `#[warn(unused_variables)]` on by default
[INFO] [stdout] 
[INFO] [stdout] 
[INFO] [stdout] warning: unused variable: `event_batch`
[INFO] [stdout]    --> src/chain/runtime.rs:114:28
[INFO] [stdout]     |
[INFO] [stdout] 114 |                         Ok(event_batch) => {
[INFO] [stdout]     |                            ^^^^^^^^^^^ help: if this is intentional, prefix it with an underscore: `_event_batch`
[INFO] [stdout] 
[INFO] [stdout] 
[INFO] [stdout] warning: unused variable: `reply_to`
[INFO] [stdout]    --> src/chain/runtime.rs:175:9
[INFO] [stdout]     |
[INFO] [stdout] 175 |         reply_to: ReplyTo<Subscription>,
[INFO] [stdout]     |         ^^^^^^^^ help: if this is intentional, prefix it with an underscore: `_reply_to`
[INFO] [stdout] 
[INFO] [stdout] 
[INFO] [stdout] warning: variable does not need to be mutable
[INFO] [stdout]    --> src/chain/cosmos.rs:703:21
[INFO] [stdout]     |
[INFO] [stdout] 703 |                 let mut response = self
[INFO] [stdout]     |                     ----^^^^^^^^
[INFO] [stdout]     |                     |
[INFO] [stdout]     |                     help: remove this `mut`
[INFO] [stdout]     |
[INFO] [stdout]     = note: `#[warn(unused_mut)]` on by default
[INFO] [stdout] 
[INFO] [stdout] 
[INFO] [stdout] warning: 7 warnings emitted
[INFO] [stdout] 
[INFO] [stdout] 
[INFO] [stderr]    Compiling off-chain-workers-template v0.1.0 (/opt/rustwide/workdir)
[INFO] [stdout] warning: unused variable: `event_batch`
[INFO] [stdout]    --> src/bin/main.rs:106:32
[INFO] [stdout]     |
[INFO] [stdout] 106 | ...                   Ok(event_batch) => {
[INFO] [stdout]     |                          ^^^^^^^^^^^ help: if this is intentional, prefix it with an underscore: `_event_batch`
[INFO] [stdout]     |
[INFO] [stdout]     = note: `#[warn(unused_variables)]` on by default
[INFO] [stdout] 
[INFO] [stdout] 
[INFO] [stdout] warning: unused variable: `event_batch`
[INFO] [stdout]    --> src/bin/main.rs:133:32
[INFO] [stdout]     |
[INFO] [stdout] 133 | ...                   Ok(event_batch) => {
[INFO] [stdout]     |                          ^^^^^^^^^^^ help: if this is intentional, prefix it with an underscore: `_event_batch`
[INFO] [stdout] 
[INFO] [stdout] 
[INFO] [stdout] warning: unused doc comment
[INFO] [stdout]    --> src/chain/cosmos.rs:362:13
[INFO] [stdout]     |
[INFO] [stdout] 362 |             /// query balance
[INFO] [stdout]     |             ^^^^^^^^^^^^^^^^^
[INFO] [stdout] 363 |             let balance = self.balance().expect("fail to query account balance!");
[INFO] [stdout]     |             ---------------------------------------------------------------------- rustdoc does not generate documentation for statements
[INFO] [stdout]     |
[INFO] [stdout]     = help: use `//` for a plain comment
[INFO] [stdout]     = note: `#[warn(unused_doc_comments)]` on by default
[INFO] [stdout] 
[INFO] [stdout] 
[INFO] [stdout] warning: unused import: `chain::QueryTxRequest`
[INFO] [stdout]  --> src/chain/handle.rs:6:5
[INFO] [stdout]   |
[INFO] [stdout] 6 |     chain::QueryTxRequest,
[INFO] [stdout]   |     ^^^^^^^^^^^^^^^^^^^^^
[INFO] [stdout]   |
[INFO] [stdout]   = note: `#[warn(unused_imports)]` on by default
[INFO] [stdout] 
[INFO] [stdout] 
[INFO] [stdout] warning: unused import: `Subscription`
[INFO] [stdout]  --> src/chain/handle/prod.rs:5:64
[INFO] [stdout]   |
[INFO] [stdout] 5 | use super::{reply_channel, ChainHandle, ChainRequest, ReplyTo, Subscription};
[INFO] [stdout]   |                                                                ^^^^^^^^^^^^
[INFO] [stdout] 
[INFO] [stdout] 
[INFO] [stdout] warning: unused variable: `balance`
[INFO] [stdout]    --> src/chain/cosmos.rs:363:17
[INFO] [stdout]     |
[INFO] [stdout] 363 |             let balance = self.balance().expect("fail to query account balance!");
[INFO] [stdout]     |                 ^^^^^^^ help: if this is intentional, prefix it with an underscore: `_balance`
[INFO] [stdout]     |
[INFO] [stdout]     = note: `#[warn(unused_variables)]` on by default
[INFO] [stdout] 
[INFO] [stdout] 
[INFO] [stdout] warning: unused variable: `event_batch`
[INFO] [stdout]    --> src/chain/runtime.rs:114:28
[INFO] [stdout]     |
[INFO] [stdout] 114 |                         Ok(event_batch) => {
[INFO] [stdout]     |                            ^^^^^^^^^^^ help: if this is intentional, prefix it with an underscore: `_event_batch`
[INFO] [stdout] 
[INFO] [stdout] 
[INFO] [stdout] warning: unused variable: `reply_to`
[INFO] [stdout]    --> src/chain/runtime.rs:175:9
[INFO] [stdout]     |
[INFO] [stdout] 175 |         reply_to: ReplyTo<Subscription>,
[INFO] [stdout]     |         ^^^^^^^^ help: if this is intentional, prefix it with an underscore: `_reply_to`
[INFO] [stdout] 
[INFO] [stdout] 
[INFO] [stdout] warning: variable does not need to be mutable
[INFO] [stdout]    --> src/chain/cosmos.rs:703:21
[INFO] [stdout]     |
[INFO] [stdout] 703 |                 let mut response = self
[INFO] [stdout]     |                     ----^^^^^^^^
[INFO] [stdout]     |                     |
[INFO] [stdout]     |                     help: remove this `mut`
[INFO] [stdout]     |
[INFO] [stdout]     = note: `#[warn(unused_mut)]` on by default
[INFO] [stdout] 
[INFO] [stdout] 
[INFO] [stdout] warning: 2 warnings emitted
[INFO] [stdout] 
[INFO] [stdout] 
[INFO] [stdout] warning: 7 warnings emitted
[INFO] [stdout] 
[INFO] [stdout] 
[INFO] [stderr]     Finished test [unoptimized + debuginfo] target(s) in 13.84s
[INFO] running `Command { std: "docker" "inspect" "3328a64101a8536c2e022c3c95d89fa1d8a2000f866a2ee59c4d6e004243c916", kill_on_drop: false }`
[INFO] running `Command { std: "docker" "rm" "-f" "3328a64101a8536c2e022c3c95d89fa1d8a2000f866a2ee59c4d6e004243c916", kill_on_drop: false }`
[INFO] [stdout] 3328a64101a8536c2e022c3c95d89fa1d8a2000f866a2ee59c4d6e004243c916
[INFO] running `Command { std: "docker" "create" "-v" "/var/lib/crater-agent-workspace/builds/worker-3-tc2/target:/opt/rustwide/target:rw,Z" "-v" "/var/lib/crater-agent-workspace/builds/worker-3-tc2/source:/opt/rustwide/workdir:ro,Z" "-v" "/var/lib/crater-agent-workspace/cargo-home:/opt/rustwide/cargo-home:ro,Z" "-v" "/var/lib/crater-agent-workspace/rustup-home:/opt/rustwide/rustup-home:ro,Z" "-e" "SOURCE_DIR=/opt/rustwide/workdir" "-e" "CARGO_TARGET_DIR=/opt/rustwide/target" "-e" "CARGO_INCREMENTAL=0" "-e" "RUST_BACKTRACE=full" "-e" "RUSTFLAGS=--cap-lints=warn" "-e" "RUSTDOCFLAGS=--cap-lints=warn" "-e" "CARGO_HOME=/opt/rustwide/cargo-home" "-e" "RUSTUP_HOME=/opt/rustwide/rustup-home" "-w" "/opt/rustwide/workdir" "-m" "1610612736" "--user" "0:0" "--network" "none" "ghcr.io/rust-lang/crates-build-env/linux@sha256:5ff2268d62e97bff2cde7d5815dd6ed5b47097566f13b8d0ca110b04b60e07ed" "/opt/rustwide/cargo-home/bin/cargo" "+beta-2023-04-20" "test" "--frozen", kill_on_drop: false }`
[INFO] [stdout] c5c19fba5df55fd7da285d1f42d627be1058c3af5f02e4e3a2a30ee3dc0a4baf
[INFO] running `Command { std: "docker" "start" "-a" "c5c19fba5df55fd7da285d1f42d627be1058c3af5f02e4e3a2a30ee3dc0a4baf", kill_on_drop: false }`
[INFO] [stderr] warning: unused doc comment
[INFO] [stderr]    --> src/chain/cosmos.rs:362:13
[INFO] [stderr]     |
[INFO] [stderr] 362 |             /// query balance
[INFO] [stderr]     |             ^^^^^^^^^^^^^^^^^
[INFO] [stderr] 363 |             let balance = self.balance().expect("fail to query account balance!");
[INFO] [stderr]     |             ---------------------------------------------------------------------- rustdoc does not generate documentation for statements
[INFO] [stderr]     |
[INFO] [stderr]     = help: use `//` for a plain comment
[INFO] [stderr]     = note: `#[warn(unused_doc_comments)]` on by default
[INFO] [stderr] 
[INFO] [stderr] warning: unused import: `chain::QueryTxRequest`
[INFO] [stderr]  --> src/chain/handle.rs:6:5
[INFO] [stderr]   |
[INFO] [stderr] 6 |     chain::QueryTxRequest,
[INFO] [stderr]   |     ^^^^^^^^^^^^^^^^^^^^^
[INFO] [stderr]   |
[INFO] [stderr]   = note: `#[warn(unused_imports)]` on by default
[INFO] [stderr] 
[INFO] [stderr] warning: unused import: `Subscription`
[INFO] [stderr]  --> src/chain/handle/prod.rs:5:64
[INFO] [stderr]   |
[INFO] [stderr] 5 | use super::{reply_channel, ChainHandle, ChainRequest, ReplyTo, Subscription};
[INFO] [stderr]   |                                                                ^^^^^^^^^^^^
[INFO] [stderr] 
[INFO] [stderr] warning: unused variable: `balance`
[INFO] [stderr]    --> src/chain/cosmos.rs:363:17
[INFO] [stderr]     |
[INFO] [stderr] 363 |             let balance = self.balance().expect("fail to query account balance!");
[INFO] [stderr]     |                 ^^^^^^^ help: if this is intentional, prefix it with an underscore: `_balance`
[INFO] [stderr]     |
[INFO] [stderr]     = note: `#[warn(unused_variables)]` on by default
[INFO] [stderr] 
[INFO] [stderr] warning: unused variable: `event_batch`
[INFO] [stderr]    --> src/chain/runtime.rs:114:28
[INFO] [stderr]     |
[INFO] [stderr] 114 |                         Ok(event_batch) => {
[INFO] [stderr]     |                            ^^^^^^^^^^^ help: if this is intentional, prefix it with an underscore: `_event_batch`
[INFO] [stderr] 
[INFO] [stderr] warning: unused variable: `reply_to`
[INFO] [stderr]    --> src/chain/runtime.rs:175:9
[INFO] [stderr]     |
[INFO] [stderr] 175 |         reply_to: ReplyTo<Subscription>,
[INFO] [stderr]     |         ^^^^^^^^ help: if this is intentional, prefix it with an underscore: `_reply_to`
[INFO] [stderr] 
[INFO] [stderr] warning: variable does not need to be mutable
[INFO] [stderr]    --> src/chain/cosmos.rs:703:21
[INFO] [stderr]     |
[INFO] [stderr] 703 |                 let mut response = self
[INFO] [stderr]     |                     ----^^^^^^^^
[INFO] [stderr]     |                     |
[INFO] [stderr]     |                     help: remove this `mut`
[INFO] [stderr]     |
[INFO] [stderr]     = note: `#[warn(unused_mut)]` on by default
[INFO] [stderr] 
[INFO] [stderr] warning: `off-chain-workers-template` (lib) generated 7 warnings (run `cargo fix --lib -p off-chain-workers-template` to apply 6 suggestions)
[INFO] [stderr] warning: `off-chain-workers-template` (lib test) generated 7 warnings (7 duplicates)
[INFO] [stderr] warning: unused variable: `event_batch`
[INFO] [stderr]    --> src/bin/main.rs:106:32
[INFO] [stderr]     |
[INFO] [stderr] 106 | ...                   Ok(event_batch) => {
[INFO] [stderr]     |                          ^^^^^^^^^^^ help: if this is intentional, prefix it with an underscore: `_event_batch`
[INFO] [stderr]     |
[INFO] [stderr]     = note: `#[warn(unused_variables)]` on by default
[INFO] [stderr] 
[INFO] [stderr] warning: unused variable: `event_batch`
[INFO] [stderr]    --> src/bin/main.rs:133:32
[INFO] [stderr]     |
[INFO] [stderr] 133 | ...                   Ok(event_batch) => {
[INFO] [stderr]     |                          ^^^^^^^^^^^ help: if this is intentional, prefix it with an underscore: `_event_batch`
[INFO] [stderr] 
[INFO] [stderr] warning: `off-chain-workers-template` (bin "main" test) generated 2 warnings (run `cargo fix --bin "main" --tests` to apply 2 suggestions)
[INFO] [stderr]     Finished test [unoptimized + debuginfo] target(s) in 0.38s
[INFO] [stderr]      Running unittests src/lib.rs (/opt/rustwide/target/debug/deps/off_chain_workers_template-916c8c1769d649cb)
[INFO] [stdout] 
[INFO] [stdout] running 10 tests
[INFO] [stdout] test util::retry::tests::clamped_const_growth_max_retries ... ok
[INFO] [stdout] test util::retry::tests::clamped_const_growth_max_delay ... ok
[INFO] [stdout] test util::diff::tests::it_works ... ok
[INFO] [stdout] test util::stream::tests::try_group_while_non_empty ... ok
[INFO] [stdout] test util::retry::tests::const_growth_no_clamp ... ok
[INFO] [stdout] test util::retry::tests::clamped_total_const_growth_max_retries ... ok
[INFO] [stdout] test util::stream::tests::try_group_while_empty ... ok
[INFO] [stdout] test util::stream::tests::try_group_while_err ... ok
[INFO] [stdout] test config::tests::serialize_valid_config ... FAILED
[INFO] [stdout] test config::tests::parse_valid_config ... FAILED
[INFO] [stdout] 
[INFO] [stdout] failures:
[INFO] [stdout] 
[INFO] [stdout] ---- config::tests::serialize_valid_config stdout ----
[INFO] [stdout] thread 'config::tests::serialize_valid_config' panicked at 'could not parse config: Error(Context { kind: ConfigIo, source: Some(Os { code: 2, kind: NotFound, message: "No such file or directory" }), backtrace: Some(   0: anomaly::context::Context<Kind>::new
[INFO] [stdout]              at /opt/rustwide/cargo-home/registry/src/index.crates.io-6f17d22bba15001f/anomaly-0.2.0/src/context.rs:36:29
[INFO] [stdout]    1: off_chain_workers_template::error::Kind::context
[INFO] [stdout]              at src/error.rs:116:9
[INFO] [stdout]    2: off_chain_workers_template::config::load::{{closure}}
[INFO] [stdout]              at src/config.rs:144:52
[INFO] [stdout]    3: core::result::Result<T,E>::map_err
[INFO] [stdout]              at /rustc/1b7dd2252b99671ce5d1cb9664c5f8636329436d/library/core/src/result.rs:841:27
[INFO] [stdout]    4: off_chain_workers_template::config::load
[INFO] [stdout]              at src/config.rs:144:9
[INFO] [stdout]    5: off_chain_workers_template::config::tests::serialize_valid_config::test_impl
[INFO] [stdout]              at src/config.rs:198:22
[INFO] [stdout]    6: off_chain_workers_template::config::tests::serialize_valid_config
[INFO] [stdout]              at src/config.rs:191:5
[INFO] [stdout]    7: off_chain_workers_template::config::tests::serialize_valid_config::{{closure}}
[INFO] [stdout]              at src/config.rs:191:5
[INFO] [stdout]    8: core::ops::function::FnOnce::call_once
[INFO] [stdout]              at /rustc/1b7dd2252b99671ce5d1cb9664c5f8636329436d/library/core/src/ops/function.rs:250:5
[INFO] [stdout]    9: core::ops::function::FnOnce::call_once
[INFO] [stdout]              at /rustc/1b7dd2252b99671ce5d1cb9664c5f8636329436d/library/core/src/ops/function.rs:250:5
[INFO] [stdout]       test::__rust_begin_short_backtrace
[INFO] [stdout]              at /rustc/1b7dd2252b99671ce5d1cb9664c5f8636329436d/library/test/src/lib.rs:655:18
[INFO] [stdout]   10: test::run_test::{{closure}}
[INFO] [stdout]              at /rustc/1b7dd2252b99671ce5d1cb9664c5f8636329436d/library/test/src/lib.rs:646:30
[INFO] [stdout]       core::ops::function::FnOnce::call_once{{vtable.shim}}
[INFO] [stdout]              at /rustc/1b7dd2252b99671ce5d1cb9664c5f8636329436d/library/core/src/ops/function.rs:250:5
[INFO] [stdout]   11: <alloc::boxed::Box<F,A> as core::ops::function::FnOnce<Args>>::call_once
[INFO] [stdout]              at /rustc/1b7dd2252b99671ce5d1cb9664c5f8636329436d/library/alloc/src/boxed.rs:1973:9
[INFO] [stdout]       <core::panic::unwind_safe::AssertUnwindSafe<F> as core::ops::function::FnOnce<()>>::call_once
[INFO] [stdout]              at /rustc/1b7dd2252b99671ce5d1cb9664c5f8636329436d/library/core/src/panic/unwind_safe.rs:271:9
[INFO] [stdout]       std::panicking::try::do_call
[INFO] [stdout]              at /rustc/1b7dd2252b99671ce5d1cb9664c5f8636329436d/library/std/src/panicking.rs:485:40
[INFO] [stdout]       std::panicking::try
[INFO] [stdout]              at /rustc/1b7dd2252b99671ce5d1cb9664c5f8636329436d/library/std/src/panicking.rs:449:19
[INFO] [stdout]       std::panic::catch_unwind
[INFO] [stdout]              at /rustc/1b7dd2252b99671ce5d1cb9664c5f8636329436d/library/std/src/panic.rs:140:14
[INFO] [stdout]       test::run_test_in_process
[INFO] [stdout]              at /rustc/1b7dd2252b99671ce5d1cb9664c5f8636329436d/library/test/src/lib.rs:678:27
[INFO] [stdout]       test::run_test::run_test_inner::{{closure}}
[INFO] [stdout]              at /rustc/1b7dd2252b99671ce5d1cb9664c5f8636329436d/library/test/src/lib.rs:572:39
[INFO] [stdout]   12: test::run_test::run_test_inner::{{closure}}
[INFO] [stdout]              at /rustc/1b7dd2252b99671ce5d1cb9664c5f8636329436d/library/test/src/lib.rs:599:37
[INFO] [stdout]       std::sys_common::backtrace::__rust_begin_short_backtrace
[INFO] [stdout]              at /rustc/1b7dd2252b99671ce5d1cb9664c5f8636329436d/library/std/src/sys_common/backtrace.rs:134:18
[INFO] [stdout]   13: std::thread::Builder::spawn_unchecked_::{{closure}}::{{closure}}
[INFO] [stdout]              at /rustc/1b7dd2252b99671ce5d1cb9664c5f8636329436d/library/std/src/thread/mod.rs:526:17
[INFO] [stdout]       <core::panic::unwind_safe::AssertUnwindSafe<F> as core::ops::function::FnOnce<()>>::call_once
[INFO] [stdout]              at /rustc/1b7dd2252b99671ce5d1cb9664c5f8636329436d/library/core/src/panic/unwind_safe.rs:271:9
[INFO] [stdout]       std::panicking::try::do_call
[INFO] [stdout]              at /rustc/1b7dd2252b99671ce5d1cb9664c5f8636329436d/library/std/src/panicking.rs:485:40
[INFO] [stdout]       std::panicking::try
[INFO] [stdout]              at /rustc/1b7dd2252b99671ce5d1cb9664c5f8636329436d/library/std/src/panicking.rs:449:19
[INFO] [stdout]       std::panic::catch_unwind
[INFO] [stdout]              at /rustc/1b7dd2252b99671ce5d1cb9664c5f8636329436d/library/std/src/panic.rs:140:14
[INFO] [stdout]       std::thread::Builder::spawn_unchecked_::{{closure}}
[INFO] [stdout]              at /rustc/1b7dd2252b99671ce5d1cb9664c5f8636329436d/library/std/src/thread/mod.rs:525:30
[INFO] [stdout]       core::ops::function::FnOnce::call_once{{vtable.shim}}
[INFO] [stdout]              at /rustc/1b7dd2252b99671ce5d1cb9664c5f8636329436d/library/core/src/ops/function.rs:250:5
[INFO] [stdout]   14: <alloc::boxed::Box<F,A> as core::ops::function::FnOnce<Args>>::call_once
[INFO] [stdout]              at /rustc/1b7dd2252b99671ce5d1cb9664c5f8636329436d/library/alloc/src/boxed.rs:1973:9
[INFO] [stdout]       <alloc::boxed::Box<F,A> as core::ops::function::FnOnce<Args>>::call_once
[INFO] [stdout]              at /rustc/1b7dd2252b99671ce5d1cb9664c5f8636329436d/library/alloc/src/boxed.rs:1973:9
[INFO] [stdout]       std::sys::unix::thread::Thread::new::thread_start
[INFO] [stdout]              at /rustc/1b7dd2252b99671ce5d1cb9664c5f8636329436d/library/std/src/sys/unix/thread.rs:108:17
[INFO] [stdout]   15: <unknown>
[INFO] [stdout]   16: __clone
[INFO] [stdout] ) })', src/config.rs:198:33
[INFO] [stdout] stack backtrace:
[INFO] [stdout]    0:     0x560143c4864a - std::backtrace_rs::backtrace::libunwind::trace::h2f05d0192276a8f6
[INFO] [stdout]                                at /rustc/1b7dd2252b99671ce5d1cb9664c5f8636329436d/library/std/src/../../backtrace/src/backtrace/libunwind.rs:93:5
[INFO] [stdout]    1:     0x560143c4864a - std::backtrace_rs::backtrace::trace_unsynchronized::hedc23dff7a1af150
[INFO] [stdout]                                at /rustc/1b7dd2252b99671ce5d1cb9664c5f8636329436d/library/std/src/../../backtrace/src/backtrace/mod.rs:66:5
[INFO] [stdout]    2:     0x560143c4864a - std::sys_common::backtrace::_print_fmt::h17541ef7592f3ce2
[INFO] [stdout]                                at /rustc/1b7dd2252b99671ce5d1cb9664c5f8636329436d/library/std/src/sys_common/backtrace.rs:65:5
[INFO] [stdout]    3:     0x560143c4864a - <std::sys_common::backtrace::_print::DisplayBacktrace as core::fmt::Display>::fmt::h20f75df5ab0c0792
[INFO] [stdout]                                at /rustc/1b7dd2252b99671ce5d1cb9664c5f8636329436d/library/std/src/sys_common/backtrace.rs:44:22
[INFO] [stdout]    4:     0x560143c6ebef - core::fmt::write::h78109e6f466b3af6
[INFO] [stdout]                                at /rustc/1b7dd2252b99671ce5d1cb9664c5f8636329436d/library/core/src/fmt/mod.rs:1254:17
[INFO] [stdout]    5:     0x560143c45835 - std::io::Write::write_fmt::hd24bfb68a1b35a25
[INFO] [stdout]                                at /rustc/1b7dd2252b99671ce5d1cb9664c5f8636329436d/library/std/src/io/mod.rs:1698:15
[INFO] [stdout]    6:     0x560143c48415 - std::sys_common::backtrace::_print::h8dac57a9f8fbf9a5
[INFO] [stdout]                                at /rustc/1b7dd2252b99671ce5d1cb9664c5f8636329436d/library/std/src/sys_common/backtrace.rs:47:5
[INFO] [stdout]    7:     0x560143c48415 - std::sys_common::backtrace::print::hf9ecbf41d1aa712f
[INFO] [stdout]                                at /rustc/1b7dd2252b99671ce5d1cb9664c5f8636329436d/library/std/src/sys_common/backtrace.rs:34:9
[INFO] [stdout]    8:     0x560143c4a0ce - std::panicking::default_hook::{{closure}}::h04c07acfc84ca028
[INFO] [stdout]                                at /rustc/1b7dd2252b99671ce5d1cb9664c5f8636329436d/library/std/src/panicking.rs:269:22
[INFO] [stdout]    9:     0x560143c49e01 - std::panicking::default_hook::h01f6bb23e1eceb2c
[INFO] [stdout]                                at /rustc/1b7dd2252b99671ce5d1cb9664c5f8636329436d/library/std/src/panicking.rs:285:9
[INFO] [stdout]   10:     0x560143a66e3b - <alloc::boxed::Box<F,A> as core::ops::function::Fn<Args>>::call::h87fe9f7b2fd49e4c
[INFO] [stdout]                                at /rustc/1b7dd2252b99671ce5d1cb9664c5f8636329436d/library/alloc/src/boxed.rs:1987:9
[INFO] [stdout]   11:     0x560143a66e3b - test::test_main::{{closure}}::he94d679243a7531b
[INFO] [stdout]                                at /rustc/1b7dd2252b99671ce5d1cb9664c5f8636329436d/library/test/src/lib.rs:134:21
[INFO] [stdout]   12:     0x560143c4a7b4 - <alloc::boxed::Box<F,A> as core::ops::function::Fn<Args>>::call::h3f2d6d8b14c4769f
[INFO] [stdout]                                at /rustc/1b7dd2252b99671ce5d1cb9664c5f8636329436d/library/alloc/src/boxed.rs:1987:9
[INFO] [stdout]   13:     0x560143c4a7b4 - std::panicking::rust_panic_with_hook::h2bb3722bbaf2f6df
[INFO] [stdout]                                at /rustc/1b7dd2252b99671ce5d1cb9664c5f8636329436d/library/std/src/panicking.rs:695:13
[INFO] [stdout]   14:     0x560143c4a529 - std::panicking::begin_panic_handler::{{closure}}::h91bc7f36a4be011b
[INFO] [stdout]                                at /rustc/1b7dd2252b99671ce5d1cb9664c5f8636329436d/library/std/src/panicking.rs:582:13
[INFO] [stdout]   15:     0x560143c48ab6 - std::sys_common::backtrace::__rust_end_short_backtrace::h8b3d3717114f9e59
[INFO] [stdout]                                at /rustc/1b7dd2252b99671ce5d1cb9664c5f8636329436d/library/std/src/sys_common/backtrace.rs:150:18
[INFO] [stdout]   16:     0x560143c4a282 - rust_begin_unwind
[INFO] [stdout]                                at /rustc/1b7dd2252b99671ce5d1cb9664c5f8636329436d/library/std/src/panicking.rs:578:5
[INFO] [stdout]   17:     0x5601436e70e3 - core::panicking::panic_fmt::hfd368e3fbdabea26
[INFO] [stdout]                                at /rustc/1b7dd2252b99671ce5d1cb9664c5f8636329436d/library/core/src/panicking.rs:67:14
[INFO] [stdout]   18:     0x5601436e7683 - core::result::unwrap_failed::he54eb4b2f125b26f
[INFO] [stdout]                                at /rustc/1b7dd2252b99671ce5d1cb9664c5f8636329436d/library/core/src/result.rs:1687:5
[INFO] [stdout]   19:     0x5601437a078e - core::result::Result<T,E>::expect::hdbb1ba65aefadcd9
[INFO] [stdout]                                at /rustc/1b7dd2252b99671ce5d1cb9664c5f8636329436d/library/core/src/result.rs:1046:23
[INFO] [stdout]   20:     0x5601437996b8 - off_chain_workers_template::config::tests::serialize_valid_config::test_impl::h9e4b507b27c1415c
[INFO] [stdout]                                at /opt/rustwide/workdir/src/config.rs:198:22
[INFO] [stdout]   21:     0x560143799640 - off_chain_workers_template::config::tests::serialize_valid_config::he9ba2ded64487219
[INFO] [stdout]                                at /opt/rustwide/workdir/src/config.rs:191:5
[INFO] [stdout]   22:     0x5601437992c7 - off_chain_workers_template::config::tests::serialize_valid_config::{{closure}}::h798b7279493f52b1
[INFO] [stdout]                                at /opt/rustwide/workdir/src/config.rs:191:5
[INFO] [stdout]   23:     0x560143799e35 - core::ops::function::FnOnce::call_once::h94be31ddf8890535
[INFO] [stdout]                                at /rustc/1b7dd2252b99671ce5d1cb9664c5f8636329436d/library/core/src/ops/function.rs:250:5
[INFO] [stdout]   24:     0x560143a6bd0f - core::ops::function::FnOnce::call_once::ha6a70e79f7481a7e
[INFO] [stdout]                                at /rustc/1b7dd2252b99671ce5d1cb9664c5f8636329436d/library/core/src/ops/function.rs:250:5
[INFO] [stdout]   25:     0x560143a6bd0f - test::__rust_begin_short_backtrace::hce33033019b61e69
[INFO] [stdout]                                at /rustc/1b7dd2252b99671ce5d1cb9664c5f8636329436d/library/test/src/lib.rs:655:18
[INFO] [stdout]   26:     0x560143a394fc - test::run_test::{{closure}}::h858d3528838ae3e5
[INFO] [stdout]                                at /rustc/1b7dd2252b99671ce5d1cb9664c5f8636329436d/library/test/src/lib.rs:646:30
[INFO] [stdout]   27:     0x560143a394fc - core::ops::function::FnOnce::call_once{{vtable.shim}}::he8ac2b00f01ae79e
[INFO] [stdout]                                at /rustc/1b7dd2252b99671ce5d1cb9664c5f8636329436d/library/core/src/ops/function.rs:250:5
[INFO] [stdout]   28:     0x560143a6ade6 - <alloc::boxed::Box<F,A> as core::ops::function::FnOnce<Args>>::call_once::h8093d25b522725ef
[INFO] [stdout]                                at /rustc/1b7dd2252b99671ce5d1cb9664c5f8636329436d/library/alloc/src/boxed.rs:1973:9
[INFO] [stdout]   29:     0x560143a6ade6 - <core::panic::unwind_safe::AssertUnwindSafe<F> as core::ops::function::FnOnce<()>>::call_once::h5c334c204e4a3913
[INFO] [stdout]                                at /rustc/1b7dd2252b99671ce5d1cb9664c5f8636329436d/library/core/src/panic/unwind_safe.rs:271:9
[INFO] [stdout]   30:     0x560143a6ade6 - std::panicking::try::do_call::ha8b740c7b9478074
[INFO] [stdout]                                at /rustc/1b7dd2252b99671ce5d1cb9664c5f8636329436d/library/std/src/panicking.rs:485:40
[INFO] [stdout]   31:     0x560143a6ade6 - std::panicking::try::h5d34f63d0e41b64e
[INFO] [stdout]                                at /rustc/1b7dd2252b99671ce5d1cb9664c5f8636329436d/library/std/src/panicking.rs:449:19
[INFO] [stdout]   32:     0x560143a6ade6 - std::panic::catch_unwind::hcfbb511e1aa7fc67
[INFO] [stdout]                                at /rustc/1b7dd2252b99671ce5d1cb9664c5f8636329436d/library/std/src/panic.rs:140:14
[INFO] [stdout]   33:     0x560143a6ade6 - test::run_test_in_process::h9abda90f802eaf21
[INFO] [stdout]                                at /rustc/1b7dd2252b99671ce5d1cb9664c5f8636329436d/library/test/src/lib.rs:678:27
[INFO] [stdout]   34:     0x560143a6ade6 - test::run_test::run_test_inner::{{closure}}::h0f058de91f6c6edf
[INFO] [stdout]                                at /rustc/1b7dd2252b99671ce5d1cb9664c5f8636329436d/library/test/src/lib.rs:572:39
[INFO] [stdout]   35:     0x560143a33d05 - test::run_test::run_test_inner::{{closure}}::h5ca48a4c59c6c1fb
[INFO] [stdout]                                at /rustc/1b7dd2252b99671ce5d1cb9664c5f8636329436d/library/test/src/lib.rs:599:37
[INFO] [stdout]   36:     0x560143a33d05 - std::sys_common::backtrace::__rust_begin_short_backtrace::h32bd51e1495d4a33
[INFO] [stdout]                                at /rustc/1b7dd2252b99671ce5d1cb9664c5f8636329436d/library/std/src/sys_common/backtrace.rs:134:18
[INFO] [stdout]   37:     0x560143a39241 - std::thread::Builder::spawn_unchecked_::{{closure}}::{{closure}}::hc086fae9b128b2db
[INFO] [stdout]                                at /rustc/1b7dd2252b99671ce5d1cb9664c5f8636329436d/library/std/src/thread/mod.rs:526:17
[INFO] [stdout]   38:     0x560143a39241 - <core::panic::unwind_safe::AssertUnwindSafe<F> as core::ops::function::FnOnce<()>>::call_once::hb66571888d270d43
[INFO] [stdout]                                at /rustc/1b7dd2252b99671ce5d1cb9664c5f8636329436d/library/core/src/panic/unwind_safe.rs:271:9
[INFO] [stdout]   39:     0x560143a39241 - std::panicking::try::do_call::h4fa2ef4f6e51fecf
[INFO] [stdout]                                at /rustc/1b7dd2252b99671ce5d1cb9664c5f8636329436d/library/std/src/panicking.rs:485:40
[INFO] [stdout]   40:     0x560143a39241 - std::panicking::try::h1e9e22b8584489b5
[INFO] [stdout]                                at /rustc/1b7dd2252b99671ce5d1cb9664c5f8636329436d/library/std/src/panicking.rs:449:19
[INFO] [stdout]   41:     0x560143a39241 - std::panic::catch_unwind::h44698a3de0e0769e
[INFO] [stdout]                                at /rustc/1b7dd2252b99671ce5d1cb9664c5f8636329436d/library/std/src/panic.rs:140:14
[INFO] [stdout]   42:     0x560143a39241 - std::thread::Builder::spawn_unchecked_::{{closure}}::h50153abde3fe239e
[INFO] [stdout]                                at /rustc/1b7dd2252b99671ce5d1cb9664c5f8636329436d/library/std/src/thread/mod.rs:525:30
[INFO] [stdout]   43:     0x560143a39241 - core::ops::function::FnOnce::call_once{{vtable.shim}}::hbe5bbf6f38394364
[INFO] [stdout]                                at /rustc/1b7dd2252b99671ce5d1cb9664c5f8636329436d/library/core/src/ops/function.rs:250:5
[INFO] [stdout]   44:     0x560143c4ed05 - <alloc::boxed::Box<F,A> as core::ops::function::FnOnce<Args>>::call_once::h0d83cb2920a49046
[INFO] [stdout]                                at /rustc/1b7dd2252b99671ce5d1cb9664c5f8636329436d/library/alloc/src/boxed.rs:1973:9
[INFO] [stdout]   45:     0x560143c4ed05 - <alloc::boxed::Box<F,A> as core::ops::function::FnOnce<Args>>::call_once::hbe0a008aa7d9ef59
[INFO] [stdout]                                at /rustc/1b7dd2252b99671ce5d1cb9664c5f8636329436d/library/alloc/src/boxed.rs:1973:9
[INFO] [stdout]   46:     0x560143c4ed05 - std::sys::unix::thread::Thread::new::thread_start::h3a466996bdf6b1f9
[INFO] [stdout]                                at /rustc/1b7dd2252b99671ce5d1cb9664c5f8636329436d/library/std/src/sys/unix/thread.rs:108:17
[INFO] [stdout]   47:     0x7fbeeab3eb43 - <unknown>
[INFO] [stdout]   48:     0x7fbeeabcfbb4 - __clone
[INFO] [stdout]   49:                0x0 - <unknown>
[INFO] [stdout] 
[INFO] [stdout] ---- config::tests::parse_valid_config stdout ----
[INFO] [stdout] Err(Error(Context { kind: ConfigIo, source: Some(Os { code: 2, kind: NotFound, message: "No such file or directory" }), backtrace: Some(   0: anomaly::context::Context<Kind>::new
[INFO] [stdout]              at /opt/rustwide/cargo-home/registry/src/index.crates.io-6f17d22bba15001f/anomaly-0.2.0/src/context.rs:36:29
[INFO] [stdout]    1: off_chain_workers_template::error::Kind::context
[INFO] [stdout]              at src/error.rs:116:9
[INFO] [stdout]    2: off_chain_workers_template::config::load::{{closure}}
[INFO] [stdout]              at src/config.rs:144:52
[INFO] [stdout]    3: core::result::Result<T,E>::map_err
[INFO] [stdout]              at /rustc/1b7dd2252b99671ce5d1cb9664c5f8636329436d/library/core/src/result.rs:841:27
[INFO] [stdout]    4: off_chain_workers_template::config::load
[INFO] [stdout]              at src/config.rs:144:9
[INFO] [stdout]    5: off_chain_workers_template::config::tests::parse_valid_config::test_impl
[INFO] [stdout]              at src/config.rs:186:22
[INFO] [stdout]    6: off_chain_workers_template::config::tests::parse_valid_config
[INFO] [stdout]              at src/config.rs:179:5
[INFO] [stdout]    7: off_chain_workers_template::config::tests::parse_valid_config::{{closure}}
[INFO] [stdout]              at src/config.rs:179:5
[INFO] [stdout]    8: core::ops::function::FnOnce::call_once
[INFO] [stdout]              at /rustc/1b7dd2252b99671ce5d1cb9664c5f8636329436d/library/core/src/ops/function.rs:250:5
[INFO] [stdout]    9: core::ops::function::FnOnce::call_once
[INFO] [stdout]              at /rustc/1b7dd2252b99671ce5d1cb9664c5f8636329436d/library/core/src/ops/function.rs:250:5
[INFO] [stdout]       test::__rust_begin_short_backtrace
[INFO] [stdout]              at /rustc/1b7dd2252b99671ce5d1cb9664c5f8636329436d/library/test/src/lib.rs:655:18
[INFO] [stdout]   10: test::run_test::{{closure}}
[INFO] [stdout]              at /rustc/1b7dd2252b99671ce5d1cb9664c5f8636329436d/library/test/src/lib.rs:646:30
[INFO] [stdout]       core::ops::function::FnOnce::call_once{{vtable.shim}}
[INFO] [stdout]              at /rustc/1b7dd2252b99671ce5d1cb9664c5f8636329436d/library/core/src/ops/function.rs:250:5
[INFO] [stdout]   11: <alloc::boxed::Box<F,A> as core::ops::function::FnOnce<Args>>::call_once
[INFO] [stdout]              at /rustc/1b7dd2252b99671ce5d1cb9664c5f8636329436d/library/alloc/src/boxed.rs:1973:9
[INFO] [stdout]       <core::panic::unwind_safe::AssertUnwindSafe<F> as core::ops::function::FnOnce<()>>::call_once
[INFO] [stdout]              at /rustc/1b7dd2252b99671ce5d1cb9664c5f8636329436d/library/core/src/panic/unwind_safe.rs:271:9
[INFO] [stdout]       std::panicking::try::do_call
[INFO] [stdout]              at /rustc/1b7dd2252b99671ce5d1cb9664c5f8636329436d/library/std/src/panicking.rs:485:40
[INFO] [stdout]       std::panicking::try
[INFO] [stdout]              at /rustc/1b7dd2252b99671ce5d1cb9664c5f8636329436d/library/std/src/panicking.rs:449:19
[INFO] [stdout]       std::panic::catch_unwind
[INFO] [stdout]              at /rustc/1b7dd2252b99671ce5d1cb9664c5f8636329436d/library/std/src/panic.rs:140:14
[INFO] [stdout]       test::run_test_in_process
[INFO] [stdout]              at /rustc/1b7dd2252b99671ce5d1cb9664c5f8636329436d/library/test/src/lib.rs:678:27
[INFO] [stdout]       test::run_test::run_test_inner::{{closure}}
[INFO] [stdout]              at /rustc/1b7dd2252b99671ce5d1cb9664c5f8636329436d/library/test/src/lib.rs:572:39
[INFO] [stdout]   12: test::run_test::run_test_inner::{{closure}}
[INFO] [stdout]              at /rustc/1b7dd2252b99671ce5d1cb9664c5f8636329436d/library/test/src/lib.rs:599:37
[INFO] [stdout]       std::sys_common::backtrace::__rust_begin_short_backtrace
[INFO] [stdout]              at /rustc/1b7dd2252b99671ce5d1cb9664c5f8636329436d/library/std/src/sys_common/backtrace.rs:134:18
[INFO] [stdout]   13: std::thread::Builder::spawn_unchecked_::{{closure}}::{{closure}}
[INFO] [stdout]              at /rustc/1b7dd2252b99671ce5d1cb9664c5f8636329436d/library/std/src/thread/mod.rs:526:17
[INFO] [stdout]       <core::panic::unwind_safe::AssertUnwindSafe<F> as core::ops::function::FnOnce<()>>::call_once
[INFO] [stdout]              at /rustc/1b7dd2252b99671ce5d1cb9664c5f8636329436d/library/core/src/panic/unwind_safe.rs:271:9
[INFO] [stdout]       std::panicking::try::do_call
[INFO] [stdout]              at /rustc/1b7dd2252b99671ce5d1cb9664c5f8636329436d/library/std/src/panicking.rs:485:40
[INFO] [stdout]       std::panicking::try
[INFO] [stdout]              at /rustc/1b7dd2252b99671ce5d1cb9664c5f8636329436d/library/std/src/panicking.rs:449:19
[INFO] [stdout]       std::panic::catch_unwind
[INFO] [stdout]              at /rustc/1b7dd2252b99671ce5d1cb9664c5f8636329436d/library/std/src/panic.rs:140:14
[INFO] [stdout]       std::thread::Builder::spawn_unchecked_::{{closure}}
[INFO] [stdout]              at /rustc/1b7dd2252b99671ce5d1cb9664c5f8636329436d/library/std/src/thread/mod.rs:525:30
[INFO] [stdout]       core::ops::function::FnOnce::call_once{{vtable.shim}}
[INFO] [stdout]              at /rustc/1b7dd2252b99671ce5d1cb9664c5f8636329436d/library/core/src/ops/function.rs:250:5
[INFO] [stdout]   14: <alloc::boxed::Box<F,A> as core::ops::function::FnOnce<Args>>::call_once
[INFO] [stdout]              at /rustc/1b7dd2252b99671ce5d1cb9664c5f8636329436d/library/alloc/src/boxed.rs:1973:9
[INFO] [stdout]       <alloc::boxed::Box<F,A> as core::ops::function::FnOnce<Args>>::call_once
[INFO] [stdout]              at /rustc/1b7dd2252b99671ce5d1cb9664c5f8636329436d/library/alloc/src/boxed.rs:1973:9
[INFO] [stdout]       std::sys::unix::thread::Thread::new::thread_start
[INFO] [stdout]              at /rustc/1b7dd2252b99671ce5d1cb9664c5f8636329436d/library/std/src/sys/unix/thread.rs:108:17
[INFO] [stdout]   15: <unknown>
[INFO] [stdout]   16: __clone
[INFO] [stdout] ) }))
[INFO] [stdout] thread 'config::tests::parse_valid_config' panicked at 'assertion failed: config.is_ok()', src/config.rs:188:9
[INFO] [stdout] stack backtrace:
[INFO] [stdout]    0:     0x560143c4864a - std::backtrace_rs::backtrace::libunwind::trace::h2f05d0192276a8f6
[INFO] [stdout]                                at /rustc/1b7dd2252b99671ce5d1cb9664c5f8636329436d/library/std/src/../../backtrace/src/backtrace/libunwind.rs:93:5
[INFO] [stdout]    1:     0x560143c4864a - std::backtrace_rs::backtrace::trace_unsynchronized::hedc23dff7a1af150
[INFO] [stdout]                                at /rustc/1b7dd2252b99671ce5d1cb9664c5f8636329436d/library/std/src/../../backtrace/src/backtrace/mod.rs:66:5
[INFO] [stdout]    2:     0x560143c4864a - std::sys_common::backtrace::_print_fmt::h17541ef7592f3ce2
[INFO] [stdout]                                at /rustc/1b7dd2252b99671ce5d1cb9664c5f8636329436d/library/std/src/sys_common/backtrace.rs:65:5
[INFO] [stdout]    3:     0x560143c4864a - <std::sys_common::backtrace::_print::DisplayBacktrace as core::fmt::Display>::fmt::h20f75df5ab0c0792
[INFO] [stdout]                                at /rustc/1b7dd2252b99671ce5d1cb9664c5f8636329436d/library/std/src/sys_common/backtrace.rs:44:22
[INFO] [stdout]    4:     0x560143c6ebef - core::fmt::write::h78109e6f466b3af6
[INFO] [stdout]                                at /rustc/1b7dd2252b99671ce5d1cb9664c5f8636329436d/library/core/src/fmt/mod.rs:1254:17
[INFO] [stdout]    5:     0x560143c45835 - std::io::Write::write_fmt::hd24bfb68a1b35a25
[INFO] [stdout]                                at /rustc/1b7dd2252b99671ce5d1cb9664c5f8636329436d/library/std/src/io/mod.rs:1698:15
[INFO] [stdout]    6:     0x560143c48415 - std::sys_common::backtrace::_print::h8dac57a9f8fbf9a5
[INFO] [stdout]                                at /rustc/1b7dd2252b99671ce5d1cb9664c5f8636329436d/library/std/src/sys_common/backtrace.rs:47:5
[INFO] [stdout]    7:     0x560143c48415 - std::sys_common::backtrace::print::hf9ecbf41d1aa712f
[INFO] [stdout]                                at /rustc/1b7dd2252b99671ce5d1cb9664c5f8636329436d/library/std/src/sys_common/backtrace.rs:34:9
[INFO] [stdout]    8:     0x560143c4a0ce - std::panicking::default_hook::{{closure}}::h04c07acfc84ca028
[INFO] [stdout]                                at /rustc/1b7dd2252b99671ce5d1cb9664c5f8636329436d/library/std/src/panicking.rs:269:22
[INFO] [stdout]    9:     0x560143c49e01 - std::panicking::default_hook::h01f6bb23e1eceb2c
[INFO] [stdout]                                at /rustc/1b7dd2252b99671ce5d1cb9664c5f8636329436d/library/std/src/panicking.rs:285:9
[INFO] [stdout]   10:     0x560143a66e3b - <alloc::boxed::Box<F,A> as core::ops::function::Fn<Args>>::call::h87fe9f7b2fd49e4c
[INFO] [stdout]                                at /rustc/1b7dd2252b99671ce5d1cb9664c5f8636329436d/library/alloc/src/boxed.rs:1987:9
[INFO] [stdout]   11:     0x560143a66e3b - test::test_main::{{closure}}::he94d679243a7531b
[INFO] [stdout]                                at /rustc/1b7dd2252b99671ce5d1cb9664c5f8636329436d/library/test/src/lib.rs:134:21
[INFO] [stdout]   12:     0x560143c4a7b4 - <alloc::boxed::Box<F,A> as core::ops::function::Fn<Args>>::call::h3f2d6d8b14c4769f
[INFO] [stdout]                                at /rustc/1b7dd2252b99671ce5d1cb9664c5f8636329436d/library/alloc/src/boxed.rs:1987:9
[INFO] [stdout]   13:     0x560143c4a7b4 - std::panicking::rust_panic_with_hook::h2bb3722bbaf2f6df
[INFO] [stdout]                                at /rustc/1b7dd2252b99671ce5d1cb9664c5f8636329436d/library/std/src/panicking.rs:695:13
[INFO] [stdout]   14:     0x560143c4a4e2 - std::panicking::begin_panic_handler::{{closure}}::h91bc7f36a4be011b
[INFO] [stdout]                                at /rustc/1b7dd2252b99671ce5d1cb9664c5f8636329436d/library/std/src/panicking.rs:580:13
[INFO] [stdout]   15:     0x560143c48ab6 - std::sys_common::backtrace::__rust_end_short_backtrace::h8b3d3717114f9e59
[INFO] [stdout]                                at /rustc/1b7dd2252b99671ce5d1cb9664c5f8636329436d/library/std/src/sys_common/backtrace.rs:150:18
[INFO] [stdout]   16:     0x560143c4a282 - rust_begin_unwind
[INFO] [stdout]                                at /rustc/1b7dd2252b99671ce5d1cb9664c5f8636329436d/library/std/src/panicking.rs:578:5
[INFO] [stdout]   17:     0x5601436e70e3 - core::panicking::panic_fmt::hfd368e3fbdabea26
[INFO] [stdout]                                at /rustc/1b7dd2252b99671ce5d1cb9664c5f8636329436d/library/core/src/panicking.rs:67:14
[INFO] [stdout]   18:     0x5601436e717d - core::panicking::panic::h3f9042d09bd0bf2e
[INFO] [stdout]                                at /rustc/1b7dd2252b99671ce5d1cb9664c5f8636329436d/library/core/src/panicking.rs:117:5
[INFO] [stdout]   19:     0x5601437990b9 - off_chain_workers_template::config::tests::parse_valid_config::test_impl::h043d91db817fa37d
[INFO] [stdout]                                at /opt/rustwide/workdir/src/config.rs:188:9
[INFO] [stdout]   20:     0x560143798f90 - off_chain_workers_template::config::tests::parse_valid_config::hccad4f6ea070b6a3
[INFO] [stdout]                                at /opt/rustwide/workdir/src/config.rs:179:5
[INFO] [stdout]   21:     0x560143798c17 - off_chain_workers_template::config::tests::parse_valid_config::{{closure}}::h2ed0cfb90ad9d453
[INFO] [stdout]                                at /opt/rustwide/workdir/src/config.rs:179:5
[INFO] [stdout]   22:     0x560143799ae5 - core::ops::function::FnOnce::call_once::h17ec50b2635eaa7b
[INFO] [stdout]                                at /rustc/1b7dd2252b99671ce5d1cb9664c5f8636329436d/library/core/src/ops/function.rs:250:5
[INFO] [stdout]   23:     0x560143a6bd0f - core::ops::function::FnOnce::call_once::ha6a70e79f7481a7e
[INFO] [stdout]                                at /rustc/1b7dd2252b99671ce5d1cb9664c5f8636329436d/library/core/src/ops/function.rs:250:5
[INFO] [stdout]   24:     0x560143a6bd0f - test::__rust_begin_short_backtrace::hce33033019b61e69
[INFO] [stdout]                                at /rustc/1b7dd2252b99671ce5d1cb9664c5f8636329436d/library/test/src/lib.rs:655:18
[INFO] [stdout]   25:     0x560143a394fc - test::run_test::{{closure}}::h858d3528838ae3e5
[INFO] [stdout]                                at /rustc/1b7dd2252b99671ce5d1cb9664c5f8636329436d/library/test/src/lib.rs:646:30
[INFO] [stdout]   26:     0x560143a394fc - core::ops::function::FnOnce::call_once{{vtable.shim}}::he8ac2b00f01ae79e
[INFO] [stdout]                                at /rustc/1b7dd2252b99671ce5d1cb9664c5f8636329436d/library/core/src/ops/function.rs:250:5
[INFO] [stdout]   27:     0x560143a6ade6 - <alloc::boxed::Box<F,A> as core::ops::function::FnOnce<Args>>::call_once::h8093d25b522725ef
[INFO] [stdout]                                at /rustc/1b7dd2252b99671ce5d1cb9664c5f8636329436d/library/alloc/src/boxed.rs:1973:9
[INFO] [stdout]   28:     0x560143a6ade6 - <core::panic::unwind_safe::AssertUnwindSafe<F> as core::ops::function::FnOnce<()>>::call_once::h5c334c204e4a3913
[INFO] [stdout]                                at /rustc/1b7dd2252b99671ce5d1cb9664c5f8636329436d/library/core/src/panic/unwind_safe.rs:271:9
[INFO] [stdout]   29:     0x560143a6ade6 - std::panicking::try::do_call::ha8b740c7b9478074
[INFO] [stdout]                                at /rustc/1b7dd2252b99671ce5d1cb9664c5f8636329436d/library/std/src/panicking.rs:485:40
[INFO] [stdout]   30:     0x560143a6ade6 - std::panicking::try::h5d34f63d0e41b64e
[INFO] [stdout]                                at /rustc/1b7dd2252b99671ce5d1cb9664c5f8636329436d/library/std/src/panicking.rs:449:19
[INFO] [stdout]   31:     0x560143a6ade6 - std::panic::catch_unwind::hcfbb511e1aa7fc67
[INFO] [stdout]                                at /rustc/1b7dd2252b99671ce5d1cb9664c5f8636329436d/library/std/src/panic.rs:140:14
[INFO] [stdout]   32:     0x560143a6ade6 - test::run_test_in_process::h9abda90f802eaf21
[INFO] [stdout]                                at /rustc/1b7dd2252b99671ce5d1cb9664c5f8636329436d/library/test/src/lib.rs:678:27
[INFO] [stdout]   33:     0x560143a6ade6 - test::run_test::run_test_inner::{{closure}}::h0f058de91f6c6edf
[INFO] [stdout]                                at /rustc/1b7dd2252b99671ce5d1cb9664c5f8636329436d/library/test/src/lib.rs:572:39
[INFO] [stdout]   34:     0x560143a33d05 - test::run_test::run_test_inner::{{closure}}::h5ca48a4c59c6c1fb
[INFO] [stdout]                                at /rustc/1b7dd2252b99671ce5d1cb9664c5f8636329436d/library/test/src/lib.rs:599:37
[INFO] [stdout]   35:     0x560143a33d05 - std::sys_common::backtrace::__rust_begin_short_backtrace::h32bd51e1495d4a33
[INFO] [stdout]                                at /rustc/1b7dd2252b99671ce5d1cb9664c5f8636329436d/library/std/src/sys_common/backtrace.rs:134:18
[INFO] [stdout]   36:     0x560143a39241 - std::thread::Builder::spawn_unchecked_::{{closure}}::{{closure}}::hc086fae9b128b2db
[INFO] [stdout]                                at /rustc/1b7dd2252b99671ce5d1cb9664c5f8636329436d/library/std/src/thread/mod.rs:526:17
[INFO] [stdout]   37:     0x560143a39241 - <core::panic::unwind_safe::AssertUnwindSafe<F> as core::ops::function::FnOnce<()>>::call_once::hb66571888d270d43
[INFO] [stdout]                                at /rustc/1b7dd2252b99671ce5d1cb9664c5f8636329436d/library/core/src/panic/unwind_safe.rs:271:9
[INFO] [stdout]   38:     0x560143a39241 - std::panicking::try::do_call::h4fa2ef4f6e51fecf
[INFO] [stdout]                                at /rustc/1b7dd2252b99671ce5d1cb9664c5f8636329436d/library/std/src/panicking.rs:485:40
[INFO] [stdout]   39:     0x560143a39241 - std::panicking::try::h1e9e22b8584489b5
[INFO] [stdout]                                at /rustc/1b7dd2252b99671ce5d1cb9664c5f8636329436d/library/std/src/panicking.rs:449:19
[INFO] [stdout]   40:     0x560143a39241 - std::panic::catch_unwind::h44698a3de0e0769e
[INFO] [stdout]                                at /rustc/1b7dd2252b99671ce5d1cb9664c5f8636329436d/library/std/src/panic.rs:140:14
[INFO] [stdout]   41:     0x560143a39241 - std::thread::Builder::spawn_unchecked_::{{closure}}::h50153abde3fe239e
[INFO] [stdout]                                at /rustc/1b7dd2252b99671ce5d1cb9664c5f8636329436d/library/std/src/thread/mod.rs:525:30
[INFO] [stdout]   42:     0x560143a39241 - core::ops::function::FnOnce::call_once{{vtable.shim}}::hbe5bbf6f38394364
[INFO] [stdout]                                at /rustc/1b7dd2252b99671ce5d1cb9664c5f8636329436d/library/core/src/ops/function.rs:250:5
[INFO] [stdout]   43:     0x560143c4ed05 - <alloc::boxed::Box<F,A> as core::ops::function::FnOnce<Args>>::call_once::h0d83cb2920a49046
[INFO] [stdout]                                at /rustc/1b7dd2252b99671ce5d1cb9664c5f8636329436d/library/alloc/src/boxed.rs:1973:9
[INFO] [stdout]   44:     0x560143c4ed05 - <alloc::boxed::Box<F,A> as core::ops::function::FnOnce<Args>>::call_once::hbe0a008aa7d9ef59
[INFO] [stdout]                                at /rustc/1b7dd2252b99671ce5d1cb9664c5f8636329436d/library/alloc/src/boxed.rs:1973:9
[INFO] [stdout]   45:     0x560143c4ed05 - std::sys::unix::thread::Thread::new::thread_start::h3a466996bdf6b1f9
[INFO] [stdout]                                at /rustc/1b7dd2252b99671ce5d1cb9664c5f8636329436d/library/std/src/sys/unix/thread.rs:108:17
[INFO] [stdout]   46:     0x7fbeeab3eb43 - <unknown>
[INFO] [stdout]   47:     0x7fbeeabcfbb4 - __clone
[INFO] [stdout]   48:                0x0 - <unknown>
[INFO] [stdout] 
[INFO] [stdout] 
[INFO] [stdout] failures:
[INFO] [stdout]     config::tests::parse_valid_config
[INFO] [stdout]     config::tests::serialize_valid_config
[INFO] [stdout] 
[INFO] [stdout] test result: FAILED. 8 passed; 2 failed; 0 ignored; 0 measured; 0 filtered out; finished in 0.62s
[INFO] [stdout] 
[INFO] [stderr] error: test failed, to rerun pass `--lib`
[INFO] running `Command { std: "docker" "inspect" "c5c19fba5df55fd7da285d1f42d627be1058c3af5f02e4e3a2a30ee3dc0a4baf", kill_on_drop: false }`
[INFO] running `Command { std: "docker" "rm" "-f" "c5c19fba5df55fd7da285d1f42d627be1058c3af5f02e4e3a2a30ee3dc0a4baf", kill_on_drop: false }`
[INFO] [stdout] c5c19fba5df55fd7da285d1f42d627be1058c3af5f02e4e3a2a30ee3dc0a4baf
