[INFO] cloning repository https://github.com/lusamreth/winpinner-rust
[INFO] running `Command { std: "git" "-c" "credential.helper=" "-c" "credential.helper=/workspace/cargo-home/bin/git-credential-null" "clone" "--bare" "https://github.com/lusamreth/winpinner-rust" "/workspace/cache/git-repos/https%3A%2F%2Fgithub.com%2Flusamreth%2Fwinpinner-rust", kill_on_drop: false }`
[INFO] [stderr] Cloning into bare repository '/workspace/cache/git-repos/https%3A%2F%2Fgithub.com%2Flusamreth%2Fwinpinner-rust'...
[INFO] running `Command { std: "git" "rev-parse" "HEAD", kill_on_drop: false }`
[INFO] [stdout] 8ad88bad4af9b2274997aca83cfeadc90edade8f
[INFO] testing lusamreth/winpinner-rust against beta-2023-04-20 for beta-1.70-1
[INFO] running `Command { std: "git" "clone" "/workspace/cache/git-repos/https%3A%2F%2Fgithub.com%2Flusamreth%2Fwinpinner-rust" "/workspace/builds/worker-6-tc2/source", kill_on_drop: false }`
[INFO] [stderr] Cloning into '/workspace/builds/worker-6-tc2/source'...
[INFO] [stderr] done.
[INFO] validating manifest of git repo https://github.com/lusamreth/winpinner-rust on toolchain beta-2023-04-20
[INFO] running `Command { std: CARGO_HOME="/workspace/cargo-home" RUSTUP_HOME="/workspace/rustup-home" "/workspace/cargo-home/bin/cargo" "+beta-2023-04-20" "metadata" "--manifest-path" "Cargo.toml" "--no-deps", kill_on_drop: false }`
[INFO] started tweaking git repo https://github.com/lusamreth/winpinner-rust
[INFO] finished tweaking git repo https://github.com/lusamreth/winpinner-rust
[INFO] tweaked toml for git repo https://github.com/lusamreth/winpinner-rust written to /workspace/builds/worker-6-tc2/source/Cargo.toml
[INFO] crate git repo https://github.com/lusamreth/winpinner-rust already has a lockfile, it will not be regenerated
[INFO] running `Command { std: CARGO_HOME="/workspace/cargo-home" RUSTUP_HOME="/workspace/rustup-home" "/workspace/cargo-home/bin/cargo" "+beta-2023-04-20" "fetch" "--manifest-path" "Cargo.toml", kill_on_drop: false }`
[INFO] [stderr]     Updating crates.io index
[INFO] [stderr]  Downloading crates ...
[INFO] [stderr]   Downloaded dbus-crossroads v0.4.0
[INFO] [stderr]   Downloaded wmctrl v0.1.8
[INFO] [stderr]   Downloaded dbus-tokio v0.7.3
[INFO] running `Command { std: "docker" "create" "-v" "/var/lib/crater-agent-workspace/builds/worker-6-tc2/target:/opt/rustwide/target:rw,Z" "-v" "/var/lib/crater-agent-workspace/builds/worker-6-tc2/source:/opt/rustwide/workdir:ro,Z" "-v" "/var/lib/crater-agent-workspace/cargo-home:/opt/rustwide/cargo-home:ro,Z" "-v" "/var/lib/crater-agent-workspace/rustup-home:/opt/rustwide/rustup-home:ro,Z" "-e" "SOURCE_DIR=/opt/rustwide/workdir" "-e" "CARGO_TARGET_DIR=/opt/rustwide/target" "-e" "CARGO_HOME=/opt/rustwide/cargo-home" "-e" "RUSTUP_HOME=/opt/rustwide/rustup-home" "-w" "/opt/rustwide/workdir" "-m" "1610612736" "--user" "0:0" "--network" "none" "ghcr.io/rust-lang/crates-build-env/linux@sha256:5ff2268d62e97bff2cde7d5815dd6ed5b47097566f13b8d0ca110b04b60e07ed" "/opt/rustwide/cargo-home/bin/cargo" "+beta-2023-04-20" "metadata" "--no-deps" "--format-version=1", kill_on_drop: false }`
[INFO] [stdout] a9c6dd257ff009e5f427938af3f3a4759a92e7b6d8cc577e3be54adcfd6960a4
[INFO] running `Command { std: "docker" "start" "-a" "a9c6dd257ff009e5f427938af3f3a4759a92e7b6d8cc577e3be54adcfd6960a4", kill_on_drop: false }`
[INFO] running `Command { std: "docker" "inspect" "a9c6dd257ff009e5f427938af3f3a4759a92e7b6d8cc577e3be54adcfd6960a4", kill_on_drop: false }`
[INFO] running `Command { std: "docker" "rm" "-f" "a9c6dd257ff009e5f427938af3f3a4759a92e7b6d8cc577e3be54adcfd6960a4", kill_on_drop: false }`
[INFO] [stdout] a9c6dd257ff009e5f427938af3f3a4759a92e7b6d8cc577e3be54adcfd6960a4
[INFO] running `Command { std: "docker" "create" "-v" "/var/lib/crater-agent-workspace/builds/worker-6-tc2/target:/opt/rustwide/target:rw,Z" "-v" "/var/lib/crater-agent-workspace/builds/worker-6-tc2/source:/opt/rustwide/workdir:ro,Z" "-v" "/var/lib/crater-agent-workspace/cargo-home:/opt/rustwide/cargo-home:ro,Z" "-v" "/var/lib/crater-agent-workspace/rustup-home:/opt/rustwide/rustup-home:ro,Z" "-e" "SOURCE_DIR=/opt/rustwide/workdir" "-e" "CARGO_TARGET_DIR=/opt/rustwide/target" "-e" "CARGO_INCREMENTAL=0" "-e" "RUST_BACKTRACE=full" "-e" "RUSTFLAGS=--cap-lints=warn" "-e" "RUSTDOCFLAGS=--cap-lints=warn" "-e" "CARGO_HOME=/opt/rustwide/cargo-home" "-e" "RUSTUP_HOME=/opt/rustwide/rustup-home" "-w" "/opt/rustwide/workdir" "-m" "1610612736" "--user" "0:0" "--network" "none" "ghcr.io/rust-lang/crates-build-env/linux@sha256:5ff2268d62e97bff2cde7d5815dd6ed5b47097566f13b8d0ca110b04b60e07ed" "/opt/rustwide/cargo-home/bin/cargo" "+beta-2023-04-20" "build" "--frozen" "--message-format=json", kill_on_drop: false }`
[INFO] [stdout] 8f9aa6ce4cbeb65ec8a7d1260d6018fbb5e15c5fa8f38c858186251be5788339
[INFO] running `Command { std: "docker" "start" "-a" "8f9aa6ce4cbeb65ec8a7d1260d6018fbb5e15c5fa8f38c858186251be5788339", kill_on_drop: false }`
[INFO] [stderr]    Compiling proc-macro2 v1.0.28
[INFO] [stderr]    Compiling unicode-xid v0.2.2
[INFO] [stderr]    Compiling memchr v2.4.0
[INFO] [stderr]    Compiling libc v0.2.98
[INFO] [stderr]    Compiling syn v1.0.74
[INFO] [stderr]    Compiling proc-macro-hack v0.5.19
[INFO] [stderr]    Compiling futures-core v0.3.16
[INFO] [stderr]    Compiling futures-macro v0.3.16
[INFO] [stderr]    Compiling futures-task v0.3.16
[INFO] [stderr]    Compiling proc-macro-nested v0.1.7
[INFO] [stderr]    Compiling futures-channel v0.3.16
[INFO] [stderr]    Compiling futures-util v0.3.16
[INFO] [stderr]    Compiling pin-project-lite v0.2.7
[INFO] [stderr]    Compiling futures-sink v0.3.16
[INFO] [stderr]    Compiling cfg-if v1.0.0
[INFO] [stderr]    Compiling slab v0.4.3
[INFO] [stderr]    Compiling pin-utils v0.1.0
[INFO] [stderr]    Compiling pkg-config v0.3.19
[INFO] [stderr]    Compiling futures-io v0.3.16
[INFO] [stderr]    Compiling log v0.4.14
[INFO] [stderr]    Compiling instant v0.1.10
[INFO] [stderr]    Compiling scopeguard v1.1.0
[INFO] [stderr]    Compiling smallvec v1.6.1
[INFO] [stderr]    Compiling lock_api v0.4.4
[INFO] [stderr]    Compiling tokio v1.9.0
[INFO] [stderr]    Compiling bytes v1.0.1
[INFO] [stderr]    Compiling once_cell v1.8.0
[INFO] [stderr]    Compiling regex-syntax v0.6.25
[INFO] [stderr]    Compiling hex v0.4.3
[INFO] [stderr]    Compiling libdbus-sys v0.2.1
[INFO] [stderr]    Compiling aho-corasick v0.7.18
[INFO] [stderr]    Compiling quote v1.0.9
[INFO] [stderr]    Compiling parking_lot_core v0.8.3
[INFO] [stderr]    Compiling mio v0.7.13
[INFO] [stderr]    Compiling num_cpus v1.13.0
[INFO] [stderr]    Compiling signal-hook-registry v1.4.0
[INFO] [stderr]    Compiling parking_lot v0.11.1
[INFO] [stderr]    Compiling regex v1.5.4
[INFO] [stderr]    Compiling wmctrl v0.1.8
[INFO] [stderr]    Compiling tokio-macros v1.3.0
[INFO] [stderr]    Compiling dbus v0.9.3
[INFO] [stderr]    Compiling futures-executor v0.3.16
[INFO] [stderr]    Compiling futures v0.3.16
[INFO] [stderr]    Compiling dbus-crossroads v0.4.0
[INFO] [stderr]    Compiling dbus-tokio v0.7.3
[INFO] [stderr]    Compiling winpinner-rust v0.1.0 (/opt/rustwide/workdir)
[INFO] [stdout] warning: unused import: `std::i64`
[INFO] [stdout]    --> src/utils/mod.rs:125:5
[INFO] [stdout]     |
[INFO] [stdout] 125 | use std::i64;
[INFO] [stdout]     |     ^^^^^^^^
[INFO] [stdout]     |
[INFO] [stdout]     = note: `#[warn(unused_imports)]` on by default
[INFO] [stdout] 
[INFO] [stdout] 
[INFO] [stdout] warning: 1 warning emitted
[INFO] [stdout] 
[INFO] [stdout] 
[INFO] [stdout] warning: unused import: `std::i64`
[INFO] [stdout]    --> src/utils/mod.rs:125:5
[INFO] [stdout]     |
[INFO] [stdout] 125 | use std::i64;
[INFO] [stdout]     |     ^^^^^^^^
[INFO] [stdout]     |
[INFO] [stdout]     = note: `#[warn(unused_imports)]` on by default
[INFO] [stdout] 
[INFO] [stdout] 
[INFO] [stdout] warning: unused import: `utils::ProcessWmList`
[INFO] [stdout]   --> src/main.rs:12:5
[INFO] [stdout]    |
[INFO] [stdout] 12 | use utils::ProcessWmList;
[INFO] [stdout]    |     ^^^^^^^^^^^^^^^^^^^^
[INFO] [stdout] 
[INFO] [stdout] 
[INFO] [stdout] warning: unused variable: `wmgetdk`
[INFO] [stdout]   --> src/main.rs:26:9
[INFO] [stdout]    |
[INFO] [stdout] 26 |     let wmgetdk = || {
[INFO] [stdout]    |         ^^^^^^^ help: if this is intentional, prefix it with an underscore: `_wmgetdk`
[INFO] [stdout]    |
[INFO] [stdout]    = note: `#[warn(unused_variables)]` on by default
[INFO] [stdout] 
[INFO] [stdout] 
[INFO] [stdout] warning: unused variable: `conn`
[INFO] [stdout]   --> src/main.rs:76:59
[INFO] [stdout]    |
[INFO] [stdout] 76 | fn register_iface(cr: &Arc<std::sync::Mutex<Crossroads>>, conn: Arc<SyncConnection>) -> IfaceToken<Do> {
[INFO] [stdout]    |                                                           ^^^^ help: if this is intentional, prefix it with an underscore: `_conn`
[INFO] [stdout] 
[INFO] [stdout] 
[INFO] [stdout] warning: variable does not need to be mutable
[INFO] [stdout]   --> src/main.rs:43:9
[INFO] [stdout]    |
[INFO] [stdout] 43 |     let mut p = dbus_crossroads::Crossroads::new();
[INFO] [stdout]    |         ----^
[INFO] [stdout]    |         |
[INFO] [stdout]    |         help: remove this `mut`
[INFO] [stdout]    |
[INFO] [stdout]    = note: `#[warn(unused_mut)]` on by default
[INFO] [stdout] 
[INFO] [stdout] 
[INFO] [stdout] warning: variable does not need to be mutable
[INFO] [stdout]   --> src/main.rs:47:9
[INFO] [stdout]    |
[INFO] [stdout] 47 |     let mut x = Arc::new(Mutex::new(WinPinner::new()));
[INFO] [stdout]    |         ----^
[INFO] [stdout]    |         |
[INFO] [stdout]    |         help: remove this `mut`
[INFO] [stdout] 
[INFO] [stdout] 
[INFO] [stdout] warning: function `goto` is never used
[INFO] [stdout]   --> src/main.rs:18:4
[INFO] [stdout]    |
[INFO] [stdout] 18 | fn goto(loc:u8){
[INFO] [stdout]    |    ^^^^
[INFO] [stdout]    |
[INFO] [stdout]    = note: `#[warn(dead_code)]` on by default
[INFO] [stdout] 
[INFO] [stdout] 
[INFO] [stdout] warning: function `bruh` is never used
[INFO] [stdout]   --> src/main.rs:25:4
[INFO] [stdout]    |
[INFO] [stdout] 25 | fn bruh(){
[INFO] [stdout]    |    ^^^^
[INFO] [stdout] 
[INFO] [stdout] 
[INFO] [stdout] warning: struct `AsyncFnPtr` is never constructed
[INFO] [stdout]  --> src/utils/mod.rs:4:12
[INFO] [stdout]   |
[INFO] [stdout] 4 | pub struct AsyncFnPtr<R> {
[INFO] [stdout]   |            ^^^^^^^^^^
[INFO] [stdout] 
[INFO] [stdout] 
[INFO] [stdout] warning: associated items `new` and `run` are never used
[INFO] [stdout]   --> src/utils/mod.rs:9:12
[INFO] [stdout]    |
[INFO] [stdout] 8  | impl <R> AsyncFnPtr<R> {
[INFO] [stdout]    | ---------------------- associated items in this implementation
[INFO] [stdout] 9  |     pub fn new<F>(f: fn() -> F) -> AsyncFnPtr<F::Output> where F: Future<Output = R> + Send + 'static {
[INFO] [stdout]    |            ^^^
[INFO] [stdout] ...
[INFO] [stdout] 14 |     pub async fn run(&self) -> R { (self.func)().await }
[INFO] [stdout]    |                  ^^^
[INFO] [stdout] 
[INFO] [stdout] 
[INFO] [stdout] warning: struct `ProcessWmList` is never constructed
[INFO] [stdout]   --> src/utils/mod.rs:18:12
[INFO] [stdout]    |
[INFO] [stdout] 18 | pub struct ProcessWmList{
[INFO] [stdout]    |            ^^^^^^^^^^^^^
[INFO] [stdout] 
[INFO] [stdout] 
[INFO] [stdout] warning: function `wm_list` is never used
[INFO] [stdout]   --> src/utils/mod.rs:23:4
[INFO] [stdout]    |
[INFO] [stdout] 23 | fn wm_list<'a>() -> Vec<String>{
[INFO] [stdout]    |    ^^^^^^^
[INFO] [stdout] 
[INFO] [stdout] 
[INFO] [stdout] warning: associated items `fetch`, `base_find`, `find_with_name`, and `find_with_id` are never used
[INFO] [stdout]   --> src/utils/mod.rs:33:12
[INFO] [stdout]    |
[INFO] [stdout] 32 | impl ProcessWmList {
[INFO] [stdout]    | ------------------ associated items in this implementation
[INFO] [stdout] 33 |     pub fn fetch() -> Self{
[INFO] [stdout]    |            ^^^^^
[INFO] [stdout] ...
[INFO] [stdout] 39 |     fn base_find(&self,finder:impl Fn(&str) -> bool) -> Option<&str>{
[INFO] [stdout]    |        ^^^^^^^^^
[INFO] [stdout] ...
[INFO] [stdout] 49 |     pub fn find_with_name<'a>(&self,appname:&str) -> Option<&str>{
[INFO] [stdout]    |            ^^^^^^^^^^^^^^
[INFO] [stdout] ...
[INFO] [stdout] 67 |     pub fn find_with_id<'a>(&self,winid:&'a str) -> Option<&str>{
[INFO] [stdout]    |            ^^^^^^^^^^^^
[INFO] [stdout] 
[INFO] [stdout] 
[INFO] [stdout] warning: function `process_command` is never used
[INFO] [stdout]   --> src/utils/mod.rs:80:10
[INFO] [stdout]    |
[INFO] [stdout] 80 | async fn process_command(child_proc : tokio::process::Child)  -> Vec<String>{
[INFO] [stdout]    |          ^^^^^^^^^^^^^^^
[INFO] [stdout] 
[INFO] [stdout] 
[INFO] [stdout] warning: function `win_root_tree` is never used
[INFO] [stdout]   --> src/utils/mod.rs:94:14
[INFO] [stdout]    |
[INFO] [stdout] 94 | pub async fn win_root_tree(needle:&str) -> Option<String>{
[INFO] [stdout]    |              ^^^^^^^^^^^^^
[INFO] [stdout] 
[INFO] [stdout] 
[INFO] [stdout] warning: function `getactivewindow` is never used
[INFO] [stdout]    --> src/utils/mod.rs:126:8
[INFO] [stdout]     |
[INFO] [stdout] 126 | pub fn getactivewindow() -> Option<String>{
[INFO] [stdout]     |        ^^^^^^^^^^^^^^^
[INFO] [stdout] 
[INFO] [stdout] 
[INFO] [stdout] warning: function `wmctrl_goto` is never used
[INFO] [stdout]    --> src/utils/mod.rs:146:8
[INFO] [stdout]     |
[INFO] [stdout] 146 | pub fn wmctrl_goto(appid:&str){
[INFO] [stdout]     |        ^^^^^^^^^^^
[INFO] [stdout] 
[INFO] [stdout] 
[INFO] [stdout] warning: function `time` is never used
[INFO] [stdout]  --> src/utils/test_utils.rs:3:8
[INFO] [stdout]   |
[INFO] [stdout] 3 | pub fn time(closure:impl FnOnce() -> ()) -> std::time::Duration {
[INFO] [stdout]   |        ^^^^
[INFO] [stdout] 
[INFO] [stdout] 
[INFO] [stdout] warning: function `benchmark_async` is never used
[INFO] [stdout]   --> src/utils/test_utils.rs:20:14
[INFO] [stdout]    |
[INFO] [stdout] 20 | pub async fn benchmark_async(fnptr:AsyncFnPtr<()>) -> std::time::Duration {
[INFO] [stdout]    |              ^^^^^^^^^^^^^^^
[INFO] [stdout] 
[INFO] [stdout] 
[INFO] [stdout] warning: 19 warnings emitted
[INFO] [stdout] 
[INFO] [stdout] 
[INFO] [stderr]     Finished dev [unoptimized + debuginfo] target(s) in 11.27s
[INFO] running `Command { std: "docker" "inspect" "8f9aa6ce4cbeb65ec8a7d1260d6018fbb5e15c5fa8f38c858186251be5788339", kill_on_drop: false }`
[INFO] running `Command { std: "docker" "rm" "-f" "8f9aa6ce4cbeb65ec8a7d1260d6018fbb5e15c5fa8f38c858186251be5788339", kill_on_drop: false }`
[INFO] [stdout] 8f9aa6ce4cbeb65ec8a7d1260d6018fbb5e15c5fa8f38c858186251be5788339
[INFO] running `Command { std: "docker" "create" "-v" "/var/lib/crater-agent-workspace/builds/worker-6-tc2/target:/opt/rustwide/target:rw,Z" "-v" "/var/lib/crater-agent-workspace/builds/worker-6-tc2/source:/opt/rustwide/workdir:ro,Z" "-v" "/var/lib/crater-agent-workspace/cargo-home:/opt/rustwide/cargo-home:ro,Z" "-v" "/var/lib/crater-agent-workspace/rustup-home:/opt/rustwide/rustup-home:ro,Z" "-e" "SOURCE_DIR=/opt/rustwide/workdir" "-e" "CARGO_TARGET_DIR=/opt/rustwide/target" "-e" "CARGO_INCREMENTAL=0" "-e" "RUST_BACKTRACE=full" "-e" "RUSTFLAGS=--cap-lints=warn" "-e" "RUSTDOCFLAGS=--cap-lints=warn" "-e" "CARGO_HOME=/opt/rustwide/cargo-home" "-e" "RUSTUP_HOME=/opt/rustwide/rustup-home" "-w" "/opt/rustwide/workdir" "-m" "1610612736" "--user" "0:0" "--network" "none" "ghcr.io/rust-lang/crates-build-env/linux@sha256:5ff2268d62e97bff2cde7d5815dd6ed5b47097566f13b8d0ca110b04b60e07ed" "/opt/rustwide/cargo-home/bin/cargo" "+beta-2023-04-20" "test" "--frozen" "--no-run" "--message-format=json", kill_on_drop: false }`
[INFO] [stdout] eafd00f542b7fe592a3e2ac7fc0aa51fac66d3267a433af5ec62d72f2fe649d3
[INFO] running `Command { std: "docker" "start" "-a" "eafd00f542b7fe592a3e2ac7fc0aa51fac66d3267a433af5ec62d72f2fe649d3", kill_on_drop: false }`
[INFO] [stderr]    Compiling winpinner-rust v0.1.0 (/opt/rustwide/workdir)
[INFO] [stdout] warning: unused import: `std::i64`
[INFO] [stdout]    --> src/utils/mod.rs:125:5
[INFO] [stdout]     |
[INFO] [stdout] 125 | use std::i64;
[INFO] [stdout]     |     ^^^^^^^^
[INFO] [stdout]     |
[INFO] [stdout]     = note: `#[warn(unused_imports)]` on by default
[INFO] [stdout] 
[INFO] [stdout] 
[INFO] [stdout] warning: 1 warning emitted
[INFO] [stdout] 
[INFO] [stdout] 
[INFO] [stdout] warning: unused import: `std::i64`
[INFO] [stdout]    --> src/utils/mod.rs:125:5
[INFO] [stdout]     |
[INFO] [stdout] 125 | use std::i64;
[INFO] [stdout]     |     ^^^^^^^^
[INFO] [stdout]     |
[INFO] [stdout]     = note: `#[warn(unused_imports)]` on by default
[INFO] [stdout] 
[INFO] [stdout] 
[INFO] [stdout] warning: unused import: `utils::ProcessWmList`
[INFO] [stdout]   --> src/main.rs:12:5
[INFO] [stdout]    |
[INFO] [stdout] 12 | use utils::ProcessWmList;
[INFO] [stdout]    |     ^^^^^^^^^^^^^^^^^^^^
[INFO] [stdout] 
[INFO] [stdout] 
[INFO] [stdout] warning: unused variable: `wmgetdk`
[INFO] [stdout]   --> src/main.rs:26:9
[INFO] [stdout]    |
[INFO] [stdout] 26 |     let wmgetdk = || {
[INFO] [stdout]    |         ^^^^^^^ help: if this is intentional, prefix it with an underscore: `_wmgetdk`
[INFO] [stdout]    |
[INFO] [stdout]    = note: `#[warn(unused_variables)]` on by default
[INFO] [stdout] 
[INFO] [stdout] 
[INFO] [stdout] warning: unused variable: `conn`
[INFO] [stdout]   --> src/main.rs:76:59
[INFO] [stdout]    |
[INFO] [stdout] 76 | fn register_iface(cr: &Arc<std::sync::Mutex<Crossroads>>, conn: Arc<SyncConnection>) -> IfaceToken<Do> {
[INFO] [stdout]    |                                                           ^^^^ help: if this is intentional, prefix it with an underscore: `_conn`
[INFO] [stdout] 
[INFO] [stdout] 
[INFO] [stdout] warning: variable does not need to be mutable
[INFO] [stdout]   --> src/main.rs:43:9
[INFO] [stdout]    |
[INFO] [stdout] 43 |     let mut p = dbus_crossroads::Crossroads::new();
[INFO] [stdout]    |         ----^
[INFO] [stdout]    |         |
[INFO] [stdout]    |         help: remove this `mut`
[INFO] [stdout]    |
[INFO] [stdout]    = note: `#[warn(unused_mut)]` on by default
[INFO] [stdout] 
[INFO] [stdout] 
[INFO] [stdout] warning: variable does not need to be mutable
[INFO] [stdout]   --> src/main.rs:47:9
[INFO] [stdout]    |
[INFO] [stdout] 47 |     let mut x = Arc::new(Mutex::new(WinPinner::new()));
[INFO] [stdout]    |         ----^
[INFO] [stdout]    |         |
[INFO] [stdout]    |         help: remove this `mut`
[INFO] [stdout] 
[INFO] [stdout] 
[INFO] [stdout] warning: function `goto` is never used
[INFO] [stdout]   --> src/main.rs:18:4
[INFO] [stdout]    |
[INFO] [stdout] 18 | fn goto(loc:u8){
[INFO] [stdout]    |    ^^^^
[INFO] [stdout]    |
[INFO] [stdout]    = note: `#[warn(dead_code)]` on by default
[INFO] [stdout] 
[INFO] [stdout] 
[INFO] [stdout] warning: function `bruh` is never used
[INFO] [stdout]   --> src/main.rs:25:4
[INFO] [stdout]    |
[INFO] [stdout] 25 | fn bruh(){
[INFO] [stdout]    |    ^^^^
[INFO] [stdout] 
[INFO] [stdout] 
[INFO] [stdout] warning: struct `AsyncFnPtr` is never constructed
[INFO] [stdout]  --> src/utils/mod.rs:4:12
[INFO] [stdout]   |
[INFO] [stdout] 4 | pub struct AsyncFnPtr<R> {
[INFO] [stdout]   |            ^^^^^^^^^^
[INFO] [stdout] 
[INFO] [stdout] 
[INFO] [stdout] warning: associated items `new` and `run` are never used
[INFO] [stdout]   --> src/utils/mod.rs:9:12
[INFO] [stdout]    |
[INFO] [stdout] 8  | impl <R> AsyncFnPtr<R> {
[INFO] [stdout]    | ---------------------- associated items in this implementation
[INFO] [stdout] 9  |     pub fn new<F>(f: fn() -> F) -> AsyncFnPtr<F::Output> where F: Future<Output = R> + Send + 'static {
[INFO] [stdout]    |            ^^^
[INFO] [stdout] ...
[INFO] [stdout] 14 |     pub async fn run(&self) -> R { (self.func)().await }
[INFO] [stdout]    |                  ^^^
[INFO] [stdout] 
[INFO] [stdout] 
[INFO] [stdout] warning: struct `ProcessWmList` is never constructed
[INFO] [stdout]   --> src/utils/mod.rs:18:12
[INFO] [stdout]    |
[INFO] [stdout] 18 | pub struct ProcessWmList{
[INFO] [stdout]    |            ^^^^^^^^^^^^^
[INFO] [stdout] 
[INFO] [stdout] 
[INFO] [stdout] warning: function `wm_list` is never used
[INFO] [stdout]   --> src/utils/mod.rs:23:4
[INFO] [stdout]    |
[INFO] [stdout] 23 | fn wm_list<'a>() -> Vec<String>{
[INFO] [stdout]    |    ^^^^^^^
[INFO] [stdout] 
[INFO] [stdout] 
[INFO] [stdout] warning: associated items `fetch`, `base_find`, `find_with_name`, and `find_with_id` are never used
[INFO] [stdout]   --> src/utils/mod.rs:33:12
[INFO] [stdout]    |
[INFO] [stdout] 32 | impl ProcessWmList {
[INFO] [stdout]    | ------------------ associated items in this implementation
[INFO] [stdout] 33 |     pub fn fetch() -> Self{
[INFO] [stdout]    |            ^^^^^
[INFO] [stdout] ...
[INFO] [stdout] 39 |     fn base_find(&self,finder:impl Fn(&str) -> bool) -> Option<&str>{
[INFO] [stdout]    |        ^^^^^^^^^
[INFO] [stdout] ...
[INFO] [stdout] 49 |     pub fn find_with_name<'a>(&self,appname:&str) -> Option<&str>{
[INFO] [stdout]    |            ^^^^^^^^^^^^^^
[INFO] [stdout] ...
[INFO] [stdout] 67 |     pub fn find_with_id<'a>(&self,winid:&'a str) -> Option<&str>{
[INFO] [stdout]    |            ^^^^^^^^^^^^
[INFO] [stdout] 
[INFO] [stdout] 
[INFO] [stdout] warning: function `process_command` is never used
[INFO] [stdout]   --> src/utils/mod.rs:80:10
[INFO] [stdout]    |
[INFO] [stdout] 80 | async fn process_command(child_proc : tokio::process::Child)  -> Vec<String>{
[INFO] [stdout]    |          ^^^^^^^^^^^^^^^
[INFO] [stdout] 
[INFO] [stdout] 
[INFO] [stdout] warning: function `win_root_tree` is never used
[INFO] [stdout]   --> src/utils/mod.rs:94:14
[INFO] [stdout]    |
[INFO] [stdout] 94 | pub async fn win_root_tree(needle:&str) -> Option<String>{
[INFO] [stdout]    |              ^^^^^^^^^^^^^
[INFO] [stdout] 
[INFO] [stdout] 
[INFO] [stdout] warning: function `getactivewindow` is never used
[INFO] [stdout]    --> src/utils/mod.rs:126:8
[INFO] [stdout]     |
[INFO] [stdout] 126 | pub fn getactivewindow() -> Option<String>{
[INFO] [stdout]     |        ^^^^^^^^^^^^^^^
[INFO] [stdout] 
[INFO] [stdout] 
[INFO] [stdout] warning: function `wmctrl_goto` is never used
[INFO] [stdout]    --> src/utils/mod.rs:146:8
[INFO] [stdout]     |
[INFO] [stdout] 146 | pub fn wmctrl_goto(appid:&str){
[INFO] [stdout]     |        ^^^^^^^^^^^
[INFO] [stdout] 
[INFO] [stdout] 
[INFO] [stdout] warning: function `time` is never used
[INFO] [stdout]  --> src/utils/test_utils.rs:3:8
[INFO] [stdout]   |
[INFO] [stdout] 3 | pub fn time(closure:impl FnOnce() -> ()) -> std::time::Duration {
[INFO] [stdout]   |        ^^^^
[INFO] [stdout] 
[INFO] [stdout] 
[INFO] [stdout] warning: function `benchmark_async` is never used
[INFO] [stdout]   --> src/utils/test_utils.rs:20:14
[INFO] [stdout]    |
[INFO] [stdout] 20 | pub async fn benchmark_async(fnptr:AsyncFnPtr<()>) -> std::time::Duration {
[INFO] [stdout]    |              ^^^^^^^^^^^^^^^
[INFO] [stdout] 
[INFO] [stdout] 
[INFO] [stdout] warning: 19 warnings emitted
[INFO] [stdout] 
[INFO] [stdout] 
[INFO] [stdout] warning: unused import: `std::i64`
[INFO] [stdout]    --> src/utils/mod.rs:125:5
[INFO] [stdout]     |
[INFO] [stdout] 125 | use std::i64;
[INFO] [stdout]     |     ^^^^^^^^
[INFO] [stdout]     |
[INFO] [stdout]     = note: `#[warn(unused_imports)]` on by default
[INFO] [stdout] 
[INFO] [stdout] 
[INFO] [stdout] warning: unused import: `std::i64`
[INFO] [stdout]    --> src/utils/mod.rs:125:5
[INFO] [stdout]     |
[INFO] [stdout] 125 | use std::i64;
[INFO] [stdout]     |     ^^^^^^^^
[INFO] [stdout]     |
[INFO] [stdout]     = note: `#[warn(unused_imports)]` on by default
[INFO] [stdout] 
[INFO] [stdout] 
[INFO] [stdout] warning: unused import: `utils::ProcessWmList`
[INFO] [stdout]   --> src/main.rs:12:5
[INFO] [stdout]    |
[INFO] [stdout] 12 | use utils::ProcessWmList;
[INFO] [stdout]    |     ^^^^^^^^^^^^^^^^^^^^
[INFO] [stdout] 
[INFO] [stdout] 
[INFO] [stdout] warning: unused variable: `wmgetdk`
[INFO] [stdout]   --> src/main.rs:26:9
[INFO] [stdout]    |
[INFO] [stdout] 26 |     let wmgetdk = || {
[INFO] [stdout]    |         ^^^^^^^ help: if this is intentional, prefix it with an underscore: `_wmgetdk`
[INFO] [stdout]    |
[INFO] [stdout]    = note: `#[warn(unused_variables)]` on by default
[INFO] [stdout] 
[INFO] [stdout] 
[INFO] [stdout] warning: unused variable: `conn`
[INFO] [stdout]   --> src/main.rs:76:59
[INFO] [stdout]    |
[INFO] [stdout] 76 | fn register_iface(cr: &Arc<std::sync::Mutex<Crossroads>>, conn: Arc<SyncConnection>) -> IfaceToken<Do> {
[INFO] [stdout]    |                                                           ^^^^ help: if this is intentional, prefix it with an underscore: `_conn`
[INFO] [stdout] 
[INFO] [stdout] 
[INFO] [stdout] warning: module `BenchmarkFetch` should have a snake case name
[INFO] [stdout]   --> tests/winfetch.rs:26:5
[INFO] [stdout]    |
[INFO] [stdout] 26 | mod BenchmarkFetch {
[INFO] [stdout]    |     ^^^^^^^^^^^^^^ help: convert the identifier to snake case: `benchmark_fetch`
[INFO] [stdout]    |
[INFO] [stdout]    = note: `#[warn(non_snake_case)]` on by default
[INFO] [stdout] 
[INFO] [stdout] 
[INFO] [stdout] warning: constant `needle` should have an upper case name
[INFO] [stdout]   --> tests/winfetch.rs:28:11
[INFO] [stdout]    |
[INFO] [stdout] 28 |     const needle:&'static str = "brave-browser";
[INFO] [stdout]    |           ^^^^^^ help: convert the identifier to upper case: `NEEDLE`
[INFO] [stdout]    |
[INFO] [stdout]    = note: `#[warn(non_upper_case_globals)]` on by default
[INFO] [stdout] 
[INFO] [stdout] 
[INFO] [stdout] warning: function `launch_decoy_timing` is never used
[INFO] [stdout]  --> tests/core.rs:6:4
[INFO] [stdout]   |
[INFO] [stdout] 6 | fn launch_decoy_timing(decoy_time:u64,decoy_app:&str){
[INFO] [stdout]   |    ^^^^^^^^^^^^^^^^^^^
[INFO] [stdout]   |
[INFO] [stdout]   = note: `#[warn(dead_code)]` on by default
[INFO] [stdout] 
[INFO] [stdout] 
[INFO] [stdout] warning: variable does not need to be mutable
[INFO] [stdout]   --> src/main.rs:43:9
[INFO] [stdout]    |
[INFO] [stdout] 43 |     let mut p = dbus_crossroads::Crossroads::new();
[INFO] [stdout]    |         ----^
[INFO] [stdout]    |         |
[INFO] [stdout]    |         help: remove this `mut`
[INFO] [stdout]    |
[INFO] [stdout]    = note: `#[warn(unused_mut)]` on by default
[INFO] [stdout] 
[INFO] [stdout] 
[INFO] [stdout] warning: variable does not need to be mutable
[INFO] [stdout]   --> src/main.rs:47:9
[INFO] [stdout]    |
[INFO] [stdout] 47 |     let mut x = Arc::new(Mutex::new(WinPinner::new()));
[INFO] [stdout]    |         ----^
[INFO] [stdout]    |         |
[INFO] [stdout]    |         help: remove this `mut`
[INFO] [stdout] 
[INFO] [stdout] 
[INFO] [stdout] warning: function `goto` is never used
[INFO] [stdout]   --> src/main.rs:18:4
[INFO] [stdout]    |
[INFO] [stdout] 18 | fn goto(loc:u8){
[INFO] [stdout]    |    ^^^^
[INFO] [stdout]    |
[INFO] [stdout]    = note: `#[warn(dead_code)]` on by default
[INFO] [stdout] 
[INFO] [stdout] 
[INFO] [stdout] warning: function `bruh` is never used
[INFO] [stdout]   --> src/main.rs:25:4
[INFO] [stdout]    |
[INFO] [stdout] 25 | fn bruh(){
[INFO] [stdout]    |    ^^^^
[INFO] [stdout] 
[INFO] [stdout] 
[INFO] [stdout] warning: struct `AsyncFnPtr` is never constructed
[INFO] [stdout]  --> src/utils/mod.rs:4:12
[INFO] [stdout]   |
[INFO] [stdout] 4 | pub struct AsyncFnPtr<R> {
[INFO] [stdout]   |            ^^^^^^^^^^
[INFO] [stdout] 
[INFO] [stdout] 
[INFO] [stdout] warning: associated items `new` and `run` are never used
[INFO] [stdout]   --> src/utils/mod.rs:9:12
[INFO] [stdout]    |
[INFO] [stdout] 8  | impl <R> AsyncFnPtr<R> {
[INFO] [stdout]    | ---------------------- associated items in this implementation
[INFO] [stdout] 9  |     pub fn new<F>(f: fn() -> F) -> AsyncFnPtr<F::Output> where F: Future<Output = R> + Send + 'static {
[INFO] [stdout]    |            ^^^
[INFO] [stdout] ...
[INFO] [stdout] 14 |     pub async fn run(&self) -> R { (self.func)().await }
[INFO] [stdout]    |                  ^^^
[INFO] [stdout] 
[INFO] [stdout] 
[INFO] [stdout] warning: struct `ProcessWmList` is never constructed
[INFO] [stdout]   --> src/utils/mod.rs:18:12
[INFO] [stdout]    |
[INFO] [stdout] 18 | pub struct ProcessWmList{
[INFO] [stdout]    |            ^^^^^^^^^^^^^
[INFO] [stdout] 
[INFO] [stdout] 
[INFO] [stdout] warning: function `wm_list` is never used
[INFO] [stdout]   --> src/utils/mod.rs:23:4
[INFO] [stdout]    |
[INFO] [stdout] 23 | fn wm_list<'a>() -> Vec<String>{
[INFO] [stdout]    |    ^^^^^^^
[INFO] [stdout] 
[INFO] [stdout] 
[INFO] [stdout] warning: associated items `fetch`, `base_find`, `find_with_name`, and `find_with_id` are never used
[INFO] [stdout]   --> src/utils/mod.rs:33:12
[INFO] [stdout]    |
[INFO] [stdout] 32 | impl ProcessWmList {
[INFO] [stdout]    | ------------------ associated items in this implementation
[INFO] [stdout] 33 |     pub fn fetch() -> Self{
[INFO] [stdout]    |            ^^^^^
[INFO] [stdout] ...
[INFO] [stdout] 39 |     fn base_find(&self,finder:impl Fn(&str) -> bool) -> Option<&str>{
[INFO] [stdout]    |        ^^^^^^^^^
[INFO] [stdout] ...
[INFO] [stdout] 49 |     pub fn find_with_name<'a>(&self,appname:&str) -> Option<&str>{
[INFO] [stdout]    |            ^^^^^^^^^^^^^^
[INFO] [stdout] ...
[INFO] [stdout] 67 |     pub fn find_with_id<'a>(&self,winid:&'a str) -> Option<&str>{
[INFO] [stdout]    |            ^^^^^^^^^^^^
[INFO] [stdout] 
[INFO] [stdout] 
[INFO] [stdout] warning: function `process_command` is never used
[INFO] [stdout]   --> src/utils/mod.rs:80:10
[INFO] [stdout]    |
[INFO] [stdout] 80 | async fn process_command(child_proc : tokio::process::Child)  -> Vec<String>{
[INFO] [stdout]    |          ^^^^^^^^^^^^^^^
[INFO] [stdout] 
[INFO] [stdout] 
[INFO] [stdout] warning: function `win_root_tree` is never used
[INFO] [stdout]   --> src/utils/mod.rs:94:14
[INFO] [stdout]    |
[INFO] [stdout] 94 | pub async fn win_root_tree(needle:&str) -> Option<String>{
[INFO] [stdout]    |              ^^^^^^^^^^^^^
[INFO] [stdout] 
[INFO] [stdout] 
[INFO] [stdout] warning: function `getactivewindow` is never used
[INFO] [stdout]    --> src/utils/mod.rs:126:8
[INFO] [stdout]     |
[INFO] [stdout] 126 | pub fn getactivewindow() -> Option<String>{
[INFO] [stdout]     |        ^^^^^^^^^^^^^^^
[INFO] [stdout] 
[INFO] [stdout] 
[INFO] [stdout] warning: function `wmctrl_goto` is never used
[INFO] [stdout]    --> src/utils/mod.rs:146:8
[INFO] [stdout]     |
[INFO] [stdout] 146 | pub fn wmctrl_goto(appid:&str){
[INFO] [stdout]     |        ^^^^^^^^^^^
[INFO] [stdout] 
[INFO] [stdout] 
[INFO] [stdout] warning: function `time` is never used
[INFO] [stdout]  --> src/utils/test_utils.rs:3:8
[INFO] [stdout]   |
[INFO] [stdout] 3 | pub fn time(closure:impl FnOnce() -> ()) -> std::time::Duration {
[INFO] [stdout]   |        ^^^^
[INFO] [stdout] 
[INFO] [stdout] 
[INFO] [stdout] warning: function `benchmark_async` is never used
[INFO] [stdout]   --> src/utils/test_utils.rs:20:14
[INFO] [stdout]    |
[INFO] [stdout] 20 | pub async fn benchmark_async(fnptr:AsyncFnPtr<()>) -> std::time::Duration {
[INFO] [stdout]    |              ^^^^^^^^^^^^^^^
[INFO] [stdout] 
[INFO] [stdout] 
[INFO] [stdout] warning: 1 warning emitted
[INFO] [stdout] 
[INFO] [stdout] 
[INFO] [stdout] warning: 19 warnings emitted
[INFO] [stdout] 
[INFO] [stdout] 
[INFO] [stdout] warning: 2 warnings emitted
[INFO] [stdout] 
[INFO] [stdout] 
[INFO] [stdout] warning: 1 warning emitted
[INFO] [stdout] 
[INFO] [stdout] 
[INFO] [stderr]     Finished test [unoptimized + debuginfo] target(s) in 0.89s
[INFO] running `Command { std: "docker" "inspect" "eafd00f542b7fe592a3e2ac7fc0aa51fac66d3267a433af5ec62d72f2fe649d3", kill_on_drop: false }`
[INFO] running `Command { std: "docker" "rm" "-f" "eafd00f542b7fe592a3e2ac7fc0aa51fac66d3267a433af5ec62d72f2fe649d3", kill_on_drop: false }`
[INFO] [stdout] eafd00f542b7fe592a3e2ac7fc0aa51fac66d3267a433af5ec62d72f2fe649d3
[INFO] running `Command { std: "docker" "create" "-v" "/var/lib/crater-agent-workspace/builds/worker-6-tc2/target:/opt/rustwide/target:rw,Z" "-v" "/var/lib/crater-agent-workspace/builds/worker-6-tc2/source:/opt/rustwide/workdir:ro,Z" "-v" "/var/lib/crater-agent-workspace/cargo-home:/opt/rustwide/cargo-home:ro,Z" "-v" "/var/lib/crater-agent-workspace/rustup-home:/opt/rustwide/rustup-home:ro,Z" "-e" "SOURCE_DIR=/opt/rustwide/workdir" "-e" "CARGO_TARGET_DIR=/opt/rustwide/target" "-e" "CARGO_INCREMENTAL=0" "-e" "RUST_BACKTRACE=full" "-e" "RUSTFLAGS=--cap-lints=warn" "-e" "RUSTDOCFLAGS=--cap-lints=warn" "-e" "CARGO_HOME=/opt/rustwide/cargo-home" "-e" "RUSTUP_HOME=/opt/rustwide/rustup-home" "-w" "/opt/rustwide/workdir" "-m" "1610612736" "--user" "0:0" "--network" "none" "ghcr.io/rust-lang/crates-build-env/linux@sha256:5ff2268d62e97bff2cde7d5815dd6ed5b47097566f13b8d0ca110b04b60e07ed" "/opt/rustwide/cargo-home/bin/cargo" "+beta-2023-04-20" "test" "--frozen", kill_on_drop: false }`
[INFO] [stdout] d312cab15cd20e70cf41b5758dec65f490c8dc2a542d34c673c2a9ff8af84529
[INFO] running `Command { std: "docker" "start" "-a" "d312cab15cd20e70cf41b5758dec65f490c8dc2a542d34c673c2a9ff8af84529", kill_on_drop: false }`
[INFO] [stderr] warning: unused import: `std::i64`
[INFO] [stderr]    --> src/utils/mod.rs:125:5
[INFO] [stderr]     |
[INFO] [stderr] 125 | use std::i64;
[INFO] [stderr]     |     ^^^^^^^^
[INFO] [stderr]     |
[INFO] [stderr]     = note: `#[warn(unused_imports)]` on by default
[INFO] [stderr] 
[INFO] [stderr] warning: `winpinner-rust` (lib) generated 1 warning (run `cargo fix --lib -p winpinner-rust` to apply 1 suggestion)
[INFO] [stderr] warning: `winpinner-rust` (lib test) generated 1 warning (1 duplicate)
[INFO] [stderr] warning: unused import: `utils::ProcessWmList`
[INFO] [stderr]   --> src/main.rs:12:5
[INFO] [stderr]    |
[INFO] [stderr] 12 | use utils::ProcessWmList;
[INFO] [stderr]    |     ^^^^^^^^^^^^^^^^^^^^
[INFO] [stderr] 
[INFO] [stderr] warning: unused variable: `wmgetdk`
[INFO] [stderr]   --> src/main.rs:26:9
[INFO] [stderr]    |
[INFO] [stderr] 26 |     let wmgetdk = || {
[INFO] [stderr]    |         ^^^^^^^ help: if this is intentional, prefix it with an underscore: `_wmgetdk`
[INFO] [stderr]    |
[INFO] [stderr]    = note: `#[warn(unused_variables)]` on by default
[INFO] [stderr] 
[INFO] [stderr] warning: unused variable: `conn`
[INFO] [stderr]   --> src/main.rs:76:59
[INFO] [stderr]    |
[INFO] [stderr] 76 | fn register_iface(cr: &Arc<std::sync::Mutex<Crossroads>>, conn: Arc<SyncConnection>) -> IfaceToken<Do> {
[INFO] [stderr]    |                                                           ^^^^ help: if this is intentional, prefix it with an underscore: `_conn`
[INFO] [stderr] 
[INFO] [stderr] warning: variable does not need to be mutable
[INFO] [stderr]   --> src/main.rs:43:9
[INFO] [stderr]    |
[INFO] [stderr] 43 |     let mut p = dbus_crossroads::Crossroads::new();
[INFO] [stderr]    |         ----^
[INFO] [stderr]    |         |
[INFO] [stderr]    |         help: remove this `mut`
[INFO] [stderr]    |
[INFO] [stderr]    = note: `#[warn(unused_mut)]` on by default
[INFO] [stderr] 
[INFO] [stderr] warning: variable does not need to be mutable
[INFO] [stderr]   --> src/main.rs:47:9
[INFO] [stderr]    |
[INFO] [stderr] 47 |     let mut x = Arc::new(Mutex::new(WinPinner::new()));
[INFO] [stderr]    |         ----^
[INFO] [stderr]    |         |
[INFO] [stderr]    |         help: remove this `mut`
[INFO] [stderr] 
[INFO] [stderr] warning: function `goto` is never used
[INFO] [stderr]   --> src/main.rs:18:4
[INFO] [stderr]    |
[INFO] [stderr] 18 | fn goto(loc:u8){
[INFO] [stderr]    |    ^^^^
[INFO] [stderr]    |
[INFO] [stderr]    = note: `#[warn(dead_code)]` on by default
[INFO] [stderr] 
[INFO] [stderr] warning: function `bruh` is never used
[INFO] [stderr]   --> src/main.rs:25:4
[INFO] [stderr]    |
[INFO] [stderr] 25 | fn bruh(){
[INFO] [stderr]    |    ^^^^
[INFO] [stderr] 
[INFO] [stderr] warning: struct `AsyncFnPtr` is never constructed
[INFO] [stderr]  --> src/utils/mod.rs:4:12
[INFO] [stderr]   |
[INFO] [stderr] 4 | pub struct AsyncFnPtr<R> {
[INFO] [stderr]   |            ^^^^^^^^^^
[INFO] [stderr] 
[INFO] [stderr] warning: associated items `new` and `run` are never used
[INFO] [stderr]   --> src/utils/mod.rs:9:12
[INFO] [stderr]    |
[INFO] [stderr] 8  | impl <R> AsyncFnPtr<R> {
[INFO] [stderr]    | ---------------------- associated items in this implementation
[INFO] [stderr] 9  |     pub fn new<F>(f: fn() -> F) -> AsyncFnPtr<F::Output> where F: Future<Output = R> + Send + 'static {
[INFO] [stderr]    |            ^^^
[INFO] [stderr] ...
[INFO] [stderr] 14 |     pub async fn run(&self) -> R { (self.func)().await }
[INFO] [stderr]    |                  ^^^
[INFO] [stderr] 
[INFO] [stderr] warning: struct `ProcessWmList` is never constructed
[INFO] [stderr]   --> src/utils/mod.rs:18:12
[INFO] [stderr]    |
[INFO] [stderr] 18 | pub struct ProcessWmList{
[INFO] [stderr]    |            ^^^^^^^^^^^^^
[INFO] [stderr] 
[INFO] [stderr] warning: function `wm_list` is never used
[INFO] [stderr]   --> src/utils/mod.rs:23:4
[INFO] [stderr]    |
[INFO] [stderr] 23 | fn wm_list<'a>() -> Vec<String>{
[INFO] [stderr]    |    ^^^^^^^
[INFO] [stderr] 
[INFO] [stderr] warning: associated items `fetch`, `base_find`, `find_with_name`, and `find_with_id` are never used
[INFO] [stderr]   --> src/utils/mod.rs:33:12
[INFO] [stderr]    |
[INFO] [stderr] 32 | impl ProcessWmList {
[INFO] [stderr]    | ------------------ associated items in this implementation
[INFO] [stderr] 33 |     pub fn fetch() -> Self{
[INFO] [stderr]    |            ^^^^^
[INFO] [stderr] ...
[INFO] [stderr] 39 |     fn base_find(&self,finder:impl Fn(&str) -> bool) -> Option<&str>{
[INFO] [stderr]    |        ^^^^^^^^^
[INFO] [stderr] ...
[INFO] [stderr] 49 |     pub fn find_with_name<'a>(&self,appname:&str) -> Option<&str>{
[INFO] [stderr]    |            ^^^^^^^^^^^^^^
[INFO] [stderr] ...
[INFO] [stderr] 67 |     pub fn find_with_id<'a>(&self,winid:&'a str) -> Option<&str>{
[INFO] [stderr]    |            ^^^^^^^^^^^^
[INFO] [stderr] 
[INFO] [stderr] warning: function `process_command` is never used
[INFO] [stderr]   --> src/utils/mod.rs:80:10
[INFO] [stderr]    |
[INFO] [stderr] 80 | async fn process_command(child_proc : tokio::process::Child)  -> Vec<String>{
[INFO] [stderr]    |          ^^^^^^^^^^^^^^^
[INFO] [stderr] 
[INFO] [stderr] warning: function `win_root_tree` is never used
[INFO] [stderr]   --> src/utils/mod.rs:94:14
[INFO] [stderr]    |
[INFO] [stderr] 94 | pub async fn win_root_tree(needle:&str) -> Option<String>{
[INFO] [stderr]    |              ^^^^^^^^^^^^^
[INFO] [stderr] 
[INFO] [stderr] warning: function `getactivewindow` is never used
[INFO] [stderr]    --> src/utils/mod.rs:126:8
[INFO] [stderr]     |
[INFO] [stderr] 126 | pub fn getactivewindow() -> Option<String>{
[INFO] [stderr]     |        ^^^^^^^^^^^^^^^
[INFO] [stderr] 
[INFO] [stderr] warning: function `wmctrl_goto` is never used
[INFO] [stderr]    --> src/utils/mod.rs:146:8
[INFO] [stderr]     |
[INFO] [stderr] 146 | pub fn wmctrl_goto(appid:&str){
[INFO] [stderr]     |        ^^^^^^^^^^^
[INFO] [stderr] 
[INFO] [stderr] warning: function `time` is never used
[INFO] [stderr]  --> src/utils/test_utils.rs:3:8
[INFO] [stderr]   |
[INFO] [stderr] 3 | pub fn time(closure:impl FnOnce() -> ()) -> std::time::Duration {
[INFO] [stderr]   |        ^^^^
[INFO] [stderr] 
[INFO] [stderr] warning: function `benchmark_async` is never used
[INFO] [stderr]   --> src/utils/test_utils.rs:20:14
[INFO] [stderr]    |
[INFO] [stderr] 20 | pub async fn benchmark_async(fnptr:AsyncFnPtr<()>) -> std::time::Duration {
[INFO] [stderr]    |              ^^^^^^^^^^^^^^^
[INFO] [stderr] 
[INFO] [stderr] warning: function `launch_decoy_timing` is never used
[INFO] [stderr]  --> tests/core.rs:6:4
[INFO] [stderr]   |
[INFO] [stderr] 6 | fn launch_decoy_timing(decoy_time:u64,decoy_app:&str){
[INFO] [stderr]   |    ^^^^^^^^^^^^^^^^^^^
[INFO] [stderr]   |
[INFO] [stderr]   = note: `#[warn(dead_code)]` on by default
[INFO] [stderr] 
[INFO] [stderr] warning: module `BenchmarkFetch` should have a snake case name
[INFO] [stderr]   --> tests/winfetch.rs:26:5
[INFO] [stderr]    |
[INFO] [stderr] 26 | mod BenchmarkFetch {
[INFO] [stderr]    |     ^^^^^^^^^^^^^^ help: convert the identifier to snake case: `benchmark_fetch`
[INFO] [stderr]    |
[INFO] [stderr]    = note: `#[warn(non_snake_case)]` on by default
[INFO] [stderr] 
[INFO] [stderr] warning: constant `needle` should have an upper case name
[INFO] [stderr]   --> tests/winfetch.rs:28:11
[INFO] [stderr]    |
[INFO] [stderr] 28 |     const needle:&'static str = "brave-browser";
[INFO] [stderr]    |           ^^^^^^ help: convert the identifier to upper case: `NEEDLE`
[INFO] [stderr]    |
[INFO] [stderr]    = note: `#[warn(non_upper_case_globals)]` on by default
[INFO] [stderr] 
[INFO] [stderr] warning: `winpinner-rust` (bin "winpinner-rust" test) generated 19 warnings (1 duplicate) (run `cargo fix --bin "winpinner-rust" --tests` to apply 5 suggestions)
[INFO] [stderr] warning: `winpinner-rust` (bin "winpinner-rust") generated 19 warnings (19 duplicates)
[INFO] [stderr] warning: `winpinner-rust` (test "core") generated 1 warning
[INFO] [stderr] warning: `winpinner-rust` (test "winfetch") generated 2 warnings
[INFO] [stderr]     Finished test [unoptimized + debuginfo] target(s) in 0.03s
[INFO] [stderr]      Running unittests src/lib.rs (/opt/rustwide/target/debug/deps/winpinner_rust-3264da482d5431fb)
[INFO] [stdout] 
[INFO] [stdout] running 0 tests
[INFO] [stdout] 
[INFO] [stdout] test result: ok. 0 passed; 0 failed; 0 ignored; 0 measured; 0 filtered out; finished in 0.00s
[INFO] [stdout] 
[INFO] [stderr]      Running unittests src/main.rs (/opt/rustwide/target/debug/deps/winpinner_rust-f71786fa496b6c2b)
[INFO] [stdout] 
[INFO] [stdout] running 0 tests
[INFO] [stdout] 
[INFO] [stdout] test result: ok. 0 passed; 0 failed; 0 ignored; 0 measured; 0 filtered out; finished in 0.00s
[INFO] [stdout] 
[INFO] [stderr]      Running tests/components.rs (/opt/rustwide/target/debug/deps/components-cfec4d15a754ae0b)
[INFO] [stdout] 
[INFO] [stdout] running 3 tests
[INFO] [stdout] test test_hash ... ok
[INFO] [stdout] test test_get_active_win ... ok
[INFO] [stdout] test test_jump_app ... FAILED
[INFO] [stdout] 
[INFO] [stdout] failures:
[INFO] [stdout] 
[INFO] [stdout] ---- test_jump_app stdout ----
[INFO] [stdout] thread 'test_jump_app' panicked at 'called `Option::unwrap()` on a `None` value', src/lib.rs:91:26
[INFO] [stdout] stack backtrace:
[INFO] [stdout]    0:     0x562afb8bdf2a - std::backtrace_rs::backtrace::libunwind::trace::h2f05d0192276a8f6
[INFO] [stdout]                                at /rustc/1b7dd2252b99671ce5d1cb9664c5f8636329436d/library/std/src/../../backtrace/src/backtrace/libunwind.rs:93:5
[INFO] [stdout]    1:     0x562afb8bdf2a - std::backtrace_rs::backtrace::trace_unsynchronized::hedc23dff7a1af150
[INFO] [stdout]                                at /rustc/1b7dd2252b99671ce5d1cb9664c5f8636329436d/library/std/src/../../backtrace/src/backtrace/mod.rs:66:5
[INFO] [stdout]    2:     0x562afb8bdf2a - std::sys_common::backtrace::_print_fmt::h17541ef7592f3ce2
[INFO] [stdout]                                at /rustc/1b7dd2252b99671ce5d1cb9664c5f8636329436d/library/std/src/sys_common/backtrace.rs:65:5
[INFO] [stdout]    3:     0x562afb8bdf2a - <std::sys_common::backtrace::_print::DisplayBacktrace as core::fmt::Display>::fmt::h20f75df5ab0c0792
[INFO] [stdout]                                at /rustc/1b7dd2252b99671ce5d1cb9664c5f8636329436d/library/std/src/sys_common/backtrace.rs:44:22
[INFO] [stdout]    4:     0x562afb8e291f - core::fmt::write::h78109e6f466b3af6
[INFO] [stdout]                                at /rustc/1b7dd2252b99671ce5d1cb9664c5f8636329436d/library/core/src/fmt/mod.rs:1254:17
[INFO] [stdout]    5:     0x562afb8baf45 - std::io::Write::write_fmt::hd24bfb68a1b35a25
[INFO] [stdout]                                at /rustc/1b7dd2252b99671ce5d1cb9664c5f8636329436d/library/std/src/io/mod.rs:1698:15
[INFO] [stdout]    6:     0x562afb8bdcf5 - std::sys_common::backtrace::_print::h8dac57a9f8fbf9a5
[INFO] [stdout]                                at /rustc/1b7dd2252b99671ce5d1cb9664c5f8636329436d/library/std/src/sys_common/backtrace.rs:47:5
[INFO] [stdout]    7:     0x562afb8bdcf5 - std::sys_common::backtrace::print::hf9ecbf41d1aa712f
[INFO] [stdout]                                at /rustc/1b7dd2252b99671ce5d1cb9664c5f8636329436d/library/std/src/sys_common/backtrace.rs:34:9
[INFO] [stdout]    8:     0x562afb8bf9ae - std::panicking::default_hook::{{closure}}::h04c07acfc84ca028
[INFO] [stdout]                                at /rustc/1b7dd2252b99671ce5d1cb9664c5f8636329436d/library/std/src/panicking.rs:269:22
[INFO] [stdout]    9:     0x562afb8bf6e1 - std::panicking::default_hook::h01f6bb23e1eceb2c
[INFO] [stdout]                                at /rustc/1b7dd2252b99671ce5d1cb9664c5f8636329436d/library/std/src/panicking.rs:285:9
[INFO] [stdout]   10:     0x562afb7c4dcb - <alloc::boxed::Box<F,A> as core::ops::function::Fn<Args>>::call::h87fe9f7b2fd49e4c
[INFO] [stdout]                                at /rustc/1b7dd2252b99671ce5d1cb9664c5f8636329436d/library/alloc/src/boxed.rs:1987:9
[INFO] [stdout]   11:     0x562afb7c4dcb - test::test_main::{{closure}}::he94d679243a7531b
[INFO] [stdout]                                at /rustc/1b7dd2252b99671ce5d1cb9664c5f8636329436d/library/test/src/lib.rs:134:21
[INFO] [stdout]   12:     0x562afb8c0094 - <alloc::boxed::Box<F,A> as core::ops::function::Fn<Args>>::call::h3f2d6d8b14c4769f
[INFO] [stdout]                                at /rustc/1b7dd2252b99671ce5d1cb9664c5f8636329436d/library/alloc/src/boxed.rs:1987:9
[INFO] [stdout]   13:     0x562afb8c0094 - std::panicking::rust_panic_with_hook::h2bb3722bbaf2f6df
[INFO] [stdout]                                at /rustc/1b7dd2252b99671ce5d1cb9664c5f8636329436d/library/std/src/panicking.rs:695:13
[INFO] [stdout]   14:     0x562afb8bfdc2 - std::panicking::begin_panic_handler::{{closure}}::h91bc7f36a4be011b
[INFO] [stdout]                                at /rustc/1b7dd2252b99671ce5d1cb9664c5f8636329436d/library/std/src/panicking.rs:580:13
[INFO] [stdout]   15:     0x562afb8be396 - std::sys_common::backtrace::__rust_end_short_backtrace::h8b3d3717114f9e59
[INFO] [stdout]                                at /rustc/1b7dd2252b99671ce5d1cb9664c5f8636329436d/library/std/src/sys_common/backtrace.rs:150:18
[INFO] [stdout]   16:     0x562afb8bfb62 - rust_begin_unwind
[INFO] [stdout]                                at /rustc/1b7dd2252b99671ce5d1cb9664c5f8636329436d/library/std/src/panicking.rs:578:5
[INFO] [stdout]   17:     0x562afb77ec23 - core::panicking::panic_fmt::hfd368e3fbdabea26
[INFO] [stdout]                                at /rustc/1b7dd2252b99671ce5d1cb9664c5f8636329436d/library/core/src/panicking.rs:67:14
[INFO] [stdout]   18:     0x562afb77ecbd - core::panicking::panic::h3f9042d09bd0bf2e
[INFO] [stdout]                                at /rustc/1b7dd2252b99671ce5d1cb9664c5f8636329436d/library/core/src/panicking.rs:117:5
[INFO] [stdout]   19:     0x562afb7d4a4b - core::option::Option<T>::unwrap::h5760e2471f93b7e4
[INFO] [stdout]                                at /rustc/1b7dd2252b99671ce5d1cb9664c5f8636329436d/library/core/src/option.rs:950:21
[INFO] [stdout]   20:     0x562afb7d0f5d - winpinner_rust::WinPinner::append_active_window::h09192a1496486505
[INFO] [stdout]                                at /opt/rustwide/workdir/src/lib.rs:91:22
[INFO] [stdout]   21:     0x562afb78d52b - winpinner_rust::jump_app::{{closure}}::h2062f4a5b72b96f8
[INFO] [stdout]                                at /opt/rustwide/workdir/src/lib.rs:98:5
[INFO] [stdout]   22:     0x562afb78e772 - components::test_jump_app::{{closure}}::{{closure}}::{{closure}}::hbb4da459238ab4a7
[INFO] [stdout]                                at /opt/rustwide/workdir/tests/components.rs:17:77
[INFO] [stdout]   23:     0x562afb783c49 - <core::pin::Pin<P> as core::future::future::Future>::poll::h5dc1f5c35ce458a7
[INFO] [stdout]                                at /rustc/1b7dd2252b99671ce5d1cb9664c5f8636329436d/library/core/src/future/future.rs:125:9
[INFO] [stdout]   24:     0x562afb78c4a4 - winpinner_rust::utils::AsyncFnPtr<R>::run::{{closure}}::hcc7d80da27419164
[INFO] [stdout]                                at /opt/rustwide/workdir/src/utils/mod.rs:14:49
[INFO] [stdout]   25:     0x562afb786e1c - winpinner_rust::utils::test_utils::benchmark_async::{{closure}}::h6138306afdd12355
[INFO] [stdout]                                at /opt/rustwide/workdir/src/utils/test_utils.rs:24:40
[INFO] [stdout]   26:     0x562afb78e355 - components::test_jump_app::{{closure}}::hdf36e8e1a2419c64
[INFO] [stdout]                                at /opt/rustwide/workdir/tests/components.rs:19:33
[INFO] [stdout]   27:     0x562afb783c9b - <core::pin::Pin<P> as core::future::future::Future>::poll::hec9586149b3d568d
[INFO] [stdout]                                at /rustc/1b7dd2252b99671ce5d1cb9664c5f8636329436d/library/core/src/future/future.rs:125:9
[INFO] [stdout]   28:     0x562afb784d44 - tokio::runtime::basic_scheduler::Inner<P>::block_on::{{closure}}::{{closure}}::he02fc7b99aa45bd4
[INFO] [stdout]                                at /opt/rustwide/cargo-home/registry/src/index.crates.io-6f17d22bba15001f/tokio-1.9.0/src/runtime/basic_scheduler.rs:208:62
[INFO] [stdout]   29:     0x562afb788210 - tokio::coop::with_budget::{{closure}}::h3833c85f120b376a
[INFO] [stdout]                                at /opt/rustwide/cargo-home/registry/src/index.crates.io-6f17d22bba15001f/tokio-1.9.0/src/coop.rs:106:9
[INFO] [stdout]   30:     0x562afb787969 - std::thread::local::LocalKey<T>::try_with::h1d60baca522a6171
[INFO] [stdout]                                at /rustc/1b7dd2252b99671ce5d1cb9664c5f8636329436d/library/std/src/thread/local.rs:252:16
[INFO] [stdout]   31:     0x562afb78776a - std::thread::local::LocalKey<T>::with::h5afda74b0d704aec
[INFO] [stdout]                                at /rustc/1b7dd2252b99671ce5d1cb9664c5f8636329436d/library/std/src/thread/local.rs:228:9
[INFO] [stdout]   32:     0x562afb784780 - tokio::coop::with_budget::h871e8895c3159c56
[INFO] [stdout]                                at /opt/rustwide/cargo-home/registry/src/index.crates.io-6f17d22bba15001f/tokio-1.9.0/src/coop.rs:99:5
[INFO] [stdout]   33:     0x562afb784780 - tokio::coop::budget::hb261d005d959ec5f
[INFO] [stdout]                                at /opt/rustwide/cargo-home/registry/src/index.crates.io-6f17d22bba15001f/tokio-1.9.0/src/coop.rs:76:5
[INFO] [stdout]   34:     0x562afb784780 - tokio::runtime::basic_scheduler::Inner<P>::block_on::{{closure}}::h11d6b46ff745edf1
[INFO] [stdout]                                at /opt/rustwide/cargo-home/registry/src/index.crates.io-6f17d22bba15001f/tokio-1.9.0/src/runtime/basic_scheduler.rs:208:39
[INFO] [stdout]   35:     0x562afb7857c1 - tokio::runtime::basic_scheduler::enter::{{closure}}::hb56ed2e6d0c79c5c
[INFO] [stdout]                                at /opt/rustwide/cargo-home/registry/src/index.crates.io-6f17d22bba15001f/tokio-1.9.0/src/runtime/basic_scheduler.rs:299:29
[INFO] [stdout]   36:     0x562afb791787 - tokio::macros::scoped_tls::ScopedKey<T>::set::h40acf7e6f0fc3d2e
[INFO] [stdout]                                at /opt/rustwide/cargo-home/registry/src/index.crates.io-6f17d22bba15001f/tokio-1.9.0/src/macros/scoped_tls.rs:61:9
[INFO] [stdout]   37:     0x562afb78573d - tokio::runtime::basic_scheduler::enter::h8c585f15bb758384
[INFO] [stdout]                                at /opt/rustwide/cargo-home/registry/src/index.crates.io-6f17d22bba15001f/tokio-1.9.0/src/runtime/basic_scheduler.rs:299:5
[INFO] [stdout]   38:     0x562afb7843eb - tokio::runtime::basic_scheduler::Inner<P>::block_on::hba0fd4fd665b7b7a
[INFO] [stdout]                                at /opt/rustwide/cargo-home/registry/src/index.crates.io-6f17d22bba15001f/tokio-1.9.0/src/runtime/basic_scheduler.rs:197:9
[INFO] [stdout]   39:     0x562afb784dc2 - tokio::runtime::basic_scheduler::InnerGuard<P>::block_on::hb26b8b7d13205797
[INFO] [stdout]                                at /opt/rustwide/cargo-home/registry/src/index.crates.io-6f17d22bba15001f/tokio-1.9.0/src/runtime/basic_scheduler.rs:452:9
[INFO] [stdout]   40:     0x562afb7850c3 - tokio::runtime::basic_scheduler::BasicScheduler<P>::block_on::h5b23268e66492847
[INFO] [stdout]                                at /opt/rustwide/cargo-home/registry/src/index.crates.io-6f17d22bba15001f/tokio-1.9.0/src/runtime/basic_scheduler.rs:157:24
[INFO] [stdout]   41:     0x562afb7830c4 - tokio::runtime::Runtime::block_on::hab126b85ca036713
[INFO] [stdout]                                at /opt/rustwide/cargo-home/registry/src/index.crates.io-6f17d22bba15001f/tokio-1.9.0/src/runtime/mod.rs:450:46
[INFO] [stdout]   42:     0x562afb78e137 - components::test_jump_app::h6ca4ca7cc07269cf
[INFO] [stdout]                                at /opt/rustwide/workdir/tests/components.rs:20:5
[INFO] [stdout]   43:     0x562afb78e067 - components::test_jump_app::{{closure}}::h9ddfbdfea1dc83ca
[INFO] [stdout]                                at /opt/rustwide/workdir/tests/components.rs:15:25
[INFO] [stdout]   44:     0x562afb781395 - core::ops::function::FnOnce::call_once::h4ce434eff330fd0a
[INFO] [stdout]                                at /rustc/1b7dd2252b99671ce5d1cb9664c5f8636329436d/library/core/src/ops/function.rs:250:5
[INFO] [stdout]   45:     0x562afb7c9c9f - core::ops::function::FnOnce::call_once::ha6a70e79f7481a7e
[INFO] [stdout]                                at /rustc/1b7dd2252b99671ce5d1cb9664c5f8636329436d/library/core/src/ops/function.rs:250:5
[INFO] [stdout]   46:     0x562afb7c9c9f - test::__rust_begin_short_backtrace::hce33033019b61e69
[INFO] [stdout]                                at /rustc/1b7dd2252b99671ce5d1cb9664c5f8636329436d/library/test/src/lib.rs:655:18
[INFO] [stdout]   47:     0x562afb79748c - test::run_test::{{closure}}::h858d3528838ae3e5
[INFO] [stdout]                                at /rustc/1b7dd2252b99671ce5d1cb9664c5f8636329436d/library/test/src/lib.rs:646:30
[INFO] [stdout]   48:     0x562afb79748c - core::ops::function::FnOnce::call_once{{vtable.shim}}::he8ac2b00f01ae79e
[INFO] [stdout]                                at /rustc/1b7dd2252b99671ce5d1cb9664c5f8636329436d/library/core/src/ops/function.rs:250:5
[INFO] [stdout]   49:     0x562afb7c8d76 - <alloc::boxed::Box<F,A> as core::ops::function::FnOnce<Args>>::call_once::h8093d25b522725ef
[INFO] [stdout]                                at /rustc/1b7dd2252b99671ce5d1cb9664c5f8636329436d/library/alloc/src/boxed.rs:1973:9
[INFO] [stdout]   50:     0x562afb7c8d76 - <core::panic::unwind_safe::AssertUnwindSafe<F> as core::ops::function::FnOnce<()>>::call_once::h5c334c204e4a3913
[INFO] [stdout]                                at /rustc/1b7dd2252b99671ce5d1cb9664c5f8636329436d/library/core/src/panic/unwind_safe.rs:271:9
[INFO] [stdout]   51:     0x562afb7c8d76 - std::panicking::try::do_call::ha8b740c7b9478074
[INFO] [stdout]                                at /rustc/1b7dd2252b99671ce5d1cb9664c5f8636329436d/library/std/src/panicking.rs:485:40
[INFO] [stdout]   52:     0x562afb7c8d76 - std::panicking::try::h5d34f63d0e41b64e
[INFO] [stdout]                                at /rustc/1b7dd2252b99671ce5d1cb9664c5f8636329436d/library/std/src/panicking.rs:449:19
[INFO] [stdout]   53:     0x562afb7c8d76 - std::panic::catch_unwind::hcfbb511e1aa7fc67
[INFO] [stdout]                                at /rustc/1b7dd2252b99671ce5d1cb9664c5f8636329436d/library/std/src/panic.rs:140:14
[INFO] [stdout]   54:     0x562afb7c8d76 - test::run_test_in_process::h9abda90f802eaf21
[INFO] [stdout]                                at /rustc/1b7dd2252b99671ce5d1cb9664c5f8636329436d/library/test/src/lib.rs:678:27
[INFO] [stdout]   55:     0x562afb7c8d76 - test::run_test::run_test_inner::{{closure}}::h0f058de91f6c6edf
[INFO] [stdout]                                at /rustc/1b7dd2252b99671ce5d1cb9664c5f8636329436d/library/test/src/lib.rs:572:39
[INFO] [stdout]   56:     0x562afb791c95 - test::run_test::run_test_inner::{{closure}}::h5ca48a4c59c6c1fb
[INFO] [stdout]                                at /rustc/1b7dd2252b99671ce5d1cb9664c5f8636329436d/library/test/src/lib.rs:599:37
[INFO] [stdout]   57:     0x562afb791c95 - std::sys_common::backtrace::__rust_begin_short_backtrace::h32bd51e1495d4a33
[INFO] [stdout]                                at /rustc/1b7dd2252b99671ce5d1cb9664c5f8636329436d/library/std/src/sys_common/backtrace.rs:134:18
[INFO] [stdout]   58:     0x562afb7971d1 - std::thread::Builder::spawn_unchecked_::{{closure}}::{{closure}}::hc086fae9b128b2db
[INFO] [stdout]                                at /rustc/1b7dd2252b99671ce5d1cb9664c5f8636329436d/library/std/src/thread/mod.rs:526:17
[INFO] [stdout]   59:     0x562afb7971d1 - <core::panic::unwind_safe::AssertUnwindSafe<F> as core::ops::function::FnOnce<()>>::call_once::hb66571888d270d43
[INFO] [stdout]                                at /rustc/1b7dd2252b99671ce5d1cb9664c5f8636329436d/library/core/src/panic/unwind_safe.rs:271:9
[INFO] [stdout]   60:     0x562afb7971d1 - std::panicking::try::do_call::h4fa2ef4f6e51fecf
[INFO] [stdout]                                at /rustc/1b7dd2252b99671ce5d1cb9664c5f8636329436d/library/std/src/panicking.rs:485:40
[INFO] [stdout]   61:     0x562afb7971d1 - std::panicking::try::h1e9e22b8584489b5
[INFO] [stdout]                                at /rustc/1b7dd2252b99671ce5d1cb9664c5f8636329436d/library/std/src/panicking.rs:449:19
[INFO] [stdout]   62:     0x562afb7971d1 - std::panic::catch_unwind::h44698a3de0e0769e
[INFO] [stdout]                                at /rustc/1b7dd2252b99671ce5d1cb9664c5f8636329436d/library/std/src/panic.rs:140:14
[INFO] [stdout]   63:     0x562afb7971d1 - std::thread::Builder::spawn_unchecked_::{{closure}}::h50153abde3fe239e
[INFO] [stdout]                                at /rustc/1b7dd2252b99671ce5d1cb9664c5f8636329436d/library/std/src/thread/mod.rs:525:30
[INFO] [stdout]   64:     0x562afb7971d1 - core::ops::function::FnOnce::call_once{{vtable.shim}}::hbe5bbf6f38394364
[INFO] [stdout]                                at /rustc/1b7dd2252b99671ce5d1cb9664c5f8636329436d/library/core/src/ops/function.rs:250:5
[INFO] [stdout]   65:     0x562afb8c4775 - <alloc::boxed::Box<F,A> as core::ops::function::FnOnce<Args>>::call_once::h0d83cb2920a49046
[INFO] [stdout]                                at /rustc/1b7dd2252b99671ce5d1cb9664c5f8636329436d/library/alloc/src/boxed.rs:1973:9
[INFO] [stdout]   66:     0x562afb8c4775 - <alloc::boxed::Box<F,A> as core::ops::function::FnOnce<Args>>::call_once::hbe0a008aa7d9ef59
[INFO] [stdout]                                at /rustc/1b7dd2252b99671ce5d1cb9664c5f8636329436d/library/alloc/src/boxed.rs:1973:9
[INFO] [stdout]   67:     0x562afb8c4775 - std::sys::unix::thread::Thread::new::thread_start::h3a466996bdf6b1f9
[INFO] [stdout]                                at /rustc/1b7dd2252b99671ce5d1cb9664c5f8636329436d/library/std/src/sys/unix/thread.rs:108:17
[INFO] [stdout]   68:     0x7f4c99426b43 - <unknown>
[INFO] [stdout]   69:     0x7f4c994b7bb4 - __clone
[INFO] [stdout]   70:                0x0 - <unknown>
[INFO] [stdout] 
[INFO] [stdout] 
[INFO] [stdout] failures:
[INFO] [stdout]     test_jump_app
[INFO] [stdout] 
[INFO] [stdout] test result: FAILED. 2 passed; 1 failed; 0 ignored; 0 measured; 0 filtered out; finished in 0.01s
[INFO] [stdout] 
[INFO] [stderr] error: test failed, to rerun pass `--test components`
[INFO] running `Command { std: "docker" "inspect" "d312cab15cd20e70cf41b5758dec65f490c8dc2a542d34c673c2a9ff8af84529", kill_on_drop: false }`
[INFO] running `Command { std: "docker" "rm" "-f" "d312cab15cd20e70cf41b5758dec65f490c8dc2a542d34c673c2a9ff8af84529", kill_on_drop: false }`
[INFO] [stdout] d312cab15cd20e70cf41b5758dec65f490c8dc2a542d34c673c2a9ff8af84529
