[INFO] cloning repository https://github.com/luksamuk/minerva.rs
[INFO] running `Command { std: "git" "-c" "credential.helper=" "-c" "credential.helper=/workspace/cargo-home/bin/git-credential-null" "clone" "--bare" "https://github.com/luksamuk/minerva.rs" "/workspace/cache/git-repos/https%3A%2F%2Fgithub.com%2Fluksamuk%2Fminerva.rs", kill_on_drop: false }`
[INFO] [stderr] Cloning into bare repository '/workspace/cache/git-repos/https%3A%2F%2Fgithub.com%2Fluksamuk%2Fminerva.rs'...
[INFO] running `Command { std: "git" "rev-parse" "HEAD", kill_on_drop: false }`
[INFO] [stdout] ae9b6ed3ae61c662c1bccc5692ae000fd81802fd
[INFO] testing luksamuk/minerva.rs against beta-2023-04-20 for beta-1.70-1
[INFO] running `Command { std: "git" "clone" "/workspace/cache/git-repos/https%3A%2F%2Fgithub.com%2Fluksamuk%2Fminerva.rs" "/workspace/builds/worker-2-tc2/source", kill_on_drop: false }`
[INFO] [stderr] Cloning into '/workspace/builds/worker-2-tc2/source'...
[INFO] [stderr] done.
[INFO] validating manifest of git repo https://github.com/luksamuk/minerva.rs on toolchain beta-2023-04-20
[INFO] running `Command { std: CARGO_HOME="/workspace/cargo-home" RUSTUP_HOME="/workspace/rustup-home" "/workspace/cargo-home/bin/cargo" "+beta-2023-04-20" "metadata" "--manifest-path" "Cargo.toml" "--no-deps", kill_on_drop: false }`
[INFO] started tweaking git repo https://github.com/luksamuk/minerva.rs
[INFO] finished tweaking git repo https://github.com/luksamuk/minerva.rs
[INFO] tweaked toml for git repo https://github.com/luksamuk/minerva.rs written to /workspace/builds/worker-2-tc2/source/Cargo.toml
[INFO] crate git repo https://github.com/luksamuk/minerva.rs already has a lockfile, it will not be regenerated
[INFO] running `Command { std: CARGO_HOME="/workspace/cargo-home" RUSTUP_HOME="/workspace/rustup-home" "/workspace/cargo-home/bin/cargo" "+beta-2023-04-20" "fetch" "--manifest-path" "Cargo.toml", kill_on_drop: false }`
[INFO] [stderr]     Updating crates.io index
[INFO] [stderr]  Downloading crates ...
[INFO] [stderr]   Downloaded loom v0.5.1
[INFO] [stderr]   Downloaded r2d2_redis v0.14.0
[INFO] [stderr]   Downloaded serde_derive v1.0.128
[INFO] [stderr]   Downloaded comfy-table v4.1.1
[INFO] [stderr]   Downloaded serde v1.0.128
[INFO] [stderr]   Downloaded redis v0.20.2
[INFO] [stderr]   Downloaded redis v0.21.1
[INFO] [stderr]   Downloaded diesel v1.4.7
[INFO] [stderr]   Downloaded sodiumoxide v0.2.7
[INFO] [stderr]   Downloaded libsodium-sys v0.2.7
[INFO] [stderr]   Downloaded diesel-enum v0.0.4
[INFO] running `Command { std: "docker" "create" "-v" "/var/lib/crater-agent-workspace/builds/worker-2-tc2/target:/opt/rustwide/target:rw,Z" "-v" "/var/lib/crater-agent-workspace/builds/worker-2-tc2/source:/opt/rustwide/workdir:ro,Z" "-v" "/var/lib/crater-agent-workspace/cargo-home:/opt/rustwide/cargo-home:ro,Z" "-v" "/var/lib/crater-agent-workspace/rustup-home:/opt/rustwide/rustup-home:ro,Z" "-e" "SOURCE_DIR=/opt/rustwide/workdir" "-e" "CARGO_TARGET_DIR=/opt/rustwide/target" "-e" "CARGO_HOME=/opt/rustwide/cargo-home" "-e" "RUSTUP_HOME=/opt/rustwide/rustup-home" "-w" "/opt/rustwide/workdir" "-m" "1610612736" "--user" "0:0" "--network" "none" "ghcr.io/rust-lang/crates-build-env/linux@sha256:5ff2268d62e97bff2cde7d5815dd6ed5b47097566f13b8d0ca110b04b60e07ed" "/opt/rustwide/cargo-home/bin/cargo" "+beta-2023-04-20" "metadata" "--no-deps" "--format-version=1", kill_on_drop: false }`
[INFO] [stdout] ec00c02969cfea5a19bb7bea6bacc721fb34e5a0e1198522c077532a201b18cd
[INFO] running `Command { std: "docker" "start" "-a" "ec00c02969cfea5a19bb7bea6bacc721fb34e5a0e1198522c077532a201b18cd", kill_on_drop: false }`
[INFO] running `Command { std: "docker" "inspect" "ec00c02969cfea5a19bb7bea6bacc721fb34e5a0e1198522c077532a201b18cd", kill_on_drop: false }`
[INFO] running `Command { std: "docker" "rm" "-f" "ec00c02969cfea5a19bb7bea6bacc721fb34e5a0e1198522c077532a201b18cd", kill_on_drop: false }`
[INFO] [stdout] ec00c02969cfea5a19bb7bea6bacc721fb34e5a0e1198522c077532a201b18cd
[INFO] running `Command { std: "docker" "create" "-v" "/var/lib/crater-agent-workspace/builds/worker-2-tc2/target:/opt/rustwide/target:rw,Z" "-v" "/var/lib/crater-agent-workspace/builds/worker-2-tc2/source:/opt/rustwide/workdir:ro,Z" "-v" "/var/lib/crater-agent-workspace/cargo-home:/opt/rustwide/cargo-home:ro,Z" "-v" "/var/lib/crater-agent-workspace/rustup-home:/opt/rustwide/rustup-home:ro,Z" "-e" "SOURCE_DIR=/opt/rustwide/workdir" "-e" "CARGO_TARGET_DIR=/opt/rustwide/target" "-e" "CARGO_INCREMENTAL=0" "-e" "RUST_BACKTRACE=full" "-e" "RUSTFLAGS=--cap-lints=warn" "-e" "RUSTDOCFLAGS=--cap-lints=warn" "-e" "CARGO_HOME=/opt/rustwide/cargo-home" "-e" "RUSTUP_HOME=/opt/rustwide/rustup-home" "-w" "/opt/rustwide/workdir" "-m" "1610612736" "--user" "0:0" "--network" "none" "ghcr.io/rust-lang/crates-build-env/linux@sha256:5ff2268d62e97bff2cde7d5815dd6ed5b47097566f13b8d0ca110b04b60e07ed" "/opt/rustwide/cargo-home/bin/cargo" "+beta-2023-04-20" "build" "--frozen" "--message-format=json", kill_on_drop: false }`
[INFO] [stdout] 4e000cf58149b39407a0c9ab560918f1c5cf75f92e14d87d1f25511c2057bd84
[INFO] running `Command { std: "docker" "start" "-a" "4e000cf58149b39407a0c9ab560918f1c5cf75f92e14d87d1f25511c2057bd84", kill_on_drop: false }`
[INFO] [stderr]    Compiling proc-macro2 v1.0.28
[INFO] [stderr]    Compiling syn v1.0.75
[INFO] [stderr]    Compiling libc v0.2.104
[INFO] [stderr]    Compiling memchr v2.4.1
[INFO] [stderr]    Compiling serde_derive v1.0.128
[INFO] [stderr]    Compiling serde v1.0.128
[INFO] [stderr]    Compiling log v0.4.14
[INFO] [stderr]    Compiling itoa v0.4.8
[INFO] [stderr]    Compiling proc-macro-hack v0.5.19
[INFO] [stderr]    Compiling futures-core v0.3.16
[INFO] [stderr]    Compiling bytes v1.0.1
[INFO] [stderr]    Compiling instant v0.1.10
[INFO] [stderr]    Compiling smallvec v1.6.1
[INFO] [stderr]    Compiling pin-project-lite v0.2.7
[INFO] [stderr]    Compiling lock_api v0.4.4
[INFO] [stderr]    Compiling yansi v0.5.0
[INFO] [stderr]    Compiling quote v1.0.9
[INFO] [stderr]    Compiling proc-macro2-diagnostics v0.9.1
[INFO] [stderr]    Compiling parking_lot_core v0.8.3
[INFO] [stderr]    Compiling signal-hook-registry v1.4.0
[INFO] [stderr]    Compiling mio v0.7.13
[INFO] [stderr]    Compiling num-traits v0.2.14
[INFO] [stderr]    Compiling parking_lot v0.11.1
[INFO] [stderr]    Compiling once_cell v1.8.0
[INFO] [stderr]    Compiling futures-macro v0.3.16
[INFO] [stderr]    Compiling num-integer v0.1.44
[INFO] [stderr]    Compiling futures-sink v0.3.16
[INFO] [stderr]    Compiling proc-macro-nested v0.1.7
[INFO] [stderr]    Compiling futures-channel v0.3.16
[INFO] [stderr]    Compiling futures-task v0.3.16
[INFO] [stderr]    Compiling futures-util v0.3.16
[INFO] [stderr]    Compiling tokio v1.12.0
[INFO] [stderr]    Compiling num_cpus v1.13.0
[INFO] [stderr]    Compiling num-bigint v0.2.6
[INFO] [stderr]    Compiling standback v0.2.17
[INFO] [stderr]    Compiling slab v0.4.4
[INFO] [stderr]    Compiling pin-utils v0.1.0
[INFO] [stderr]    Compiling futures-io v0.3.16
[INFO] [stderr]    Compiling ryu v1.0.5
[INFO] [stderr]    Compiling percent-encoding v2.1.0
[INFO] [stderr]    Compiling serde_json v1.0.66
[INFO] [stderr]    Compiling fnv v1.0.7
[INFO] [stderr]    Compiling http v0.2.4
[INFO] [stderr]    Compiling time v0.1.43
[INFO] [stderr]    Compiling indexmap v1.7.0
[INFO] [stderr]    Compiling httparse v1.5.1
[INFO] [stderr]    Compiling const_fn v0.4.8
[INFO] [stderr]    Compiling cc v1.0.69
[INFO] [stderr]    Compiling tracing-core v0.1.19
[INFO] [stderr]    Compiling scheduled-thread-pool v0.2.5
[INFO] [stderr]    Compiling time v0.2.27
[INFO] [stderr]    Compiling uncased v0.9.6
[INFO] [stderr]    Compiling pq-sys v0.4.6
[INFO] [stderr]    Compiling tinyvec_macros v0.1.0
[INFO] [stderr]    Compiling hashbrown v0.11.2
[INFO] [stderr]    Compiling async-trait v0.1.51
[INFO] [stderr]    Compiling tinyvec v1.3.1
[INFO] [stderr]    Compiling tracing v0.1.26
[INFO] [stderr]    Compiling r2d2 v0.8.9
[INFO] [stderr]    Compiling getrandom v0.2.3
[INFO] [stderr]    Compiling cookie v0.15.1
[INFO] [stderr]    Compiling matches v0.1.9
[INFO] [stderr]    Compiling inlinable_string v0.1.14
[INFO] [stderr]    Compiling ref-cast v1.0.6
[INFO] [stderr]    Compiling try-lock v0.2.3
[INFO] [stderr]    Compiling uuid v0.6.5
[INFO] [stderr]    Compiling want v0.3.0
[INFO] [stderr]    Compiling unicode-normalization v0.1.19
[INFO] [stderr]    Compiling rand_core v0.6.3
[INFO] [stderr]    Compiling http-body v0.4.3
[INFO] [stderr]    Compiling socket2 v0.4.1
[INFO] [stderr]    Compiling tower-service v0.3.1
[INFO] [stderr]    Compiling ppv-lite86 v0.2.10
[INFO] [stderr]    Compiling same-file v1.0.6
[INFO] [stderr]    Compiling mime v0.3.16
[INFO] [stderr]    Compiling devise_core v0.3.1
[INFO] [stderr]    Compiling encoding_rs v0.8.28
[INFO] [stderr]    Compiling httpdate v1.0.1
[INFO] [stderr]    Compiling signal-hook v0.3.9
[INFO] [stderr]    Compiling unicode-bidi v0.3.6
[INFO] [stderr]    Compiling rand_chacha v0.3.1
[INFO] [stderr]    Compiling walkdir v2.3.2
[INFO] [stderr]    Compiling form_urlencoded v1.0.1
[INFO] [stderr]    Compiling stable-pattern v0.1.0
[INFO] [stderr]    Compiling idna v0.2.3
[INFO] [stderr]    Compiling atomic v0.5.0
[INFO] [stderr]    Compiling figment v0.10.6
[INFO] [stderr]    Compiling multer v2.0.1
[INFO] [stderr]    Compiling state v0.5.2
[INFO] [stderr]    Compiling either v1.6.1
[INFO] [stderr]    Compiling unchecked-index v0.2.2
[INFO] [stderr]    Compiling pkg-config v0.3.19
[INFO] [stderr]    Compiling twoway v0.2.2
[INFO] [stderr]    Compiling url v2.2.2
[INFO] [stderr]    Compiling rand v0.8.4
[INFO] [stderr]    Compiling ring v0.16.20
[INFO] [stderr]    Compiling libsodium-sys v0.2.7
[INFO] [stderr]    Compiling rocket v0.5.0-rc.1
[INFO] [stderr]    Compiling combine v4.6.1
[INFO] [stderr]    Compiling aho-corasick v0.7.18
[INFO] [stderr]    Compiling dtoa v0.4.8
[INFO] [stderr]    Compiling sha1 v0.6.0
[INFO] [stderr]    Compiling glob v0.3.0
[INFO] [stderr]    Compiling tokio-macros v1.3.0
[INFO] [stderr]    Compiling time-macros-impl v0.1.2
[INFO] [stderr]    Compiling pear_codegen v0.2.3
[INFO] [stderr]    Compiling time-macros v0.1.1
[INFO] [stderr]    Compiling devise_codegen v0.3.1
[INFO] [stderr]    Compiling pear v0.2.3
[INFO] [stderr]    Compiling ref-cast-impl v1.0.6
[INFO] [stderr]    Compiling diesel_derives v1.4.1
[INFO] [stderr]    Compiling devise v0.3.1
[INFO] [stderr]    Compiling async-stream-impl v0.3.2
[INFO] [stderr]    Compiling futures-executor v0.3.16
[INFO] [stderr]    Compiling spin v0.9.2
[INFO] [stderr]    Compiling remove_dir_all v0.5.3
[INFO] [stderr]    Compiling regex-syntax v0.6.25
[INFO] [stderr]    Compiling tempfile v3.2.0
[INFO] [stderr]    Compiling async-stream v0.3.2
[INFO] [stderr]    Compiling futures v0.3.16
[INFO] [stderr]    Compiling signal-hook-mio v0.2.1
[INFO] [stderr]    Compiling tokio-util v0.6.7
[INFO] [stderr]    Compiling regex v1.5.5
[INFO] [stderr]    Compiling tokio-stream v0.1.7
[INFO] [stderr]    Compiling atty v0.2.14
[INFO] [stderr]    Compiling anyhow v1.0.44
[INFO] [stderr]    Compiling signature v1.3.1
[INFO] [stderr]    Compiling binascii v0.1.4
[INFO] [stderr]    Compiling base64 v0.13.0
[INFO] [stderr]    Compiling spin v0.5.2
[INFO] [stderr]    Compiling untrusted v0.7.1
[INFO] [stderr]    Compiling pem v0.8.3
[INFO] [stderr]    Compiling ed25519 v1.2.0
[INFO] [stderr]    Compiling redis v0.20.2
[INFO] [stderr]    Compiling crossterm v0.20.0
[INFO] [stderr]    Compiling chrono v0.4.19
[INFO] [stderr]    Compiling h2 v0.3.4
[INFO] [stderr]    Compiling ipnetwork v0.18.0
[INFO] [stderr]    Compiling bigdecimal v0.1.2
[INFO] [stderr]    Compiling diesel v1.4.7
[INFO] [stderr]    Compiling toml v0.5.8
[INFO] [stderr]    Compiling ubyte v0.10.1
[INFO] [stderr]    Compiling simple_asn1 v0.4.1
[INFO] [stderr]    Compiling strum_macros v0.21.1
[INFO] [stderr]    Compiling rocket_sync_db_pools_codegen v0.1.0-rc.1
[INFO] [stderr]    Compiling base64 v0.12.3
[INFO] [stderr]    Compiling strum v0.21.0
[INFO] [stderr]    Compiling unicode-width v0.1.8
[INFO] [stderr]    Compiling jsonwebtoken v7.2.0
[INFO] [stderr]    Compiling r2d2_redis v0.14.0
[INFO] [stderr]    Compiling redis v0.21.1
[INFO] [stderr]    Compiling comfy-table v4.1.1
[INFO] [stderr]    Compiling serde_repr v0.1.7
[INFO] [stderr]    Compiling num-derive v0.3.3
[INFO] [stderr]    Compiling hyper v0.14.11
[INFO] [stderr]    Compiling diesel-enum v0.0.4
[INFO] [stderr]    Compiling dotenv v0.15.0
[INFO] [stderr]    Compiling rocket_http v0.5.0-rc.1
[INFO] [stderr]    Compiling rocket_codegen v0.5.0-rc.1
[INFO] [stderr]    Compiling migrations_internals v1.4.1
[INFO] [stderr]    Compiling migrations_macros v1.4.2
[INFO] [stderr]    Compiling diesel_migrations v1.4.0
[INFO] [stderr]    Compiling rocket_sync_db_pools v0.1.0-rc.1
[INFO] [stderr]    Compiling sodiumoxide v0.2.7
[INFO] [stderr]    Compiling Minerva v0.5.0 (/opt/rustwide/workdir)
[INFO] [stderr] [/opt/rustwide/cargo-home/registry/src/index.crates.io-6f17d22bba15001f/diesel-enum-0.0.4/src/lib.rs:323] error_type.segments.iter().fold(String::new(),
[INFO] [stderr]     |a, b| a + &b.ident.to_string() + "::") = "EnumError::"
[INFO] [stderr] [/opt/rustwide/cargo-home/registry/src/index.crates.io-6f17d22bba15001f/diesel-enum-0.0.4/src/lib.rs:327] &error_type_str[..error_type_str.len() - 2] = "EnumError"
[INFO] [stderr]     Finished dev [unoptimized + debuginfo] target(s) in 1m 23s
[INFO] [stderr] warning: the following packages contain code that will be rejected by a future version of Rust: redis v0.20.2, redis v0.21.1, ubyte v0.10.1
[INFO] [stderr] note: to see what the problems were, use the option `--future-incompat-report`, or run `cargo report future-incompatibilities --id 1`
[INFO] running `Command { std: "docker" "inspect" "4e000cf58149b39407a0c9ab560918f1c5cf75f92e14d87d1f25511c2057bd84", kill_on_drop: false }`
[INFO] running `Command { std: "docker" "rm" "-f" "4e000cf58149b39407a0c9ab560918f1c5cf75f92e14d87d1f25511c2057bd84", kill_on_drop: false }`
[INFO] [stdout] 4e000cf58149b39407a0c9ab560918f1c5cf75f92e14d87d1f25511c2057bd84
[INFO] running `Command { std: "docker" "create" "-v" "/var/lib/crater-agent-workspace/builds/worker-2-tc2/target:/opt/rustwide/target:rw,Z" "-v" "/var/lib/crater-agent-workspace/builds/worker-2-tc2/source:/opt/rustwide/workdir:ro,Z" "-v" "/var/lib/crater-agent-workspace/cargo-home:/opt/rustwide/cargo-home:ro,Z" "-v" "/var/lib/crater-agent-workspace/rustup-home:/opt/rustwide/rustup-home:ro,Z" "-e" "SOURCE_DIR=/opt/rustwide/workdir" "-e" "CARGO_TARGET_DIR=/opt/rustwide/target" "-e" "CARGO_INCREMENTAL=0" "-e" "RUST_BACKTRACE=full" "-e" "RUSTFLAGS=--cap-lints=warn" "-e" "RUSTDOCFLAGS=--cap-lints=warn" "-e" "CARGO_HOME=/opt/rustwide/cargo-home" "-e" "RUSTUP_HOME=/opt/rustwide/rustup-home" "-w" "/opt/rustwide/workdir" "-m" "1610612736" "--user" "0:0" "--network" "none" "ghcr.io/rust-lang/crates-build-env/linux@sha256:5ff2268d62e97bff2cde7d5815dd6ed5b47097566f13b8d0ca110b04b60e07ed" "/opt/rustwide/cargo-home/bin/cargo" "+beta-2023-04-20" "test" "--frozen" "--no-run" "--message-format=json", kill_on_drop: false }`
[INFO] [stdout] 1f10e01daa9776fe74d7ceb3149a9480dfd7c0984c6865058329469476943010
[INFO] running `Command { std: "docker" "start" "-a" "1f10e01daa9776fe74d7ceb3149a9480dfd7c0984c6865058329469476943010", kill_on_drop: false }`
[INFO] [stderr] [/opt/rustwide/cargo-home/registry/src/index.crates.io-6f17d22bba15001f/diesel-enum-0.0.4/src/lib.rs:323] error_type.segments.iter().fold(String::new(),
[INFO] [stderr]     |a, b| a + &b.ident.to_string() + "::") = "EnumError::"
[INFO] [stderr] [/opt/rustwide/cargo-home/registry/src/index.crates.io-6f17d22bba15001f/diesel-enum-0.0.4/src/lib.rs:327] &error_type_str[..error_type_str.len() - 2] = "EnumError"
[INFO] [stderr]    Compiling Minerva v0.5.0 (/opt/rustwide/workdir)
[INFO] [stderr] [/opt/rustwide/cargo-home/registry/src/index.crates.io-6f17d22bba15001f/diesel-enum-0.0.4/src/lib.rs:323] error_type.segments.iter().fold(String::new(),
[INFO] [stderr]     |a, b| a + &b.ident.to_string() + "::") = "EnumError::"
[INFO] [stderr] [/opt/rustwide/cargo-home/registry/src/index.crates.io-6f17d22bba15001f/diesel-enum-0.0.4/src/lib.rs:327] &error_type_str[..error_type_str.len() - 2] = "EnumError"
[INFO] [stderr]     Finished test [unoptimized + debuginfo] target(s) in 4.46s
[INFO] [stderr] warning: the following packages contain code that will be rejected by a future version of Rust: redis v0.20.2, redis v0.21.1, ubyte v0.10.1
[INFO] [stderr] note: to see what the problems were, use the option `--future-incompat-report`, or run `cargo report future-incompatibilities --id 1`
[INFO] running `Command { std: "docker" "inspect" "1f10e01daa9776fe74d7ceb3149a9480dfd7c0984c6865058329469476943010", kill_on_drop: false }`
[INFO] running `Command { std: "docker" "rm" "-f" "1f10e01daa9776fe74d7ceb3149a9480dfd7c0984c6865058329469476943010", kill_on_drop: false }`
[INFO] [stdout] 1f10e01daa9776fe74d7ceb3149a9480dfd7c0984c6865058329469476943010
[INFO] running `Command { std: "docker" "create" "-v" "/var/lib/crater-agent-workspace/builds/worker-2-tc2/target:/opt/rustwide/target:rw,Z" "-v" "/var/lib/crater-agent-workspace/builds/worker-2-tc2/source:/opt/rustwide/workdir:ro,Z" "-v" "/var/lib/crater-agent-workspace/cargo-home:/opt/rustwide/cargo-home:ro,Z" "-v" "/var/lib/crater-agent-workspace/rustup-home:/opt/rustwide/rustup-home:ro,Z" "-e" "SOURCE_DIR=/opt/rustwide/workdir" "-e" "CARGO_TARGET_DIR=/opt/rustwide/target" "-e" "CARGO_INCREMENTAL=0" "-e" "RUST_BACKTRACE=full" "-e" "RUSTFLAGS=--cap-lints=warn" "-e" "RUSTDOCFLAGS=--cap-lints=warn" "-e" "CARGO_HOME=/opt/rustwide/cargo-home" "-e" "RUSTUP_HOME=/opt/rustwide/rustup-home" "-w" "/opt/rustwide/workdir" "-m" "1610612736" "--user" "0:0" "--network" "none" "ghcr.io/rust-lang/crates-build-env/linux@sha256:5ff2268d62e97bff2cde7d5815dd6ed5b47097566f13b8d0ca110b04b60e07ed" "/opt/rustwide/cargo-home/bin/cargo" "+beta-2023-04-20" "test" "--frozen", kill_on_drop: false }`
[INFO] [stdout] 3aceefb45c7e293308c644b90c98f2ac408b6c820824852725cfd22acf915ae3
[INFO] running `Command { std: "docker" "start" "-a" "3aceefb45c7e293308c644b90c98f2ac408b6c820824852725cfd22acf915ae3", kill_on_drop: false }`
[INFO] [stderr] [/opt/rustwide/cargo-home/registry/src/index.crates.io-6f17d22bba15001f/diesel-enum-0.0.4/src/lib.rs:323] error_type.segments.iter().fold(String::new(),
[INFO] [stderr]     |a, b| a + &b.ident.to_string() + "::") = "EnumError::"
[INFO] [stderr] [/opt/rustwide/cargo-home/registry/src/index.crates.io-6f17d22bba15001f/diesel-enum-0.0.4/src/lib.rs:327] &error_type_str[..error_type_str.len() - 2] = "EnumError"
[INFO] [stderr] [/opt/rustwide/cargo-home/registry/src/index.crates.io-6f17d22bba15001f/diesel-enum-0.0.4/src/lib.rs:323] error_type.segments.iter().fold(String::new(),
[INFO] [stderr]     |a, b| a + &b.ident.to_string() + "::") = "EnumError::"
[INFO] [stderr] [/opt/rustwide/cargo-home/registry/src/index.crates.io-6f17d22bba15001f/diesel-enum-0.0.4/src/lib.rs:327] &error_type_str[..error_type_str.len() - 2] = "EnumError"
[INFO] [stderr]     Finished test [unoptimized + debuginfo] target(s) in 0.15s
[INFO] [stderr] warning: the following packages contain code that will be rejected by a future version of Rust: redis v0.20.2, redis v0.21.1, ubyte v0.10.1
[INFO] [stderr] note: to see what the problems were, use the option `--future-incompat-report`, or run `cargo report future-incompatibilities --id 1`
[INFO] [stderr]      Running unittests src/lib.rs (/opt/rustwide/target/debug/deps/minerva-38edb08a13133fed)
[INFO] [stdout] 
[INFO] [stdout] running 2 tests
[INFO] [stdout] test bo::clientes::validacao_de_cpf ... ok
[INFO] [stdout] test bo::clientes::validacao_de_cnpj ... ok
[INFO] [stderr]      Running unittests src/main.rs (/opt/rustwide/target/debug/deps/minerva_server-3450196da0053844)
[INFO] [stdout] 
[INFO] [stdout] test result: ok. 2 passed; 0 failed; 0 ignored; 0 measured; 0 filtered out; finished in 0.11s
[INFO] [stdout] 
[INFO] [stdout] 
[INFO] [stderr]    Doc-tests minerva
[INFO] [stdout] running 0 tests
[INFO] [stdout] 
[INFO] [stdout] test result: ok. 0 passed; 0 failed; 0 ignored; 0 measured; 0 filtered out; finished in 0.00s
[INFO] [stdout] 
[INFO] [stderr] [/opt/rustwide/cargo-home/registry/src/index.crates.io-6f17d22bba15001f/diesel-enum-0.0.4/src/lib.rs:323] error_type.segments.iter().fold(String::new(),
[INFO] [stderr]     |a, b| a + &b.ident.to_string() + "::") = "EnumError::"
[INFO] [stderr] [/opt/rustwide/cargo-home/registry/src/index.crates.io-6f17d22bba15001f/diesel-enum-0.0.4/src/lib.rs:327] &error_type_str[..error_type_str.len() - 2] = "EnumError"
[INFO] [stdout] 
[INFO] [stdout] running 3 tests
[INFO] [stdout] test src/bo/db.rs - bo::db::cria_pool_conexoes (line 48) ... FAILED
[INFO] [stdout] test src/bo/redis.rs - bo::redis::cria_pool_redis (line 52) ... FAILED
[INFO] [stdout] test src/bo/auth/mod.rs - bo::auth::AuthKey (line 113) ... FAILED
[INFO] [stdout] 
[INFO] [stdout] failures:
[INFO] [stdout] 
[INFO] [stdout] ---- src/bo/db.rs - bo::db::cria_pool_conexoes (line 48) stdout ----
[INFO] [stdout] error: expected one of `!`, `.`, `::`, `;`, `?`, `{`, `}`, or an operator, found `minerva`
[INFO] [stdout]  --> src/bo/db.rs:51:5
[INFO] [stdout]   |
[INFO] [stdout] 6 | usr minerva::db::postgres::*;
[INFO] [stdout]   |     ^^^^^^^ expected one of 8 possible tokens
[INFO] [stdout] 
[INFO] [stdout] error: aborting due to previous error
[INFO] [stdout] 
[INFO] [stdout] Couldn't compile the test.
[INFO] [stdout] ---- src/bo/redis.rs - bo::redis::cria_pool_redis (line 52) stdout ----
[INFO] [stdout] error[E0433]: failed to resolve: could not find `db` in `minerva`
[INFO] [stdout]  --> src/bo/redis.rs:53:14
[INFO] [stdout]   |
[INFO] [stdout] 4 | use minerva::db::redis::*;
[INFO] [stdout]   |              ^^ could not find `db` in `minerva`
[INFO] [stdout] 
[INFO] [stdout] error[E0425]: cannot find function `cria_pool_redis` in this scope
[INFO] [stdout]  --> src/bo/redis.rs:55:18
[INFO] [stdout]   |
[INFO] [stdout] 6 | let redis_pool = cria_pool_redis();
[INFO] [stdout]   |                  ^^^^^^^^^^^^^^^ not found in this scope
[INFO] [stdout]   |
[INFO] [stdout] help: consider importing this function
[INFO] [stdout]   |
[INFO] [stdout] 2 + use minerva::bo::redis::cria_pool_redis;
[INFO] [stdout]   |
[INFO] [stdout] 
[INFO] [stdout] error: aborting due to 2 previous errors
[INFO] [stdout] 
[INFO] [stdout] Some errors have detailed explanations: E0425, E0433.
[INFO] [stdout] For more information about an error, try `rustc --explain E0425`.
[INFO] [stdout] Couldn't compile the test.
[INFO] [stdout] ---- src/bo/auth/mod.rs - bo::auth::AuthKey (line 113) stdout ----
[INFO] [stdout] error: cannot find attribute `get` in this scope
[INFO] [stdout]  --> src/bo/auth/mod.rs:114:3
[INFO] [stdout]   |
[INFO] [stdout] 3 | #[get("/")]
[INFO] [stdout]   |   ^^^
[INFO] [stdout]   |
[INFO] [stdout]   = help: consider importing this attribute macro:
[INFO] [stdout]           rocket::get
[INFO] [stdout] 
[INFO] [stdout] error[E0412]: cannot find type `AuthKey` in this scope
[INFO] [stdout]  --> src/bo/auth/mod.rs:115:16
[INFO] [stdout]   |
[INFO] [stdout] 4 | fn index(auth: AuthKey<'_>) -> String {
[INFO] [stdout]   |                ^^^^^^^ not found in this scope
[INFO] [stdout]   |
[INFO] [stdout] help: consider importing this struct
[INFO] [stdout]   |
[INFO] [stdout] 2 + use minerva::bo::auth::AuthKey;
[INFO] [stdout]   |
[INFO] [stdout] 
[INFO] [stdout] error: aborting due to 2 previous errors
[INFO] [stdout] 
[INFO] [stdout] For more information about this error, try `rustc --explain E0412`.
[INFO] [stdout] Couldn't compile the test.
[INFO] [stdout] 
[INFO] [stdout] failures:
[INFO] [stdout]     src/bo/auth/mod.rs - bo::auth::AuthKey (line 113)
[INFO] [stdout]     src/bo/db.rs - bo::db::cria_pool_conexoes (line 48)
[INFO] [stdout]     src/bo/redis.rs - bo::redis::cria_pool_redis (line 52)
[INFO] [stdout] 
[INFO] [stdout] test result: FAILED. 0 passed; 3 failed; 0 ignored; 0 measured; 0 filtered out; finished in 0.16s
[INFO] [stdout] 
[INFO] [stderr] error: doctest failed, to rerun pass `--doc`
[INFO] running `Command { std: "docker" "inspect" "3aceefb45c7e293308c644b90c98f2ac408b6c820824852725cfd22acf915ae3", kill_on_drop: false }`
[INFO] running `Command { std: "docker" "rm" "-f" "3aceefb45c7e293308c644b90c98f2ac408b6c820824852725cfd22acf915ae3", kill_on_drop: false }`
[INFO] [stdout] 3aceefb45c7e293308c644b90c98f2ac408b6c820824852725cfd22acf915ae3
