[INFO] cloning repository https://github.com/lukaspustina/flatcat
[INFO] running `Command { std: "git" "-c" "credential.helper=" "-c" "credential.helper=/workspace/cargo-home/bin/git-credential-null" "clone" "--bare" "https://github.com/lukaspustina/flatcat" "/workspace/cache/git-repos/https%3A%2F%2Fgithub.com%2Flukaspustina%2Fflatcat", kill_on_drop: false }`
[INFO] [stderr] Cloning into bare repository '/workspace/cache/git-repos/https%3A%2F%2Fgithub.com%2Flukaspustina%2Fflatcat'...
[INFO] running `Command { std: "git" "rev-parse" "HEAD", kill_on_drop: false }`
[INFO] [stdout] 71f14af015b6039626cfb97462e565fa43bdccae
[INFO] testing lukaspustina/flatcat against beta-2023-04-20 for beta-1.70-1
[INFO] running `Command { std: "git" "clone" "/workspace/cache/git-repos/https%3A%2F%2Fgithub.com%2Flukaspustina%2Fflatcat" "/workspace/builds/worker-3-tc2/source", kill_on_drop: false }`
[INFO] [stderr] Cloning into '/workspace/builds/worker-3-tc2/source'...
[INFO] [stderr] done.
[INFO] validating manifest of git repo https://github.com/lukaspustina/flatcat on toolchain beta-2023-04-20
[INFO] running `Command { std: CARGO_HOME="/workspace/cargo-home" RUSTUP_HOME="/workspace/rustup-home" "/workspace/cargo-home/bin/cargo" "+beta-2023-04-20" "metadata" "--manifest-path" "Cargo.toml" "--no-deps", kill_on_drop: false }`
[INFO] started tweaking git repo https://github.com/lukaspustina/flatcat
[INFO] finished tweaking git repo https://github.com/lukaspustina/flatcat
[INFO] tweaked toml for git repo https://github.com/lukaspustina/flatcat written to /workspace/builds/worker-3-tc2/source/Cargo.toml
[INFO] crate git repo https://github.com/lukaspustina/flatcat already has a lockfile, it will not be regenerated
[INFO] running `Command { std: CARGO_HOME="/workspace/cargo-home" RUSTUP_HOME="/workspace/rustup-home" "/workspace/cargo-home/bin/cargo" "+beta-2023-04-20" "fetch" "--manifest-path" "Cargo.toml", kill_on_drop: false }`
[INFO] [stderr]     Updating crates.io index
[INFO] [stderr]  Downloading crates ...
[INFO] [stderr]   Downloaded lit v1.0.3
[INFO] running `Command { std: "docker" "create" "-v" "/var/lib/crater-agent-workspace/builds/worker-3-tc2/target:/opt/rustwide/target:rw,Z" "-v" "/var/lib/crater-agent-workspace/builds/worker-3-tc2/source:/opt/rustwide/workdir:ro,Z" "-v" "/var/lib/crater-agent-workspace/cargo-home:/opt/rustwide/cargo-home:ro,Z" "-v" "/var/lib/crater-agent-workspace/rustup-home:/opt/rustwide/rustup-home:ro,Z" "-e" "SOURCE_DIR=/opt/rustwide/workdir" "-e" "CARGO_TARGET_DIR=/opt/rustwide/target" "-e" "CARGO_HOME=/opt/rustwide/cargo-home" "-e" "RUSTUP_HOME=/opt/rustwide/rustup-home" "-w" "/opt/rustwide/workdir" "-m" "1610612736" "--user" "0:0" "--network" "none" "ghcr.io/rust-lang/crates-build-env/linux@sha256:5ff2268d62e97bff2cde7d5815dd6ed5b47097566f13b8d0ca110b04b60e07ed" "/opt/rustwide/cargo-home/bin/cargo" "+beta-2023-04-20" "metadata" "--no-deps" "--format-version=1", kill_on_drop: false }`
[INFO] [stdout] 081cc57b65d4ccc18c692319aa9f0540891a0403e3a746e30e74ae242588b89c
[INFO] running `Command { std: "docker" "start" "-a" "081cc57b65d4ccc18c692319aa9f0540891a0403e3a746e30e74ae242588b89c", kill_on_drop: false }`
[INFO] running `Command { std: "docker" "inspect" "081cc57b65d4ccc18c692319aa9f0540891a0403e3a746e30e74ae242588b89c", kill_on_drop: false }`
[INFO] running `Command { std: "docker" "rm" "-f" "081cc57b65d4ccc18c692319aa9f0540891a0403e3a746e30e74ae242588b89c", kill_on_drop: false }`
[INFO] [stdout] 081cc57b65d4ccc18c692319aa9f0540891a0403e3a746e30e74ae242588b89c
[INFO] running `Command { std: "docker" "create" "-v" "/var/lib/crater-agent-workspace/builds/worker-3-tc2/target:/opt/rustwide/target:rw,Z" "-v" "/var/lib/crater-agent-workspace/builds/worker-3-tc2/source:/opt/rustwide/workdir:ro,Z" "-v" "/var/lib/crater-agent-workspace/cargo-home:/opt/rustwide/cargo-home:ro,Z" "-v" "/var/lib/crater-agent-workspace/rustup-home:/opt/rustwide/rustup-home:ro,Z" "-e" "SOURCE_DIR=/opt/rustwide/workdir" "-e" "CARGO_TARGET_DIR=/opt/rustwide/target" "-e" "CARGO_INCREMENTAL=0" "-e" "RUST_BACKTRACE=full" "-e" "RUSTFLAGS=--cap-lints=warn" "-e" "RUSTDOCFLAGS=--cap-lints=warn" "-e" "CARGO_HOME=/opt/rustwide/cargo-home" "-e" "RUSTUP_HOME=/opt/rustwide/rustup-home" "-w" "/opt/rustwide/workdir" "-m" "1610612736" "--user" "0:0" "--network" "none" "ghcr.io/rust-lang/crates-build-env/linux@sha256:5ff2268d62e97bff2cde7d5815dd6ed5b47097566f13b8d0ca110b04b60e07ed" "/opt/rustwide/cargo-home/bin/cargo" "+beta-2023-04-20" "build" "--frozen" "--message-format=json", kill_on_drop: false }`
[INFO] [stdout] a141f56924ebad265f98e3a69bda5f25a955ea951d3e3805738d83723af38d85
[INFO] running `Command { std: "docker" "start" "-a" "a141f56924ebad265f98e3a69bda5f25a955ea951d3e3805738d83723af38d85", kill_on_drop: false }`
[INFO] [stderr]    Compiling proc-macro2 v1.0.24
[INFO] [stderr]    Compiling unicode-xid v0.2.1
[INFO] [stderr]    Compiling syn v1.0.61
[INFO] [stderr]    Compiling version_check v0.9.2
[INFO] [stderr]    Compiling libc v0.2.88
[INFO] [stderr]    Compiling serde_derive v1.0.124
[INFO] [stderr]    Compiling unicode-width v0.1.8
[INFO] [stderr]    Compiling unicode-segmentation v1.7.1
[INFO] [stderr]    Compiling autocfg v1.0.1
[INFO] [stderr]    Compiling serde v1.0.124
[INFO] [stderr]    Compiling ansi_term v0.11.0
[INFO] [stderr]    Compiling vec_map v0.8.2
[INFO] [stderr]    Compiling strsim v0.8.0
[INFO] [stderr]    Compiling hashbrown v0.9.1
[INFO] [stderr]    Compiling ryu v1.0.5
[INFO] [stderr]    Compiling serde_json v1.0.64
[INFO] [stderr]    Compiling linked-hash-map v0.5.4
[INFO] [stderr]    Compiling textwrap v0.11.0
[INFO] [stderr]    Compiling anyhow v1.0.38
[INFO] [stderr]    Compiling yaml-rust v0.4.5
[INFO] [stderr]    Compiling itoa v0.4.7
[INFO] [stderr]    Compiling proc-macro-error-attr v1.0.4
[INFO] [stderr]    Compiling proc-macro-error v1.0.4
[INFO] [stderr]    Compiling heck v0.3.2
[INFO] [stderr]    Compiling indexmap v1.6.2
[INFO] [stderr]    Compiling dtoa v0.4.7
[INFO] [stderr]    Compiling yansi v0.5.0
[INFO] [stderr]    Compiling quote v1.0.9
[INFO] [stderr]    Compiling atty v0.2.14
[INFO] [stderr]    Compiling clap v2.33.3
[INFO] [stderr]    Compiling structopt-derive v0.4.14
[INFO] [stderr]    Compiling thiserror-impl v1.0.24
[INFO] [stderr]    Compiling thiserror v1.0.24
[INFO] [stderr]    Compiling structopt v0.3.21
[INFO] [stderr]    Compiling flatcat v0.0.1 (/opt/rustwide/workdir)
[INFO] [stderr]    Compiling serde_yaml v0.8.17
[INFO] [stderr]    Compiling toml v0.5.8
[INFO] [stderr]     Finished dev [unoptimized + debuginfo] target(s) in 11.11s
[INFO] running `Command { std: "docker" "inspect" "a141f56924ebad265f98e3a69bda5f25a955ea951d3e3805738d83723af38d85", kill_on_drop: false }`
[INFO] running `Command { std: "docker" "rm" "-f" "a141f56924ebad265f98e3a69bda5f25a955ea951d3e3805738d83723af38d85", kill_on_drop: false }`
[INFO] [stdout] a141f56924ebad265f98e3a69bda5f25a955ea951d3e3805738d83723af38d85
[INFO] running `Command { std: "docker" "create" "-v" "/var/lib/crater-agent-workspace/builds/worker-3-tc2/target:/opt/rustwide/target:rw,Z" "-v" "/var/lib/crater-agent-workspace/builds/worker-3-tc2/source:/opt/rustwide/workdir:ro,Z" "-v" "/var/lib/crater-agent-workspace/cargo-home:/opt/rustwide/cargo-home:ro,Z" "-v" "/var/lib/crater-agent-workspace/rustup-home:/opt/rustwide/rustup-home:ro,Z" "-e" "SOURCE_DIR=/opt/rustwide/workdir" "-e" "CARGO_TARGET_DIR=/opt/rustwide/target" "-e" "CARGO_INCREMENTAL=0" "-e" "RUST_BACKTRACE=full" "-e" "RUSTFLAGS=--cap-lints=warn" "-e" "RUSTDOCFLAGS=--cap-lints=warn" "-e" "CARGO_HOME=/opt/rustwide/cargo-home" "-e" "RUSTUP_HOME=/opt/rustwide/rustup-home" "-w" "/opt/rustwide/workdir" "-m" "1610612736" "--user" "0:0" "--network" "none" "ghcr.io/rust-lang/crates-build-env/linux@sha256:5ff2268d62e97bff2cde7d5815dd6ed5b47097566f13b8d0ca110b04b60e07ed" "/opt/rustwide/cargo-home/bin/cargo" "+beta-2023-04-20" "test" "--frozen" "--no-run" "--message-format=json", kill_on_drop: false }`
[INFO] [stdout] 22aabc74c1d728d439da2a3dbb5699c3f4e728301e00a8a473a0db6d033e077d
[INFO] running `Command { std: "docker" "start" "-a" "22aabc74c1d728d439da2a3dbb5699c3f4e728301e00a8a473a0db6d033e077d", kill_on_drop: false }`
[INFO] [stderr]    Compiling num-traits v0.2.14
[INFO] [stderr]    Compiling cfg-if v1.0.0
[INFO] [stderr]    Compiling num-integer v0.1.44
[INFO] [stderr]    Compiling getrandom v0.2.2
[INFO] [stderr]    Compiling miniz_oxide v0.4.4
[INFO] [stderr]    Compiling rustc-serialize v0.3.24
[INFO] [stderr]    Compiling memchr v2.3.4
[INFO] [stderr]    Compiling rand v0.4.6
[INFO] [stderr]    Compiling num-iter v0.1.42
[INFO] [stderr]    Compiling gimli v0.23.0
[INFO] [stderr]    Compiling ppv-lite86 v0.2.10
[INFO] [stderr]    Compiling adler v1.0.2
[INFO] [stderr]    Compiling dirs-sys v0.3.5
[INFO] [stderr]    Compiling error-chain v0.12.4
[INFO] [stderr]    Compiling log v0.4.14
[INFO] [stderr]    Compiling rustc-demangle v0.1.18
[INFO] [stderr]    Compiling object v0.23.0
[INFO] [stderr]    Compiling cfg-if v0.1.10
[INFO] [stderr]    Compiling once_cell v1.7.2
[INFO] [stderr]    Compiling dirs v2.0.2
[INFO] [stderr]    Compiling same-file v1.0.6
[INFO] [stderr]    Compiling regex-syntax v0.6.22
[INFO] [stderr]    Compiling either v1.6.1
[INFO] [stderr]    Compiling thread_local v1.1.3
[INFO] [stderr]    Compiling remove_dir_all v0.5.3
[INFO] [stderr]    Compiling term v0.6.1
[INFO] [stderr]    Compiling rand_core v0.6.2
[INFO] [stderr]    Compiling itertools v0.9.0
[INFO] [stderr]    Compiling walkdir v2.3.1
[INFO] [stderr]    Compiling aho-corasick v0.7.15
[INFO] [stderr]    Compiling rand_chacha v0.3.0
[INFO] [stderr]    Compiling rand v0.8.3
[INFO] [stderr]    Compiling tempfile v3.2.0
[INFO] [stderr]    Compiling num-bigint v0.1.44
[INFO] [stderr]    Compiling num-complex v0.1.43
[INFO] [stderr]    Compiling addr2line v0.14.1
[INFO] [stderr]    Compiling backtrace v0.3.56
[INFO] [stderr]    Compiling regex v1.4.3
[INFO] [stderr]    Compiling num-rational v0.1.42
[INFO] [stderr]    Compiling num v0.1.42
[INFO] [stderr]    Compiling spectral v0.6.0
[INFO] [stderr]    Compiling lit v1.0.3
[INFO] [stderr]    Compiling flatcat v0.0.1 (/opt/rustwide/workdir)
[INFO] [stderr]     Finished test [unoptimized + debuginfo] target(s) in 6.37s
[INFO] [stderr] warning: the following packages contain code that will be rejected by a future version of Rust: rustc-serialize v0.3.24
[INFO] [stderr] note: to see what the problems were, use the option `--future-incompat-report`, or run `cargo report future-incompatibilities --id 1`
[INFO] running `Command { std: "docker" "inspect" "22aabc74c1d728d439da2a3dbb5699c3f4e728301e00a8a473a0db6d033e077d", kill_on_drop: false }`
[INFO] running `Command { std: "docker" "rm" "-f" "22aabc74c1d728d439da2a3dbb5699c3f4e728301e00a8a473a0db6d033e077d", kill_on_drop: false }`
[INFO] [stdout] 22aabc74c1d728d439da2a3dbb5699c3f4e728301e00a8a473a0db6d033e077d
[INFO] running `Command { std: "docker" "create" "-v" "/var/lib/crater-agent-workspace/builds/worker-3-tc2/target:/opt/rustwide/target:rw,Z" "-v" "/var/lib/crater-agent-workspace/builds/worker-3-tc2/source:/opt/rustwide/workdir:ro,Z" "-v" "/var/lib/crater-agent-workspace/cargo-home:/opt/rustwide/cargo-home:ro,Z" "-v" "/var/lib/crater-agent-workspace/rustup-home:/opt/rustwide/rustup-home:ro,Z" "-e" "SOURCE_DIR=/opt/rustwide/workdir" "-e" "CARGO_TARGET_DIR=/opt/rustwide/target" "-e" "CARGO_INCREMENTAL=0" "-e" "RUST_BACKTRACE=full" "-e" "RUSTFLAGS=--cap-lints=warn" "-e" "RUSTDOCFLAGS=--cap-lints=warn" "-e" "CARGO_HOME=/opt/rustwide/cargo-home" "-e" "RUSTUP_HOME=/opt/rustwide/rustup-home" "-w" "/opt/rustwide/workdir" "-m" "1610612736" "--user" "0:0" "--network" "none" "ghcr.io/rust-lang/crates-build-env/linux@sha256:5ff2268d62e97bff2cde7d5815dd6ed5b47097566f13b8d0ca110b04b60e07ed" "/opt/rustwide/cargo-home/bin/cargo" "+beta-2023-04-20" "test" "--frozen", kill_on_drop: false }`
[INFO] [stdout] 23f7bd75b0068ffffc0d2e25a2f40ec5038a11326bb0433ef44504ec65a3c431
[INFO] running `Command { std: "docker" "start" "-a" "23f7bd75b0068ffffc0d2e25a2f40ec5038a11326bb0433ef44504ec65a3c431", kill_on_drop: false }`
[INFO] [stderr]     Finished test [unoptimized + debuginfo] target(s) in 0.05s
[INFO] [stderr] warning: the following packages contain code that will be rejected by a future version of Rust: rustc-serialize v0.3.24
[INFO] [stderr] note: to see what the problems were, use the option `--future-incompat-report`, or run `cargo report future-incompatibilities --id 1`
[INFO] [stderr]      Running unittests src/lib.rs (/opt/rustwide/target/debug/deps/flatcat-58de3c822070ae9b)
[INFO] [stdout] 
[INFO] [stdout] running 12 tests
[INFO] [stdout] test catter::tests::path::new ... ok
[INFO] [stdout] test catter::tests::path::pop ... ok
[INFO] [stdout] test catter::tests::path::push_no_sep ... ok
[INFO] [stdout] test catter::tests::path::push ... ok
[INFO] [stdout] test catter::tests::path::too_many_pop_are_okay ... ok
[INFO] [stdout] test file_extension::tests::json ... ok
[INFO] [stdout] test file_extension::tests::toml ... ok
[INFO] [stdout] test file_extension::tests::yaml ... ok
[INFO] [stdout] test file_extension::tests::yml ... ok
[INFO] [stdout] test format::tests::json_from_str ... ok
[INFO] [stdout] test format::tests::toml_from_str ... ok
[INFO] [stdout] test format::tests::yaml_from_str ... ok
[INFO] [stdout] 
[INFO] [stdout] test result: ok. 12 passed; 0 failed; 0 ignored; 0 measured; 0 filtered out; finished in 0.00s
[INFO] [stdout] 
[INFO] [stderr]      Running unittests src/bin/fcat.rs (/opt/rustwide/target/debug/deps/fcat-b8d0cf4dac85c81c)
[INFO] [stdout] 
[INFO] [stdout] running 0 tests
[INFO] [stdout] 
[INFO] [stdout] test result: ok. 0 passed; 0 failed; 0 ignored; 0 measured; 0 filtered out; finished in 0.00s
[INFO] [stdout] 
[INFO] [stderr]      Running tests/cli_output_tests.rs (/opt/rustwide/target/debug/deps/cli_output_tests-6c6a504911c0aaef)
[INFO] [stdout] 
[INFO] [stdout] running 1 test
[INFO] [stdout] 
[INFO] [stdout] =================================================================
[INFO] [stdout] Running tests (18 files)
[INFO] [stdout] =================================================================
[INFO] [stdout] 
[INFO] [stderr] FAIL :: toml_simple-with_no_quotes.output
[INFO] [stdout] 
[INFO] [stdout] 
[INFO] [stdout] test failed: unsuccessful program execution whilst running test
[INFO] [stdout] 
[INFO] [stdout] command '/opt/rustwide/workdir/target/debug/fcat --no-color --flatten --no-quotes tests/files/simple.toml' exited with code '127'
[INFO] [stdout] 
[INFO] [stdout] NOTE: the program '/opt/rustwide/workdir/target/debug/fcat --no-color --flatten --no-quotes tests/files/simple.toml' emitted text on standard error:
[INFO] [stdout] 
[INFO] [stdout] <stderr>:
[INFO] [stdout] 
[INFO] [stdout]   1|      bash: line 1: /opt/rustwide/workdir/target/debug/fcat: No such file or directory
[INFO] [stdout] 
[INFO] [stdout] </stderr>
[INFO] [stdout] 
[INFO] [stderr] FAIL :: plain.output
[INFO] [stdout] 
[INFO] [stdout] 
[INFO] [stdout] test failed: unsuccessful program execution whilst running test
[INFO] [stdout] 
[INFO] [stdout] command '/opt/rustwide/workdir/target/debug/fcat --no-color Makefile' exited with code '127'
[INFO] [stdout] 
[INFO] [stdout] NOTE: the program '/opt/rustwide/workdir/target/debug/fcat --no-color Makefile' emitted text on standard error:
[INFO] [stdout] 
[INFO] [stdout] <stderr>:
[INFO] [stdout] 
[INFO] [stdout]   1|      bash: line 1: /opt/rustwide/workdir/target/debug/fcat: No such file or directory
[INFO] [stdout] 
[INFO] [stdout] </stderr>
[INFO] [stdout] 
[INFO] [stderr] FAIL :: plain-with_end_of_line.output
[INFO] [stdout] 
[INFO] [stdout] 
[INFO] [stdout] test failed: unsuccessful program execution whilst running test
[INFO] [stdout] 
[INFO] [stdout] command '/opt/rustwide/workdir/target/debug/fcat --no-color --line-end tests/files/text.md' exited with code '127'
[INFO] [stdout] 
[INFO] [stdout] NOTE: the program '/opt/rustwide/workdir/target/debug/fcat --no-color --line-end tests/files/text.md' emitted text on standard error:
[INFO] [stdout] 
[INFO] [stdout] <stderr>:
[INFO] [stdout] 
[INFO] [stdout]   1|      bash: line 1: /opt/rustwide/workdir/target/debug/fcat: No such file or directory
[INFO] [stdout] 
[INFO] [stdout] </stderr>
[INFO] [stdout] 
[INFO] [stderr] FAIL :: yaml_simple-with_no_quotes.output
[INFO] [stdout] 
[INFO] [stdout] 
[INFO] [stdout] test failed: unsuccessful program execution whilst running test
[INFO] [stdout] 
[INFO] [stdout] command '/opt/rustwide/workdir/target/debug/fcat --no-color --flatten --no-quotes tests/files/simple.yaml' exited with code '127'
[INFO] [stdout] 
[INFO] [stdout] NOTE: the program '/opt/rustwide/workdir/target/debug/fcat --no-color --flatten --no-quotes tests/files/simple.yaml' emitted text on standard error:
[INFO] [stdout] 
[INFO] [stdout] <stderr>:
[INFO] [stdout] 
[INFO] [stdout]   1|      bash: line 1: /opt/rustwide/workdir/target/debug/fcat: No such file or directory
[INFO] [stdout] 
[INFO] [stdout] </stderr>
[INFO] [stdout] 
[INFO] [stderr] FAIL :: plain-with_numbers.output
[INFO] [stdout] 
[INFO] [stdout] 
[INFO] [stdout] test failed: unsuccessful program execution whilst running test
[INFO] [stdout] 
[INFO] [stdout] command '/opt/rustwide/workdir/target/debug/fcat --no-color --numbers --flatten Makefile' exited with code '127'
[INFO] [stdout] 
[INFO] [stdout] NOTE: the program '/opt/rustwide/workdir/target/debug/fcat --no-color --numbers --flatten Makefile' emitted text on standard error:
[INFO] [stdout] 
[INFO] [stdout] <stderr>:
[INFO] [stdout] 
[INFO] [stdout]   1|      bash: line 1: /opt/rustwide/workdir/target/debug/fcat: No such file or directory
[INFO] [stdout] 
[INFO] [stdout] </stderr>
[INFO] [stdout] 
[INFO] [stderr] FAIL :: json_simple-with_no_quotes.output
[INFO] [stdout] 
[INFO] [stdout] 
[INFO] [stdout] test failed: unsuccessful program execution whilst running test
[INFO] [stdout] 
[INFO] [stdout] command '/opt/rustwide/workdir/target/debug/fcat --no-color --flatten --no-quotes tests/files/simple.json' exited with code '127'
[INFO] [stdout] 
[INFO] [stdout] NOTE: the program '/opt/rustwide/workdir/target/debug/fcat --no-color --flatten --no-quotes tests/files/simple.json' emitted text on standard error:
[INFO] [stdout] 
[INFO] [stdout] <stderr>:
[INFO] [stdout] 
[INFO] [stdout]   1|      bash: line 1: /opt/rustwide/workdir/target/debug/fcat: No such file or directory
[INFO] [stdout] 
[INFO] [stdout] </stderr>
[INFO] [stdout] 
[INFO] [stderr] FAIL :: toml_cargo.output
[INFO] [stdout] 
[INFO] [stdout] 
[INFO] [stdout] test failed: unsuccessful program execution whilst running test
[INFO] [stdout] 
[INFO] [stdout] command '/opt/rustwide/workdir/target/debug/fcat --no-color --flatten --numbers Cargo.toml' exited with code '127'
[INFO] [stdout] 
[INFO] [stdout] NOTE: the program '/opt/rustwide/workdir/target/debug/fcat --no-color --flatten --numbers Cargo.toml' emitted text on standard error:
[INFO] [stdout] 
[INFO] [stdout] <stderr>:
[INFO] [stdout] 
[INFO] [stdout]   1|      bash: line 1: /opt/rustwide/workdir/target/debug/fcat: No such file or directory
[INFO] [stdout] 
[INFO] [stdout] </stderr>
[INFO] [stdout] 
[INFO] [stderr] FAIL :: concat.output
[INFO] [stdout] 
[INFO] [stdout] 
[INFO] [stdout] test failed: unsuccessful program execution whilst running test
[INFO] [stdout] 
[INFO] [stdout] command '/opt/rustwide/workdir/target/debug/fcat --no-color --flatten --numbers tests/files/simple.json tests/files/simple.toml' exited with code '127'
[INFO] [stdout] 
[INFO] [stdout] NOTE: the program '/opt/rustwide/workdir/target/debug/fcat --no-color --flatten --numbers tests/files/simple.json tests/files/simple.toml' emitted text on standard error:
[INFO] [stdout] 
[INFO] [stdout] <stderr>:
[INFO] [stdout] 
[INFO] [stdout]   1|      bash: line 1: /opt/rustwide/workdir/target/debug/fcat: No such file or directory
[INFO] [stdout] 
[INFO] [stdout] </stderr>
[INFO] [stdout] 
[INFO] [stderr] FAIL :: json_simple-with_no_null.output
[INFO] [stdout] 
[INFO] [stdout] 
[INFO] [stdout] test failed: unsuccessful program execution whilst running test
[INFO] [stdout] 
[INFO] [stdout] command '/opt/rustwide/workdir/target/debug/fcat --no-color --flatten --no-null tests/files/simple.json' exited with code '127'
[INFO] [stdout] 
[INFO] [stdout] NOTE: the program '/opt/rustwide/workdir/target/debug/fcat --no-color --flatten --no-null tests/files/simple.json' emitted text on standard error:
[INFO] [stdout] 
[INFO] [stdout] <stderr>:
[INFO] [stdout] 
[INFO] [stdout]   1|      bash: line 1: /opt/rustwide/workdir/target/debug/fcat: No such file or directory
[INFO] [stdout] 
[INFO] [stdout] </stderr>
[INFO] [stdout] 
[INFO] [stderr] FAIL :: json_simple.output
[INFO] [stdout] 
[INFO] [stdout] 
[INFO] [stdout] test failed: unsuccessful program execution whilst running test
[INFO] [stdout] 
[INFO] [stdout] command '/opt/rustwide/workdir/target/debug/fcat --no-color --flatten tests/files/simple.json' exited with code '127'
[INFO] [stdout] 
[INFO] [stdout] NOTE: the program '/opt/rustwide/workdir/target/debug/fcat --no-color --flatten tests/files/simple.json' emitted text on standard error:
[INFO] [stdout] 
[INFO] [stdout] <stderr>:
[INFO] [stdout] 
[INFO] [stdout]   1|      bash: line 1: /opt/rustwide/workdir/target/debug/fcat: No such file or directory
[INFO] [stdout] 
[INFO] [stdout] </stderr>
[INFO] [stdout] 
[INFO] [stderr] FAIL :: json_simple-with_numbers.output
[INFO] [stdout] 
[INFO] [stdout] 
[INFO] [stdout] test failed: unsuccessful program execution whilst running test
[INFO] [stdout] 
[INFO] [stdout] command '/opt/rustwide/workdir/target/debug/fcat --no-color --flatten --numbers tests/files/simple.json' exited with code '127'
[INFO] [stdout] 
[INFO] [stdout] NOTE: the program '/opt/rustwide/workdir/target/debug/fcat --no-color --flatten --numbers tests/files/simple.json' emitted text on standard error:
[INFO] [stdout] 
[INFO] [stdout] <stderr>:
[INFO] [stdout] 
[INFO] [stdout]   1|      bash: line 1: /opt/rustwide/workdir/target/debug/fcat: No such file or directory
[INFO] [stdout] 
[INFO] [stdout] </stderr>
[INFO] [stdout] 
[INFO] [stderr] FAIL :: toml_simple-with_numbers.output
[INFO] [stdout] 
[INFO] [stdout] 
[INFO] [stdout] test failed: unsuccessful program execution whilst running test
[INFO] [stdout] 
[INFO] [stdout] command '/opt/rustwide/workdir/target/debug/fcat --no-color --flatten --numbers tests/files/simple.toml' exited with code '127'
[INFO] [stdout] 
[INFO] [stdout] NOTE: the program '/opt/rustwide/workdir/target/debug/fcat --no-color --flatten --numbers tests/files/simple.toml' emitted text on standard error:
[INFO] [stdout] 
[INFO] [stdout] <stderr>:
[INFO] [stdout] 
[INFO] [stdout]   1|      bash: line 1: /opt/rustwide/workdir/target/debug/fcat: No such file or directory
[INFO] [stdout] 
[INFO] [stdout] </stderr>
[INFO] [stdout] 
[INFO] [stderr] FAIL :: yaml_simple-with_numbers.output
[INFO] [stdout] 
[INFO] [stdout] 
[INFO] [stdout] test failed: unsuccessful program execution whilst running test
[INFO] [stdout] 
[INFO] [stdout] command '/opt/rustwide/workdir/target/debug/fcat --no-color --flatten --numbers tests/files/simple.yaml' exited with code '127'
[INFO] [stdout] 
[INFO] [stdout] NOTE: the program '/opt/rustwide/workdir/target/debug/fcat --no-color --flatten --numbers tests/files/simple.yaml' emitted text on standard error:
[INFO] [stdout] 
[INFO] [stdout] <stderr>:
[INFO] [stdout] 
[INFO] [stdout]   1|      bash: line 1: /opt/rustwide/workdir/target/debug/fcat: No such file or directory
[INFO] [stdout] 
[INFO] [stdout] </stderr>
[INFO] [stdout] 
[INFO] [stderr] FAIL :: json_mhost.output
[INFO] [stdout] 
[INFO] [stdout] 
[INFO] [stdout] test failed: unsuccessful program execution whilst running test
[INFO] [stdout] 
[INFO] [stdout] command '/opt/rustwide/workdir/target/debug/fcat --no-color --flatten --numbers tests/files/mhost.lookup.pustina_de.json' exited with code '127'
[INFO] [stdout] 
[INFO] [stdout] NOTE: the program '/opt/rustwide/workdir/target/debug/fcat --no-color --flatten --numbers tests/files/mhost.lookup.pustina_de.json' emitted text on standard error:
[INFO] [stdout] 
[INFO] [stdout] <stderr>:
[INFO] [stdout] 
[INFO] [stdout]   1|      bash: line 1: /opt/rustwide/workdir/target/debug/fcat: No such file or directory
[INFO] [stdout] 
[INFO] [stdout] </stderr>
[INFO] [stdout] 
[INFO] [stderr] FAIL :: help.output
[INFO] [stdout] 
[INFO] [stdout] 
[INFO] [stdout] test failed: unsuccessful program execution whilst running test
[INFO] [stdout] 
[INFO] [stdout] command '/opt/rustwide/workdir/target/debug/fcat --help' exited with code '127'
[INFO] [stdout] 
[INFO] [stdout] NOTE: the program '/opt/rustwide/workdir/target/debug/fcat --help' emitted text on standard error:
[INFO] [stdout] 
[INFO] [stdout] <stderr>:
[INFO] [stdout] 
[INFO] [stdout]   1|      bash: line 1: /opt/rustwide/workdir/target/debug/fcat: No such file or directory
[INFO] [stdout] 
[INFO] [stdout] </stderr>
[INFO] [stdout] 
[INFO] [stderr] FAIL :: yaml_simple-with_no_null.output
[INFO] [stdout] 
[INFO] [stdout] 
[INFO] [stdout] test failed: unsuccessful program execution whilst running test
[INFO] [stdout] 
[INFO] [stdout] command '/opt/rustwide/workdir/target/debug/fcat --no-color --flatten --no-null tests/files/simple.yaml' exited with code '127'
[INFO] [stdout] 
[INFO] [stdout] NOTE: the program '/opt/rustwide/workdir/target/debug/fcat --no-color --flatten --no-null tests/files/simple.yaml' emitted text on standard error:
[INFO] [stdout] 
[INFO] [stdout] <stderr>:
[INFO] [stdout] 
[INFO] [stdout]   1|      bash: line 1: /opt/rustwide/workdir/target/debug/fcat: No such file or directory
[INFO] [stdout] 
[INFO] [stdout] </stderr>
[INFO] [stdout] 
[INFO] [stderr] FAIL :: yaml_simple.output
[INFO] [stdout] 
[INFO] [stdout] 
[INFO] [stdout] test failed: unsuccessful program execution whilst running test
[INFO] [stdout] 
[INFO] [stdout] command '/opt/rustwide/workdir/target/debug/fcat --no-color --flatten tests/files/simple.yaml' exited with code '127'
[INFO] [stdout] 
[INFO] [stdout] NOTE: the program '/opt/rustwide/workdir/target/debug/fcat --no-color --flatten tests/files/simple.yaml' emitted text on standard error:
[INFO] [stdout] 
[INFO] [stdout] <stderr>:
[INFO] [stdout] 
[INFO] [stdout]   1|      bash: line 1: /opt/rustwide/workdir/target/debug/fcat: No such file or directory
[INFO] [stdout] 
[INFO] [stdout] </stderr>
[INFO] [stdout] 
[INFO] [stderr] FAIL :: toml_simple.output
[INFO] [stdout] 
[INFO] [stderr] error: tests failed
[INFO] [stdout] 
[INFO] [stderr]   FAIL :: toml_simple-with_no_quotes.output
[INFO] [stdout] test failed: unsuccessful program execution whilst running test
[INFO] [stderr]   FAIL :: plain.output
[INFO] [stdout] 
[INFO] [stderr]   FAIL :: plain-with_end_of_line.output
[INFO] [stdout] command '/opt/rustwide/workdir/target/debug/fcat --no-color --flatten tests/files/simple.toml' exited with code '127'
[INFO] [stderr]   FAIL :: yaml_simple-with_no_quotes.output
[INFO] [stdout] 
[INFO] [stdout] NOTE: the program '/opt/rustwide/workdir/target/debug/fcat --no-color --flatten tests/files/simple.toml' emitted text on standard error:
[INFO] [stdout] 
[INFO] [stdout] <stderr>:
[INFO] [stdout] 
[INFO] [stdout]   1|      bash: line 1: /opt/rustwide/workdir/target/debug/fcat: No such file or directory
[INFO] [stdout] 
[INFO] [stderr]   FAIL :: plain-with_numbers.output
[INFO] [stdout] </stderr>
[INFO] [stderr]   FAIL :: json_simple-with_no_quotes.output
[INFO] [stdout] 
[INFO] [stderr]   FAIL :: toml_cargo.output
[INFO] [stdout] 
[INFO] [stderr]   FAIL :: concat.output
[INFO] [stdout] finished running tests
[INFO] [stderr]   FAIL :: json_simple-with_no_null.output
[INFO] [stdout] 
[INFO] [stderr]   FAIL :: json_simple.output
[INFO] [stdout] =================================================================
[INFO] [stderr]   FAIL :: json_simple-with_numbers.output
[INFO] [stdout] =================================================================
[INFO] [stderr]   FAIL :: toml_simple-with_numbers.output
[INFO] [stdout] 
[INFO] [stderr]   FAIL :: yaml_simple-with_numbers.output
[INFO] [stdout] 
[INFO] [stderr]   FAIL :: json_mhost.output
[INFO] [stdout] Failing tests (18/18):
[INFO] [stderr]   FAIL :: help.output
[INFO] [stdout] 
[INFO] [stderr]   FAIL :: yaml_simple-with_no_null.output
[INFO] [stdout] 
[INFO] [stderr]   FAIL :: yaml_simple.output
[INFO] [stdout] =================================================================
[INFO] [stderr]   FAIL :: toml_simple.output
[INFO] [stdout] Suite Status:
[INFO] [stderr] error: tests failed
[INFO] [stdout] 
[INFO] [stdout]   Test failures: 18
[INFO] [stdout] 
[INFO] [stdout] =================================================================
[INFO] [stdout] 
[INFO] [stdout] test cli_output_tests ... FAILED
[INFO] [stdout] 
[INFO] [stdout] failures:
[INFO] [stdout] 
[INFO] [stdout] ---- cli_output_tests stdout ----
[INFO] [stdout] thread 'cli_output_tests' panicked at 'cli output tests failed: ()', tests/cli_output_tests.rs:27:6
[INFO] [stdout] stack backtrace:
[INFO] [stdout]    0:     0x555fa61b058a - std::backtrace_rs::backtrace::libunwind::trace::h2f05d0192276a8f6
[INFO] [stdout]                                at /rustc/1b7dd2252b99671ce5d1cb9664c5f8636329436d/library/std/src/../../backtrace/src/backtrace/libunwind.rs:93:5
[INFO] [stdout]    1:     0x555fa61b058a - std::backtrace_rs::backtrace::trace_unsynchronized::hedc23dff7a1af150
[INFO] [stdout]                                at /rustc/1b7dd2252b99671ce5d1cb9664c5f8636329436d/library/std/src/../../backtrace/src/backtrace/mod.rs:66:5
[INFO] [stdout]    2:     0x555fa61b058a - std::sys_common::backtrace::_print_fmt::h17541ef7592f3ce2
[INFO] [stdout]                                at /rustc/1b7dd2252b99671ce5d1cb9664c5f8636329436d/library/std/src/sys_common/backtrace.rs:65:5
[INFO] [stdout]    3:     0x555fa61b058a - <std::sys_common::backtrace::_print::DisplayBacktrace as core::fmt::Display>::fmt::h20f75df5ab0c0792
[INFO] [stdout]                                at /rustc/1b7dd2252b99671ce5d1cb9664c5f8636329436d/library/std/src/sys_common/backtrace.rs:44:22
[INFO] [stdout]    4:     0x555fa61d4d8f - core::fmt::write::h78109e6f466b3af6
[INFO] [stdout]                                at /rustc/1b7dd2252b99671ce5d1cb9664c5f8636329436d/library/core/src/fmt/mod.rs:1254:17
[INFO] [stdout]    5:     0x555fa61ad495 - std::io::Write::write_fmt::hd24bfb68a1b35a25
[INFO] [stdout]                                at /rustc/1b7dd2252b99671ce5d1cb9664c5f8636329436d/library/std/src/io/mod.rs:1698:15
[INFO] [stdout]    6:     0x555fa61b0355 - std::sys_common::backtrace::_print::h8dac57a9f8fbf9a5
[INFO] [stdout]                                at /rustc/1b7dd2252b99671ce5d1cb9664c5f8636329436d/library/std/src/sys_common/backtrace.rs:47:5
[INFO] [stdout]    7:     0x555fa61b0355 - std::sys_common::backtrace::print::hf9ecbf41d1aa712f
[INFO] [stdout]                                at /rustc/1b7dd2252b99671ce5d1cb9664c5f8636329436d/library/std/src/sys_common/backtrace.rs:34:9
[INFO] [stdout]    8:     0x555fa61b200e - std::panicking::default_hook::{{closure}}::h04c07acfc84ca028
[INFO] [stdout]                                at /rustc/1b7dd2252b99671ce5d1cb9664c5f8636329436d/library/std/src/panicking.rs:269:22
[INFO] [stdout]    9:     0x555fa61b1d41 - std::panicking::default_hook::h01f6bb23e1eceb2c
[INFO] [stdout]                                at /rustc/1b7dd2252b99671ce5d1cb9664c5f8636329436d/library/std/src/panicking.rs:285:9
[INFO] [stdout]   10:     0x555fa618312b - <alloc::boxed::Box<F,A> as core::ops::function::Fn<Args>>::call::h87fe9f7b2fd49e4c
[INFO] [stdout]                                at /rustc/1b7dd2252b99671ce5d1cb9664c5f8636329436d/library/alloc/src/boxed.rs:1987:9
[INFO] [stdout]   11:     0x555fa618312b - test::test_main::{{closure}}::he94d679243a7531b
[INFO] [stdout]                                at /rustc/1b7dd2252b99671ce5d1cb9664c5f8636329436d/library/test/src/lib.rs:134:21
[INFO] [stdout]   12:     0x555fa61b26f4 - <alloc::boxed::Box<F,A> as core::ops::function::Fn<Args>>::call::h3f2d6d8b14c4769f
[INFO] [stdout]                                at /rustc/1b7dd2252b99671ce5d1cb9664c5f8636329436d/library/alloc/src/boxed.rs:1987:9
[INFO] [stdout]   13:     0x555fa61b26f4 - std::panicking::rust_panic_with_hook::h2bb3722bbaf2f6df
[INFO] [stdout]                                at /rustc/1b7dd2252b99671ce5d1cb9664c5f8636329436d/library/std/src/panicking.rs:695:13
[INFO] [stdout]   14:     0x555fa61b2469 - std::panicking::begin_panic_handler::{{closure}}::h91bc7f36a4be011b
[INFO] [stdout]                                at /rustc/1b7dd2252b99671ce5d1cb9664c5f8636329436d/library/std/src/panicking.rs:582:13
[INFO] [stdout]   15:     0x555fa61b09f6 - std::sys_common::backtrace::__rust_end_short_backtrace::h8b3d3717114f9e59
[INFO] [stdout]                                at /rustc/1b7dd2252b99671ce5d1cb9664c5f8636329436d/library/std/src/sys_common/backtrace.rs:150:18
[INFO] [stdout]   16:     0x555fa61b21c2 - rust_begin_unwind
[INFO] [stdout]                                at /rustc/1b7dd2252b99671ce5d1cb9664c5f8636329436d/library/std/src/panicking.rs:578:5
[INFO] [stdout]   17:     0x555fa5ecb603 - core::panicking::panic_fmt::hfd368e3fbdabea26
[INFO] [stdout]                                at /rustc/1b7dd2252b99671ce5d1cb9664c5f8636329436d/library/core/src/panicking.rs:67:14
[INFO] [stdout]   18:     0x555fa5ecbba3 - core::result::unwrap_failed::he54eb4b2f125b26f
[INFO] [stdout]                                at /rustc/1b7dd2252b99671ce5d1cb9664c5f8636329436d/library/core/src/result.rs:1687:5
[INFO] [stdout]   19:     0x555fa5eccd7e - core::result::Result<T,E>::expect::h87bb7837a8bc210a
[INFO] [stdout]                                at /rustc/1b7dd2252b99671ce5d1cb9664c5f8636329436d/library/core/src/result.rs:1046:23
[INFO] [stdout]   20:     0x555fa5ecd313 - cli_output_tests::cli_output_tests::h2322c73f1e86a49a
[INFO] [stdout]                                at /opt/rustwide/workdir/tests/cli_output_tests.rs:19:5
[INFO] [stdout]   21:     0x555fa5ecd2c7 - cli_output_tests::cli_output_tests::{{closure}}::ha39a887f85dfdcfb
[INFO] [stdout]                                at /opt/rustwide/workdir/tests/cli_output_tests.rs:18:23
[INFO] [stdout]   22:     0x555fa5ecc665 - core::ops::function::FnOnce::call_once::h0cc531b98716b8b3
[INFO] [stdout]                                at /rustc/1b7dd2252b99671ce5d1cb9664c5f8636329436d/library/core/src/ops/function.rs:250:5
[INFO] [stdout]   23:     0x555fa6187fff - core::ops::function::FnOnce::call_once::ha6a70e79f7481a7e
[INFO] [stdout]                                at /rustc/1b7dd2252b99671ce5d1cb9664c5f8636329436d/library/core/src/ops/function.rs:250:5
[INFO] [stdout]   24:     0x555fa6187fff - test::__rust_begin_short_backtrace::hce33033019b61e69
[INFO] [stdout]                                at /rustc/1b7dd2252b99671ce5d1cb9664c5f8636329436d/library/test/src/lib.rs:655:18
[INFO] [stdout]   25:     0x555fa61557ec - test::run_test::{{closure}}::h858d3528838ae3e5
[INFO] [stdout]                                at /rustc/1b7dd2252b99671ce5d1cb9664c5f8636329436d/library/test/src/lib.rs:646:30
[INFO] [stdout]   26:     0x555fa61557ec - core::ops::function::FnOnce::call_once{{vtable.shim}}::he8ac2b00f01ae79e
[INFO] [stdout]                                at /rustc/1b7dd2252b99671ce5d1cb9664c5f8636329436d/library/core/src/ops/function.rs:250:5
[INFO] [stdout]   27:     0x555fa61870d6 - <alloc::boxed::Box<F,A> as core::ops::function::FnOnce<Args>>::call_once::h8093d25b522725ef
[INFO] [stdout]                                at /rustc/1b7dd2252b99671ce5d1cb9664c5f8636329436d/library/alloc/src/boxed.rs:1973:9
[INFO] [stdout]   28:     0x555fa61870d6 - <core::panic::unwind_safe::AssertUnwindSafe<F> as core::ops::function::FnOnce<()>>::call_once::h5c334c204e4a3913
[INFO] [stdout]                                at /rustc/1b7dd2252b99671ce5d1cb9664c5f8636329436d/library/core/src/panic/unwind_safe.rs:271:9
[INFO] [stdout]   29:     0x555fa61870d6 - std::panicking::try::do_call::ha8b740c7b9478074
[INFO] [stdout]                                at /rustc/1b7dd2252b99671ce5d1cb9664c5f8636329436d/library/std/src/panicking.rs:485:40
[INFO] [stdout]   30:     0x555fa61870d6 - std::panicking::try::h5d34f63d0e41b64e
[INFO] [stdout]                                at /rustc/1b7dd2252b99671ce5d1cb9664c5f8636329436d/library/std/src/panicking.rs:449:19
[INFO] [stdout]   31:     0x555fa61870d6 - std::panic::catch_unwind::hcfbb511e1aa7fc67
[INFO] [stdout]                                at /rustc/1b7dd2252b99671ce5d1cb9664c5f8636329436d/library/std/src/panic.rs:140:14
[INFO] [stdout]   32:     0x555fa61870d6 - test::run_test_in_process::h9abda90f802eaf21
[INFO] [stdout]                                at /rustc/1b7dd2252b99671ce5d1cb9664c5f8636329436d/library/test/src/lib.rs:678:27
[INFO] [stdout]   33:     0x555fa61870d6 - test::run_test::run_test_inner::{{closure}}::h0f058de91f6c6edf
[INFO] [stdout]                                at /rustc/1b7dd2252b99671ce5d1cb9664c5f8636329436d/library/test/src/lib.rs:572:39
[INFO] [stdout]   34:     0x555fa614fff5 - test::run_test::run_test_inner::{{closure}}::h5ca48a4c59c6c1fb
[INFO] [stdout]                                at /rustc/1b7dd2252b99671ce5d1cb9664c5f8636329436d/library/test/src/lib.rs:599:37
[INFO] [stdout]   35:     0x555fa614fff5 - std::sys_common::backtrace::__rust_begin_short_backtrace::h32bd51e1495d4a33
[INFO] [stdout]                                at /rustc/1b7dd2252b99671ce5d1cb9664c5f8636329436d/library/std/src/sys_common/backtrace.rs:134:18
[INFO] [stdout]   36:     0x555fa6155531 - std::thread::Builder::spawn_unchecked_::{{closure}}::{{closure}}::hc086fae9b128b2db
[INFO] [stdout]                                at /rustc/1b7dd2252b99671ce5d1cb9664c5f8636329436d/library/std/src/thread/mod.rs:526:17
[INFO] [stdout]   37:     0x555fa6155531 - <core::panic::unwind_safe::AssertUnwindSafe<F> as core::ops::function::FnOnce<()>>::call_once::hb66571888d270d43
[INFO] [stdout]                                at /rustc/1b7dd2252b99671ce5d1cb9664c5f8636329436d/library/core/src/panic/unwind_safe.rs:271:9
[INFO] [stdout]   38:     0x555fa6155531 - std::panicking::try::do_call::h4fa2ef4f6e51fecf
[INFO] [stdout]                                at /rustc/1b7dd2252b99671ce5d1cb9664c5f8636329436d/library/std/src/panicking.rs:485:40
[INFO] [stdout]   39:     0x555fa6155531 - std::panicking::try::h1e9e22b8584489b5
[INFO] [stdout]                                at /rustc/1b7dd2252b99671ce5d1cb9664c5f8636329436d/library/std/src/panicking.rs:449:19
[INFO] [stdout]   40:     0x555fa6155531 - std::panic::catch_unwind::h44698a3de0e0769e
[INFO] [stdout]                                at /rustc/1b7dd2252b99671ce5d1cb9664c5f8636329436d/library/std/src/panic.rs:140:14
[INFO] [stdout]   41:     0x555fa6155531 - std::thread::Builder::spawn_unchecked_::{{closure}}::h50153abde3fe239e
[INFO] [stdout]                                at /rustc/1b7dd2252b99671ce5d1cb9664c5f8636329436d/library/std/src/thread/mod.rs:525:30
[INFO] [stdout]   42:     0x555fa6155531 - core::ops::function::FnOnce::call_once{{vtable.shim}}::hbe5bbf6f38394364
[INFO] [stdout]                                at /rustc/1b7dd2252b99671ce5d1cb9664c5f8636329436d/library/core/src/ops/function.rs:250:5
[INFO] [stdout]   43:     0x555fa61b75a5 - <alloc::boxed::Box<F,A> as core::ops::function::FnOnce<Args>>::call_once::h0d83cb2920a49046
[INFO] [stdout]                                at /rustc/1b7dd2252b99671ce5d1cb9664c5f8636329436d/library/alloc/src/boxed.rs:1973:9
[INFO] [stdout]   44:     0x555fa61b75a5 - <alloc::boxed::Box<F,A> as core::ops::function::FnOnce<Args>>::call_once::hbe0a008aa7d9ef59
[INFO] [stdout]                                at /rustc/1b7dd2252b99671ce5d1cb9664c5f8636329436d/library/alloc/src/boxed.rs:1973:9
[INFO] [stdout]   45:     0x555fa61b75a5 - std::sys::unix::thread::Thread::new::thread_start::h3a466996bdf6b1f9
[INFO] [stdout]                                at /rustc/1b7dd2252b99671ce5d1cb9664c5f8636329436d/library/std/src/sys/unix/thread.rs:108:17
[INFO] [stdout]   46:     0x7fcdb8f89b43 - <unknown>
[INFO] [stdout]   47:     0x7fcdb901abb4 - __clone
[INFO] [stdout]   48:                0x0 - <unknown>
[INFO] [stdout] 
[INFO] [stdout] 
[INFO] [stdout] failures:
[INFO] [stdout]     cli_output_tests
[INFO] [stdout] 
[INFO] [stdout] test result: FAILED. 0 passed; 1 failed; 0 ignored; 0 measured; 0 filtered out; finished in 0.06s
[INFO] [stdout] 
[INFO] [stderr] error: test failed, to rerun pass `--test cli_output_tests`
[INFO] running `Command { std: "docker" "inspect" "23f7bd75b0068ffffc0d2e25a2f40ec5038a11326bb0433ef44504ec65a3c431", kill_on_drop: false }`
[INFO] running `Command { std: "docker" "rm" "-f" "23f7bd75b0068ffffc0d2e25a2f40ec5038a11326bb0433ef44504ec65a3c431", kill_on_drop: false }`
[INFO] [stdout] 23f7bd75b0068ffffc0d2e25a2f40ec5038a11326bb0433ef44504ec65a3c431
