[INFO] cloning repository https://github.com/losvedir/typechex
[INFO] running `Command { std: "git" "-c" "credential.helper=" "-c" "credential.helper=/workspace/cargo-home/bin/git-credential-null" "clone" "--bare" "https://github.com/losvedir/typechex" "/workspace/cache/git-repos/https%3A%2F%2Fgithub.com%2Flosvedir%2Ftypechex", kill_on_drop: false }`
[INFO] [stderr] Cloning into bare repository '/workspace/cache/git-repos/https%3A%2F%2Fgithub.com%2Flosvedir%2Ftypechex'...
[INFO] running `Command { std: "git" "rev-parse" "HEAD", kill_on_drop: false }`
[INFO] [stdout] 73dd38b2e0c63d1501446e8427ea277e202fd004
[INFO] testing losvedir/typechex against beta-2023-04-20 for beta-1.70-1
[INFO] running `Command { std: "git" "clone" "/workspace/cache/git-repos/https%3A%2F%2Fgithub.com%2Flosvedir%2Ftypechex" "/workspace/builds/worker-7-tc2/source", kill_on_drop: false }`
[INFO] [stderr] Cloning into '/workspace/builds/worker-7-tc2/source'...
[INFO] [stderr] done.
[INFO] validating manifest of git repo https://github.com/losvedir/typechex on toolchain beta-2023-04-20
[INFO] running `Command { std: CARGO_HOME="/workspace/cargo-home" RUSTUP_HOME="/workspace/rustup-home" "/workspace/cargo-home/bin/cargo" "+beta-2023-04-20" "metadata" "--manifest-path" "Cargo.toml" "--no-deps", kill_on_drop: false }`
[INFO] started tweaking git repo https://github.com/losvedir/typechex
[INFO] finished tweaking git repo https://github.com/losvedir/typechex
[INFO] tweaked toml for git repo https://github.com/losvedir/typechex written to /workspace/builds/worker-7-tc2/source/Cargo.toml
[INFO] crate git repo https://github.com/losvedir/typechex already has a lockfile, it will not be regenerated
[INFO] running `Command { std: CARGO_HOME="/workspace/cargo-home" RUSTUP_HOME="/workspace/rustup-home" "/workspace/cargo-home/bin/cargo" "+beta-2023-04-20" "fetch" "--manifest-path" "Cargo.toml", kill_on_drop: false }`
[INFO] running `Command { std: "docker" "create" "-v" "/var/lib/crater-agent-workspace/builds/worker-7-tc2/target:/opt/rustwide/target:rw,Z" "-v" "/var/lib/crater-agent-workspace/builds/worker-7-tc2/source:/opt/rustwide/workdir:ro,Z" "-v" "/var/lib/crater-agent-workspace/cargo-home:/opt/rustwide/cargo-home:ro,Z" "-v" "/var/lib/crater-agent-workspace/rustup-home:/opt/rustwide/rustup-home:ro,Z" "-e" "SOURCE_DIR=/opt/rustwide/workdir" "-e" "CARGO_TARGET_DIR=/opt/rustwide/target" "-e" "CARGO_HOME=/opt/rustwide/cargo-home" "-e" "RUSTUP_HOME=/opt/rustwide/rustup-home" "-w" "/opt/rustwide/workdir" "-m" "1610612736" "--user" "0:0" "--network" "none" "ghcr.io/rust-lang/crates-build-env/linux@sha256:5ff2268d62e97bff2cde7d5815dd6ed5b47097566f13b8d0ca110b04b60e07ed" "/opt/rustwide/cargo-home/bin/cargo" "+beta-2023-04-20" "metadata" "--no-deps" "--format-version=1", kill_on_drop: false }`
[INFO] [stdout] 744b36f9536a56de790b1eb27ed9c33400202433ccb5fbb4e589972fa9635a49
[INFO] running `Command { std: "docker" "start" "-a" "744b36f9536a56de790b1eb27ed9c33400202433ccb5fbb4e589972fa9635a49", kill_on_drop: false }`
[INFO] running `Command { std: "docker" "inspect" "744b36f9536a56de790b1eb27ed9c33400202433ccb5fbb4e589972fa9635a49", kill_on_drop: false }`
[INFO] running `Command { std: "docker" "rm" "-f" "744b36f9536a56de790b1eb27ed9c33400202433ccb5fbb4e589972fa9635a49", kill_on_drop: false }`
[INFO] [stdout] 744b36f9536a56de790b1eb27ed9c33400202433ccb5fbb4e589972fa9635a49
[INFO] running `Command { std: "docker" "create" "-v" "/var/lib/crater-agent-workspace/builds/worker-7-tc2/target:/opt/rustwide/target:rw,Z" "-v" "/var/lib/crater-agent-workspace/builds/worker-7-tc2/source:/opt/rustwide/workdir:ro,Z" "-v" "/var/lib/crater-agent-workspace/cargo-home:/opt/rustwide/cargo-home:ro,Z" "-v" "/var/lib/crater-agent-workspace/rustup-home:/opt/rustwide/rustup-home:ro,Z" "-e" "SOURCE_DIR=/opt/rustwide/workdir" "-e" "CARGO_TARGET_DIR=/opt/rustwide/target" "-e" "CARGO_INCREMENTAL=0" "-e" "RUST_BACKTRACE=full" "-e" "RUSTFLAGS=--cap-lints=warn" "-e" "RUSTDOCFLAGS=--cap-lints=warn" "-e" "CARGO_HOME=/opt/rustwide/cargo-home" "-e" "RUSTUP_HOME=/opt/rustwide/rustup-home" "-w" "/opt/rustwide/workdir" "-m" "1610612736" "--user" "0:0" "--network" "none" "ghcr.io/rust-lang/crates-build-env/linux@sha256:5ff2268d62e97bff2cde7d5815dd6ed5b47097566f13b8d0ca110b04b60e07ed" "/opt/rustwide/cargo-home/bin/cargo" "+beta-2023-04-20" "build" "--frozen" "--message-format=json", kill_on_drop: false }`
[INFO] [stdout] 56e1fb9a122f4f5246bfc072d822d0bab30dc2ccb341e8edd0fe77e0fa168d8e
[INFO] running `Command { std: "docker" "start" "-a" "56e1fb9a122f4f5246bfc072d822d0bab30dc2ccb341e8edd0fe77e0fa168d8e", kill_on_drop: false }`
[INFO] [stderr]    Compiling rand_core v0.4.2
[INFO] [stderr]    Compiling autocfg v0.1.7
[INFO] [stderr]    Compiling libc v0.2.66
[INFO] [stderr]    Compiling proc-macro2 v1.0.6
[INFO] [stderr]    Compiling unicode-xid v0.2.0
[INFO] [stderr]    Compiling memchr v2.2.1
[INFO] [stderr]    Compiling syn v1.0.11
[INFO] [stderr]    Compiling siphasher v0.2.3
[INFO] [stderr]    Compiling typenum v1.11.2
[INFO] [stderr]    Compiling rand_core v0.3.1
[INFO] [stderr]    Compiling rand_jitter v0.1.4
[INFO] [stderr]    Compiling rand_hc v0.1.0
[INFO] [stderr]    Compiling rand_pcg v0.1.2
[INFO] [stderr]    Compiling rand_chacha v0.1.1
[INFO] [stderr]    Compiling rand v0.6.5
[INFO] [stderr]    Compiling rand_xorshift v0.1.1
[INFO] [stderr]    Compiling rand_isaac v0.1.1
[INFO] [stderr]    Compiling byteorder v1.3.2
[INFO] [stderr]    Compiling quote v1.0.2
[INFO] [stderr]    Compiling phf_shared v0.7.24
[INFO] [stderr]    Compiling lazy_static v1.4.0
[INFO] [stderr]    Compiling rand_os v0.1.3
[INFO] [stderr]    Compiling string_cache_shared v0.3.0
[INFO] [stderr]    Compiling serde v1.0.104
[INFO] [stderr]    Compiling thread_local v0.3.6
[INFO] [stderr]    Compiling log v0.4.8
[INFO] [stderr]    Compiling byte-tools v0.3.1
[INFO] [stderr]    Compiling aho-corasick v0.7.6
[INFO] [stderr]    Compiling dirs v1.0.5
[INFO] [stderr]    Compiling block-padding v0.1.5
[INFO] [stderr]    Compiling generic-array v0.12.3
[INFO] [stderr]    Compiling cfg-if v0.1.10
[INFO] [stderr]    Compiling regex-syntax v0.6.12
[INFO] [stderr]    Compiling term v0.5.2
[INFO] [stderr]    Compiling ordermap v0.3.5
[INFO] [stderr]    Compiling digest v0.8.1
[INFO] [stderr]    Compiling block-buffer v0.7.3
[INFO] [stderr]    Compiling new_debug_unreachable v1.0.3
[INFO] [stderr]    Compiling phf_generator v0.7.24
[INFO] [stderr]    Compiling precomputed-hash v0.1.1
[INFO] [stderr]    Compiling opaque-debug v0.2.3
[INFO] [stderr]    Compiling string_cache_codegen v0.4.4
[INFO] [stderr]    Compiling either v1.5.3
[INFO] [stderr]    Compiling fixedbitset v0.1.9
[INFO] [stderr]    Compiling strsim v0.9.3
[INFO] [stderr]    Compiling fake-simd v0.1.2
[INFO] [stderr]    Compiling bit-vec v0.5.1
[INFO] [stderr]    Compiling sha2 v0.8.0
[INFO] [stderr]    Compiling petgraph v0.4.13
[INFO] [stderr]    Compiling bit-set v0.5.1
[INFO] [stderr]    Compiling itertools v0.8.2
[INFO] [stderr]    Compiling ascii-canvas v2.0.0
[INFO] [stderr]    Compiling string_cache v0.7.5
[INFO] [stderr]    Compiling ena v0.13.1
[INFO] [stderr]    Compiling atty v0.2.13
[INFO] [stderr]    Compiling diff v0.1.12
[INFO] [stderr]    Compiling unicode-xid v0.1.0
[INFO] [stderr]    Compiling lalrpop-util v0.17.2
[INFO] [stderr]    Compiling regex v0.2.11
[INFO] [stderr]    Compiling ucd-util v0.1.5
[INFO] [stderr]    Compiling aho-corasick v0.6.10
[INFO] [stderr]    Compiling utf8-ranges v1.0.4
[INFO] [stderr]    Compiling regex-syntax v0.5.6
[INFO] [stderr]    Compiling regex v1.3.1
[INFO] [stderr]    Compiling serde_derive v1.0.104
[INFO] [stderr]    Compiling docopt v1.1.0
[INFO] [stderr]    Compiling lalrpop v0.17.2
[INFO] [stderr]    Compiling typechex v0.1.0 (/opt/rustwide/workdir)
[INFO] [stdout] warning: unnecessary parentheses around block return value
[INFO] [stdout]     --> /opt/rustwide/target/debug/build/typechex-aca9d3966f1684cc/out/parser/elixir.rs:4757:5
[INFO] [stdout]      |
[INFO] [stdout] 4757 |     (__0)
[INFO] [stdout]      |     ^   ^
[INFO] [stdout]      |
[INFO] [stdout]      = note: `#[warn(unused_parens)]` on by default
[INFO] [stdout] help: remove these parentheses
[INFO] [stdout]      |
[INFO] [stdout] 4757 -     (__0)
[INFO] [stdout] 4757 +     __0
[INFO] [stdout]      |
[INFO] [stdout] 
[INFO] [stdout] 
[INFO] [stdout] warning: unnecessary parentheses around block return value
[INFO] [stdout]     --> /opt/rustwide/target/debug/build/typechex-aca9d3966f1684cc/out/parser/elixir.rs:4765:5
[INFO] [stdout]      |
[INFO] [stdout] 4765 |     (__0)
[INFO] [stdout]      |     ^   ^
[INFO] [stdout]      |
[INFO] [stdout] help: remove these parentheses
[INFO] [stdout]      |
[INFO] [stdout] 4765 -     (__0)
[INFO] [stdout] 4765 +     __0
[INFO] [stdout]      |
[INFO] [stdout] 
[INFO] [stdout] 
[INFO] [stdout] warning: unnecessary parentheses around block return value
[INFO] [stdout]     --> /opt/rustwide/target/debug/build/typechex-aca9d3966f1684cc/out/parser/elixir.rs:4773:5
[INFO] [stdout]      |
[INFO] [stdout] 4773 |     (__0)
[INFO] [stdout]      |     ^   ^
[INFO] [stdout]      |
[INFO] [stdout] help: remove these parentheses
[INFO] [stdout]      |
[INFO] [stdout] 4773 -     (__0)
[INFO] [stdout] 4773 +     __0
[INFO] [stdout]      |
[INFO] [stdout] 
[INFO] [stdout] 
[INFO] [stdout] warning: unnecessary parentheses around block return value
[INFO] [stdout]     --> /opt/rustwide/target/debug/build/typechex-aca9d3966f1684cc/out/parser/elixir.rs:4781:5
[INFO] [stdout]      |
[INFO] [stdout] 4781 |     (__0)
[INFO] [stdout]      |     ^   ^
[INFO] [stdout]      |
[INFO] [stdout] help: remove these parentheses
[INFO] [stdout]      |
[INFO] [stdout] 4781 -     (__0)
[INFO] [stdout] 4781 +     __0
[INFO] [stdout]      |
[INFO] [stdout] 
[INFO] [stdout] 
[INFO] [stdout] warning: unnecessary parentheses around block return value
[INFO] [stdout]     --> /opt/rustwide/target/debug/build/typechex-aca9d3966f1684cc/out/parser/elixir.rs:4789:5
[INFO] [stdout]      |
[INFO] [stdout] 4789 |     (__0)
[INFO] [stdout]      |     ^   ^
[INFO] [stdout]      |
[INFO] [stdout] help: remove these parentheses
[INFO] [stdout]      |
[INFO] [stdout] 4789 -     (__0)
[INFO] [stdout] 4789 +     __0
[INFO] [stdout]      |
[INFO] [stdout] 
[INFO] [stdout] 
[INFO] [stdout] warning: unnecessary parentheses around block return value
[INFO] [stdout]     --> /opt/rustwide/target/debug/build/typechex-aca9d3966f1684cc/out/parser/elixir.rs:4797:5
[INFO] [stdout]      |
[INFO] [stdout] 4797 |     (__0)
[INFO] [stdout]      |     ^   ^
[INFO] [stdout]      |
[INFO] [stdout] help: remove these parentheses
[INFO] [stdout]      |
[INFO] [stdout] 4797 -     (__0)
[INFO] [stdout] 4797 +     __0
[INFO] [stdout]      |
[INFO] [stdout] 
[INFO] [stdout] 
[INFO] [stdout] warning: unnecessary parentheses around block return value
[INFO] [stdout]     --> /opt/rustwide/target/debug/build/typechex-aca9d3966f1684cc/out/parser/elixir.rs:4854:5
[INFO] [stdout]      |
[INFO] [stdout] 4854 |     (__0)
[INFO] [stdout]      |     ^   ^
[INFO] [stdout]      |
[INFO] [stdout] help: remove these parentheses
[INFO] [stdout]      |
[INFO] [stdout] 4854 -     (__0)
[INFO] [stdout] 4854 +     __0
[INFO] [stdout]      |
[INFO] [stdout] 
[INFO] [stdout] 
[INFO] [stdout] warning: unnecessary parentheses around block return value
[INFO] [stdout]     --> /opt/rustwide/target/debug/build/typechex-aca9d3966f1684cc/out/parser/elixir.rs:5096:5
[INFO] [stdout]      |
[INFO] [stdout] 5096 |     (__0)
[INFO] [stdout]      |     ^   ^
[INFO] [stdout]      |
[INFO] [stdout] help: remove these parentheses
[INFO] [stdout]      |
[INFO] [stdout] 5096 -     (__0)
[INFO] [stdout] 5096 +     __0
[INFO] [stdout]      |
[INFO] [stdout] 
[INFO] [stdout] 
[INFO] [stdout] warning: unnecessary parentheses around block return value
[INFO] [stdout]     --> /opt/rustwide/target/debug/build/typechex-aca9d3966f1684cc/out/parser/elixir.rs:5139:5
[INFO] [stdout]      |
[INFO] [stdout] 5139 |     (__0)
[INFO] [stdout]      |     ^   ^
[INFO] [stdout]      |
[INFO] [stdout] help: remove these parentheses
[INFO] [stdout]      |
[INFO] [stdout] 5139 -     (__0)
[INFO] [stdout] 5139 +     __0
[INFO] [stdout]      |
[INFO] [stdout] 
[INFO] [stdout] 
[INFO] [stdout] warning: associated function `new` is never used
[INFO] [stdout]     --> /opt/rustwide/target/debug/build/typechex-aca9d3966f1684cc/out/parser/elixir.rs:1057:16
[INFO] [stdout]      |
[INFO] [stdout] 1056 |     impl ExprParser {
[INFO] [stdout]      |     --------------- associated function in this implementation
[INFO] [stdout] 1057 |         pub fn new() -> ExprParser {
[INFO] [stdout]      |                ^^^
[INFO] [stdout]      |
[INFO] [stdout]      = note: `#[warn(dead_code)]` on by default
[INFO] [stdout] 
[INFO] [stdout] 
[INFO] [stdout] warning: 10 warnings emitted
[INFO] [stdout] 
[INFO] [stdout] 
[INFO] [stderr]     Finished dev [unoptimized + debuginfo] target(s) in 17.71s
[INFO] [stderr] warning: the following packages contain code that will be rejected by a future version of Rust: lalrpop v0.17.2
[INFO] [stderr] note: to see what the problems were, use the option `--future-incompat-report`, or run `cargo report future-incompatibilities --id 1`
[INFO] running `Command { std: "docker" "inspect" "56e1fb9a122f4f5246bfc072d822d0bab30dc2ccb341e8edd0fe77e0fa168d8e", kill_on_drop: false }`
[INFO] running `Command { std: "docker" "rm" "-f" "56e1fb9a122f4f5246bfc072d822d0bab30dc2ccb341e8edd0fe77e0fa168d8e", kill_on_drop: false }`
[INFO] [stdout] 56e1fb9a122f4f5246bfc072d822d0bab30dc2ccb341e8edd0fe77e0fa168d8e
[INFO] running `Command { std: "docker" "create" "-v" "/var/lib/crater-agent-workspace/builds/worker-7-tc2/target:/opt/rustwide/target:rw,Z" "-v" "/var/lib/crater-agent-workspace/builds/worker-7-tc2/source:/opt/rustwide/workdir:ro,Z" "-v" "/var/lib/crater-agent-workspace/cargo-home:/opt/rustwide/cargo-home:ro,Z" "-v" "/var/lib/crater-agent-workspace/rustup-home:/opt/rustwide/rustup-home:ro,Z" "-e" "SOURCE_DIR=/opt/rustwide/workdir" "-e" "CARGO_TARGET_DIR=/opt/rustwide/target" "-e" "CARGO_INCREMENTAL=0" "-e" "RUST_BACKTRACE=full" "-e" "RUSTFLAGS=--cap-lints=warn" "-e" "RUSTDOCFLAGS=--cap-lints=warn" "-e" "CARGO_HOME=/opt/rustwide/cargo-home" "-e" "RUSTUP_HOME=/opt/rustwide/rustup-home" "-w" "/opt/rustwide/workdir" "-m" "1610612736" "--user" "0:0" "--network" "none" "ghcr.io/rust-lang/crates-build-env/linux@sha256:5ff2268d62e97bff2cde7d5815dd6ed5b47097566f13b8d0ca110b04b60e07ed" "/opt/rustwide/cargo-home/bin/cargo" "+beta-2023-04-20" "test" "--frozen" "--no-run" "--message-format=json", kill_on_drop: false }`
[INFO] [stdout] 30b50e9c1cfd6535d851c55f57c36159566800ef2351411acfa0b37a5c7b6c14
[INFO] running `Command { std: "docker" "start" "-a" "30b50e9c1cfd6535d851c55f57c36159566800ef2351411acfa0b37a5c7b6c14", kill_on_drop: false }`
[INFO] [stderr]    Compiling typechex v0.1.0 (/opt/rustwide/workdir)
[INFO] [stdout] warning: unnecessary parentheses around block return value
[INFO] [stdout]     --> /opt/rustwide/target/debug/build/typechex-aca9d3966f1684cc/out/parser/elixir.rs:4757:5
[INFO] [stdout]      |
[INFO] [stdout] 4757 |     (__0)
[INFO] [stdout]      |     ^   ^
[INFO] [stdout]      |
[INFO] [stdout]      = note: `#[warn(unused_parens)]` on by default
[INFO] [stdout] help: remove these parentheses
[INFO] [stdout]      |
[INFO] [stdout] 4757 -     (__0)
[INFO] [stdout] 4757 +     __0
[INFO] [stdout]      |
[INFO] [stdout] 
[INFO] [stdout] 
[INFO] [stdout] warning: unnecessary parentheses around block return value
[INFO] [stdout]     --> /opt/rustwide/target/debug/build/typechex-aca9d3966f1684cc/out/parser/elixir.rs:4765:5
[INFO] [stdout]      |
[INFO] [stdout] 4765 |     (__0)
[INFO] [stdout]      |     ^   ^
[INFO] [stdout]      |
[INFO] [stdout] help: remove these parentheses
[INFO] [stdout]      |
[INFO] [stdout] 4765 -     (__0)
[INFO] [stdout] 4765 +     __0
[INFO] [stdout]      |
[INFO] [stdout] 
[INFO] [stdout] 
[INFO] [stdout] warning: unnecessary parentheses around block return value
[INFO] [stdout]     --> /opt/rustwide/target/debug/build/typechex-aca9d3966f1684cc/out/parser/elixir.rs:4773:5
[INFO] [stdout]      |
[INFO] [stdout] 4773 |     (__0)
[INFO] [stdout]      |     ^   ^
[INFO] [stdout]      |
[INFO] [stdout] help: remove these parentheses
[INFO] [stdout]      |
[INFO] [stdout] 4773 -     (__0)
[INFO] [stdout] 4773 +     __0
[INFO] [stdout]      |
[INFO] [stdout] 
[INFO] [stdout] 
[INFO] [stdout] warning: unnecessary parentheses around block return value
[INFO] [stdout]     --> /opt/rustwide/target/debug/build/typechex-aca9d3966f1684cc/out/parser/elixir.rs:4781:5
[INFO] [stdout]      |
[INFO] [stdout] 4781 |     (__0)
[INFO] [stdout]      |     ^   ^
[INFO] [stdout]      |
[INFO] [stdout] help: remove these parentheses
[INFO] [stdout]      |
[INFO] [stdout] 4781 -     (__0)
[INFO] [stdout] 4781 +     __0
[INFO] [stdout]      |
[INFO] [stdout] 
[INFO] [stdout] 
[INFO] [stdout] warning: unnecessary parentheses around block return value
[INFO] [stdout]     --> /opt/rustwide/target/debug/build/typechex-aca9d3966f1684cc/out/parser/elixir.rs:4789:5
[INFO] [stdout]      |
[INFO] [stdout] 4789 |     (__0)
[INFO] [stdout]      |     ^   ^
[INFO] [stdout]      |
[INFO] [stdout] help: remove these parentheses
[INFO] [stdout]      |
[INFO] [stdout] 4789 -     (__0)
[INFO] [stdout] 4789 +     __0
[INFO] [stdout]      |
[INFO] [stdout] 
[INFO] [stdout] 
[INFO] [stdout] warning: unnecessary parentheses around block return value
[INFO] [stdout]     --> /opt/rustwide/target/debug/build/typechex-aca9d3966f1684cc/out/parser/elixir.rs:4797:5
[INFO] [stdout]      |
[INFO] [stdout] 4797 |     (__0)
[INFO] [stdout]      |     ^   ^
[INFO] [stdout]      |
[INFO] [stdout] help: remove these parentheses
[INFO] [stdout]      |
[INFO] [stdout] 4797 -     (__0)
[INFO] [stdout] 4797 +     __0
[INFO] [stdout]      |
[INFO] [stdout] 
[INFO] [stdout] 
[INFO] [stdout] warning: unnecessary parentheses around block return value
[INFO] [stdout]     --> /opt/rustwide/target/debug/build/typechex-aca9d3966f1684cc/out/parser/elixir.rs:4854:5
[INFO] [stdout]      |
[INFO] [stdout] 4854 |     (__0)
[INFO] [stdout]      |     ^   ^
[INFO] [stdout]      |
[INFO] [stdout] help: remove these parentheses
[INFO] [stdout]      |
[INFO] [stdout] 4854 -     (__0)
[INFO] [stdout] 4854 +     __0
[INFO] [stdout]      |
[INFO] [stdout] 
[INFO] [stdout] 
[INFO] [stdout] warning: unnecessary parentheses around block return value
[INFO] [stdout]     --> /opt/rustwide/target/debug/build/typechex-aca9d3966f1684cc/out/parser/elixir.rs:5096:5
[INFO] [stdout]      |
[INFO] [stdout] 5096 |     (__0)
[INFO] [stdout]      |     ^   ^
[INFO] [stdout]      |
[INFO] [stdout] help: remove these parentheses
[INFO] [stdout]      |
[INFO] [stdout] 5096 -     (__0)
[INFO] [stdout] 5096 +     __0
[INFO] [stdout]      |
[INFO] [stdout] 
[INFO] [stdout] 
[INFO] [stdout] warning: unnecessary parentheses around block return value
[INFO] [stdout]     --> /opt/rustwide/target/debug/build/typechex-aca9d3966f1684cc/out/parser/elixir.rs:5139:5
[INFO] [stdout]      |
[INFO] [stdout] 5139 |     (__0)
[INFO] [stdout]      |     ^   ^
[INFO] [stdout]      |
[INFO] [stdout] help: remove these parentheses
[INFO] [stdout]      |
[INFO] [stdout] 5139 -     (__0)
[INFO] [stdout] 5139 +     __0
[INFO] [stdout]      |
[INFO] [stdout] 
[INFO] [stdout] 
[INFO] [stdout] warning: 9 warnings emitted
[INFO] [stdout] 
[INFO] [stdout] 
[INFO] [stderr]     Finished test [unoptimized + debuginfo] target(s) in 0.75s
[INFO] [stderr] warning: the following packages contain code that will be rejected by a future version of Rust: lalrpop v0.17.2
[INFO] [stderr]     Blocking waiting for file lock on package cache
[INFO] [stderr] note: to see what the problems were, use the option `--future-incompat-report`, or run `cargo report future-incompatibilities --id 1`
[INFO] running `Command { std: "docker" "inspect" "30b50e9c1cfd6535d851c55f57c36159566800ef2351411acfa0b37a5c7b6c14", kill_on_drop: false }`
[INFO] running `Command { std: "docker" "rm" "-f" "30b50e9c1cfd6535d851c55f57c36159566800ef2351411acfa0b37a5c7b6c14", kill_on_drop: false }`
[INFO] [stdout] 30b50e9c1cfd6535d851c55f57c36159566800ef2351411acfa0b37a5c7b6c14
[INFO] running `Command { std: "docker" "create" "-v" "/var/lib/crater-agent-workspace/builds/worker-7-tc2/target:/opt/rustwide/target:rw,Z" "-v" "/var/lib/crater-agent-workspace/builds/worker-7-tc2/source:/opt/rustwide/workdir:ro,Z" "-v" "/var/lib/crater-agent-workspace/cargo-home:/opt/rustwide/cargo-home:ro,Z" "-v" "/var/lib/crater-agent-workspace/rustup-home:/opt/rustwide/rustup-home:ro,Z" "-e" "SOURCE_DIR=/opt/rustwide/workdir" "-e" "CARGO_TARGET_DIR=/opt/rustwide/target" "-e" "CARGO_INCREMENTAL=0" "-e" "RUST_BACKTRACE=full" "-e" "RUSTFLAGS=--cap-lints=warn" "-e" "RUSTDOCFLAGS=--cap-lints=warn" "-e" "CARGO_HOME=/opt/rustwide/cargo-home" "-e" "RUSTUP_HOME=/opt/rustwide/rustup-home" "-w" "/opt/rustwide/workdir" "-m" "1610612736" "--user" "0:0" "--network" "none" "ghcr.io/rust-lang/crates-build-env/linux@sha256:5ff2268d62e97bff2cde7d5815dd6ed5b47097566f13b8d0ca110b04b60e07ed" "/opt/rustwide/cargo-home/bin/cargo" "+beta-2023-04-20" "test" "--frozen", kill_on_drop: false }`
[INFO] [stdout] f47e1c1ab901de880370cbcc248c3bc564f13840fb20250fea97c3d833b28e04
[INFO] running `Command { std: "docker" "start" "-a" "f47e1c1ab901de880370cbcc248c3bc564f13840fb20250fea97c3d833b28e04", kill_on_drop: false }`
[INFO] [stderr] warning: unnecessary parentheses around block return value
[INFO] [stderr]     --> /opt/rustwide/target/debug/build/typechex-aca9d3966f1684cc/out/parser/elixir.rs:4757:5
[INFO] [stderr]      |
[INFO] [stderr] 4757 |     (__0)
[INFO] [stderr]      |     ^   ^
[INFO] [stderr]      |
[INFO] [stderr]      = note: `#[warn(unused_parens)]` on by default
[INFO] [stderr] help: remove these parentheses
[INFO] [stderr]      |
[INFO] [stderr] 4757 -     (__0)
[INFO] [stderr] 4757 +     __0
[INFO] [stderr]      |
[INFO] [stderr] 
[INFO] [stderr] warning: unnecessary parentheses around block return value
[INFO] [stderr]     --> /opt/rustwide/target/debug/build/typechex-aca9d3966f1684cc/out/parser/elixir.rs:4765:5
[INFO] [stderr]      |
[INFO] [stderr] 4765 |     (__0)
[INFO] [stderr]      |     ^   ^
[INFO] [stderr]      |
[INFO] [stderr] help: remove these parentheses
[INFO] [stderr]      |
[INFO] [stderr] 4765 -     (__0)
[INFO] [stderr] 4765 +     __0
[INFO] [stderr]      |
[INFO] [stderr] 
[INFO] [stderr] warning: unnecessary parentheses around block return value
[INFO] [stderr]     --> /opt/rustwide/target/debug/build/typechex-aca9d3966f1684cc/out/parser/elixir.rs:4773:5
[INFO] [stderr]      |
[INFO] [stderr] 4773 |     (__0)
[INFO] [stderr]      |     ^   ^
[INFO] [stderr]      |
[INFO] [stderr] help: remove these parentheses
[INFO] [stderr]      |
[INFO] [stderr] 4773 -     (__0)
[INFO] [stderr] 4773 +     __0
[INFO] [stderr]      |
[INFO] [stderr] 
[INFO] [stderr] warning: unnecessary parentheses around block return value
[INFO] [stderr]     --> /opt/rustwide/target/debug/build/typechex-aca9d3966f1684cc/out/parser/elixir.rs:4781:5
[INFO] [stderr]      |
[INFO] [stderr] 4781 |     (__0)
[INFO] [stderr]      |     ^   ^
[INFO] [stderr]      |
[INFO] [stderr] help: remove these parentheses
[INFO] [stderr]      |
[INFO] [stderr] 4781 -     (__0)
[INFO] [stderr] 4781 +     __0
[INFO] [stderr]      |
[INFO] [stderr] 
[INFO] [stderr] warning: unnecessary parentheses around block return value
[INFO] [stderr]     --> /opt/rustwide/target/debug/build/typechex-aca9d3966f1684cc/out/parser/elixir.rs:4789:5
[INFO] [stderr]      |
[INFO] [stderr] 4789 |     (__0)
[INFO] [stderr]      |     ^   ^
[INFO] [stderr]      |
[INFO] [stderr] help: remove these parentheses
[INFO] [stderr]      |
[INFO] [stderr] 4789 -     (__0)
[INFO] [stderr] 4789 +     __0
[INFO] [stderr]      |
[INFO] [stderr] 
[INFO] [stderr] warning: unnecessary parentheses around block return value
[INFO] [stderr]     --> /opt/rustwide/target/debug/build/typechex-aca9d3966f1684cc/out/parser/elixir.rs:4797:5
[INFO] [stderr]      |
[INFO] [stderr] 4797 |     (__0)
[INFO] [stderr]      |     ^   ^
[INFO] [stderr]      |
[INFO] [stderr] help: remove these parentheses
[INFO] [stderr]      |
[INFO] [stderr] 4797 -     (__0)
[INFO] [stderr] 4797 +     __0
[INFO] [stderr]      |
[INFO] [stderr] 
[INFO] [stderr] warning: unnecessary parentheses around block return value
[INFO] [stderr]     --> /opt/rustwide/target/debug/build/typechex-aca9d3966f1684cc/out/parser/elixir.rs:4854:5
[INFO] [stderr]      |
[INFO] [stderr] 4854 |     (__0)
[INFO] [stderr]      |     ^   ^
[INFO] [stderr]      |
[INFO] [stderr] help: remove these parentheses
[INFO] [stderr]      |
[INFO] [stderr] 4854 -     (__0)
[INFO] [stderr] 4854 +     __0
[INFO] [stderr]      |
[INFO] [stderr] 
[INFO] [stderr] warning: unnecessary parentheses around block return value
[INFO] [stderr]     --> /opt/rustwide/target/debug/build/typechex-aca9d3966f1684cc/out/parser/elixir.rs:5096:5
[INFO] [stderr]      |
[INFO] [stderr] 5096 |     (__0)
[INFO] [stderr]      |     ^   ^
[INFO] [stderr]      |
[INFO] [stderr] help: remove these parentheses
[INFO] [stderr]      |
[INFO] [stderr] 5096 -     (__0)
[INFO] [stderr] 5096 +     __0
[INFO] [stderr]      |
[INFO] [stderr] 
[INFO] [stderr] warning: unnecessary parentheses around block return value
[INFO] [stderr]     --> /opt/rustwide/target/debug/build/typechex-aca9d3966f1684cc/out/parser/elixir.rs:5139:5
[INFO] [stderr]      |
[INFO] [stderr] 5139 |     (__0)
[INFO] [stderr]      |     ^   ^
[INFO] [stderr]      |
[INFO] [stderr] help: remove these parentheses
[INFO] [stderr]      |
[INFO] [stderr] 5139 -     (__0)
[INFO] [stderr] 5139 +     __0
[INFO] [stderr]      |
[INFO] [stderr] 
[INFO] [stderr] warning: `typechex` (bin "typechex" test) generated 9 warnings (run `cargo fix --bin "typechex" --tests` to apply 9 suggestions)
[INFO] [stderr]     Finished test [unoptimized + debuginfo] target(s) in 0.08s
[INFO] [stderr] warning: the following packages contain code that will be rejected by a future version of Rust: lalrpop v0.17.2
[INFO] [stderr] note: to see what the problems were, use the option `--future-incompat-report`, or run `cargo report future-incompatibilities --id 1`
[INFO] [stderr]      Running unittests src/main.rs (/opt/rustwide/target/debug/deps/typechex-8e5fc575ef38c869)
[INFO] [stdout] 
[INFO] [stdout] running 4 tests
[INFO] [stdout] test parser::lexer::test_escaped_quotes ... ok
[INFO] [stdout] test parser::calculator1 ... ok
[INFO] [stdout] test parser::lexer::test_lexer ... ok
[INFO] [stdout] test parser::test_quote_string ... FAILED
[INFO] [stdout] 
[INFO] [stdout] failures:
[INFO] [stdout] 
[INFO] [stdout] ---- parser::test_quote_string stdout ----
[INFO] [stdout] thread 'parser::test_quote_string' panicked at 'Failed to spawn child process: Os { code: 2, kind: NotFound, message: "No such file or directory" }', src/parser/mod.rs:59:10
[INFO] [stdout] stack backtrace:
[INFO] [stdout]    0:     0x560ff00133fa - std::backtrace_rs::backtrace::libunwind::trace::h2f05d0192276a8f6
[INFO] [stdout]                                at /rustc/1b7dd2252b99671ce5d1cb9664c5f8636329436d/library/std/src/../../backtrace/src/backtrace/libunwind.rs:93:5
[INFO] [stdout]    1:     0x560ff00133fa - std::backtrace_rs::backtrace::trace_unsynchronized::hedc23dff7a1af150
[INFO] [stdout]                                at /rustc/1b7dd2252b99671ce5d1cb9664c5f8636329436d/library/std/src/../../backtrace/src/backtrace/mod.rs:66:5
[INFO] [stdout]    2:     0x560ff00133fa - std::sys_common::backtrace::_print_fmt::h17541ef7592f3ce2
[INFO] [stdout]                                at /rustc/1b7dd2252b99671ce5d1cb9664c5f8636329436d/library/std/src/sys_common/backtrace.rs:65:5
[INFO] [stdout]    3:     0x560ff00133fa - <std::sys_common::backtrace::_print::DisplayBacktrace as core::fmt::Display>::fmt::h20f75df5ab0c0792
[INFO] [stdout]                                at /rustc/1b7dd2252b99671ce5d1cb9664c5f8636329436d/library/std/src/sys_common/backtrace.rs:44:22
[INFO] [stdout]    4:     0x560ff003859f - core::fmt::write::h78109e6f466b3af6
[INFO] [stdout]                                at /rustc/1b7dd2252b99671ce5d1cb9664c5f8636329436d/library/core/src/fmt/mod.rs:1254:17
[INFO] [stdout]    5:     0x560ff0010035 - std::io::Write::write_fmt::hd24bfb68a1b35a25
[INFO] [stdout]                                at /rustc/1b7dd2252b99671ce5d1cb9664c5f8636329436d/library/std/src/io/mod.rs:1698:15
[INFO] [stdout]    6:     0x560ff00131c5 - std::sys_common::backtrace::_print::h8dac57a9f8fbf9a5
[INFO] [stdout]                                at /rustc/1b7dd2252b99671ce5d1cb9664c5f8636329436d/library/std/src/sys_common/backtrace.rs:47:5
[INFO] [stdout]    7:     0x560ff00131c5 - std::sys_common::backtrace::print::hf9ecbf41d1aa712f
[INFO] [stdout]                                at /rustc/1b7dd2252b99671ce5d1cb9664c5f8636329436d/library/std/src/sys_common/backtrace.rs:34:9
[INFO] [stdout]    8:     0x560ff0014e7e - std::panicking::default_hook::{{closure}}::h04c07acfc84ca028
[INFO] [stdout]                                at /rustc/1b7dd2252b99671ce5d1cb9664c5f8636329436d/library/std/src/panicking.rs:269:22
[INFO] [stdout]    9:     0x560ff0014bb1 - std::panicking::default_hook::h01f6bb23e1eceb2c
[INFO] [stdout]                                at /rustc/1b7dd2252b99671ce5d1cb9664c5f8636329436d/library/std/src/panicking.rs:285:9
[INFO] [stdout]   10:     0x560feffe7afb - <alloc::boxed::Box<F,A> as core::ops::function::Fn<Args>>::call::h87fe9f7b2fd49e4c
[INFO] [stdout]                                at /rustc/1b7dd2252b99671ce5d1cb9664c5f8636329436d/library/alloc/src/boxed.rs:1987:9
[INFO] [stdout]   11:     0x560feffe7afb - test::test_main::{{closure}}::he94d679243a7531b
[INFO] [stdout]                                at /rustc/1b7dd2252b99671ce5d1cb9664c5f8636329436d/library/test/src/lib.rs:134:21
[INFO] [stdout]   12:     0x560ff0015564 - <alloc::boxed::Box<F,A> as core::ops::function::Fn<Args>>::call::h3f2d6d8b14c4769f
[INFO] [stdout]                                at /rustc/1b7dd2252b99671ce5d1cb9664c5f8636329436d/library/alloc/src/boxed.rs:1987:9
[INFO] [stdout]   13:     0x560ff0015564 - std::panicking::rust_panic_with_hook::h2bb3722bbaf2f6df
[INFO] [stdout]                                at /rustc/1b7dd2252b99671ce5d1cb9664c5f8636329436d/library/std/src/panicking.rs:695:13
[INFO] [stdout]   14:     0x560ff00152d9 - std::panicking::begin_panic_handler::{{closure}}::h91bc7f36a4be011b
[INFO] [stdout]                                at /rustc/1b7dd2252b99671ce5d1cb9664c5f8636329436d/library/std/src/panicking.rs:582:13
[INFO] [stdout]   15:     0x560ff0013866 - std::sys_common::backtrace::__rust_end_short_backtrace::h8b3d3717114f9e59
[INFO] [stdout]                                at /rustc/1b7dd2252b99671ce5d1cb9664c5f8636329436d/library/std/src/sys_common/backtrace.rs:150:18
[INFO] [stdout]   16:     0x560ff0015032 - rust_begin_unwind
[INFO] [stdout]                                at /rustc/1b7dd2252b99671ce5d1cb9664c5f8636329436d/library/std/src/panicking.rs:578:5
[INFO] [stdout]   17:     0x560feff86ba3 - core::panicking::panic_fmt::hfd368e3fbdabea26
[INFO] [stdout]                                at /rustc/1b7dd2252b99671ce5d1cb9664c5f8636329436d/library/core/src/panicking.rs:67:14
[INFO] [stdout]   18:     0x560feff870e3 - core::result::unwrap_failed::he54eb4b2f125b26f
[INFO] [stdout]                                at /rustc/1b7dd2252b99671ce5d1cb9664c5f8636329436d/library/core/src/result.rs:1687:5
[INFO] [stdout]   19:     0x560feffa30b5 - core::result::Result<T,E>::expect::h3bb45b92a8e70f31
[INFO] [stdout]                                at /rustc/1b7dd2252b99671ce5d1cb9664c5f8636329436d/library/core/src/result.rs:1046:23
[INFO] [stdout]   20:     0x560feff9f211 - typechex::parser::quote_string::h20ecf3a98131ff31
[INFO] [stdout]                                at /opt/rustwide/workdir/src/parser/mod.rs:54:21
[INFO] [stdout]   21:     0x560feff9f8a1 - typechex::parser::test_quote_string::h95440f1c2dc4c032
[INFO] [stdout]                                at /opt/rustwide/workdir/src/parser/mod.rs:81:18
[INFO] [stdout]   22:     0x560feff9f867 - typechex::parser::test_quote_string::{{closure}}::h029be05644befbb1
[INFO] [stdout]                                at /opt/rustwide/workdir/src/parser/mod.rs:80:24
[INFO] [stdout]   23:     0x560feffb1ad5 - core::ops::function::FnOnce::call_once::h89060e459ca5450f
[INFO] [stdout]                                at /rustc/1b7dd2252b99671ce5d1cb9664c5f8636329436d/library/core/src/ops/function.rs:250:5
[INFO] [stdout]   24:     0x560feffec9cf - core::ops::function::FnOnce::call_once::ha6a70e79f7481a7e
[INFO] [stdout]                                at /rustc/1b7dd2252b99671ce5d1cb9664c5f8636329436d/library/core/src/ops/function.rs:250:5
[INFO] [stdout]   25:     0x560feffec9cf - test::__rust_begin_short_backtrace::hce33033019b61e69
[INFO] [stdout]                                at /rustc/1b7dd2252b99671ce5d1cb9664c5f8636329436d/library/test/src/lib.rs:655:18
[INFO] [stdout]   26:     0x560feffba1bc - test::run_test::{{closure}}::h858d3528838ae3e5
[INFO] [stdout]                                at /rustc/1b7dd2252b99671ce5d1cb9664c5f8636329436d/library/test/src/lib.rs:646:30
[INFO] [stdout]   27:     0x560feffba1bc - core::ops::function::FnOnce::call_once{{vtable.shim}}::he8ac2b00f01ae79e
[INFO] [stdout]                                at /rustc/1b7dd2252b99671ce5d1cb9664c5f8636329436d/library/core/src/ops/function.rs:250:5
[INFO] [stdout]   28:     0x560feffebaa6 - <alloc::boxed::Box<F,A> as core::ops::function::FnOnce<Args>>::call_once::h8093d25b522725ef
[INFO] [stdout]                                at /rustc/1b7dd2252b99671ce5d1cb9664c5f8636329436d/library/alloc/src/boxed.rs:1973:9
[INFO] [stdout]   29:     0x560feffebaa6 - <core::panic::unwind_safe::AssertUnwindSafe<F> as core::ops::function::FnOnce<()>>::call_once::h5c334c204e4a3913
[INFO] [stdout]                                at /rustc/1b7dd2252b99671ce5d1cb9664c5f8636329436d/library/core/src/panic/unwind_safe.rs:271:9
[INFO] [stdout]   30:     0x560feffebaa6 - std::panicking::try::do_call::ha8b740c7b9478074
[INFO] [stdout]                                at /rustc/1b7dd2252b99671ce5d1cb9664c5f8636329436d/library/std/src/panicking.rs:485:40
[INFO] [stdout]   31:     0x560feffebaa6 - std::panicking::try::h5d34f63d0e41b64e
[INFO] [stdout]                                at /rustc/1b7dd2252b99671ce5d1cb9664c5f8636329436d/library/std/src/panicking.rs:449:19
[INFO] [stdout]   32:     0x560feffebaa6 - std::panic::catch_unwind::hcfbb511e1aa7fc67
[INFO] [stdout]                                at /rustc/1b7dd2252b99671ce5d1cb9664c5f8636329436d/library/std/src/panic.rs:140:14
[INFO] [stdout]   33:     0x560feffebaa6 - test::run_test_in_process::h9abda90f802eaf21
[INFO] [stdout]                                at /rustc/1b7dd2252b99671ce5d1cb9664c5f8636329436d/library/test/src/lib.rs:678:27
[INFO] [stdout]   34:     0x560feffebaa6 - test::run_test::run_test_inner::{{closure}}::h0f058de91f6c6edf
[INFO] [stdout]                                at /rustc/1b7dd2252b99671ce5d1cb9664c5f8636329436d/library/test/src/lib.rs:572:39
[INFO] [stdout]   35:     0x560feffb49c5 - test::run_test::run_test_inner::{{closure}}::h5ca48a4c59c6c1fb
[INFO] [stdout]                                at /rustc/1b7dd2252b99671ce5d1cb9664c5f8636329436d/library/test/src/lib.rs:599:37
[INFO] [stdout]   36:     0x560feffb49c5 - std::sys_common::backtrace::__rust_begin_short_backtrace::h32bd51e1495d4a33
[INFO] [stdout]                                at /rustc/1b7dd2252b99671ce5d1cb9664c5f8636329436d/library/std/src/sys_common/backtrace.rs:134:18
[INFO] [stdout]   37:     0x560feffb9f01 - std::thread::Builder::spawn_unchecked_::{{closure}}::{{closure}}::hc086fae9b128b2db
[INFO] [stdout]                                at /rustc/1b7dd2252b99671ce5d1cb9664c5f8636329436d/library/std/src/thread/mod.rs:526:17
[INFO] [stdout]   38:     0x560feffb9f01 - <core::panic::unwind_safe::AssertUnwindSafe<F> as core::ops::function::FnOnce<()>>::call_once::hb66571888d270d43
[INFO] [stdout]                                at /rustc/1b7dd2252b99671ce5d1cb9664c5f8636329436d/library/core/src/panic/unwind_safe.rs:271:9
[INFO] [stdout]   39:     0x560feffb9f01 - std::panicking::try::do_call::h4fa2ef4f6e51fecf
[INFO] [stdout]                                at /rustc/1b7dd2252b99671ce5d1cb9664c5f8636329436d/library/std/src/panicking.rs:485:40
[INFO] [stdout]   40:     0x560feffb9f01 - std::panicking::try::h1e9e22b8584489b5
[INFO] [stdout]                                at /rustc/1b7dd2252b99671ce5d1cb9664c5f8636329436d/library/std/src/panicking.rs:449:19
[INFO] [stdout]   41:     0x560feffb9f01 - std::panic::catch_unwind::h44698a3de0e0769e
[INFO] [stdout]                                at /rustc/1b7dd2252b99671ce5d1cb9664c5f8636329436d/library/std/src/panic.rs:140:14
[INFO] [stdout]   42:     0x560feffb9f01 - std::thread::Builder::spawn_unchecked_::{{closure}}::h50153abde3fe239e
[INFO] [stdout]                                at /rustc/1b7dd2252b99671ce5d1cb9664c5f8636329436d/library/std/src/thread/mod.rs:525:30
[INFO] [stdout]   43:     0x560feffb9f01 - core::ops::function::FnOnce::call_once{{vtable.shim}}::hbe5bbf6f38394364
[INFO] [stdout]                                at /rustc/1b7dd2252b99671ce5d1cb9664c5f8636329436d/library/core/src/ops/function.rs:250:5
[INFO] [stdout]   44:     0x560ff0019b75 - <alloc::boxed::Box<F,A> as core::ops::function::FnOnce<Args>>::call_once::h0d83cb2920a49046
[INFO] [stdout]                                at /rustc/1b7dd2252b99671ce5d1cb9664c5f8636329436d/library/alloc/src/boxed.rs:1973:9
[INFO] [stdout]   45:     0x560ff0019b75 - <alloc::boxed::Box<F,A> as core::ops::function::FnOnce<Args>>::call_once::hbe0a008aa7d9ef59
[INFO] [stdout]                                at /rustc/1b7dd2252b99671ce5d1cb9664c5f8636329436d/library/alloc/src/boxed.rs:1973:9
[INFO] [stdout]   46:     0x560ff0019b75 - std::sys::unix::thread::Thread::new::thread_start::h3a466996bdf6b1f9
[INFO] [stdout]                                at /rustc/1b7dd2252b99671ce5d1cb9664c5f8636329436d/library/std/src/sys/unix/thread.rs:108:17
[INFO] [stdout]   47:     0x7f2ca1593b43 - <unknown>
[INFO] [stdout]   48:     0x7f2ca1624bb4 - __clone
[INFO] [stdout]   49:                0x0 - <unknown>
[INFO] [stdout] 
[INFO] [stdout] 
[INFO] [stdout] failures:
[INFO] [stdout]     parser::test_quote_string
[INFO] [stdout] 
[INFO] [stdout] test result: FAILED. 3 passed; 1 failed; 0 ignored; 0 measured; 0 filtered out; finished in 0.01s
[INFO] [stdout] 
[INFO] [stderr] error: test failed, to rerun pass `--bin typechex`
[INFO] running `Command { std: "docker" "inspect" "f47e1c1ab901de880370cbcc248c3bc564f13840fb20250fea97c3d833b28e04", kill_on_drop: false }`
[INFO] running `Command { std: "docker" "rm" "-f" "f47e1c1ab901de880370cbcc248c3bc564f13840fb20250fea97c3d833b28e04", kill_on_drop: false }`
[INFO] [stdout] f47e1c1ab901de880370cbcc248c3bc564f13840fb20250fea97c3d833b28e04
