[INFO] cloning repository https://github.com/loikp4/rasp
[INFO] running `Command { std: "git" "-c" "credential.helper=" "-c" "credential.helper=/workspace/cargo-home/bin/git-credential-null" "clone" "--bare" "https://github.com/loikp4/rasp" "/workspace/cache/git-repos/https%3A%2F%2Fgithub.com%2Floikp4%2Frasp", kill_on_drop: false }`
[INFO] [stderr] Cloning into bare repository '/workspace/cache/git-repos/https%3A%2F%2Fgithub.com%2Floikp4%2Frasp'...
[INFO] running `Command { std: "git" "rev-parse" "HEAD", kill_on_drop: false }`
[INFO] [stdout] 38a74dfda7df2495380a29037b9f24951fbe6008
[INFO] testing loikp4/rasp against beta-2023-04-20 for beta-1.70-1
[INFO] running `Command { std: "git" "clone" "/workspace/cache/git-repos/https%3A%2F%2Fgithub.com%2Floikp4%2Frasp" "/workspace/builds/worker-4-tc2/source", kill_on_drop: false }`
[INFO] [stderr] Cloning into '/workspace/builds/worker-4-tc2/source'...
[INFO] [stderr] done.
[INFO] validating manifest of git repo https://github.com/loikp4/rasp on toolchain beta-2023-04-20
[INFO] running `Command { std: CARGO_HOME="/workspace/cargo-home" RUSTUP_HOME="/workspace/rustup-home" "/workspace/cargo-home/bin/cargo" "+beta-2023-04-20" "metadata" "--manifest-path" "Cargo.toml" "--no-deps", kill_on_drop: false }`
[INFO] started tweaking git repo https://github.com/loikp4/rasp
[INFO] finished tweaking git repo https://github.com/loikp4/rasp
[INFO] tweaked toml for git repo https://github.com/loikp4/rasp written to /workspace/builds/worker-4-tc2/source/Cargo.toml
[INFO] crate git repo https://github.com/loikp4/rasp already has a lockfile, it will not be regenerated
[INFO] running `Command { std: CARGO_HOME="/workspace/cargo-home" RUSTUP_HOME="/workspace/rustup-home" "/workspace/cargo-home/bin/cargo" "+beta-2023-04-20" "fetch" "--manifest-path" "Cargo.toml", kill_on_drop: false }`
[INFO] [stderr]     Updating crates.io index
[INFO] [stderr]  Downloading crates ...
[INFO] [stderr]   Downloaded tokio-rustls v0.9.4
[INFO] [stderr]   Downloaded mqtt311 v0.2.0
[INFO] [stderr]   Downloaded rumqtt v0.31.0
[INFO] running `Command { std: "docker" "create" "-v" "/var/lib/crater-agent-workspace/builds/worker-4-tc2/target:/opt/rustwide/target:rw,Z" "-v" "/var/lib/crater-agent-workspace/builds/worker-4-tc2/source:/opt/rustwide/workdir:ro,Z" "-v" "/var/lib/crater-agent-workspace/cargo-home:/opt/rustwide/cargo-home:ro,Z" "-v" "/var/lib/crater-agent-workspace/rustup-home:/opt/rustwide/rustup-home:ro,Z" "-e" "SOURCE_DIR=/opt/rustwide/workdir" "-e" "CARGO_TARGET_DIR=/opt/rustwide/target" "-e" "CARGO_HOME=/opt/rustwide/cargo-home" "-e" "RUSTUP_HOME=/opt/rustwide/rustup-home" "-w" "/opt/rustwide/workdir" "-m" "1610612736" "--user" "0:0" "--network" "none" "ghcr.io/rust-lang/crates-build-env/linux@sha256:5ff2268d62e97bff2cde7d5815dd6ed5b47097566f13b8d0ca110b04b60e07ed" "/opt/rustwide/cargo-home/bin/cargo" "+beta-2023-04-20" "metadata" "--no-deps" "--format-version=1", kill_on_drop: false }`
[INFO] [stdout] 3643efdfc781f3935013ea36744d48358c57c87ee8d723533b8bb600e6749400
[INFO] running `Command { std: "docker" "start" "-a" "3643efdfc781f3935013ea36744d48358c57c87ee8d723533b8bb600e6749400", kill_on_drop: false }`
[INFO] running `Command { std: "docker" "inspect" "3643efdfc781f3935013ea36744d48358c57c87ee8d723533b8bb600e6749400", kill_on_drop: false }`
[INFO] running `Command { std: "docker" "rm" "-f" "3643efdfc781f3935013ea36744d48358c57c87ee8d723533b8bb600e6749400", kill_on_drop: false }`
[INFO] [stdout] 3643efdfc781f3935013ea36744d48358c57c87ee8d723533b8bb600e6749400
[INFO] running `Command { std: "docker" "create" "-v" "/var/lib/crater-agent-workspace/builds/worker-4-tc2/target:/opt/rustwide/target:rw,Z" "-v" "/var/lib/crater-agent-workspace/builds/worker-4-tc2/source:/opt/rustwide/workdir:ro,Z" "-v" "/var/lib/crater-agent-workspace/cargo-home:/opt/rustwide/cargo-home:ro,Z" "-v" "/var/lib/crater-agent-workspace/rustup-home:/opt/rustwide/rustup-home:ro,Z" "-e" "SOURCE_DIR=/opt/rustwide/workdir" "-e" "CARGO_TARGET_DIR=/opt/rustwide/target" "-e" "CARGO_INCREMENTAL=0" "-e" "RUST_BACKTRACE=full" "-e" "RUSTFLAGS=--cap-lints=warn" "-e" "RUSTDOCFLAGS=--cap-lints=warn" "-e" "CARGO_HOME=/opt/rustwide/cargo-home" "-e" "RUSTUP_HOME=/opt/rustwide/rustup-home" "-w" "/opt/rustwide/workdir" "-m" "1610612736" "--user" "0:0" "--network" "none" "ghcr.io/rust-lang/crates-build-env/linux@sha256:5ff2268d62e97bff2cde7d5815dd6ed5b47097566f13b8d0ca110b04b60e07ed" "/opt/rustwide/cargo-home/bin/cargo" "+beta-2023-04-20" "build" "--frozen" "--message-format=json", kill_on_drop: false }`
[INFO] [stdout] e96430e5a513a30ef2000ebccaff70f1ed3bdc7256e267bc9790b00ff1b6e644
[INFO] running `Command { std: "docker" "start" "-a" "e96430e5a513a30ef2000ebccaff70f1ed3bdc7256e267bc9790b00ff1b6e644", kill_on_drop: false }`
[INFO] [stderr]    Compiling autocfg v1.0.1
[INFO] [stderr]    Compiling libc v0.2.95
[INFO] [stderr]    Compiling proc-macro2 v1.0.27
[INFO] [stderr]    Compiling syn v1.0.72
[INFO] [stderr]    Compiling lazy_static v1.4.0
[INFO] [stderr]    Compiling cc v1.0.68
[INFO] [stderr]    Compiling log v0.4.14
[INFO] [stderr]    Compiling scopeguard v1.1.0
[INFO] [stderr]    Compiling pkg-config v0.3.19
[INFO] [stderr]    Compiling slab v0.4.3
[INFO] [stderr]    Compiling maybe-uninit v2.0.0
[INFO] [stderr]    Compiling futures v0.1.31
[INFO] [stderr]    Compiling crossbeam-utils v0.7.2
[INFO] [stderr]    Compiling semver-parser v0.7.0
[INFO] [stderr]    Compiling quote v1.0.9
[INFO] [stderr]    Compiling byteorder v1.4.3
[INFO] [stderr]    Compiling memchr v2.4.0
[INFO] [stderr]    Compiling pin-project-lite v0.2.6
[INFO] [stderr]    Compiling semver v0.9.0
[INFO] [stderr]    Compiling fnv v1.0.7
[INFO] [stderr]    Compiling futures-core v0.3.15
[INFO] [stderr]    Compiling bitflags v1.2.1
[INFO] [stderr]    Compiling rustc_version v0.2.3
[INFO] [stderr]    Compiling num_cpus v1.13.0
[INFO] [stderr]    Compiling itoa v0.4.7
[INFO] [stderr]    Compiling proc-macro-hack v0.5.19
[INFO] [stderr]    Compiling iovec v0.1.4
[INFO] [stderr]    Compiling openssl-sys v0.9.65
[INFO] [stderr]    Compiling futures-macro v0.3.15
[INFO] [stderr]    Compiling instant v0.1.9
[INFO] [stderr]    Compiling futures-sink v0.3.15
[INFO] [stderr]    Compiling futures-channel v0.3.15
[INFO] [stderr]    Compiling futures-task v0.3.15
[INFO] [stderr]    Compiling serde_derive v1.0.126
[INFO] [stderr]    Compiling bytes v1.0.1
[INFO] [stderr]    Compiling once_cell v1.7.2
[INFO] [stderr]    Compiling smallvec v1.6.1
[INFO] [stderr]    Compiling proc-macro-nested v0.1.7
[INFO] [stderr]    Compiling parking_lot_core v0.8.3
[INFO] [stderr]    Compiling ring v0.14.6
[INFO] [stderr]    Compiling tokio v1.6.1
[INFO] [stderr]    Compiling futures-util v0.3.15
[INFO] [stderr]    Compiling lock_api v0.4.4
[INFO] [stderr]    Compiling serde v1.0.126
[INFO] [stderr]    Compiling version_check v0.9.4
[INFO] [stderr]    Compiling parking_lot v0.11.1
[INFO] [stderr]    Compiling bytes v0.4.12
[INFO] [stderr]    Compiling parking_lot_core v0.6.2
[INFO] [stderr]    Compiling tokio-executor v0.1.10
[INFO] [stderr]    Compiling signal-hook-registry v1.3.0
[INFO] [stderr]    Compiling mio v0.7.11
[INFO] [stderr]    Compiling memoffset v0.5.6
[INFO] [stderr]    Compiling num-traits v0.2.14
[INFO] [stderr]    Compiling untrusted v0.6.2
[INFO] [stderr]    Compiling spin v0.5.2
[INFO] [stderr]    Compiling futures-io v0.3.15
[INFO] [stderr]    Compiling ryu v1.0.5
[INFO] [stderr]    Compiling proc-macro2 v0.4.30
[INFO] [stderr]    Compiling pin-utils v0.1.0
[INFO] [stderr]    Compiling tokio-io v0.1.13
[INFO] [stderr]    Compiling parking_lot v0.9.0
[INFO] [stderr]    Compiling smallvec v0.6.14
[INFO] [stderr]    Compiling miniz_oxide v0.4.4
[INFO] [stderr]    Compiling indexmap v1.7.0
[INFO] [stderr]    Compiling crossbeam-epoch v0.8.2
[INFO] [stderr]    Compiling num-integer v0.1.44
[INFO] [stderr]    Compiling openssl v0.10.35
[INFO] [stderr]    Compiling unicode-xid v0.1.0
[INFO] [stderr]    Compiling foreign-types-shared v0.1.1
[INFO] [stderr]    Compiling matches v0.1.8
[INFO] [stderr]    Compiling foreign-types v0.3.2
[INFO] [stderr]    Compiling proc-macro-error-attr v1.0.4
[INFO] [stderr]    Compiling http v0.2.4
[INFO] [stderr]    Compiling net2 v0.2.37
[INFO] [stderr]    Compiling backtrace v0.3.59
[INFO] [stderr]    Compiling lock_api v0.3.4
[INFO] [stderr]    Compiling tracing-core v0.1.18
[INFO] [stderr]    Compiling native-tls v0.2.7
[INFO] [stderr]    Compiling syn v0.15.44
[INFO] [stderr]    Compiling serde_json v1.0.64
[INFO] [stderr]    Compiling tinyvec_macros v0.1.0
[INFO] [stderr]    Compiling httparse v1.4.1
[INFO] [stderr]    Compiling failure_derive v0.1.8
[INFO] [stderr]    Compiling adler v1.0.2
[INFO] [stderr]    Compiling hashbrown v0.11.2
[INFO] [stderr]    Compiling gimli v0.24.0
[INFO] [stderr]    Compiling tracing v0.1.26
[INFO] [stderr]    Compiling tinyvec v1.3.1
[INFO] [stderr]    Compiling mio v0.6.23
[INFO] [stderr]    Compiling tokio-macros v1.2.0
[INFO] [stderr]    Compiling quote v0.6.13
[INFO] [stderr]    Compiling addr2line v0.15.1
[INFO] [stderr]    Compiling synstructure v0.12.4
[INFO] [stderr]    Compiling proc-macro-error v1.0.4
[INFO] [stderr]    Compiling tokio-sync v0.1.8
[INFO] [stderr]    Compiling time v0.1.44
[INFO] [stderr]    Compiling base64 v0.10.1
[INFO] [stderr]    Compiling libudev-sys v0.1.4
[INFO] [stderr]    Compiling openssl-probe v0.1.4
[INFO] [stderr]    Compiling rustc-demangle v0.1.19
[INFO] [stderr]    Compiling object v0.24.0
[INFO] [stderr]    Compiling try-lock v0.2.3
[INFO] [stderr]    Compiling percent-encoding v2.1.0
[INFO] [stderr]    Compiling want v0.3.0
[INFO] [stderr]    Compiling form_urlencoded v1.0.1
[INFO] [stderr]    Compiling tokio-reactor v0.1.12
[INFO] [stderr]    Compiling chrono v0.4.19
[INFO] [stderr]    Compiling crossbeam-deque v0.7.3
[INFO] [stderr]    Compiling unicode-normalization v0.1.19
[INFO] [stderr]    Compiling http-body v0.4.2
[INFO] [stderr]    Compiling webpki v0.19.1
[INFO] [stderr]    Compiling sct v0.5.0
[INFO] [stderr]    Compiling unicode-bidi v0.3.5
[INFO] [stderr]    Compiling getrandom v0.2.3
[INFO] [stderr]    Compiling rand_os v0.1.3
[INFO] [stderr]    Compiling socket2 v0.4.0
[INFO] [stderr]    Compiling crossbeam-queue v0.2.3
[INFO] [stderr]    Compiling nix v0.16.1
[INFO] [stderr]    Compiling tokio-util v0.6.7
[INFO] [stderr]    Compiling unicode-width v0.1.10
[INFO] [stderr]    Compiling tower-service v0.3.1
[INFO] [stderr]    Compiling unicode-segmentation v1.10.1
[INFO] [stderr]    Compiling httpdate v1.0.1
[INFO] [stderr]    Compiling encoding_rs v0.8.28
[INFO] [stderr]    Compiling failure v0.1.8
[INFO] [stderr]    Compiling h2 v0.3.3
[INFO] [stderr]    Compiling heck v0.3.3
[INFO] [stderr]    Compiling textwrap v0.11.0
[INFO] [stderr]    Compiling tokio-native-tls v0.3.0
[INFO] [stderr]    Compiling tokio-threadpool v0.1.18
[INFO] [stderr]    Compiling rand v0.6.5
[INFO] [stderr]    Compiling idna v0.2.3
[INFO] [stderr]    Compiling derive_more v0.13.0
[INFO] [stderr]    Compiling rand_core v0.6.3
[INFO] [stderr]    Compiling rustls v0.15.2
[INFO] [stderr]    Compiling tokio-tcp v0.1.4
[INFO] [stderr]    Compiling tokio-codec v0.1.2
[INFO] [stderr]    Compiling tokio-timer v0.2.13
[INFO] [stderr]    Compiling tokio-current-thread v0.1.7
[INFO] [stderr]    Compiling atty v0.2.14
[INFO] [stderr]    Compiling crossbeam-utils v0.6.6
[INFO] [stderr]    Compiling vec_map v0.8.2
[INFO] [stderr]    Compiling ppv-lite86 v0.2.10
[INFO] [stderr]    Compiling void v1.0.2
[INFO] [stderr]    Compiling strsim v0.8.0
[INFO] [stderr]    Compiling ansi_term v0.12.1
[INFO] [stderr]    Compiling rand_chacha v0.3.1
[INFO] [stderr]    Compiling tokio-rustls v0.9.4
[INFO] [stderr]    Compiling clap v2.34.0
[INFO] [stderr]    Compiling mqtt311 v0.2.0
[INFO] [stderr]    Compiling crossbeam-channel v0.3.9
[INFO] [stderr]    Compiling jsonwebtoken v6.0.1
[INFO] [stderr]    Compiling tokio v0.1.22
[INFO] [stderr]    Compiling structopt-derive v0.4.18
[INFO] [stderr]    Compiling libudev v0.2.0
[INFO] [stderr]    Compiling uuid v0.7.4
[INFO] [stderr]    Compiling serde_urlencoded v0.7.0
[INFO] [stderr]    Compiling hyper v0.14.11
[INFO] [stderr]    Compiling url v2.2.2
[INFO] [stderr]    Compiling futures-executor v0.3.15
[INFO] [stderr]    Compiling termcolor v1.1.2
[INFO] [stderr]    Compiling mime v0.3.16
[INFO] [stderr]    Compiling ipnet v2.3.1
[INFO] [stderr]    Compiling base64 v0.13.0
[INFO] [stderr]    Compiling structopt v0.3.26
[INFO] [stderr]    Compiling simplelog v0.10.0
[INFO] [stderr]    Compiling futures v0.3.15
[INFO] [stderr]    Compiling rumqtt v0.31.0
[INFO] [stderr]    Compiling rand v0.8.4
[INFO] [stderr]    Compiling serialport v4.0.1
[INFO] [stderr]    Compiling hyper-tls v0.5.0
[INFO] [stderr]    Compiling reqwest v0.11.4
[INFO] [stderr]    Compiling rasp v0.1.0 (/opt/rustwide/workdir)
[INFO] [stdout] warning: unused import: `Deserialize`
[INFO] [stdout]  --> src/usb_2jcie.rs:1:13
[INFO] [stdout]   |
[INFO] [stdout] 1 | use serde::{Deserialize, Serialize};
[INFO] [stdout]   |             ^^^^^^^^^^^
[INFO] [stdout]   |
[INFO] [stdout]   = note: `#[warn(unused_imports)]` on by default
[INFO] [stdout] 
[INFO] [stdout] 
[INFO] [stdout] warning: type `usb_2jcie` should have an upper camel case name
[INFO] [stdout]  --> src/usb_2jcie.rs:4:12
[INFO] [stdout]   |
[INFO] [stdout] 4 | pub struct usb_2jcie {
[INFO] [stdout]   |            ^^^^^^^^^ help: convert the identifier to upper camel case: `Usb2jcie`
[INFO] [stdout]   |
[INFO] [stdout]   = note: `#[warn(non_camel_case_types)]` on by default
[INFO] [stdout] 
[INFO] [stdout] 
[INFO] [stdout] warning: unused import: `mqttoptions`
[INFO] [stdout]  --> src/main.rs:6:14
[INFO] [stdout]   |
[INFO] [stdout] 6 | use rumqtt::{mqttoptions, MqttClient, MqttOptions, QoS, ReconnectOptions};
[INFO] [stdout]   |              ^^^^^^^^^^^
[INFO] [stdout] 
[INFO] [stdout] 
[INFO] [stdout] warning: unused variable: `notification`
[INFO] [stdout]   --> src/main.rs:74:9
[INFO] [stdout]    |
[INFO] [stdout] 74 |     for notification in notifications {
[INFO] [stdout]    |         ^^^^^^^^^^^^ help: if this is intentional, prefix it with an underscore: `_notification`
[INFO] [stdout]    |
[INFO] [stdout]    = note: `#[warn(unused_variables)]` on by default
[INFO] [stdout] 
[INFO] [stdout] 
[INFO] [stdout] warning: unused variable: `j`
[INFO] [stdout]   --> src/main.rs:93:13
[INFO] [stdout]    |
[INFO] [stdout] 93 |         for j in 0..8 {
[INFO] [stdout]    |             ^ help: if this is intentional, prefix it with an underscore: `_j`
[INFO] [stdout] 
[INFO] [stdout] 
[INFO] [stdout] warning: unused variable: `num`
[INFO] [stdout]    --> src/main.rs:131:13
[INFO] [stdout]     |
[INFO] [stdout] 131 |     for (i, num) in longdata.iter().enumerate() {
[INFO] [stdout]     |             ^^^ help: if this is intentional, prefix it with an underscore: `_num`
[INFO] [stdout] 
[INFO] [stdout] 
[INFO] [stdout] warning: variable `rootCApath` should have a snake case name
[INFO] [stdout]   --> src/main.rs:24:9
[INFO] [stdout]    |
[INFO] [stdout] 24 |     let rootCApath = Path::new(r"./cert/root-CA.crt");
[INFO] [stdout]    |         ^^^^^^^^^^ help: convert the identifier to snake case: `root_capath`
[INFO] [stdout]    |
[INFO] [stdout]    = note: `#[warn(non_snake_case)]` on by default
[INFO] [stdout] 
[INFO] [stdout] 
[INFO] [stdout] warning: structure field `eTVOC` should have a snake case name
[INFO] [stdout]   --> src/usb_2jcie.rs:10:5
[INFO] [stdout]    |
[INFO] [stdout] 10 |     eTVOC: Option<u16>,
[INFO] [stdout]    |     ^^^^^ help: convert the identifier to snake case: `e_tvoc`
[INFO] [stdout] 
[INFO] [stdout] 
[INFO] [stdout] warning: structure field `eCO2` should have a snake case name
[INFO] [stdout]   --> src/usb_2jcie.rs:11:5
[INFO] [stdout]    |
[INFO] [stdout] 11 |     eCO2: Option<u16>,
[INFO] [stdout]    |     ^^^^ help: convert the identifier to snake case: `e_co2`
[INFO] [stdout] 
[INFO] [stdout] 
[INFO] [stdout] warning: 9 warnings emitted
[INFO] [stdout] 
[INFO] [stdout] 
[INFO] [stderr]     Finished dev [unoptimized + debuginfo] target(s) in 1m 24s
[INFO] running `Command { std: "docker" "inspect" "e96430e5a513a30ef2000ebccaff70f1ed3bdc7256e267bc9790b00ff1b6e644", kill_on_drop: false }`
[INFO] running `Command { std: "docker" "rm" "-f" "e96430e5a513a30ef2000ebccaff70f1ed3bdc7256e267bc9790b00ff1b6e644", kill_on_drop: false }`
[INFO] [stdout] e96430e5a513a30ef2000ebccaff70f1ed3bdc7256e267bc9790b00ff1b6e644
[INFO] running `Command { std: "docker" "create" "-v" "/var/lib/crater-agent-workspace/builds/worker-4-tc2/target:/opt/rustwide/target:rw,Z" "-v" "/var/lib/crater-agent-workspace/builds/worker-4-tc2/source:/opt/rustwide/workdir:ro,Z" "-v" "/var/lib/crater-agent-workspace/cargo-home:/opt/rustwide/cargo-home:ro,Z" "-v" "/var/lib/crater-agent-workspace/rustup-home:/opt/rustwide/rustup-home:ro,Z" "-e" "SOURCE_DIR=/opt/rustwide/workdir" "-e" "CARGO_TARGET_DIR=/opt/rustwide/target" "-e" "CARGO_INCREMENTAL=0" "-e" "RUST_BACKTRACE=full" "-e" "RUSTFLAGS=--cap-lints=warn" "-e" "RUSTDOCFLAGS=--cap-lints=warn" "-e" "CARGO_HOME=/opt/rustwide/cargo-home" "-e" "RUSTUP_HOME=/opt/rustwide/rustup-home" "-w" "/opt/rustwide/workdir" "-m" "1610612736" "--user" "0:0" "--network" "none" "ghcr.io/rust-lang/crates-build-env/linux@sha256:5ff2268d62e97bff2cde7d5815dd6ed5b47097566f13b8d0ca110b04b60e07ed" "/opt/rustwide/cargo-home/bin/cargo" "+beta-2023-04-20" "test" "--frozen" "--no-run" "--message-format=json", kill_on_drop: false }`
[INFO] [stdout] 9d5e6e8486576f93b1a7ca2341e5b71ce3375e480565c83ae89c519809e4eef1
[INFO] running `Command { std: "docker" "start" "-a" "9d5e6e8486576f93b1a7ca2341e5b71ce3375e480565c83ae89c519809e4eef1", kill_on_drop: false }`
[INFO] [stderr]    Compiling rasp v0.1.0 (/opt/rustwide/workdir)
[INFO] [stdout] warning: unused import: `Deserialize`
[INFO] [stdout]  --> src/usb_2jcie.rs:1:13
[INFO] [stdout]   |
[INFO] [stdout] 1 | use serde::{Deserialize, Serialize};
[INFO] [stdout]   |             ^^^^^^^^^^^
[INFO] [stdout]   |
[INFO] [stdout]   = note: `#[warn(unused_imports)]` on by default
[INFO] [stdout] 
[INFO] [stdout] 
[INFO] [stdout] warning: type `usb_2jcie` should have an upper camel case name
[INFO] [stdout]  --> src/usb_2jcie.rs:4:12
[INFO] [stdout]   |
[INFO] [stdout] 4 | pub struct usb_2jcie {
[INFO] [stdout]   |            ^^^^^^^^^ help: convert the identifier to upper camel case: `Usb2jcie`
[INFO] [stdout]   |
[INFO] [stdout]   = note: `#[warn(non_camel_case_types)]` on by default
[INFO] [stdout] 
[INFO] [stdout] 
[INFO] [stdout] warning: unused import: `mqttoptions`
[INFO] [stdout]  --> src/main.rs:6:14
[INFO] [stdout]   |
[INFO] [stdout] 6 | use rumqtt::{mqttoptions, MqttClient, MqttOptions, QoS, ReconnectOptions};
[INFO] [stdout]   |              ^^^^^^^^^^^
[INFO] [stdout] 
[INFO] [stdout] 
[INFO] [stdout] warning: unused import: `futures::executor::BlockingStream`
[INFO] [stdout]    --> src/main.rs:149:9
[INFO] [stdout]     |
[INFO] [stdout] 149 |     use futures::executor::BlockingStream;
[INFO] [stdout]     |         ^^^^^^^^^^^^^^^^^^^^^^^^^^^^^^^^^
[INFO] [stdout] 
[INFO] [stdout] 
[INFO] [stdout] warning: unused import: `serde::Serialize`
[INFO] [stdout]    --> src/main.rs:150:9
[INFO] [stdout]     |
[INFO] [stdout] 150 |     use serde::Serialize;
[INFO] [stdout]     |         ^^^^^^^^^^^^^^^^
[INFO] [stdout] 
[INFO] [stdout] 
[INFO] [stdout] warning: unused import: `mqttoptions`
[INFO] [stdout]    --> src/main.rs:246:22
[INFO] [stdout]     |
[INFO] [stdout] 246 |         use rumqtt::{mqttoptions, MqttClient, MqttOptions, QoS, ReconnectOptions};
[INFO] [stdout]     |                      ^^^^^^^^^^^
[INFO] [stdout] 
[INFO] [stdout] 
[INFO] [stdout] warning: unused imports: `Deserialize`, `Serialize`
[INFO] [stdout]    --> src/main.rs:247:21
[INFO] [stdout]     |
[INFO] [stdout] 247 |         use serde::{Deserialize, Serialize};
[INFO] [stdout]     |                     ^^^^^^^^^^^  ^^^^^^^^^
[INFO] [stdout] 
[INFO] [stdout] 
[INFO] [stdout] warning: unused import: `std::error::Error`
[INFO] [stdout]    --> src/main.rs:248:13
[INFO] [stdout]     |
[INFO] [stdout] 248 |         use std::error::Error;
[INFO] [stdout]     |             ^^^^^^^^^^^^^^^^^
[INFO] [stdout] 
[INFO] [stdout] 
[INFO] [stdout] warning: unused import: `File`
[INFO] [stdout]    --> src/main.rs:249:29
[INFO] [stdout]     |
[INFO] [stdout] 249 |         use std::fs::{read, File};
[INFO] [stdout]     |                             ^^^^
[INFO] [stdout] 
[INFO] [stdout] 
[INFO] [stdout] warning: unused variable: `notification`
[INFO] [stdout]   --> src/main.rs:74:9
[INFO] [stdout]    |
[INFO] [stdout] 74 |     for notification in notifications {
[INFO] [stdout]    |         ^^^^^^^^^^^^ help: if this is intentional, prefix it with an underscore: `_notification`
[INFO] [stdout]    |
[INFO] [stdout]    = note: `#[warn(unused_variables)]` on by default
[INFO] [stdout] 
[INFO] [stdout] 
[INFO] [stdout] warning: unused variable: `j`
[INFO] [stdout]   --> src/main.rs:93:13
[INFO] [stdout]    |
[INFO] [stdout] 93 |         for j in 0..8 {
[INFO] [stdout]    |             ^ help: if this is intentional, prefix it with an underscore: `_j`
[INFO] [stdout] 
[INFO] [stdout] 
[INFO] [stdout] warning: unused variable: `num`
[INFO] [stdout]    --> src/main.rs:131:13
[INFO] [stdout]     |
[INFO] [stdout] 131 |     for (i, num) in longdata.iter().enumerate() {
[INFO] [stdout]     |             ^^^ help: if this is intentional, prefix it with an underscore: `_num`
[INFO] [stdout] 
[INFO] [stdout] 
[INFO] [stdout] warning: unused variable: `header2`
[INFO] [stdout]    --> src/main.rs:167:13
[INFO] [stdout]     |
[INFO] [stdout] 167 |         let header2 = vec![0x52u16, 0x42, 0x05, 0x03, 0x55];
[INFO] [stdout]     |             ^^^^^^^ help: if this is intentional, prefix it with an underscore: `_header2`
[INFO] [stdout] 
[INFO] [stdout] 
[INFO] [stdout] warning: unused variable: `new`
[INFO] [stdout]    --> src/main.rs:174:13
[INFO] [stdout]     |
[INFO] [stdout] 174 |         let new = vec![
[INFO] [stdout]     |             ^^^ help: if this is intentional, prefix it with an underscore: `_new`
[INFO] [stdout] 
[INFO] [stdout] 
[INFO] [stdout] warning: unused variable: `new`
[INFO] [stdout]    --> src/main.rs:182:13
[INFO] [stdout]     |
[INFO] [stdout] 182 |         let new = vec![
[INFO] [stdout]     |             ^^^ help: if this is intentional, prefix it with an underscore: `_new`
[INFO] [stdout] 
[INFO] [stdout] 
[INFO] [stdout] warning: unused variable: `lter`
[INFO] [stdout]    --> src/main.rs:207:13
[INFO] [stdout]     |
[INFO] [stdout] 207 |         let lter = pp.iter().enumerate().skip(index);
[INFO] [stdout]     |             ^^^^ help: if this is intentional, prefix it with an underscore: `_lter`
[INFO] [stdout] 
[INFO] [stdout] 
[INFO] [stdout] warning: unused variable: `num`
[INFO] [stdout]    --> src/main.rs:219:17
[INFO] [stdout]     |
[INFO] [stdout] 219 |         for (i, num) in d.iter().enumerate() {
[INFO] [stdout]     |                 ^^^ help: if this is intentional, prefix it with an underscore: `_num`
[INFO] [stdout] 
[INFO] [stdout] 
[INFO] [stdout] warning: unused variable: `a`
[INFO] [stdout]    --> src/main.rs:238:13
[INFO] [stdout]     |
[INFO] [stdout] 238 |         let a = d.iter().enumerate().map(|(i, &num)| {
[INFO] [stdout]     |             ^ help: if this is intentional, prefix it with an underscore: `_a`
[INFO] [stdout] 
[INFO] [stdout] 
[INFO] [stdout] warning: unused variable: `b`
[INFO] [stdout]    --> src/main.rs:239:17
[INFO] [stdout]     |
[INFO] [stdout] 239 |             let b = checking.iter();
[INFO] [stdout]     |                 ^ help: if this is intentional, prefix it with an underscore: `_b`
[INFO] [stdout] 
[INFO] [stdout] 
[INFO] [stdout] warning: unused variable: `num`
[INFO] [stdout]    --> src/main.rs:238:48
[INFO] [stdout]     |
[INFO] [stdout] 238 |         let a = d.iter().enumerate().map(|(i, &num)| {
[INFO] [stdout]     |                                                ^^^ help: if this is intentional, prefix it with an underscore: `_num`
[INFO] [stdout] 
[INFO] [stdout] 
[INFO] [stdout] warning: unused variable: `r`
[INFO] [stdout]    --> src/main.rs:268:13
[INFO] [stdout]     |
[INFO] [stdout] 268 |         let r = match mqttclient.subscribe("topic_1", QoS::AtMostOnce) {
[INFO] [stdout]     |             ^ help: if this is intentional, prefix it with an underscore: `_r`
[INFO] [stdout] 
[INFO] [stdout] 
[INFO] [stdout] warning: unused variable: `f`
[INFO] [stdout]    --> src/main.rs:269:16
[INFO] [stdout]     |
[INFO] [stdout] 269 |             Ok(f) => println!("subscribe"),
[INFO] [stdout]     |                ^ help: if this is intentional, prefix it with an underscore: `_f`
[INFO] [stdout] 
[INFO] [stdout] 
[INFO] [stdout] warning: unused variable: `f`
[INFO] [stdout]    --> src/main.rs:290:24
[INFO] [stdout]     |
[INFO] [stdout] 290 |                     Ok(f) => println!("published!"),
[INFO] [stdout]     |                        ^ help: if this is intentional, prefix it with an underscore: `_f`
[INFO] [stdout] 
[INFO] [stdout] 
[INFO] [stdout] warning: variable does not need to be mutable
[INFO] [stdout]    --> src/main.rs:156:13
[INFO] [stdout]     |
[INFO] [stdout] 156 |         let mut command = vec![0x52, 0x42, 0x05, 0x00, 0x01, 0x21, 0x50];
[INFO] [stdout]     |             ----^^^^^^^
[INFO] [stdout]     |             |
[INFO] [stdout]     |             help: remove this `mut`
[INFO] [stdout]     |
[INFO] [stdout]     = note: `#[warn(unused_mut)]` on by default
[INFO] [stdout] 
[INFO] [stdout] 
[INFO] [stdout] warning: variable `rootCApath` should have a snake case name
[INFO] [stdout]   --> src/main.rs:24:9
[INFO] [stdout]    |
[INFO] [stdout] 24 |     let rootCApath = Path::new(r"./cert/root-CA.crt");
[INFO] [stdout]    |         ^^^^^^^^^^ help: convert the identifier to snake case: `root_capath`
[INFO] [stdout]    |
[INFO] [stdout]    = note: `#[warn(non_snake_case)]` on by default
[INFO] [stdout] 
[INFO] [stdout] 
[INFO] [stdout] warning: structure field `eTVOC` should have a snake case name
[INFO] [stdout]   --> src/usb_2jcie.rs:10:5
[INFO] [stdout]    |
[INFO] [stdout] 10 |     eTVOC: Option<u16>,
[INFO] [stdout]    |     ^^^^^ help: convert the identifier to snake case: `e_tvoc`
[INFO] [stdout] 
[INFO] [stdout] 
[INFO] [stdout] warning: structure field `eCO2` should have a snake case name
[INFO] [stdout]   --> src/usb_2jcie.rs:11:5
[INFO] [stdout]    |
[INFO] [stdout] 11 |     eCO2: Option<u16>,
[INFO] [stdout]    |     ^^^^ help: convert the identifier to snake case: `e_co2`
[INFO] [stdout] 
[INFO] [stdout] 
[INFO] [stdout] warning: variable `rootCApath` should have a snake case name
[INFO] [stdout]    --> src/main.rs:251:13
[INFO] [stdout]     |
[INFO] [stdout] 251 |         let rootCApath = Path::new(r"..\cert\root-CA.crt");
[INFO] [stdout]     |             ^^^^^^^^^^ help: convert the identifier to snake case: `root_capath`
[INFO] [stdout] 
[INFO] [stdout] 
[INFO] [stdout] warning: 28 warnings emitted
[INFO] [stdout] 
[INFO] [stdout] 
[INFO] [stderr]     Finished test [unoptimized + debuginfo] target(s) in 4.94s
[INFO] running `Command { std: "docker" "inspect" "9d5e6e8486576f93b1a7ca2341e5b71ce3375e480565c83ae89c519809e4eef1", kill_on_drop: false }`
[INFO] running `Command { std: "docker" "rm" "-f" "9d5e6e8486576f93b1a7ca2341e5b71ce3375e480565c83ae89c519809e4eef1", kill_on_drop: false }`
[INFO] [stdout] 9d5e6e8486576f93b1a7ca2341e5b71ce3375e480565c83ae89c519809e4eef1
[INFO] running `Command { std: "docker" "create" "-v" "/var/lib/crater-agent-workspace/builds/worker-4-tc2/target:/opt/rustwide/target:rw,Z" "-v" "/var/lib/crater-agent-workspace/builds/worker-4-tc2/source:/opt/rustwide/workdir:ro,Z" "-v" "/var/lib/crater-agent-workspace/cargo-home:/opt/rustwide/cargo-home:ro,Z" "-v" "/var/lib/crater-agent-workspace/rustup-home:/opt/rustwide/rustup-home:ro,Z" "-e" "SOURCE_DIR=/opt/rustwide/workdir" "-e" "CARGO_TARGET_DIR=/opt/rustwide/target" "-e" "CARGO_INCREMENTAL=0" "-e" "RUST_BACKTRACE=full" "-e" "RUSTFLAGS=--cap-lints=warn" "-e" "RUSTDOCFLAGS=--cap-lints=warn" "-e" "CARGO_HOME=/opt/rustwide/cargo-home" "-e" "RUSTUP_HOME=/opt/rustwide/rustup-home" "-w" "/opt/rustwide/workdir" "-m" "1610612736" "--user" "0:0" "--network" "none" "ghcr.io/rust-lang/crates-build-env/linux@sha256:5ff2268d62e97bff2cde7d5815dd6ed5b47097566f13b8d0ca110b04b60e07ed" "/opt/rustwide/cargo-home/bin/cargo" "+beta-2023-04-20" "test" "--frozen", kill_on_drop: false }`
[INFO] [stdout] 87ccf51f1aaea0fb5e72b3873774f7536ee5bc3bf5057c35351791dc89ffbee2
[INFO] running `Command { std: "docker" "start" "-a" "87ccf51f1aaea0fb5e72b3873774f7536ee5bc3bf5057c35351791dc89ffbee2", kill_on_drop: false }`
[INFO] [stderr] warning: unused import: `Deserialize`
[INFO] [stderr]  --> src/usb_2jcie.rs:1:13
[INFO] [stderr]   |
[INFO] [stderr] 1 | use serde::{Deserialize, Serialize};
[INFO] [stderr]   |             ^^^^^^^^^^^
[INFO] [stderr]   |
[INFO] [stderr]   = note: `#[warn(unused_imports)]` on by default
[INFO] [stderr] 
[INFO] [stderr] warning: type `usb_2jcie` should have an upper camel case name
[INFO] [stderr]  --> src/usb_2jcie.rs:4:12
[INFO] [stderr]   |
[INFO] [stderr] 4 | pub struct usb_2jcie {
[INFO] [stderr]   |            ^^^^^^^^^ help: convert the identifier to upper camel case: `Usb2jcie`
[INFO] [stderr]   |
[INFO] [stderr]   = note: `#[warn(non_camel_case_types)]` on by default
[INFO] [stderr] 
[INFO] [stderr] warning: unused import: `mqttoptions`
[INFO] [stderr]  --> src/main.rs:6:14
[INFO] [stderr]   |
[INFO] [stderr] 6 | use rumqtt::{mqttoptions, MqttClient, MqttOptions, QoS, ReconnectOptions};
[INFO] [stderr]   |              ^^^^^^^^^^^
[INFO] [stderr] 
[INFO] [stderr] warning: unused import: `futures::executor::BlockingStream`
[INFO] [stderr]    --> src/main.rs:149:9
[INFO] [stderr]     |
[INFO] [stderr] 149 |     use futures::executor::BlockingStream;
[INFO] [stderr]     |         ^^^^^^^^^^^^^^^^^^^^^^^^^^^^^^^^^
[INFO] [stderr] 
[INFO] [stderr] warning: unused import: `serde::Serialize`
[INFO] [stderr]    --> src/main.rs:150:9
[INFO] [stderr]     |
[INFO] [stderr] 150 |     use serde::Serialize;
[INFO] [stderr]     |         ^^^^^^^^^^^^^^^^
[INFO] [stderr] 
[INFO] [stderr] warning: unused import: `mqttoptions`
[INFO] [stderr]    --> src/main.rs:246:22
[INFO] [stderr]     |
[INFO] [stderr] 246 |         use rumqtt::{mqttoptions, MqttClient, MqttOptions, QoS, ReconnectOptions};
[INFO] [stderr]     |                      ^^^^^^^^^^^
[INFO] [stderr] 
[INFO] [stderr] warning: unused imports: `Deserialize`, `Serialize`
[INFO] [stderr]    --> src/main.rs:247:21
[INFO] [stderr]     |
[INFO] [stderr] 247 |         use serde::{Deserialize, Serialize};
[INFO] [stderr]     |                     ^^^^^^^^^^^  ^^^^^^^^^
[INFO] [stderr] 
[INFO] [stderr] warning: unused import: `std::error::Error`
[INFO] [stderr]    --> src/main.rs:248:13
[INFO] [stderr]     |
[INFO] [stderr] 248 |         use std::error::Error;
[INFO] [stderr]     |             ^^^^^^^^^^^^^^^^^
[INFO] [stderr] 
[INFO] [stderr] warning: unused import: `File`
[INFO] [stderr]    --> src/main.rs:249:29
[INFO] [stderr]     |
[INFO] [stderr] 249 |         use std::fs::{read, File};
[INFO] [stderr]     |                             ^^^^
[INFO] [stderr] 
[INFO] [stderr] warning: unused variable: `notification`
[INFO] [stderr]   --> src/main.rs:74:9
[INFO] [stderr]    |
[INFO] [stderr] 74 |     for notification in notifications {
[INFO] [stderr]    |         ^^^^^^^^^^^^ help: if this is intentional, prefix it with an underscore: `_notification`
[INFO] [stderr]    |
[INFO] [stderr]    = note: `#[warn(unused_variables)]` on by default
[INFO] [stderr] 
[INFO] [stderr] warning: unused variable: `j`
[INFO] [stderr]   --> src/main.rs:93:13
[INFO] [stderr]    |
[INFO] [stderr] 93 |         for j in 0..8 {
[INFO] [stderr]    |             ^ help: if this is intentional, prefix it with an underscore: `_j`
[INFO] [stderr] 
[INFO] [stderr] warning: unused variable: `num`
[INFO] [stderr]    --> src/main.rs:131:13
[INFO] [stderr]     |
[INFO] [stderr] 131 |     for (i, num) in longdata.iter().enumerate() {
[INFO] [stderr]     |             ^^^ help: if this is intentional, prefix it with an underscore: `_num`
[INFO] [stderr] 
[INFO] [stderr] warning: unused variable: `header2`
[INFO] [stderr]    --> src/main.rs:167:13
[INFO] [stderr]     |
[INFO] [stderr] 167 |         let header2 = vec![0x52u16, 0x42, 0x05, 0x03, 0x55];
[INFO] [stderr]     |             ^^^^^^^ help: if this is intentional, prefix it with an underscore: `_header2`
[INFO] [stderr] 
[INFO] [stderr] warning: unused variable: `new`
[INFO] [stderr]    --> src/main.rs:174:13
[INFO] [stderr]     |
[INFO] [stderr] 174 |         let new = vec![
[INFO] [stderr]     |             ^^^ help: if this is intentional, prefix it with an underscore: `_new`
[INFO] [stderr] 
[INFO] [stderr] warning: unused variable: `new`
[INFO] [stderr]    --> src/main.rs:182:13
[INFO] [stderr]     |
[INFO] [stderr] 182 |         let new = vec![
[INFO] [stderr]     |             ^^^ help: if this is intentional, prefix it with an underscore: `_new`
[INFO] [stderr] 
[INFO] [stderr] warning: unused variable: `lter`
[INFO] [stderr]    --> src/main.rs:207:13
[INFO] [stderr]     |
[INFO] [stderr] 207 |         let lter = pp.iter().enumerate().skip(index);
[INFO] [stderr]     |             ^^^^ help: if this is intentional, prefix it with an underscore: `_lter`
[INFO] [stderr] 
[INFO] [stderr] warning: unused variable: `num`
[INFO] [stderr]    --> src/main.rs:219:17
[INFO] [stderr]     |
[INFO] [stderr] 219 |         for (i, num) in d.iter().enumerate() {
[INFO] [stderr]     |                 ^^^ help: if this is intentional, prefix it with an underscore: `_num`
[INFO] [stderr] 
[INFO] [stderr] warning: unused variable: `a`
[INFO] [stderr]    --> src/main.rs:238:13
[INFO] [stderr]     |
[INFO] [stderr] 238 |         let a = d.iter().enumerate().map(|(i, &num)| {
[INFO] [stderr]     |             ^ help: if this is intentional, prefix it with an underscore: `_a`
[INFO] [stderr] 
[INFO] [stderr] warning: unused variable: `b`
[INFO] [stderr]    --> src/main.rs:239:17
[INFO] [stderr]     |
[INFO] [stderr] 239 |             let b = checking.iter();
[INFO] [stderr]     |                 ^ help: if this is intentional, prefix it with an underscore: `_b`
[INFO] [stderr] 
[INFO] [stderr] warning: unused variable: `num`
[INFO] [stderr]    --> src/main.rs:238:48
[INFO] [stderr]     |
[INFO] [stderr] 238 |         let a = d.iter().enumerate().map(|(i, &num)| {
[INFO] [stderr]     |                                                ^^^ help: if this is intentional, prefix it with an underscore: `_num`
[INFO] [stderr] 
[INFO] [stderr] warning: unused variable: `r`
[INFO] [stderr]    --> src/main.rs:268:13
[INFO] [stderr]     |
[INFO] [stderr] 268 |         let r = match mqttclient.subscribe("topic_1", QoS::AtMostOnce) {
[INFO] [stderr]     |             ^ help: if this is intentional, prefix it with an underscore: `_r`
[INFO] [stderr] 
[INFO] [stderr] warning: unused variable: `f`
[INFO] [stderr]    --> src/main.rs:269:16
[INFO] [stderr]     |
[INFO] [stderr] 269 |             Ok(f) => println!("subscribe"),
[INFO] [stderr]     |                ^ help: if this is intentional, prefix it with an underscore: `_f`
[INFO] [stderr] 
[INFO] [stderr] warning: unused variable: `f`
[INFO] [stderr]    --> src/main.rs:290:24
[INFO] [stderr]     |
[INFO] [stderr] 290 |                     Ok(f) => println!("published!"),
[INFO] [stderr]     |                        ^ help: if this is intentional, prefix it with an underscore: `_f`
[INFO] [stderr] 
[INFO] [stderr] warning: variable does not need to be mutable
[INFO] [stderr]    --> src/main.rs:156:13
[INFO] [stderr]     |
[INFO] [stderr] 156 |         let mut command = vec![0x52, 0x42, 0x05, 0x00, 0x01, 0x21, 0x50];
[INFO] [stderr]     |             ----^^^^^^^
[INFO] [stderr]     |             |
[INFO] [stderr]     |             help: remove this `mut`
[INFO] [stderr]     |
[INFO] [stderr]     = note: `#[warn(unused_mut)]` on by default
[INFO] [stderr] 
[INFO] [stderr] warning: variable `rootCApath` should have a snake case name
[INFO] [stderr]   --> src/main.rs:24:9
[INFO] [stderr]    |
[INFO] [stderr] 24 |     let rootCApath = Path::new(r"./cert/root-CA.crt");
[INFO] [stderr]    |         ^^^^^^^^^^ help: convert the identifier to snake case: `root_capath`
[INFO] [stderr]    |
[INFO] [stderr]    = note: `#[warn(non_snake_case)]` on by default
[INFO] [stderr] 
[INFO] [stderr] warning: structure field `eTVOC` should have a snake case name
[INFO] [stderr]   --> src/usb_2jcie.rs:10:5
[INFO] [stderr]    |
[INFO] [stderr] 10 |     eTVOC: Option<u16>,
[INFO] [stderr]    |     ^^^^^ help: convert the identifier to snake case: `e_tvoc`
[INFO] [stderr] 
[INFO] [stderr] warning: structure field `eCO2` should have a snake case name
[INFO] [stderr]   --> src/usb_2jcie.rs:11:5
[INFO] [stderr]    |
[INFO] [stderr] 11 |     eCO2: Option<u16>,
[INFO] [stderr]    |     ^^^^ help: convert the identifier to snake case: `e_co2`
[INFO] [stderr] 
[INFO] [stderr] warning: variable `rootCApath` should have a snake case name
[INFO] [stderr]    --> src/main.rs:251:13
[INFO] [stderr]     |
[INFO] [stderr] 251 |         let rootCApath = Path::new(r"..\cert\root-CA.crt");
[INFO] [stderr]     |             ^^^^^^^^^^ help: convert the identifier to snake case: `root_capath`
[INFO] [stderr] 
[INFO] [stderr] warning: `rasp` (bin "rasp" test) generated 28 warnings (run `cargo fix --bin "rasp" --tests` to apply 23 suggestions)
[INFO] [stderr]     Finished test [unoptimized + debuginfo] target(s) in 0.18s
[INFO] [stderr]      Running unittests src/main.rs (/opt/rustwide/target/debug/deps/rasp-c43e90464bf4eb3e)
[INFO] [stdout] 
[INFO] [stdout] running 7 tests
[INFO] [stdout] test tests::test_crc16 ... ok
[INFO] [stdout] test tests::tests16 ... ok
[INFO] [stdout] test usb_2jcie::tests::test_s16 ... ok
[INFO] [stdout] test tests::stru ... ok
[INFO] [stdout] test tests::getdata ... FAILED
[INFO] [stdout] test tests::mqtt2 ... FAILED
[INFO] [stdout] test tests::http ... FAILED
[INFO] [stdout] 
[INFO] [stdout] failures:
[INFO] [stdout] 
[INFO] [stdout] ---- tests::getdata stdout ----
[INFO] [stdout] thread 'tests::getdata' panicked at 'failed to open port: Error { kind: Io(NotFound), description: "No such file or directory" }', src/main.rs:348:14
[INFO] [stdout] stack backtrace:
[INFO] [stdout]    0:     0x560d8e07a5ba - std::backtrace_rs::backtrace::libunwind::trace::h2f05d0192276a8f6
[INFO] [stdout]                                at /rustc/1b7dd2252b99671ce5d1cb9664c5f8636329436d/library/std/src/../../backtrace/src/backtrace/libunwind.rs:93:5
[INFO] [stdout]    1:     0x560d8e07a5ba - std::backtrace_rs::backtrace::trace_unsynchronized::hedc23dff7a1af150
[INFO] [stdout]                                at /rustc/1b7dd2252b99671ce5d1cb9664c5f8636329436d/library/std/src/../../backtrace/src/backtrace/mod.rs:66:5
[INFO] [stdout]    2:     0x560d8e07a5ba - std::sys_common::backtrace::_print_fmt::h17541ef7592f3ce2
[INFO] [stdout]                                at /rustc/1b7dd2252b99671ce5d1cb9664c5f8636329436d/library/std/src/sys_common/backtrace.rs:65:5
[INFO] [stdout]    3:     0x560d8e07a5ba - <std::sys_common::backtrace::_print::DisplayBacktrace as core::fmt::Display>::fmt::h20f75df5ab0c0792
[INFO] [stdout]                                at /rustc/1b7dd2252b99671ce5d1cb9664c5f8636329436d/library/std/src/sys_common/backtrace.rs:44:22
[INFO] [stdout]    4:     0x560d8e0a1fff - core::fmt::write::h78109e6f466b3af6
[INFO] [stdout]                                at /rustc/1b7dd2252b99671ce5d1cb9664c5f8636329436d/library/core/src/fmt/mod.rs:1254:17
[INFO] [stdout]    5:     0x560d8e076eb5 - std::io::Write::write_fmt::hd24bfb68a1b35a25
[INFO] [stdout]                                at /rustc/1b7dd2252b99671ce5d1cb9664c5f8636329436d/library/std/src/io/mod.rs:1698:15
[INFO] [stdout]    6:     0x560d8e07a385 - std::sys_common::backtrace::_print::h8dac57a9f8fbf9a5
[INFO] [stdout]                                at /rustc/1b7dd2252b99671ce5d1cb9664c5f8636329436d/library/std/src/sys_common/backtrace.rs:47:5
[INFO] [stdout]    7:     0x560d8e07a385 - std::sys_common::backtrace::print::hf9ecbf41d1aa712f
[INFO] [stdout]                                at /rustc/1b7dd2252b99671ce5d1cb9664c5f8636329436d/library/std/src/sys_common/backtrace.rs:34:9
[INFO] [stdout]    8:     0x560d8e07c03e - std::panicking::default_hook::{{closure}}::h04c07acfc84ca028
[INFO] [stdout]                                at /rustc/1b7dd2252b99671ce5d1cb9664c5f8636329436d/library/std/src/panicking.rs:269:22
[INFO] [stdout]    9:     0x560d8e07bd71 - std::panicking::default_hook::h01f6bb23e1eceb2c
[INFO] [stdout]                                at /rustc/1b7dd2252b99671ce5d1cb9664c5f8636329436d/library/std/src/panicking.rs:285:9
[INFO] [stdout]   10:     0x560d8dcd07db - <alloc::boxed::Box<F,A> as core::ops::function::Fn<Args>>::call::h87fe9f7b2fd49e4c
[INFO] [stdout]                                at /rustc/1b7dd2252b99671ce5d1cb9664c5f8636329436d/library/alloc/src/boxed.rs:1987:9
[INFO] [stdout]   11:     0x560d8dcd07db - test::test_main::{{closure}}::he94d679243a7531b
[INFO] [stdout]                                at /rustc/1b7dd2252b99671ce5d1cb9664c5f8636329436d/library/test/src/lib.rs:134:21
[INFO] [stdout]   12:     0x560d8e07c724 - <alloc::boxed::Box<F,A> as core::ops::function::Fn<Args>>::call::h3f2d6d8b14c4769f
[INFO] [stdout]                                at /rustc/1b7dd2252b99671ce5d1cb9664c5f8636329436d/library/alloc/src/boxed.rs:1987:9
[INFO] [stdout]   13:     0x560d8e07c724 - std::panicking::rust_panic_with_hook::h2bb3722bbaf2f6df
[INFO] [stdout]                                at /rustc/1b7dd2252b99671ce5d1cb9664c5f8636329436d/library/std/src/panicking.rs:695:13
[INFO] [stdout]   14:     0x560d8e07c499 - std::panicking::begin_panic_handler::{{closure}}::h91bc7f36a4be011b
[INFO] [stdout]                                at /rustc/1b7dd2252b99671ce5d1cb9664c5f8636329436d/library/std/src/panicking.rs:582:13
[INFO] [stdout]   15:     0x560d8e07aa26 - std::sys_common::backtrace::__rust_end_short_backtrace::h8b3d3717114f9e59
[INFO] [stdout]                                at /rustc/1b7dd2252b99671ce5d1cb9664c5f8636329436d/library/std/src/sys_common/backtrace.rs:150:18
[INFO] [stdout]   16:     0x560d8e07c1f2 - rust_begin_unwind
[INFO] [stdout]                                at /rustc/1b7dd2252b99671ce5d1cb9664c5f8636329436d/library/std/src/panicking.rs:578:5
[INFO] [stdout]   17:     0x560d8d91f493 - core::panicking::panic_fmt::hfd368e3fbdabea26
[INFO] [stdout]                                at /rustc/1b7dd2252b99671ce5d1cb9664c5f8636329436d/library/core/src/panicking.rs:67:14
[INFO] [stdout]   18:     0x560d8d91fa33 - core::result::unwrap_failed::he54eb4b2f125b26f
[INFO] [stdout]                                at /rustc/1b7dd2252b99671ce5d1cb9664c5f8636329436d/library/core/src/result.rs:1687:5
[INFO] [stdout]   19:     0x560d8d928b39 - core::result::Result<T,E>::expect::hd69549eb27777272
[INFO] [stdout]                                at /rustc/1b7dd2252b99671ce5d1cb9664c5f8636329436d/library/core/src/result.rs:1046:23
[INFO] [stdout]   20:     0x560d8d924591 - rasp::tests::getdata::h09998dddc3bebec1
[INFO] [stdout]                                at /opt/rustwide/workdir/src/main.rs:345:26
[INFO] [stdout]   21:     0x560d8d924187 - rasp::tests::getdata::{{closure}}::hd802f922d139e934
[INFO] [stdout]                                at /opt/rustwide/workdir/src/main.rs:328:18
[INFO] [stdout]   22:     0x560d8d92e1d5 - core::ops::function::FnOnce::call_once::h31c519779714220e
[INFO] [stdout]                                at /rustc/1b7dd2252b99671ce5d1cb9664c5f8636329436d/library/core/src/ops/function.rs:250:5
[INFO] [stdout]   23:     0x560d8dcd56af - core::ops::function::FnOnce::call_once::ha6a70e79f7481a7e
[INFO] [stdout]                                at /rustc/1b7dd2252b99671ce5d1cb9664c5f8636329436d/library/core/src/ops/function.rs:250:5
[INFO] [stdout]   24:     0x560d8dcd56af - test::__rust_begin_short_backtrace::hce33033019b61e69
[INFO] [stdout]                                at /rustc/1b7dd2252b99671ce5d1cb9664c5f8636329436d/library/test/src/lib.rs:655:18
[INFO] [stdout]   25:     0x560d8dca2e9c - test::run_test::{{closure}}::h858d3528838ae3e5
[INFO] [stdout]                                at /rustc/1b7dd2252b99671ce5d1cb9664c5f8636329436d/library/test/src/lib.rs:646:30
[INFO] [stdout]   26:     0x560d8dca2e9c - core::ops::function::FnOnce::call_once{{vtable.shim}}::he8ac2b00f01ae79e
[INFO] [stdout]                                at /rustc/1b7dd2252b99671ce5d1cb9664c5f8636329436d/library/core/src/ops/function.rs:250:5
[INFO] [stdout]   27:     0x560d8dcd4786 - <alloc::boxed::Box<F,A> as core::ops::function::FnOnce<Args>>::call_once::h8093d25b522725ef
[INFO] [stdout]                                at /rustc/1b7dd2252b99671ce5d1cb9664c5f8636329436d/library/alloc/src/boxed.rs:1973:9
[INFO] [stdout]   28:     0x560d8dcd4786 - <core::panic::unwind_safe::AssertUnwindSafe<F> as core::ops::function::FnOnce<()>>::call_once::h5c334c204e4a3913
[INFO] [stdout]                                at /rustc/1b7dd2252b99671ce5d1cb9664c5f8636329436d/library/core/src/panic/unwind_safe.rs:271:9
[INFO] [stdout]   29:     0x560d8dcd4786 - std::panicking::try::do_call::ha8b740c7b9478074
[INFO] [stdout]                                at /rustc/1b7dd2252b99671ce5d1cb9664c5f8636329436d/library/std/src/panicking.rs:485:40
[INFO] [stdout]   30:     0x560d8dcd4786 - std::panicking::try::h5d34f63d0e41b64e
[INFO] [stdout]                                at /rustc/1b7dd2252b99671ce5d1cb9664c5f8636329436d/library/std/src/panicking.rs:449:19
[INFO] [stdout]   31:     0x560d8dcd4786 - std::panic::catch_unwind::hcfbb511e1aa7fc67
[INFO] [stdout]                                at /rustc/1b7dd2252b99671ce5d1cb9664c5f8636329436d/library/std/src/panic.rs:140:14
[INFO] [stdout]   32:     0x560d8dcd4786 - test::run_test_in_process::h9abda90f802eaf21
[INFO] [stdout]                                at /rustc/1b7dd2252b99671ce5d1cb9664c5f8636329436d/library/test/src/lib.rs:678:27
[INFO] [stdout]   33:     0x560d8dcd4786 - test::run_test::run_test_inner::{{closure}}::h0f058de91f6c6edf
[INFO] [stdout]                                at /rustc/1b7dd2252b99671ce5d1cb9664c5f8636329436d/library/test/src/lib.rs:572:39
[INFO] [stdout]   34:     0x560d8dc9d6a5 - test::run_test::run_test_inner::{{closure}}::h5ca48a4c59c6c1fb
[INFO] [stdout]                                at /rustc/1b7dd2252b99671ce5d1cb9664c5f8636329436d/library/test/src/lib.rs:599:37
[INFO] [stdout]   35:     0x560d8dc9d6a5 - std::sys_common::backtrace::__rust_begin_short_backtrace::h32bd51e1495d4a33
[INFO] [stdout]                                at /rustc/1b7dd2252b99671ce5d1cb9664c5f8636329436d/library/std/src/sys_common/backtrace.rs:134:18
[INFO] [stdout]   36:     0x560d8dca2be1 - std::thread::Builder::spawn_unchecked_::{{closure}}::{{closure}}::hc086fae9b128b2db
[INFO] [stdout]                                at /rustc/1b7dd2252b99671ce5d1cb9664c5f8636329436d/library/std/src/thread/mod.rs:526:17
[INFO] [stdout]   37:     0x560d8dca2be1 - <core::panic::unwind_safe::AssertUnwindSafe<F> as core::ops::function::FnOnce<()>>::call_once::hb66571888d270d43
[INFO] [stdout]                                at /rustc/1b7dd2252b99671ce5d1cb9664c5f8636329436d/library/core/src/panic/unwind_safe.rs:271:9
[INFO] [stdout]   38:     0x560d8dca2be1 - std::panicking::try::do_call::h4fa2ef4f6e51fecf
[INFO] [stdout]                                at /rustc/1b7dd2252b99671ce5d1cb9664c5f8636329436d/library/std/src/panicking.rs:485:40
[INFO] [stdout]   39:     0x560d8dca2be1 - std::panicking::try::h1e9e22b8584489b5
[INFO] [stdout]                                at /rustc/1b7dd2252b99671ce5d1cb9664c5f8636329436d/library/std/src/panicking.rs:449:19
[INFO] [stdout]   40:     0x560d8dca2be1 - std::panic::catch_unwind::h44698a3de0e0769e
[INFO] [stdout]                                at /rustc/1b7dd2252b99671ce5d1cb9664c5f8636329436d/library/std/src/panic.rs:140:14
[INFO] [stdout]   41:     0x560d8dca2be1 - std::thread::Builder::spawn_unchecked_::{{closure}}::h50153abde3fe239e
[INFO] [stdout]                                at /rustc/1b7dd2252b99671ce5d1cb9664c5f8636329436d/library/std/src/thread/mod.rs:525:30
[INFO] [stdout]   42:     0x560d8dca2be1 - core::ops::function::FnOnce::call_once{{vtable.shim}}::hbe5bbf6f38394364
[INFO] [stdout]                                at /rustc/1b7dd2252b99671ce5d1cb9664c5f8636329436d/library/core/src/ops/function.rs:250:5
[INFO] [stdout]   43:     0x560d8e080e45 - <alloc::boxed::Box<F,A> as core::ops::function::FnOnce<Args>>::call_once::h0d83cb2920a49046
[INFO] [stdout]                                at /rustc/1b7dd2252b99671ce5d1cb9664c5f8636329436d/library/alloc/src/boxed.rs:1973:9
[INFO] [stdout]   44:     0x560d8e080e45 - <alloc::boxed::Box<F,A> as core::ops::function::FnOnce<Args>>::call_once::hbe0a008aa7d9ef59
[INFO] [stdout]                                at /rustc/1b7dd2252b99671ce5d1cb9664c5f8636329436d/library/alloc/src/boxed.rs:1973:9
[INFO] [stdout]   45:     0x560d8e080e45 - std::sys::unix::thread::Thread::new::thread_start::h3a466996bdf6b1f9
[INFO] [stdout]                                at /rustc/1b7dd2252b99671ce5d1cb9664c5f8636329436d/library/std/src/sys/unix/thread.rs:108:17
[INFO] [stdout]   46:     0x7fa833da1b43 - <unknown>
[INFO] [stdout]   47:     0x7fa833e32bb4 - __clone
[INFO] [stdout]   48:                0x0 - <unknown>
[INFO] [stdout] 
[INFO] [stdout] ---- tests::mqtt2 stdout ----
[INFO] [stdout] thread 'tests::mqtt2' panicked at 'cannot open rootCA: Os { code: 2, kind: NotFound, message: "No such file or directory" }', src/main.rs:259:35
[INFO] [stdout] stack backtrace:
[INFO] [stdout]    0:     0x560d8e07a5ba - std::backtrace_rs::backtrace::libunwind::trace::h2f05d0192276a8f6
[INFO] [stdout]                                at /rustc/1b7dd2252b99671ce5d1cb9664c5f8636329436d/library/std/src/../../backtrace/src/backtrace/libunwind.rs:93:5
[INFO] [stdout]    1:     0x560d8e07a5ba - std::backtrace_rs::backtrace::trace_unsynchronized::hedc23dff7a1af150
[INFO] [stdout]                                at /rustc/1b7dd2252b99671ce5d1cb9664c5f8636329436d/library/std/src/../../backtrace/src/backtrace/mod.rs:66:5
[INFO] [stdout]    2:     0x560d8e07a5ba - std::sys_common::backtrace::_print_fmt::h17541ef7592f3ce2
[INFO] [stdout]                                at /rustc/1b7dd2252b99671ce5d1cb9664c5f8636329436d/library/std/src/sys_common/backtrace.rs:65:5
[INFO] [stdout]    3:     0x560d8e07a5ba - <std::sys_common::backtrace::_print::DisplayBacktrace as core::fmt::Display>::fmt::h20f75df5ab0c0792
[INFO] [stdout]                                at /rustc/1b7dd2252b99671ce5d1cb9664c5f8636329436d/library/std/src/sys_common/backtrace.rs:44:22
[INFO] [stdout]    4:     0x560d8e0a1fff - core::fmt::write::h78109e6f466b3af6
[INFO] [stdout]                                at /rustc/1b7dd2252b99671ce5d1cb9664c5f8636329436d/library/core/src/fmt/mod.rs:1254:17
[INFO] [stdout]    5:     0x560d8e076eb5 - std::io::Write::write_fmt::hd24bfb68a1b35a25
[INFO] [stdout]                                at /rustc/1b7dd2252b99671ce5d1cb9664c5f8636329436d/library/std/src/io/mod.rs:1698:15
[INFO] [stdout]    6:     0x560d8e07a385 - std::sys_common::backtrace::_print::h8dac57a9f8fbf9a5
[INFO] [stdout]                                at /rustc/1b7dd2252b99671ce5d1cb9664c5f8636329436d/library/std/src/sys_common/backtrace.rs:47:5
[INFO] [stdout]    7:     0x560d8e07a385 - std::sys_common::backtrace::print::hf9ecbf41d1aa712f
[INFO] [stdout]                                at /rustc/1b7dd2252b99671ce5d1cb9664c5f8636329436d/library/std/src/sys_common/backtrace.rs:34:9
[INFO] [stdout]    8:     0x560d8e07c03e - std::panicking::default_hook::{{closure}}::h04c07acfc84ca028
[INFO] [stdout]                                at /rustc/1b7dd2252b99671ce5d1cb9664c5f8636329436d/library/std/src/panicking.rs:269:22
[INFO] [stdout]    9:     0x560d8e07bd71 - std::panicking::default_hook::h01f6bb23e1eceb2c
[INFO] [stdout]                                at /rustc/1b7dd2252b99671ce5d1cb9664c5f8636329436d/library/std/src/panicking.rs:285:9
[INFO] [stdout]   10:     0x560d8dcd07db - <alloc::boxed::Box<F,A> as core::ops::function::Fn<Args>>::call::h87fe9f7b2fd49e4c
[INFO] [stdout]                                at /rustc/1b7dd2252b99671ce5d1cb9664c5f8636329436d/library/alloc/src/boxed.rs:1987:9
[INFO] [stdout]   11:     0x560d8dcd07db - test::test_main::{{closure}}::he94d679243a7531b
[INFO] [stdout]                                at /rustc/1b7dd2252b99671ce5d1cb9664c5f8636329436d/library/test/src/lib.rs:134:21
[INFO] [stdout]   12:     0x560d8e07c724 - <alloc::boxed::Box<F,A> as core::ops::function::Fn<Args>>::call::h3f2d6d8b14c4769f
[INFO] [stdout]                                at /rustc/1b7dd2252b99671ce5d1cb9664c5f8636329436d/library/alloc/src/boxed.rs:1987:9
[INFO] [stdout]   13:     0x560d8e07c724 - std::panicking::rust_panic_with_hook::h2bb3722bbaf2f6df
[INFO] [stdout]                                at /rustc/1b7dd2252b99671ce5d1cb9664c5f8636329436d/library/std/src/panicking.rs:695:13
[INFO] [stdout]   14:     0x560d8e07c499 - std::panicking::begin_panic_handler::{{closure}}::h91bc7f36a4be011b
[INFO] [stdout]                                at /rustc/1b7dd2252b99671ce5d1cb9664c5f8636329436d/library/std/src/panicking.rs:582:13
[INFO] [stdout]   15:     0x560d8e07aa26 - std::sys_common::backtrace::__rust_end_short_backtrace::h8b3d3717114f9e59
[INFO] [stdout]                                at /rustc/1b7dd2252b99671ce5d1cb9664c5f8636329436d/library/std/src/sys_common/backtrace.rs:150:18
[INFO] [stdout]   16:     0x560d8e07c1f2 - rust_begin_unwind
[INFO] [stdout]                                at /rustc/1b7dd2252b99671ce5d1cb9664c5f8636329436d/library/std/src/panicking.rs:578:5
[INFO] [stdout]   17:     0x560d8d91f493 - core::panicking::panic_fmt::hfd368e3fbdabea26
[INFO] [stdout]                                at /rustc/1b7dd2252b99671ce5d1cb9664c5f8636329436d/library/core/src/panicking.rs:67:14
[INFO] [stdout]   18:     0x560d8d91fa33 - core::result::unwrap_failed::he54eb4b2f125b26f
[INFO] [stdout]                                at /rustc/1b7dd2252b99671ce5d1cb9664c5f8636329436d/library/core/src/result.rs:1687:5
[INFO] [stdout]   19:     0x560d8d928a6e - core::result::Result<T,E>::expect::ha64b32296c8d50f5
[INFO] [stdout]                                at /rustc/1b7dd2252b99671ce5d1cb9664c5f8636329436d/library/core/src/result.rs:1046:23
[INFO] [stdout]   20:     0x560d8d9225c0 - rasp::tests::mqtt2::h96ee50e2c7039b98
[INFO] [stdout]                                at /opt/rustwide/workdir/src/main.rs:259:17
[INFO] [stdout]   21:     0x560d8d922457 - rasp::tests::mqtt2::{{closure}}::h5fec92bc24b52c8c
[INFO] [stdout]                                at /opt/rustwide/workdir/src/main.rs:245:16
[INFO] [stdout]   22:     0x560d8d92e215 - core::ops::function::FnOnce::call_once::h55742ac6bedd4aa6
[INFO] [stdout]                                at /rustc/1b7dd2252b99671ce5d1cb9664c5f8636329436d/library/core/src/ops/function.rs:250:5
[INFO] [stdout]   23:     0x560d8dcd56af - core::ops::function::FnOnce::call_once::ha6a70e79f7481a7e
[INFO] [stdout]                                at /rustc/1b7dd2252b99671ce5d1cb9664c5f8636329436d/library/core/src/ops/function.rs:250:5
[INFO] [stdout]   24:     0x560d8dcd56af - test::__rust_begin_short_backtrace::hce33033019b61e69
[INFO] [stdout]                                at /rustc/1b7dd2252b99671ce5d1cb9664c5f8636329436d/library/test/src/lib.rs:655:18
[INFO] [stdout]   25:     0x560d8dca2e9c - test::run_test::{{closure}}::h858d3528838ae3e5
[INFO] [stdout]                                at /rustc/1b7dd2252b99671ce5d1cb9664c5f8636329436d/library/test/src/lib.rs:646:30
[INFO] [stdout]   26:     0x560d8dca2e9c - core::ops::function::FnOnce::call_once{{vtable.shim}}::he8ac2b00f01ae79e
[INFO] [stdout]                                at /rustc/1b7dd2252b99671ce5d1cb9664c5f8636329436d/library/core/src/ops/function.rs:250:5
[INFO] [stdout]   27:     0x560d8dcd4786 - <alloc::boxed::Box<F,A> as core::ops::function::FnOnce<Args>>::call_once::h8093d25b522725ef
[INFO] [stdout]                                at /rustc/1b7dd2252b99671ce5d1cb9664c5f8636329436d/library/alloc/src/boxed.rs:1973:9
[INFO] [stdout]   28:     0x560d8dcd4786 - <core::panic::unwind_safe::AssertUnwindSafe<F> as core::ops::function::FnOnce<()>>::call_once::h5c334c204e4a3913
[INFO] [stdout]                                at /rustc/1b7dd2252b99671ce5d1cb9664c5f8636329436d/library/core/src/panic/unwind_safe.rs:271:9
[INFO] [stdout]   29:     0x560d8dcd4786 - std::panicking::try::do_call::ha8b740c7b9478074
[INFO] [stdout]                                at /rustc/1b7dd2252b99671ce5d1cb9664c5f8636329436d/library/std/src/panicking.rs:485:40
[INFO] [stdout]   30:     0x560d8dcd4786 - std::panicking::try::h5d34f63d0e41b64e
[INFO] [stdout]                                at /rustc/1b7dd2252b99671ce5d1cb9664c5f8636329436d/library/std/src/panicking.rs:449:19
[INFO] [stdout]   31:     0x560d8dcd4786 - std::panic::catch_unwind::hcfbb511e1aa7fc67
[INFO] [stdout]                                at /rustc/1b7dd2252b99671ce5d1cb9664c5f8636329436d/library/std/src/panic.rs:140:14
[INFO] [stdout]   32:     0x560d8dcd4786 - test::run_test_in_process::h9abda90f802eaf21
[INFO] [stdout]                                at /rustc/1b7dd2252b99671ce5d1cb9664c5f8636329436d/library/test/src/lib.rs:678:27
[INFO] [stdout]   33:     0x560d8dcd4786 - test::run_test::run_test_inner::{{closure}}::h0f058de91f6c6edf
[INFO] [stdout]                                at /rustc/1b7dd2252b99671ce5d1cb9664c5f8636329436d/library/test/src/lib.rs:572:39
[INFO] [stdout]   34:     0x560d8dc9d6a5 - test::run_test::run_test_inner::{{closure}}::h5ca48a4c59c6c1fb
[INFO] [stdout]                                at /rustc/1b7dd2252b99671ce5d1cb9664c5f8636329436d/library/test/src/lib.rs:599:37
[INFO] [stdout]   35:     0x560d8dc9d6a5 - std::sys_common::backtrace::__rust_begin_short_backtrace::h32bd51e1495d4a33
[INFO] [stdout]                                at /rustc/1b7dd2252b99671ce5d1cb9664c5f8636329436d/library/std/src/sys_common/backtrace.rs:134:18
[INFO] [stdout]   36:     0x560d8dca2be1 - std::thread::Builder::spawn_unchecked_::{{closure}}::{{closure}}::hc086fae9b128b2db
[INFO] [stdout]                                at /rustc/1b7dd2252b99671ce5d1cb9664c5f8636329436d/library/std/src/thread/mod.rs:526:17
[INFO] [stdout]   37:     0x560d8dca2be1 - <core::panic::unwind_safe::AssertUnwindSafe<F> as core::ops::function::FnOnce<()>>::call_once::hb66571888d270d43
[INFO] [stdout]                                at /rustc/1b7dd2252b99671ce5d1cb9664c5f8636329436d/library/core/src/panic/unwind_safe.rs:271:9
[INFO] [stdout]   38:     0x560d8dca2be1 - std::panicking::try::do_call::h4fa2ef4f6e51fecf
[INFO] [stdout]                                at /rustc/1b7dd2252b99671ce5d1cb9664c5f8636329436d/library/std/src/panicking.rs:485:40
[INFO] [stdout]   39:     0x560d8dca2be1 - std::panicking::try::h1e9e22b8584489b5
[INFO] [stdout]                                at /rustc/1b7dd2252b99671ce5d1cb9664c5f8636329436d/library/std/src/panicking.rs:449:19
[INFO] [stdout]   40:     0x560d8dca2be1 - std::panic::catch_unwind::h44698a3de0e0769e
[INFO] [stdout]                                at /rustc/1b7dd2252b99671ce5d1cb9664c5f8636329436d/library/std/src/panic.rs:140:14
[INFO] [stdout]   41:     0x560d8dca2be1 - std::thread::Builder::spawn_unchecked_::{{closure}}::h50153abde3fe239e
[INFO] [stdout]                                at /rustc/1b7dd2252b99671ce5d1cb9664c5f8636329436d/library/std/src/thread/mod.rs:525:30
[INFO] [stdout]   42:     0x560d8dca2be1 - core::ops::function::FnOnce::call_once{{vtable.shim}}::hbe5bbf6f38394364
[INFO] [stdout]                                at /rustc/1b7dd2252b99671ce5d1cb9664c5f8636329436d/library/core/src/ops/function.rs:250:5
[INFO] [stdout]   43:     0x560d8e080e45 - <alloc::boxed::Box<F,A> as core::ops::function::FnOnce<Args>>::call_once::h0d83cb2920a49046
[INFO] [stdout]                                at /rustc/1b7dd2252b99671ce5d1cb9664c5f8636329436d/library/alloc/src/boxed.rs:1973:9
[INFO] [stdout]   44:     0x560d8e080e45 - <alloc::boxed::Box<F,A> as core::ops::function::FnOnce<Args>>::call_once::hbe0a008aa7d9ef59
[INFO] [stdout]                                at /rustc/1b7dd2252b99671ce5d1cb9664c5f8636329436d/library/alloc/src/boxed.rs:1973:9
[INFO] [stdout]   45:     0x560d8e080e45 - std::sys::unix::thread::Thread::new::thread_start::h3a466996bdf6b1f9
[INFO] [stdout]                                at /rustc/1b7dd2252b99671ce5d1cb9664c5f8636329436d/library/std/src/sys/unix/thread.rs:108:17
[INFO] [stdout]   46:     0x7fa833da1b43 - <unknown>
[INFO] [stdout]   47:     0x7fa833e32bb4 - __clone
[INFO] [stdout]   48:                0x0 - <unknown>
[INFO] [stdout] 
[INFO] [stdout] ---- tests::http stdout ----
[INFO] [stdout] [src/main.rs:317] &json = "{\"tempureture\":28.17,\"relative_humidity\":55.27,\"ambient_light\":114,\"barometric_pressure\":992.388,\"sound_noise\":83.74,\"eTVOC\":23,\"eCO2\":null,\"disconfort_index\":null}"
[INFO] [stdout] thread 'tests::http' panicked at 'called `Result::unwrap()` on an `Err` value: reqwest::Error { kind: Request, url: Url { scheme: "http", cannot_be_a_base: false, username: "", password: None, host: Some(Ipv4(192.168.1.4)), port: Some(1880), path: "/post", query: None, fragment: None }, source: hyper::Error(Connect, ConnectError("tcp connect error", Os { code: 101, kind: NetworkUnreachable, message: "Network is unreachable" })) }', src/main.rs:324:14
[INFO] [stdout] stack backtrace:
[INFO] [stdout]    0:     0x560d8e07a5ba - std::backtrace_rs::backtrace::libunwind::trace::h2f05d0192276a8f6
[INFO] [stdout]                                at /rustc/1b7dd2252b99671ce5d1cb9664c5f8636329436d/library/std/src/../../backtrace/src/backtrace/libunwind.rs:93:5
[INFO] [stdout]    1:     0x560d8e07a5ba - std::backtrace_rs::backtrace::trace_unsynchronized::hedc23dff7a1af150
[INFO] [stdout]                                at /rustc/1b7dd2252b99671ce5d1cb9664c5f8636329436d/library/std/src/../../backtrace/src/backtrace/mod.rs:66:5
[INFO] [stdout]    2:     0x560d8e07a5ba - std::sys_common::backtrace::_print_fmt::h17541ef7592f3ce2
[INFO] [stdout]                                at /rustc/1b7dd2252b99671ce5d1cb9664c5f8636329436d/library/std/src/sys_common/backtrace.rs:65:5
[INFO] [stdout]    3:     0x560d8e07a5ba - <std::sys_common::backtrace::_print::DisplayBacktrace as core::fmt::Display>::fmt::h20f75df5ab0c0792
[INFO] [stdout]                                at /rustc/1b7dd2252b99671ce5d1cb9664c5f8636329436d/library/std/src/sys_common/backtrace.rs:44:22
[INFO] [stdout]    4:     0x560d8e0a1fff - core::fmt::write::h78109e6f466b3af6
[INFO] [stdout]                                at /rustc/1b7dd2252b99671ce5d1cb9664c5f8636329436d/library/core/src/fmt/mod.rs:1254:17
[INFO] [stdout]    5:     0x560d8e076eb5 - std::io::Write::write_fmt::hd24bfb68a1b35a25
[INFO] [stdout]                                at /rustc/1b7dd2252b99671ce5d1cb9664c5f8636329436d/library/std/src/io/mod.rs:1698:15
[INFO] [stdout]    6:     0x560d8e07a385 - std::sys_common::backtrace::_print::h8dac57a9f8fbf9a5
[INFO] [stdout]                                at /rustc/1b7dd2252b99671ce5d1cb9664c5f8636329436d/library/std/src/sys_common/backtrace.rs:47:5
[INFO] [stdout]    7:     0x560d8e07a385 - std::sys_common::backtrace::print::hf9ecbf41d1aa712f
[INFO] [stdout]                                at /rustc/1b7dd2252b99671ce5d1cb9664c5f8636329436d/library/std/src/sys_common/backtrace.rs:34:9
[INFO] [stdout]    8:     0x560d8e07c03e - std::panicking::default_hook::{{closure}}::h04c07acfc84ca028
[INFO] [stdout]                                at /rustc/1b7dd2252b99671ce5d1cb9664c5f8636329436d/library/std/src/panicking.rs:269:22
[INFO] [stdout]    9:     0x560d8e07bd71 - std::panicking::default_hook::h01f6bb23e1eceb2c
[INFO] [stdout]                                at /rustc/1b7dd2252b99671ce5d1cb9664c5f8636329436d/library/std/src/panicking.rs:285:9
[INFO] [stdout]   10:     0x560d8dcd07db - <alloc::boxed::Box<F,A> as core::ops::function::Fn<Args>>::call::h87fe9f7b2fd49e4c
[INFO] [stdout]                                at /rustc/1b7dd2252b99671ce5d1cb9664c5f8636329436d/library/alloc/src/boxed.rs:1987:9
[INFO] [stdout]   11:     0x560d8dcd07db - test::test_main::{{closure}}::he94d679243a7531b
[INFO] [stdout]                                at /rustc/1b7dd2252b99671ce5d1cb9664c5f8636329436d/library/test/src/lib.rs:134:21
[INFO] [stdout]   12:     0x560d8e07c724 - <alloc::boxed::Box<F,A> as core::ops::function::Fn<Args>>::call::h3f2d6d8b14c4769f
[INFO] [stdout]                                at /rustc/1b7dd2252b99671ce5d1cb9664c5f8636329436d/library/alloc/src/boxed.rs:1987:9
[INFO] [stdout]   13:     0x560d8e07c724 - std::panicking::rust_panic_with_hook::h2bb3722bbaf2f6df
[INFO] [stdout]                                at /rustc/1b7dd2252b99671ce5d1cb9664c5f8636329436d/library/std/src/panicking.rs:695:13
[INFO] [stdout]   14:     0x560d8e07c499 - std::panicking::begin_panic_handler::{{closure}}::h91bc7f36a4be011b
[INFO] [stdout]                                at /rustc/1b7dd2252b99671ce5d1cb9664c5f8636329436d/library/std/src/panicking.rs:582:13
[INFO] [stdout]   15:     0x560d8e07aa26 - std::sys_common::backtrace::__rust_end_short_backtrace::h8b3d3717114f9e59
[INFO] [stdout]                                at /rustc/1b7dd2252b99671ce5d1cb9664c5f8636329436d/library/std/src/sys_common/backtrace.rs:150:18
[INFO] [stdout]   16:     0x560d8e07c1f2 - rust_begin_unwind
[INFO] [stdout]                                at /rustc/1b7dd2252b99671ce5d1cb9664c5f8636329436d/library/std/src/panicking.rs:578:5
[INFO] [stdout]   17:     0x560d8d91f493 - core::panicking::panic_fmt::hfd368e3fbdabea26
[INFO] [stdout]                                at /rustc/1b7dd2252b99671ce5d1cb9664c5f8636329436d/library/core/src/panicking.rs:67:14
[INFO] [stdout]   18:     0x560d8d91fa33 - core::result::unwrap_failed::he54eb4b2f125b26f
[INFO] [stdout]                                at /rustc/1b7dd2252b99671ce5d1cb9664c5f8636329436d/library/core/src/result.rs:1687:5
[INFO] [stdout]   19:     0x560d8d928da0 - core::result::Result<T,E>::unwrap::hf9eeca47b3632e24
[INFO] [stdout]                                at /rustc/1b7dd2252b99671ce5d1cb9664c5f8636329436d/library/core/src/result.rs:1089:23
[INFO] [stdout]   20:     0x560d8d923ad5 - rasp::tests::http::hc64c92834f1669ff
[INFO] [stdout]                                at /opt/rustwide/workdir/src/main.rs:320:21
[INFO] [stdout]   21:     0x560d8d923127 - rasp::tests::http::{{closure}}::h3ca2fb2c72d0954d
[INFO] [stdout]                                at /opt/rustwide/workdir/src/main.rs:301:15
[INFO] [stdout]   22:     0x560d8d92e2a5 - core::ops::function::FnOnce::call_once::h8b8e5bd0b61b4796
[INFO] [stdout]                                at /rustc/1b7dd2252b99671ce5d1cb9664c5f8636329436d/library/core/src/ops/function.rs:250:5
[INFO] [stdout]   23:     0x560d8dcd56af - core::ops::function::FnOnce::call_once::ha6a70e79f7481a7e
[INFO] [stdout]                                at /rustc/1b7dd2252b99671ce5d1cb9664c5f8636329436d/library/core/src/ops/function.rs:250:5
[INFO] [stdout]   24:     0x560d8dcd56af - test::__rust_begin_short_backtrace::hce33033019b61e69
[INFO] [stdout]                                at /rustc/1b7dd2252b99671ce5d1cb9664c5f8636329436d/library/test/src/lib.rs:655:18
[INFO] [stdout]   25:     0x560d8dca2e9c - test::run_test::{{closure}}::h858d3528838ae3e5
[INFO] [stdout]                                at /rustc/1b7dd2252b99671ce5d1cb9664c5f8636329436d/library/test/src/lib.rs:646:30
[INFO] [stdout]   26:     0x560d8dca2e9c - core::ops::function::FnOnce::call_once{{vtable.shim}}::he8ac2b00f01ae79e
[INFO] [stdout]                                at /rustc/1b7dd2252b99671ce5d1cb9664c5f8636329436d/library/core/src/ops/function.rs:250:5
[INFO] [stdout]   27:     0x560d8dcd4786 - <alloc::boxed::Box<F,A> as core::ops::function::FnOnce<Args>>::call_once::h8093d25b522725ef
[INFO] [stdout]                                at /rustc/1b7dd2252b99671ce5d1cb9664c5f8636329436d/library/alloc/src/boxed.rs:1973:9
[INFO] [stdout]   28:     0x560d8dcd4786 - <core::panic::unwind_safe::AssertUnwindSafe<F> as core::ops::function::FnOnce<()>>::call_once::h5c334c204e4a3913
[INFO] [stdout]                                at /rustc/1b7dd2252b99671ce5d1cb9664c5f8636329436d/library/core/src/panic/unwind_safe.rs:271:9
[INFO] [stdout]   29:     0x560d8dcd4786 - std::panicking::try::do_call::ha8b740c7b9478074
[INFO] [stdout]                                at /rustc/1b7dd2252b99671ce5d1cb9664c5f8636329436d/library/std/src/panicking.rs:485:40
[INFO] [stdout]   30:     0x560d8dcd4786 - std::panicking::try::h5d34f63d0e41b64e
[INFO] [stdout]                                at /rustc/1b7dd2252b99671ce5d1cb9664c5f8636329436d/library/std/src/panicking.rs:449:19
[INFO] [stdout]   31:     0x560d8dcd4786 - std::panic::catch_unwind::hcfbb511e1aa7fc67
[INFO] [stdout]                                at /rustc/1b7dd2252b99671ce5d1cb9664c5f8636329436d/library/std/src/panic.rs:140:14
[INFO] [stdout]   32:     0x560d8dcd4786 - test::run_test_in_process::h9abda90f802eaf21
[INFO] [stdout]                                at /rustc/1b7dd2252b99671ce5d1cb9664c5f8636329436d/library/test/src/lib.rs:678:27
[INFO] [stdout]   33:     0x560d8dcd4786 - test::run_test::run_test_inner::{{closure}}::h0f058de91f6c6edf
[INFO] [stdout]                                at /rustc/1b7dd2252b99671ce5d1cb9664c5f8636329436d/library/test/src/lib.rs:572:39
[INFO] [stdout]   34:     0x560d8dc9d6a5 - test::run_test::run_test_inner::{{closure}}::h5ca48a4c59c6c1fb
[INFO] [stdout]                                at /rustc/1b7dd2252b99671ce5d1cb9664c5f8636329436d/library/test/src/lib.rs:599:37
[INFO] [stdout]   35:     0x560d8dc9d6a5 - std::sys_common::backtrace::__rust_begin_short_backtrace::h32bd51e1495d4a33
[INFO] [stdout]                                at /rustc/1b7dd2252b99671ce5d1cb9664c5f8636329436d/library/std/src/sys_common/backtrace.rs:134:18
[INFO] [stdout]   36:     0x560d8dca2be1 - std::thread::Builder::spawn_unchecked_::{{closure}}::{{closure}}::hc086fae9b128b2db
[INFO] [stdout]                                at /rustc/1b7dd2252b99671ce5d1cb9664c5f8636329436d/library/std/src/thread/mod.rs:526:17
[INFO] [stdout]   37:     0x560d8dca2be1 - <core::panic::unwind_safe::AssertUnwindSafe<F> as core::ops::function::FnOnce<()>>::call_once::hb66571888d270d43
[INFO] [stdout]                                at /rustc/1b7dd2252b99671ce5d1cb9664c5f8636329436d/library/core/src/panic/unwind_safe.rs:271:9
[INFO] [stdout]   38:     0x560d8dca2be1 - std::panicking::try::do_call::h4fa2ef4f6e51fecf
[INFO] [stdout]                                at /rustc/1b7dd2252b99671ce5d1cb9664c5f8636329436d/library/std/src/panicking.rs:485:40
[INFO] [stdout]   39:     0x560d8dca2be1 - std::panicking::try::h1e9e22b8584489b5
[INFO] [stdout]                                at /rustc/1b7dd2252b99671ce5d1cb9664c5f8636329436d/library/std/src/panicking.rs:449:19
[INFO] [stdout]   40:     0x560d8dca2be1 - std::panic::catch_unwind::h44698a3de0e0769e
[INFO] [stdout]                                at /rustc/1b7dd2252b99671ce5d1cb9664c5f8636329436d/library/std/src/panic.rs:140:14
[INFO] [stdout]   41:     0x560d8dca2be1 - std::thread::Builder::spawn_unchecked_::{{closure}}::h50153abde3fe239e
[INFO] [stdout]                                at /rustc/1b7dd2252b99671ce5d1cb9664c5f8636329436d/library/std/src/thread/mod.rs:525:30
[INFO] [stdout]   42:     0x560d8dca2be1 - core::ops::function::FnOnce::call_once{{vtable.shim}}::hbe5bbf6f38394364
[INFO] [stdout]                                at /rustc/1b7dd2252b99671ce5d1cb9664c5f8636329436d/library/core/src/ops/function.rs:250:5
[INFO] [stdout]   43:     0x560d8e080e45 - <alloc::boxed::Box<F,A> as core::ops::function::FnOnce<Args>>::call_once::h0d83cb2920a49046
[INFO] [stdout]                                at /rustc/1b7dd2252b99671ce5d1cb9664c5f8636329436d/library/alloc/src/boxed.rs:1973:9
[INFO] [stdout]   44:     0x560d8e080e45 - <alloc::boxed::Box<F,A> as core::ops::function::FnOnce<Args>>::call_once::hbe0a008aa7d9ef59
[INFO] [stdout]                                at /rustc/1b7dd2252b99671ce5d1cb9664c5f8636329436d/library/alloc/src/boxed.rs:1973:9
[INFO] [stdout]   45:     0x560d8e080e45 - std::sys::unix::thread::Thread::new::thread_start::h3a466996bdf6b1f9
[INFO] [stdout]                                at /rustc/1b7dd2252b99671ce5d1cb9664c5f8636329436d/library/std/src/sys/unix/thread.rs:108:17
[INFO] [stdout]   46:     0x7fa833da1b43 - <unknown>
[INFO] [stdout]   47:     0x7fa833e32bb4 - __clone
[INFO] [stdout]   48:                0x0 - <unknown>
[INFO] [stdout] 
[INFO] [stdout] 
[INFO] [stdout] failures:
[INFO] [stdout]     tests::getdata
[INFO] [stdout]     tests::http
[INFO] [stdout]     tests::mqtt2
[INFO] [stdout] 
[INFO] [stdout] test result: FAILED. 4 passed; 3 failed; 0 ignored; 0 measured; 0 filtered out; finished in 0.19s
[INFO] [stdout] 
[INFO] [stderr] error: test failed, to rerun pass `--bin rasp`
[INFO] running `Command { std: "docker" "inspect" "87ccf51f1aaea0fb5e72b3873774f7536ee5bc3bf5057c35351791dc89ffbee2", kill_on_drop: false }`
[INFO] running `Command { std: "docker" "rm" "-f" "87ccf51f1aaea0fb5e72b3873774f7536ee5bc3bf5057c35351791dc89ffbee2", kill_on_drop: false }`
[INFO] [stdout] 87ccf51f1aaea0fb5e72b3873774f7536ee5bc3bf5057c35351791dc89ffbee2
