[INFO] cloning repository https://github.com/logist322/rust-incubator
[INFO] running `Command { std: "git" "-c" "credential.helper=" "-c" "credential.helper=/workspace/cargo-home/bin/git-credential-null" "clone" "--bare" "https://github.com/logist322/rust-incubator" "/workspace/cache/git-repos/https%3A%2F%2Fgithub.com%2Flogist322%2Frust-incubator", kill_on_drop: false }`
[INFO] [stderr] Cloning into bare repository '/workspace/cache/git-repos/https%3A%2F%2Fgithub.com%2Flogist322%2Frust-incubator'...
[INFO] running `Command { std: "git" "rev-parse" "HEAD", kill_on_drop: false }`
[INFO] [stdout] d90b1d9340c10492f72951f7d0d44361b0d7c4a3
[INFO] testing logist322/rust-incubator against beta-2023-04-20 for beta-1.70-1
[INFO] running `Command { std: "git" "clone" "/workspace/cache/git-repos/https%3A%2F%2Fgithub.com%2Flogist322%2Frust-incubator" "/workspace/builds/worker-6-tc2/source", kill_on_drop: false }`
[INFO] [stderr] Cloning into '/workspace/builds/worker-6-tc2/source'...
[INFO] [stderr] done.
[INFO] validating manifest of git repo https://github.com/logist322/rust-incubator on toolchain beta-2023-04-20
[INFO] running `Command { std: CARGO_HOME="/workspace/cargo-home" RUSTUP_HOME="/workspace/rustup-home" "/workspace/cargo-home/bin/cargo" "+beta-2023-04-20" "metadata" "--manifest-path" "Cargo.toml" "--no-deps", kill_on_drop: false }`
[INFO] started tweaking git repo https://github.com/logist322/rust-incubator
[INFO] finished tweaking git repo https://github.com/logist322/rust-incubator
[INFO] tweaked toml for git repo https://github.com/logist322/rust-incubator written to /workspace/builds/worker-6-tc2/source/Cargo.toml
[INFO] crate git repo https://github.com/logist322/rust-incubator already has a lockfile, it will not be regenerated
[INFO] running `Command { std: CARGO_HOME="/workspace/cargo-home" RUSTUP_HOME="/workspace/rustup-home" "/workspace/cargo-home/bin/cargo" "+beta-2023-04-20" "fetch" "--manifest-path" "Cargo.toml", kill_on_drop: false }`
[INFO] running `Command { std: "docker" "create" "-v" "/var/lib/crater-agent-workspace/builds/worker-6-tc2/target:/opt/rustwide/target:rw,Z" "-v" "/var/lib/crater-agent-workspace/builds/worker-6-tc2/source:/opt/rustwide/workdir:ro,Z" "-v" "/var/lib/crater-agent-workspace/cargo-home:/opt/rustwide/cargo-home:ro,Z" "-v" "/var/lib/crater-agent-workspace/rustup-home:/opt/rustwide/rustup-home:ro,Z" "-e" "SOURCE_DIR=/opt/rustwide/workdir" "-e" "CARGO_TARGET_DIR=/opt/rustwide/target" "-e" "CARGO_HOME=/opt/rustwide/cargo-home" "-e" "RUSTUP_HOME=/opt/rustwide/rustup-home" "-w" "/opt/rustwide/workdir" "-m" "1610612736" "--user" "0:0" "--network" "none" "ghcr.io/rust-lang/crates-build-env/linux@sha256:5ff2268d62e97bff2cde7d5815dd6ed5b47097566f13b8d0ca110b04b60e07ed" "/opt/rustwide/cargo-home/bin/cargo" "+beta-2023-04-20" "metadata" "--no-deps" "--format-version=1", kill_on_drop: false }`
[INFO] [stdout] 5f053724924a9daebccd2e71816f3533fb9604e5690b0b244c2c7ad5d799e8a1
[INFO] running `Command { std: "docker" "start" "-a" "5f053724924a9daebccd2e71816f3533fb9604e5690b0b244c2c7ad5d799e8a1", kill_on_drop: false }`
[INFO] running `Command { std: "docker" "inspect" "5f053724924a9daebccd2e71816f3533fb9604e5690b0b244c2c7ad5d799e8a1", kill_on_drop: false }`
[INFO] running `Command { std: "docker" "rm" "-f" "5f053724924a9daebccd2e71816f3533fb9604e5690b0b244c2c7ad5d799e8a1", kill_on_drop: false }`
[INFO] [stdout] 5f053724924a9daebccd2e71816f3533fb9604e5690b0b244c2c7ad5d799e8a1
[INFO] running `Command { std: "docker" "create" "-v" "/var/lib/crater-agent-workspace/builds/worker-6-tc2/target:/opt/rustwide/target:rw,Z" "-v" "/var/lib/crater-agent-workspace/builds/worker-6-tc2/source:/opt/rustwide/workdir:ro,Z" "-v" "/var/lib/crater-agent-workspace/cargo-home:/opt/rustwide/cargo-home:ro,Z" "-v" "/var/lib/crater-agent-workspace/rustup-home:/opt/rustwide/rustup-home:ro,Z" "-e" "SOURCE_DIR=/opt/rustwide/workdir" "-e" "CARGO_TARGET_DIR=/opt/rustwide/target" "-e" "CARGO_INCREMENTAL=0" "-e" "RUST_BACKTRACE=full" "-e" "RUSTFLAGS=--cap-lints=warn" "-e" "RUSTDOCFLAGS=--cap-lints=warn" "-e" "CARGO_HOME=/opt/rustwide/cargo-home" "-e" "RUSTUP_HOME=/opt/rustwide/rustup-home" "-w" "/opt/rustwide/workdir" "-m" "1610612736" "--user" "0:0" "--network" "none" "ghcr.io/rust-lang/crates-build-env/linux@sha256:5ff2268d62e97bff2cde7d5815dd6ed5b47097566f13b8d0ca110b04b60e07ed" "/opt/rustwide/cargo-home/bin/cargo" "+beta-2023-04-20" "build" "--frozen" "--message-format=json", kill_on_drop: false }`
[INFO] [stdout] 4f3ecc3b20c5b4e2d7a8dcf3bf0d7a636449afc2df48aa310f351c9f37329056
[INFO] running `Command { std: "docker" "start" "-a" "4f3ecc3b20c5b4e2d7a8dcf3bf0d7a636449afc2df48aa310f351c9f37329056", kill_on_drop: false }`
[INFO] [stderr]    Compiling step_1_6 v0.1.0 (/opt/rustwide/workdir/1_concepts/1_6_dispatch)
[INFO] [stderr]    Compiling step_3 v0.1.0 (/opt/rustwide/workdir/3_ecosystem)
[INFO] [stderr]    Compiling step_3_9 v0.1.0 (/opt/rustwide/workdir/3_ecosystem/3_9_cmd_env_conf)
[INFO] [stderr]    Compiling step_1_5 v0.1.0 (/opt/rustwide/workdir/1_concepts/1_5_convert_cast_deref)
[INFO] [stderr]    Compiling step_2_2 v0.1.0 (/opt/rustwide/workdir/2_idioms/2_2_mem_replace)
[INFO] [stderr]    Compiling step_3_1 v0.1.0 (/opt/rustwide/workdir/3_ecosystem/3_1_testing)
[INFO] [stderr]    Compiling step_3_12 v0.1.0 (/opt/rustwide/workdir/3_ecosystem/3_12_web_db)
[INFO] [stderr]    Compiling step_3_2 v0.1.0 (/opt/rustwide/workdir/3_ecosystem/3_2_macro)
[INFO] [stderr]    Compiling step_3_5 v0.1.0 (/opt/rustwide/workdir/3_ecosystem/3_5_collections)
[INFO] [stderr]    Compiling step_3_8 v0.1.0 (/opt/rustwide/workdir/3_ecosystem/3_8_log)
[INFO] [stderr]    Compiling step_2_1 v0.1.0 (/opt/rustwide/workdir/2_idioms/2_1_type_safety)
[INFO] [stderr]    Compiling step_3_4 v0.1.0 (/opt/rustwide/workdir/3_ecosystem/3_4_regex_parsing)
[INFO] [stderr]    Compiling step_1_4 v0.1.0 (/opt/rustwide/workdir/1_concepts/1_4_cow)
[INFO] [stderr]    Compiling step_2 v0.1.0 (/opt/rustwide/workdir/2_idioms)
[INFO] [stdout] warning: unused variable: `input`
[INFO] [stdout]  --> 3_ecosystem/3_4_regex_parsing/src/main.rs:5:10
[INFO] [stdout]   |
[INFO] [stdout] 5 | fn parse(input: &str) -> (Option<Sign>, Option<usize>, Option<Precision>) {
[INFO] [stdout]   |          ^^^^^ help: if this is intentional, prefix it with an underscore: `_input`
[INFO] [stdout]   |
[INFO] [stdout]   = note: `#[warn(unused_variables)]` on by default
[INFO] [stdout] 
[INFO] [stdout] 
[INFO] [stdout] warning: function `parse` is never used
[INFO] [stdout]  --> 3_ecosystem/3_4_regex_parsing/src/main.rs:5:4
[INFO] [stdout]   |
[INFO] [stdout] 5 | fn parse(input: &str) -> (Option<Sign>, Option<usize>, Option<Precision>) {
[INFO] [stdout]   |    ^^^^^
[INFO] [stdout]   |
[INFO] [stdout]   = note: `#[warn(dead_code)]` on by default
[INFO] [stdout] 
[INFO] [stdout] 
[INFO] [stdout] warning: variants `Plus` and `Minus` are never constructed
[INFO] [stdout]   --> 3_ecosystem/3_4_regex_parsing/src/main.rs:11:5
[INFO] [stdout]    |
[INFO] [stdout] 10 | enum Sign {
[INFO] [stdout]    |      ---- variants in this enum
[INFO] [stdout] 11 |     Plus,
[INFO] [stdout]    |     ^^^^
[INFO] [stdout] 12 |     Minus,
[INFO] [stdout]    |     ^^^^^
[INFO] [stdout]    |
[INFO] [stdout]    = note: `Sign` has a derived impl for the trait `Debug`, but this is intentionally ignored during dead code analysis
[INFO] [stdout] 
[INFO] [stdout] 
[INFO] [stdout] warning: variants `Integer`, `Argument`, and `Asterisk` are never constructed
[INFO] [stdout]   --> 3_ecosystem/3_4_regex_parsing/src/main.rs:17:5
[INFO] [stdout]    |
[INFO] [stdout] 16 | enum Precision {
[INFO] [stdout]    |      --------- variants in this enum
[INFO] [stdout] 17 |     Integer(usize),
[INFO] [stdout]    |     ^^^^^^^
[INFO] [stdout] 18 |     Argument(usize),
[INFO] [stdout]    |     ^^^^^^^^
[INFO] [stdout] 19 |     Asterisk,
[INFO] [stdout]    |     ^^^^^^^^
[INFO] [stdout]    |
[INFO] [stdout]    = note: `Precision` has a derived impl for the trait `Debug`, but this is intentionally ignored during dead code analysis
[INFO] [stdout] 
[INFO] [stdout] 
[INFO] [stderr]    Compiling step_1_3 v0.1.0 (/opt/rustwide/workdir/1_concepts/1_3_rc_cell)
[INFO] [stderr]    Compiling step_1_9 v0.1.0 (/opt/rustwide/workdir/1_concepts/1_9_phantom)
[INFO] [stderr]    Compiling step_2_4 v0.1.0 (/opt/rustwide/workdir/2_idioms/2_4_generic_in_type_out)
[INFO] [stdout] warning: 4 warnings emitted
[INFO] [stdout] 
[INFO] [stdout] 
[INFO] [stderr]    Compiling step_2_3 v0.1.0 (/opt/rustwide/workdir/2_idioms/2_3_bound_impl)
[INFO] [stderr]    Compiling step_3_10 v0.1.0 (/opt/rustwide/workdir/3_ecosystem/3_10_threads)
[INFO] [stderr]    Compiling step_1_8 v0.1.0 (/opt/rustwide/workdir/1_concepts/1_8_thread_safety)
[INFO] [stderr]    Compiling step_1_1 v0.1.0 (/opt/rustwide/workdir/1_concepts/1_1_default_clone_copy)
[INFO] [stderr]    Compiling step_1_2 v0.1.0 (/opt/rustwide/workdir/1_concepts/1_2_box_pin)
[INFO] [stderr]    Compiling step_3_3 v0.1.0 (/opt/rustwide/workdir/3_ecosystem/3_3_date_time)
[INFO] [stderr]    Compiling step_3_7 v0.1.0 (/opt/rustwide/workdir/3_ecosystem/3_7_rand_crypto)
[INFO] [stdout] warning: unused variable: `year`
[INFO] [stdout]   --> 3_ecosystem/3_3_date_time/src/main.rs:10:23
[INFO] [stdout]    |
[INFO] [stdout] 10 |     fn with_birthdate(year: i32, month: u32, day: u32) -> Self {
[INFO] [stdout]    |                       ^^^^ help: if this is intentional, prefix it with an underscore: `_year`
[INFO] [stdout]    |
[INFO] [stdout]    = note: `#[warn(unused_variables)]` on by default
[INFO] [stdout] 
[INFO] [stdout] 
[INFO] [stdout] warning: unused variable: `month`
[INFO] [stdout]   --> 3_ecosystem/3_3_date_time/src/main.rs:10:34
[INFO] [stdout]    |
[INFO] [stdout] 10 |     fn with_birthdate(year: i32, month: u32, day: u32) -> Self {
[INFO] [stdout]    |                                  ^^^^^ help: if this is intentional, prefix it with an underscore: `_month`
[INFO] [stdout] 
[INFO] [stdout] 
[INFO] [stdout] warning: unused variable: `day`
[INFO] [stdout]   --> 3_ecosystem/3_3_date_time/src/main.rs:10:46
[INFO] [stdout]    |
[INFO] [stdout] 10 |     fn with_birthdate(year: i32, month: u32, day: u32) -> Self {
[INFO] [stdout]    |                                              ^^^ help: if this is intentional, prefix it with an underscore: `_day`
[INFO] [stdout] 
[INFO] [stdout] 
[INFO] [stdout] warning: constant `NOW` is never used
[INFO] [stdout]  --> 3_ecosystem/3_3_date_time/src/main.rs:5:7
[INFO] [stdout]   |
[INFO] [stdout] 5 | const NOW: &str = "2019-06-26";
[INFO] [stdout]   |       ^^^
[INFO] [stdout]   |
[INFO] [stdout]   = note: `#[warn(dead_code)]` on by default
[INFO] [stdout] 
[INFO] [stdout] 
[INFO] [stderr]    Compiling step_1 v0.1.0 (/opt/rustwide/workdir/1_concepts)
[INFO] [stdout] warning: struct `User` is never constructed
[INFO] [stdout]  --> 3_ecosystem/3_3_date_time/src/main.rs:7:8
[INFO] [stdout]   |
[INFO] [stdout] 7 | struct User;
[INFO] [stdout]   |        ^^^^
[INFO] [stdout] 
[INFO] [stdout] 
[INFO] [stdout] warning: associated items `with_birthdate`, `age`, and `is_adult` are never used
[INFO] [stdout]   --> 3_ecosystem/3_3_date_time/src/main.rs:10:8
[INFO] [stdout]    |
[INFO] [stdout] 9  | impl User {
[INFO] [stdout]    | --------- associated items in this implementation
[INFO] [stdout] 10 |     fn with_birthdate(year: i32, month: u32, day: u32) -> Self {
[INFO] [stdout]    |        ^^^^^^^^^^^^^^
[INFO] [stdout] ...
[INFO] [stdout] 15 |     fn age(&self) -> u16 {
[INFO] [stdout]    |        ^^^
[INFO] [stdout] ...
[INFO] [stdout] 20 |     fn is_adult(&self) -> bool {
[INFO] [stdout]    |        ^^^^^^^^
[INFO] [stdout] 
[INFO] [stdout] 
[INFO] [stderr]    Compiling step_1_7 v0.1.0 (/opt/rustwide/workdir/1_concepts/1_7_sized)
[INFO] [stderr]    Compiling step_3_11 v0.1.0 (/opt/rustwide/workdir/3_ecosystem/3_11_async)
[INFO] [stderr]    Compiling step_3_6 v0.1.0 (/opt/rustwide/workdir/3_ecosystem/3_6_serde)
[INFO] [stdout] warning: 6 warnings emitted
[INFO] [stdout] 
[INFO] [stdout] 
[INFO] [stderr]     Finished dev [unoptimized + debuginfo] target(s) in 5.61s
[INFO] running `Command { std: "docker" "inspect" "4f3ecc3b20c5b4e2d7a8dcf3bf0d7a636449afc2df48aa310f351c9f37329056", kill_on_drop: false }`
[INFO] running `Command { std: "docker" "rm" "-f" "4f3ecc3b20c5b4e2d7a8dcf3bf0d7a636449afc2df48aa310f351c9f37329056", kill_on_drop: false }`
[INFO] [stdout] 4f3ecc3b20c5b4e2d7a8dcf3bf0d7a636449afc2df48aa310f351c9f37329056
[INFO] running `Command { std: "docker" "create" "-v" "/var/lib/crater-agent-workspace/builds/worker-6-tc2/target:/opt/rustwide/target:rw,Z" "-v" "/var/lib/crater-agent-workspace/builds/worker-6-tc2/source:/opt/rustwide/workdir:ro,Z" "-v" "/var/lib/crater-agent-workspace/cargo-home:/opt/rustwide/cargo-home:ro,Z" "-v" "/var/lib/crater-agent-workspace/rustup-home:/opt/rustwide/rustup-home:ro,Z" "-e" "SOURCE_DIR=/opt/rustwide/workdir" "-e" "CARGO_TARGET_DIR=/opt/rustwide/target" "-e" "CARGO_INCREMENTAL=0" "-e" "RUST_BACKTRACE=full" "-e" "RUSTFLAGS=--cap-lints=warn" "-e" "RUSTDOCFLAGS=--cap-lints=warn" "-e" "CARGO_HOME=/opt/rustwide/cargo-home" "-e" "RUSTUP_HOME=/opt/rustwide/rustup-home" "-w" "/opt/rustwide/workdir" "-m" "1610612736" "--user" "0:0" "--network" "none" "ghcr.io/rust-lang/crates-build-env/linux@sha256:5ff2268d62e97bff2cde7d5815dd6ed5b47097566f13b8d0ca110b04b60e07ed" "/opt/rustwide/cargo-home/bin/cargo" "+beta-2023-04-20" "test" "--frozen" "--no-run" "--message-format=json", kill_on_drop: false }`
[INFO] [stdout] cf1e442b9b8162e9a2448e28630159038d764a6eeb0029e8948a886e236d2f63
[INFO] running `Command { std: "docker" "start" "-a" "cf1e442b9b8162e9a2448e28630159038d764a6eeb0029e8948a886e236d2f63", kill_on_drop: false }`
[INFO] [stderr]    Compiling step_1 v0.1.0 (/opt/rustwide/workdir/1_concepts)
[INFO] [stderr]    Compiling step_2_1 v0.1.0 (/opt/rustwide/workdir/2_idioms/2_1_type_safety)
[INFO] [stderr]    Compiling step_2_2 v0.1.0 (/opt/rustwide/workdir/2_idioms/2_2_mem_replace)
[INFO] [stderr]    Compiling step_3_10 v0.1.0 (/opt/rustwide/workdir/3_ecosystem/3_10_threads)
[INFO] [stderr]    Compiling step_3_11 v0.1.0 (/opt/rustwide/workdir/3_ecosystem/3_11_async)
[INFO] [stderr]    Compiling step_3_4 v0.1.0 (/opt/rustwide/workdir/3_ecosystem/3_4_regex_parsing)
[INFO] [stderr]    Compiling step_1_9 v0.1.0 (/opt/rustwide/workdir/1_concepts/1_9_phantom)
[INFO] [stderr]    Compiling step_1_3 v0.1.0 (/opt/rustwide/workdir/1_concepts/1_3_rc_cell)
[INFO] [stdout] warning: unused variable: `input`
[INFO] [stdout]  --> 3_ecosystem/3_4_regex_parsing/src/main.rs:5:10
[INFO] [stdout]   |
[INFO] [stdout] 5 | fn parse(input: &str) -> (Option<Sign>, Option<usize>, Option<Precision>) {
[INFO] [stdout]   |          ^^^^^ help: if this is intentional, prefix it with an underscore: `_input`
[INFO] [stdout]   |
[INFO] [stdout]   = note: `#[warn(unused_variables)]` on by default
[INFO] [stdout] 
[INFO] [stdout] 
[INFO] [stderr]    Compiling step_3 v0.1.0 (/opt/rustwide/workdir/3_ecosystem)
[INFO] [stderr]    Compiling step_1_4 v0.1.0 (/opt/rustwide/workdir/1_concepts/1_4_cow)
[INFO] [stderr]    Compiling step_3_1 v0.1.0 (/opt/rustwide/workdir/3_ecosystem/3_1_testing)
[INFO] [stderr]    Compiling step_3_2 v0.1.0 (/opt/rustwide/workdir/3_ecosystem/3_2_macro)
[INFO] [stderr]    Compiling step_1_5 v0.1.0 (/opt/rustwide/workdir/1_concepts/1_5_convert_cast_deref)
[INFO] [stderr]    Compiling step_3_3 v0.1.0 (/opt/rustwide/workdir/3_ecosystem/3_3_date_time)
[INFO] [stderr]    Compiling step_3_9 v0.1.0 (/opt/rustwide/workdir/3_ecosystem/3_9_cmd_env_conf)
[INFO] [stdout] warning: unused variable: `year`
[INFO] [stdout]   --> 3_ecosystem/3_3_date_time/src/main.rs:10:23
[INFO] [stdout]    |
[INFO] [stdout] 10 |     fn with_birthdate(year: i32, month: u32, day: u32) -> Self {
[INFO] [stdout]    |                       ^^^^ help: if this is intentional, prefix it with an underscore: `_year`
[INFO] [stdout]    |
[INFO] [stdout]    = note: `#[warn(unused_variables)]` on by default
[INFO] [stdout] 
[INFO] [stdout] 
[INFO] [stdout] warning: unused variable: `month`
[INFO] [stdout]   --> 3_ecosystem/3_3_date_time/src/main.rs:10:34
[INFO] [stdout]    |
[INFO] [stdout] 10 |     fn with_birthdate(year: i32, month: u32, day: u32) -> Self {
[INFO] [stdout]    |                                  ^^^^^ help: if this is intentional, prefix it with an underscore: `_month`
[INFO] [stdout] 
[INFO] [stdout] 
[INFO] [stdout] warning: unused variable: `day`
[INFO] [stdout]   --> 3_ecosystem/3_3_date_time/src/main.rs:10:46
[INFO] [stdout]    |
[INFO] [stdout] 10 |     fn with_birthdate(year: i32, month: u32, day: u32) -> Self {
[INFO] [stdout]    |                                              ^^^ help: if this is intentional, prefix it with an underscore: `_day`
[INFO] [stdout] 
[INFO] [stdout] 
[INFO] [stdout] warning: constant `NOW` is never used
[INFO] [stdout]  --> 3_ecosystem/3_3_date_time/src/main.rs:5:7
[INFO] [stdout]   |
[INFO] [stdout] 5 | const NOW: &str = "2019-06-26";
[INFO] [stdout]   |       ^^^
[INFO] [stdout]   |
[INFO] [stdout]   = note: `#[warn(dead_code)]` on by default
[INFO] [stdout] 
[INFO] [stdout] 
[INFO] [stdout] warning: method `is_adult` is never used
[INFO] [stdout]   --> 3_ecosystem/3_3_date_time/src/main.rs:20:8
[INFO] [stdout]    |
[INFO] [stdout] 9  | impl User {
[INFO] [stdout]    | --------- method in this implementation
[INFO] [stdout] ...
[INFO] [stdout] 20 |     fn is_adult(&self) -> bool {
[INFO] [stdout]    |        ^^^^^^^^
[INFO] [stdout] 
[INFO] [stdout] 
[INFO] [stdout] warning: 1 warning emitted
[INFO] [stdout] 
[INFO] [stdout] 
[INFO] [stderr]    Compiling step_2_3 v0.1.0 (/opt/rustwide/workdir/2_idioms/2_3_bound_impl)
[INFO] [stderr]    Compiling step_3_6 v0.1.0 (/opt/rustwide/workdir/3_ecosystem/3_6_serde)
[INFO] [stderr]    Compiling step_3_12 v0.1.0 (/opt/rustwide/workdir/3_ecosystem/3_12_web_db)
[INFO] [stderr]    Compiling step_1_2 v0.1.0 (/opt/rustwide/workdir/1_concepts/1_2_box_pin)
[INFO] [stderr]    Compiling step_1_7 v0.1.0 (/opt/rustwide/workdir/1_concepts/1_7_sized)
[INFO] [stderr]    Compiling step_1_8 v0.1.0 (/opt/rustwide/workdir/1_concepts/1_8_thread_safety)
[INFO] [stderr]    Compiling step_2_4 v0.1.0 (/opt/rustwide/workdir/2_idioms/2_4_generic_in_type_out)
[INFO] [stdout] warning: 5 warnings emitted
[INFO] [stdout] 
[INFO] [stdout] 
[INFO] [stderr]    Compiling step_1_1 v0.1.0 (/opt/rustwide/workdir/1_concepts/1_1_default_clone_copy)
[INFO] [stderr]    Compiling step_1_6 v0.1.0 (/opt/rustwide/workdir/1_concepts/1_6_dispatch)
[INFO] [stderr]    Compiling step_2 v0.1.0 (/opt/rustwide/workdir/2_idioms)
[INFO] [stderr]    Compiling step_3_5 v0.1.0 (/opt/rustwide/workdir/3_ecosystem/3_5_collections)
[INFO] [stderr]    Compiling step_3_7 v0.1.0 (/opt/rustwide/workdir/3_ecosystem/3_7_rand_crypto)
[INFO] [stderr]    Compiling step_3_8 v0.1.0 (/opt/rustwide/workdir/3_ecosystem/3_8_log)
[INFO] [stderr]     Finished test [unoptimized + debuginfo] target(s) in 6.81s
[INFO] running `Command { std: "docker" "inspect" "cf1e442b9b8162e9a2448e28630159038d764a6eeb0029e8948a886e236d2f63", kill_on_drop: false }`
[INFO] running `Command { std: "docker" "rm" "-f" "cf1e442b9b8162e9a2448e28630159038d764a6eeb0029e8948a886e236d2f63", kill_on_drop: false }`
[INFO] [stdout] cf1e442b9b8162e9a2448e28630159038d764a6eeb0029e8948a886e236d2f63
[INFO] running `Command { std: "docker" "create" "-v" "/var/lib/crater-agent-workspace/builds/worker-6-tc2/target:/opt/rustwide/target:rw,Z" "-v" "/var/lib/crater-agent-workspace/builds/worker-6-tc2/source:/opt/rustwide/workdir:ro,Z" "-v" "/var/lib/crater-agent-workspace/cargo-home:/opt/rustwide/cargo-home:ro,Z" "-v" "/var/lib/crater-agent-workspace/rustup-home:/opt/rustwide/rustup-home:ro,Z" "-e" "SOURCE_DIR=/opt/rustwide/workdir" "-e" "CARGO_TARGET_DIR=/opt/rustwide/target" "-e" "CARGO_INCREMENTAL=0" "-e" "RUST_BACKTRACE=full" "-e" "RUSTFLAGS=--cap-lints=warn" "-e" "RUSTDOCFLAGS=--cap-lints=warn" "-e" "CARGO_HOME=/opt/rustwide/cargo-home" "-e" "RUSTUP_HOME=/opt/rustwide/rustup-home" "-w" "/opt/rustwide/workdir" "-m" "1610612736" "--user" "0:0" "--network" "none" "ghcr.io/rust-lang/crates-build-env/linux@sha256:5ff2268d62e97bff2cde7d5815dd6ed5b47097566f13b8d0ca110b04b60e07ed" "/opt/rustwide/cargo-home/bin/cargo" "+beta-2023-04-20" "test" "--frozen", kill_on_drop: false }`
[INFO] [stdout] 0729e718f71468f2d860e39ac0147bc4e45e738ed97e9510af08a1c315a2359b
[INFO] running `Command { std: "docker" "start" "-a" "0729e718f71468f2d860e39ac0147bc4e45e738ed97e9510af08a1c315a2359b", kill_on_drop: false }`
[INFO] [stderr] warning: unused variable: `input`
[INFO] [stderr]  --> 3_ecosystem/3_4_regex_parsing/src/main.rs:5:10
[INFO] [stderr]   |
[INFO] [stderr] 5 | fn parse(input: &str) -> (Option<Sign>, Option<usize>, Option<Precision>) {
[INFO] [stderr]   |          ^^^^^ help: if this is intentional, prefix it with an underscore: `_input`
[INFO] [stderr]   |
[INFO] [stderr]   = note: `#[warn(unused_variables)]` on by default
[INFO] [stderr] 
[INFO] [stderr] warning: `step_3_4` (bin "step_3_4" test) generated 1 warning (run `cargo fix --bin "step_3_4" --tests` to apply 1 suggestion)
[INFO] [stderr] warning: unused variable: `year`
[INFO] [stderr]   --> 3_ecosystem/3_3_date_time/src/main.rs:10:23
[INFO] [stderr]    |
[INFO] [stderr] 10 |     fn with_birthdate(year: i32, month: u32, day: u32) -> Self {
[INFO] [stderr]    |                       ^^^^ help: if this is intentional, prefix it with an underscore: `_year`
[INFO] [stderr]    |
[INFO] [stderr]    = note: `#[warn(unused_variables)]` on by default
[INFO] [stderr] 
[INFO] [stderr] warning: unused variable: `month`
[INFO] [stderr]   --> 3_ecosystem/3_3_date_time/src/main.rs:10:34
[INFO] [stderr]    |
[INFO] [stderr] 10 |     fn with_birthdate(year: i32, month: u32, day: u32) -> Self {
[INFO] [stderr]    |                                  ^^^^^ help: if this is intentional, prefix it with an underscore: `_month`
[INFO] [stderr] 
[INFO] [stderr] warning: unused variable: `day`
[INFO] [stderr]   --> 3_ecosystem/3_3_date_time/src/main.rs:10:46
[INFO] [stderr]    |
[INFO] [stderr] 10 |     fn with_birthdate(year: i32, month: u32, day: u32) -> Self {
[INFO] [stderr]    |                                              ^^^ help: if this is intentional, prefix it with an underscore: `_day`
[INFO] [stderr] 
[INFO] [stderr] warning: constant `NOW` is never used
[INFO] [stderr]  --> 3_ecosystem/3_3_date_time/src/main.rs:5:7
[INFO] [stderr]   |
[INFO] [stderr] 5 | const NOW: &str = "2019-06-26";
[INFO] [stderr]   |       ^^^
[INFO] [stderr]   |
[INFO] [stderr]   = note: `#[warn(dead_code)]` on by default
[INFO] [stderr] 
[INFO] [stderr] warning: method `is_adult` is never used
[INFO] [stderr]   --> 3_ecosystem/3_3_date_time/src/main.rs:20:8
[INFO] [stderr]    |
[INFO] [stderr] 9  | impl User {
[INFO] [stderr]    | --------- method in this implementation
[INFO] [stderr] ...
[INFO] [stderr] 20 |     fn is_adult(&self) -> bool {
[INFO] [stderr]    |        ^^^^^^^^
[INFO] [stderr] 
[INFO] [stderr] warning: `step_3_3` (bin "step_3_3" test) generated 5 warnings (run `cargo fix --bin "step_3_3" --tests` to apply 3 suggestions)
[INFO] [stderr]     Finished test [unoptimized + debuginfo] target(s) in 0.01s
[INFO] [stderr]      Running unittests src/main.rs (/opt/rustwide/target/debug/deps/step_1-e879efdffc954b79)
[INFO] [stdout] 
[INFO] [stdout] running 0 tests
[INFO] [stdout] 
[INFO] [stderr]      Running unittests src/main.rs (/opt/rustwide/target/debug/deps/step_1_1-43810033b93fc96b)
[INFO] [stdout] test result: ok. 0 passed; 0 failed; 0 ignored; 0 measured; 0 filtered out; finished in 0.00s
[INFO] [stdout] 
[INFO] [stdout] 
[INFO] [stdout] running 0 tests
[INFO] [stdout] 
[INFO] [stdout] test result: ok. 0 passed; 0 failed; 0 ignored; 0 measured; 0 filtered out; finished in 0.00s
[INFO] [stdout] 
[INFO] [stderr]      Running unittests src/main.rs (/opt/rustwide/target/debug/deps/step_1_2-d2b8e41c131b240c)
[INFO] [stdout] 
[INFO] [stdout] running 0 tests
[INFO] [stdout] 
[INFO] [stdout] test result: ok. 0 passed; 0 failed; 0 ignored; 0 measured; 0 filtered out; finished in 0.00s
[INFO] [stdout] 
[INFO] [stderr]      Running unittests src/main.rs (/opt/rustwide/target/debug/deps/step_1_3-06f6799947e22517)
[INFO] [stdout] 
[INFO] [stdout] running 0 tests
[INFO] [stdout] 
[INFO] [stdout] test result: ok. 0 passed; 0 failed; 0 ignored; 0 measured; 0 filtered out; finished in 0.00s
[INFO] [stdout] 
[INFO] [stderr]      Running unittests src/main.rs (/opt/rustwide/target/debug/deps/step_1_4-555216cd8f76105a)
[INFO] [stdout] 
[INFO] [stdout] running 0 tests
[INFO] [stdout] 
[INFO] [stdout] test result: ok. 0 passed; 0 failed; 0 ignored; 0 measured; 0 filtered out; finished in 0.00s
[INFO] [stdout] 
[INFO] [stderr]      Running unittests src/main.rs (/opt/rustwide/target/debug/deps/step_1_5-4e40425e9310d5d2)
[INFO] [stdout] 
[INFO] [stdout] running 0 tests
[INFO] [stdout] 
[INFO] [stdout] test result: ok. 0 passed; 0 failed; 0 ignored; 0 measured; 0 filtered out; finished in 0.00s
[INFO] [stdout] 
[INFO] [stderr]      Running unittests src/main.rs (/opt/rustwide/target/debug/deps/step_1_6-a0fdabf1abe6ac1b)
[INFO] [stdout] 
[INFO] [stdout] running 0 tests
[INFO] [stdout] 
[INFO] [stdout] test result: ok. 0 passed; 0 failed; 0 ignored; 0 measured; 0 filtered out; finished in 0.00s
[INFO] [stdout] 
[INFO] [stderr]      Running unittests src/main.rs (/opt/rustwide/target/debug/deps/step_1_7-5a6c0a453da8923e)
[INFO] [stdout] 
[INFO] [stdout] running 0 tests
[INFO] [stdout] 
[INFO] [stdout] test result: ok. 0 passed; 0 failed; 0 ignored; 0 measured; 0 filtered out; finished in 0.00s
[INFO] [stdout] 
[INFO] [stderr]      Running unittests src/main.rs (/opt/rustwide/target/debug/deps/step_1_8-efa76cf28247fa9b)
[INFO] [stdout] 
[INFO] [stdout] running 0 tests
[INFO] [stdout] 
[INFO] [stdout] test result: ok. 0 passed; 0 failed; 0 ignored; 0 measured; 0 filtered out; finished in 0.00s
[INFO] [stdout] 
[INFO] [stderr]      Running unittests src/main.rs (/opt/rustwide/target/debug/deps/step_1_9-1b90d7626506c911)
[INFO] [stdout] 
[INFO] [stdout] running 0 tests
[INFO] [stdout] 
[INFO] [stdout] test result: ok. 0 passed; 0 failed; 0 ignored; 0 measured; 0 filtered out; finished in 0.00s
[INFO] [stdout] 
[INFO] [stderr]      Running unittests src/main.rs (/opt/rustwide/target/debug/deps/step_2-beabfa15ce28e808)
[INFO] [stdout] 
[INFO] [stdout] running 0 tests
[INFO] [stdout] 
[INFO] [stdout] test result: ok. 0 passed; 0 failed; 0 ignored; 0 measured; 0 filtered out; finished in 0.00s
[INFO] [stdout] 
[INFO] [stderr]      Running unittests src/main.rs (/opt/rustwide/target/debug/deps/step_2_1-c900bc3dbe21b1b5)
[INFO] [stdout] 
[INFO] [stderr]      Running unittests src/main.rs (/opt/rustwide/target/debug/deps/step_2_2-c31ca23dfde3959f)
[INFO] [stdout] running 0 tests
[INFO] [stdout] 
[INFO] [stdout] test result: ok. 0 passed; 0 failed; 0 ignored; 0 measured; 0 filtered out; finished in 0.00s
[INFO] [stdout] 
[INFO] [stderr]      Running unittests src/main.rs (/opt/rustwide/target/debug/deps/step_2_3-e5573d99a1f5d7fb)
[INFO] [stdout] 
[INFO] [stdout] running 0 tests
[INFO] [stdout] 
[INFO] [stdout] test result: ok. 0 passed; 0 failed; 0 ignored; 0 measured; 0 filtered out; finished in 0.00s
[INFO] [stdout] 
[INFO] [stdout] 
[INFO] [stderr]      Running unittests src/main.rs (/opt/rustwide/target/debug/deps/step_2_4-3ff5e705635ff23a)
[INFO] [stdout] running 0 tests
[INFO] [stdout] 
[INFO] [stdout] test result: ok. 0 passed; 0 failed; 0 ignored; 0 measured; 0 filtered out; finished in 0.00s
[INFO] [stdout] 
[INFO] [stdout] 
[INFO] [stdout] running 1 test
[INFO] [stdout] test server_spec::bind::sets_provided_address_to_server ... ok
[INFO] [stdout] 
[INFO] [stdout] test result: ok. 1 passed; 0 failed; 0 ignored; 0 measured; 0 filtered out; finished in 0.01s
[INFO] [stdout] 
[INFO] [stderr]      Running unittests src/main.rs (/opt/rustwide/target/debug/deps/step_3-e6cdfbdf2a4d4fdc)
[INFO] [stdout] 
[INFO] [stdout] running 0 tests
[INFO] [stdout] 
[INFO] [stdout] test result: ok. 0 passed; 0 failed; 0 ignored; 0 measured; 0 filtered out; finished in 0.00s
[INFO] [stdout] 
[INFO] [stderr]      Running unittests src/main.rs (/opt/rustwide/target/debug/deps/step_3_1-ceb567c7ccf633d2)
[INFO] [stdout] 
[INFO] [stdout] running 0 tests
[INFO] [stderr]      Running unittests src/main.rs (/opt/rustwide/target/debug/deps/step_3_10-a2b7021388b626f3)
[INFO] [stdout] 
[INFO] [stdout] test result: ok. 0 passed; 0 failed; 0 ignored; 0 measured; 0 filtered out; finished in 0.00s
[INFO] [stdout] 
[INFO] [stderr]      Running unittests src/main.rs (/opt/rustwide/target/debug/deps/step_3_11-52cfcea908bc6539)
[INFO] [stdout] 
[INFO] [stdout] running 0 tests
[INFO] [stdout] 
[INFO] [stdout] test result: ok. 0 passed; 0 failed; 0 ignored; 0 measured; 0 filtered out; finished in 0.00s
[INFO] [stdout] 
[INFO] [stdout] 
[INFO] [stdout] running 0 tests
[INFO] [stdout] 
[INFO] [stdout] test result: ok. 0 passed; 0 failed; 0 ignored; 0 measured; 0 filtered out; finished in 0.00s
[INFO] [stdout] 
[INFO] [stderr]      Running unittests src/main.rs (/opt/rustwide/target/debug/deps/step_3_12-3b77d1a4decd7853)
[INFO] [stdout] 
[INFO] [stdout] running 0 tests
[INFO] [stdout] 
[INFO] [stdout] test result: ok. 0 passed; 0 failed; 0 ignored; 0 measured; 0 filtered out; finished in 0.00s
[INFO] [stdout] 
[INFO] [stderr]      Running unittests src/main.rs (/opt/rustwide/target/debug/deps/step_3_2-aa885b0a3e3ff03a)
[INFO] [stdout] 
[INFO] [stdout] running 0 tests
[INFO] [stdout] 
[INFO] [stdout] test result: ok. 0 passed; 0 failed; 0 ignored; 0 measured; 0 filtered out; finished in 0.00s
[INFO] [stdout] 
[INFO] [stderr]      Running unittests src/main.rs (/opt/rustwide/target/debug/deps/step_3_3-84b6e2bf23ae965d)
[INFO] [stdout] 
[INFO] [stdout] running 2 tests
[INFO] [stdout] test age_spec::counts_age ... FAILED
[INFO] [stderr] error: test failed, to rerun pass `-p step_3_3 --bin step_3_3`
[INFO] [stdout] test age_spec::zero_if_birthdate_in_future ... FAILED
[INFO] [stdout] 
[INFO] [stdout] failures:
[INFO] [stdout] 
[INFO] [stdout] ---- age_spec::counts_age stdout ----
[INFO] [stdout] thread 'age_spec::counts_age' panicked at 'not implemented', 3_ecosystem/3_3_date_time/src/main.rs:11:9
[INFO] [stdout] stack backtrace:
[INFO] [stdout]    0:     0x557373ac30ea - std::backtrace_rs::backtrace::libunwind::trace::h2f05d0192276a8f6
[INFO] [stdout]                                at /rustc/1b7dd2252b99671ce5d1cb9664c5f8636329436d/library/std/src/../../backtrace/src/backtrace/libunwind.rs:93:5
[INFO] [stdout]    1:     0x557373ac30ea - std::backtrace_rs::backtrace::trace_unsynchronized::hedc23dff7a1af150
[INFO] [stdout]                                at /rustc/1b7dd2252b99671ce5d1cb9664c5f8636329436d/library/std/src/../../backtrace/src/backtrace/mod.rs:66:5
[INFO] [stdout]    2:     0x557373ac30ea - std::sys_common::backtrace::_print_fmt::h17541ef7592f3ce2
[INFO] [stdout]                                at /rustc/1b7dd2252b99671ce5d1cb9664c5f8636329436d/library/std/src/sys_common/backtrace.rs:65:5
[INFO] [stdout]    3:     0x557373ac30ea - <std::sys_common::backtrace::_print::DisplayBacktrace as core::fmt::Display>::fmt::h20f75df5ab0c0792
[INFO] [stdout]                                at /rustc/1b7dd2252b99671ce5d1cb9664c5f8636329436d/library/std/src/sys_common/backtrace.rs:44:22
[INFO] [stdout]    4:     0x557373ae6d3f - core::fmt::write::h78109e6f466b3af6
[INFO] [stdout]                                at /rustc/1b7dd2252b99671ce5d1cb9664c5f8636329436d/library/core/src/fmt/mod.rs:1254:17
[INFO] [stdout]    5:     0x557373ac0435 - std::io::Write::write_fmt::hd24bfb68a1b35a25
[INFO] [stdout]                                at /rustc/1b7dd2252b99671ce5d1cb9664c5f8636329436d/library/std/src/io/mod.rs:1698:15
[INFO] [stdout]    6:     0x557373ac2eb5 - std::sys_common::backtrace::_print::h8dac57a9f8fbf9a5
[INFO] [stdout]                                at /rustc/1b7dd2252b99671ce5d1cb9664c5f8636329436d/library/std/src/sys_common/backtrace.rs:47:5
[INFO] [stdout]    7:     0x557373ac2eb5 - std::sys_common::backtrace::print::hf9ecbf41d1aa712f
[INFO] [stdout]                                at /rustc/1b7dd2252b99671ce5d1cb9664c5f8636329436d/library/std/src/sys_common/backtrace.rs:34:9
[INFO] [stdout]    8:     0x557373ac4b6e - std::panicking::default_hook::{{closure}}::h04c07acfc84ca028
[INFO] [stdout]                                at /rustc/1b7dd2252b99671ce5d1cb9664c5f8636329436d/library/std/src/panicking.rs:269:22
[INFO] [stdout]    9:     0x557373ac48a1 - std::panicking::default_hook::h01f6bb23e1eceb2c
[INFO] [stdout]                                at /rustc/1b7dd2252b99671ce5d1cb9664c5f8636329436d/library/std/src/panicking.rs:285:9
[INFO] [stdout]   10:     0x557373a9823b - <alloc::boxed::Box<F,A> as core::ops::function::Fn<Args>>::call::h87fe9f7b2fd49e4c
[INFO] [stdout]                                at /rustc/1b7dd2252b99671ce5d1cb9664c5f8636329436d/library/alloc/src/boxed.rs:1987:9
[INFO] [stdout]   11:     0x557373a9823b - test::test_main::{{closure}}::he94d679243a7531b
[INFO] [stdout]                                at /rustc/1b7dd2252b99671ce5d1cb9664c5f8636329436d/library/test/src/lib.rs:134:21
[INFO] [stdout]   12:     0x557373ac5254 - <alloc::boxed::Box<F,A> as core::ops::function::Fn<Args>>::call::h3f2d6d8b14c4769f
[INFO] [stdout]                                at /rustc/1b7dd2252b99671ce5d1cb9664c5f8636329436d/library/alloc/src/boxed.rs:1987:9
[INFO] [stdout]   13:     0x557373ac5254 - std::panicking::rust_panic_with_hook::h2bb3722bbaf2f6df
[INFO] [stdout]                                at /rustc/1b7dd2252b99671ce5d1cb9664c5f8636329436d/library/std/src/panicking.rs:695:13
[INFO] [stdout]   14:     0x557373ac4f82 - std::panicking::begin_panic_handler::{{closure}}::h91bc7f36a4be011b
[INFO] [stdout]                                at /rustc/1b7dd2252b99671ce5d1cb9664c5f8636329436d/library/std/src/panicking.rs:580:13
[INFO] [stdout]   15:     0x557373ac3556 - std::sys_common::backtrace::__rust_end_short_backtrace::h8b3d3717114f9e59
[INFO] [stdout]                                at /rustc/1b7dd2252b99671ce5d1cb9664c5f8636329436d/library/std/src/sys_common/backtrace.rs:150:18
[INFO] [stdout]   16:     0x557373ac4d22 - rust_begin_unwind
[INFO] [stdout]                                at /rustc/1b7dd2252b99671ce5d1cb9664c5f8636329436d/library/std/src/panicking.rs:578:5
[INFO] [stdout]   17:     0x557373a61ba3 - core::panicking::panic_fmt::hfd368e3fbdabea26
[INFO] [stdout]                                at /rustc/1b7dd2252b99671ce5d1cb9664c5f8636329436d/library/core/src/panicking.rs:67:14
[INFO] [stdout]   18:     0x557373a61c3d - core::panicking::panic::h3f9042d09bd0bf2e
[INFO] [stdout]                                at /rustc/1b7dd2252b99671ce5d1cb9664c5f8636329436d/library/core/src/panicking.rs:117:5
[INFO] [stdout]   19:     0x557373a633ec - step_3_3::User::with_birthdate::he8907b19ac23dd6c
[INFO] [stdout]                                at /opt/rustwide/workdir/3_ecosystem/3_3_date_time/src/main.rs:11:9
[INFO] [stdout]   20:     0x557373a641d7 - step_3_3::age_spec::counts_age::hf63c9a8e206400bf
[INFO] [stdout]                                at /opt/rustwide/workdir/3_ecosystem/3_3_date_time/src/main.rs:38:24
[INFO] [stdout]   21:     0x557373a63ea7 - step_3_3::age_spec::counts_age::{{closure}}::hf400a2c7e530d7db
[INFO] [stdout]                                at /opt/rustwide/workdir/3_ecosystem/3_3_date_time/src/main.rs:30:21
[INFO] [stdout]   22:     0x557373a63225 - core::ops::function::FnOnce::call_once::h913e56582ab4c752
[INFO] [stdout]                                at /rustc/1b7dd2252b99671ce5d1cb9664c5f8636329436d/library/core/src/ops/function.rs:250:5
[INFO] [stdout]   23:     0x557373a9d10f - core::ops::function::FnOnce::call_once::ha6a70e79f7481a7e
[INFO] [stdout]                                at /rustc/1b7dd2252b99671ce5d1cb9664c5f8636329436d/library/core/src/ops/function.rs:250:5
[INFO] [stdout]   24:     0x557373a9d10f - test::__rust_begin_short_backtrace::hce33033019b61e69
[INFO] [stdout]                                at /rustc/1b7dd2252b99671ce5d1cb9664c5f8636329436d/library/test/src/lib.rs:655:18
[INFO] [stdout]   25:     0x557373a6a8fc - test::run_test::{{closure}}::h858d3528838ae3e5
[INFO] [stdout]                                at /rustc/1b7dd2252b99671ce5d1cb9664c5f8636329436d/library/test/src/lib.rs:646:30
[INFO] [stdout]   26:     0x557373a6a8fc - core::ops::function::FnOnce::call_once{{vtable.shim}}::he8ac2b00f01ae79e
[INFO] [stdout]                                at /rustc/1b7dd2252b99671ce5d1cb9664c5f8636329436d/library/core/src/ops/function.rs:250:5
[INFO] [stdout]   27:     0x557373a9c1e6 - <alloc::boxed::Box<F,A> as core::ops::function::FnOnce<Args>>::call_once::h8093d25b522725ef
[INFO] [stdout]                                at /rustc/1b7dd2252b99671ce5d1cb9664c5f8636329436d/library/alloc/src/boxed.rs:1973:9
[INFO] [stdout]   28:     0x557373a9c1e6 - <core::panic::unwind_safe::AssertUnwindSafe<F> as core::ops::function::FnOnce<()>>::call_once::h5c334c204e4a3913
[INFO] [stdout]                                at /rustc/1b7dd2252b99671ce5d1cb9664c5f8636329436d/library/core/src/panic/unwind_safe.rs:271:9
[INFO] [stdout]   29:     0x557373a9c1e6 - std::panicking::try::do_call::ha8b740c7b9478074
[INFO] [stdout]                                at /rustc/1b7dd2252b99671ce5d1cb9664c5f8636329436d/library/std/src/panicking.rs:485:40
[INFO] [stdout]   30:     0x557373a9c1e6 - std::panicking::try::h5d34f63d0e41b64e
[INFO] [stdout]                                at /rustc/1b7dd2252b99671ce5d1cb9664c5f8636329436d/library/std/src/panicking.rs:449:19
[INFO] [stdout]   31:     0x557373a9c1e6 - std::panic::catch_unwind::hcfbb511e1aa7fc67
[INFO] [stdout]                                at /rustc/1b7dd2252b99671ce5d1cb9664c5f8636329436d/library/std/src/panic.rs:140:14
[INFO] [stdout]   32:     0x557373a9c1e6 - test::run_test_in_process::h9abda90f802eaf21
[INFO] [stdout]                                at /rustc/1b7dd2252b99671ce5d1cb9664c5f8636329436d/library/test/src/lib.rs:678:27
[INFO] [stdout]   33:     0x557373a9c1e6 - test::run_test::run_test_inner::{{closure}}::h0f058de91f6c6edf
[INFO] [stdout]                                at /rustc/1b7dd2252b99671ce5d1cb9664c5f8636329436d/library/test/src/lib.rs:572:39
[INFO] [stdout]   34:     0x557373a65105 - test::run_test::run_test_inner::{{closure}}::h5ca48a4c59c6c1fb
[INFO] [stdout]                                at /rustc/1b7dd2252b99671ce5d1cb9664c5f8636329436d/library/test/src/lib.rs:599:37
[INFO] [stdout]   35:     0x557373a65105 - std::sys_common::backtrace::__rust_begin_short_backtrace::h32bd51e1495d4a33
[INFO] [stdout]                                at /rustc/1b7dd2252b99671ce5d1cb9664c5f8636329436d/library/std/src/sys_common/backtrace.rs:134:18
[INFO] [stdout]   36:     0x557373a6a641 - std::thread::Builder::spawn_unchecked_::{{closure}}::{{closure}}::hc086fae9b128b2db
[INFO] [stdout]                                at /rustc/1b7dd2252b99671ce5d1cb9664c5f8636329436d/library/std/src/thread/mod.rs:526:17
[INFO] [stdout]   37:     0x557373a6a641 - <core::panic::unwind_safe::AssertUnwindSafe<F> as core::ops::function::FnOnce<()>>::call_once::hb66571888d270d43
[INFO] [stdout]                                at /rustc/1b7dd2252b99671ce5d1cb9664c5f8636329436d/library/core/src/panic/unwind_safe.rs:271:9
[INFO] [stdout]   38:     0x557373a6a641 - std::panicking::try::do_call::h4fa2ef4f6e51fecf
[INFO] [stdout]                                at /rustc/1b7dd2252b99671ce5d1cb9664c5f8636329436d/library/std/src/panicking.rs:485:40
[INFO] [stdout]   39:     0x557373a6a641 - std::panicking::try::h1e9e22b8584489b5
[INFO] [stdout]                                at /rustc/1b7dd2252b99671ce5d1cb9664c5f8636329436d/library/std/src/panicking.rs:449:19
[INFO] [stdout]   40:     0x557373a6a641 - std::panic::catch_unwind::h44698a3de0e0769e
[INFO] [stdout]                                at /rustc/1b7dd2252b99671ce5d1cb9664c5f8636329436d/library/std/src/panic.rs:140:14
[INFO] [stdout]   41:     0x557373a6a641 - std::thread::Builder::spawn_unchecked_::{{closure}}::h50153abde3fe239e
[INFO] [stdout]                                at /rustc/1b7dd2252b99671ce5d1cb9664c5f8636329436d/library/std/src/thread/mod.rs:525:30
[INFO] [stdout]   42:     0x557373a6a641 - core::ops::function::FnOnce::call_once{{vtable.shim}}::hbe5bbf6f38394364
[INFO] [stdout]                                at /rustc/1b7dd2252b99671ce5d1cb9664c5f8636329436d/library/core/src/ops/function.rs:250:5
[INFO] [stdout]   43:     0x557373ac9725 - <alloc::boxed::Box<F,A> as core::ops::function::FnOnce<Args>>::call_once::h0d83cb2920a49046
[INFO] [stdout]                                at /rustc/1b7dd2252b99671ce5d1cb9664c5f8636329436d/library/alloc/src/boxed.rs:1973:9
[INFO] [stdout]   44:     0x557373ac9725 - <alloc::boxed::Box<F,A> as core::ops::function::FnOnce<Args>>::call_once::hbe0a008aa7d9ef59
[INFO] [stdout]                                at /rustc/1b7dd2252b99671ce5d1cb9664c5f8636329436d/library/alloc/src/boxed.rs:1973:9
[INFO] [stdout]   45:     0x557373ac9725 - std::sys::unix::thread::Thread::new::thread_start::h3a466996bdf6b1f9
[INFO] [stdout]                                at /rustc/1b7dd2252b99671ce5d1cb9664c5f8636329436d/library/std/src/sys/unix/thread.rs:108:17
[INFO] [stdout]   46:     0x7fbb457bdb43 - <unknown>
[INFO] [stdout]   47:     0x7fbb4584ebb4 - __clone
[INFO] [stdout]   48:                0x0 - <unknown>
[INFO] [stdout] 
[INFO] [stdout] ---- age_spec::zero_if_birthdate_in_future stdout ----
[INFO] [stdout] thread 'age_spec::zero_if_birthdate_in_future' panicked at 'not implemented', 3_ecosystem/3_3_date_time/src/main.rs:11:9
[INFO] [stdout] stack backtrace:
[INFO] [stdout]    0:     0x557373ac30ea - std::backtrace_rs::backtrace::libunwind::trace::h2f05d0192276a8f6
[INFO] [stdout]                                at /rustc/1b7dd2252b99671ce5d1cb9664c5f8636329436d/library/std/src/../../backtrace/src/backtrace/libunwind.rs:93:5
[INFO] [stdout]    1:     0x557373ac30ea - std::backtrace_rs::backtrace::trace_unsynchronized::hedc23dff7a1af150
[INFO] [stdout]                                at /rustc/1b7dd2252b99671ce5d1cb9664c5f8636329436d/library/std/src/../../backtrace/src/backtrace/mod.rs:66:5
[INFO] [stdout]    2:     0x557373ac30ea - std::sys_common::backtrace::_print_fmt::h17541ef7592f3ce2
[INFO] [stdout]                                at /rustc/1b7dd2252b99671ce5d1cb9664c5f8636329436d/library/std/src/sys_common/backtrace.rs:65:5
[INFO] [stdout]    3:     0x557373ac30ea - <std::sys_common::backtrace::_print::DisplayBacktrace as core::fmt::Display>::fmt::h20f75df5ab0c0792
[INFO] [stdout]                                at /rustc/1b7dd2252b99671ce5d1cb9664c5f8636329436d/library/std/src/sys_common/backtrace.rs:44:22
[INFO] [stdout]    4:     0x557373ae6d3f - core::fmt::write::h78109e6f466b3af6
[INFO] [stdout]                                at /rustc/1b7dd2252b99671ce5d1cb9664c5f8636329436d/library/core/src/fmt/mod.rs:1254:17
[INFO] [stdout]    5:     0x557373ac0435 - std::io::Write::write_fmt::hd24bfb68a1b35a25
[INFO] [stdout]                                at /rustc/1b7dd2252b99671ce5d1cb9664c5f8636329436d/library/std/src/io/mod.rs:1698:15
[INFO] [stdout]    6:     0x557373ac2eb5 - std::sys_common::backtrace::_print::h8dac57a9f8fbf9a5
[INFO] [stdout]                                at /rustc/1b7dd2252b99671ce5d1cb9664c5f8636329436d/library/std/src/sys_common/backtrace.rs:47:5
[INFO] [stdout]    7:     0x557373ac2eb5 - std::sys_common::backtrace::print::hf9ecbf41d1aa712f
[INFO] [stdout]                                at /rustc/1b7dd2252b99671ce5d1cb9664c5f8636329436d/library/std/src/sys_common/backtrace.rs:34:9
[INFO] [stdout]    8:     0x557373ac4b6e - std::panicking::default_hook::{{closure}}::h04c07acfc84ca028
[INFO] [stdout]                                at /rustc/1b7dd2252b99671ce5d1cb9664c5f8636329436d/library/std/src/panicking.rs:269:22
[INFO] [stdout]    9:     0x557373ac48a1 - std::panicking::default_hook::h01f6bb23e1eceb2c
[INFO] [stdout]                                at /rustc/1b7dd2252b99671ce5d1cb9664c5f8636329436d/library/std/src/panicking.rs:285:9
[INFO] [stdout]   10:     0x557373a9823b - <alloc::boxed::Box<F,A> as core::ops::function::Fn<Args>>::call::h87fe9f7b2fd49e4c
[INFO] [stdout]                                at /rustc/1b7dd2252b99671ce5d1cb9664c5f8636329436d/library/alloc/src/boxed.rs:1987:9
[INFO] [stdout]   11:     0x557373a9823b - test::test_main::{{closure}}::he94d679243a7531b
[INFO] [stdout]                                at /rustc/1b7dd2252b99671ce5d1cb9664c5f8636329436d/library/test/src/lib.rs:134:21
[INFO] [stdout]   12:     0x557373ac5254 - <alloc::boxed::Box<F,A> as core::ops::function::Fn<Args>>::call::h3f2d6d8b14c4769f
[INFO] [stdout]                                at /rustc/1b7dd2252b99671ce5d1cb9664c5f8636329436d/library/alloc/src/boxed.rs:1987:9
[INFO] [stdout]   13:     0x557373ac5254 - std::panicking::rust_panic_with_hook::h2bb3722bbaf2f6df
[INFO] [stdout]                                at /rustc/1b7dd2252b99671ce5d1cb9664c5f8636329436d/library/std/src/panicking.rs:695:13
[INFO] [stdout]   14:     0x557373ac4f82 - std::panicking::begin_panic_handler::{{closure}}::h91bc7f36a4be011b
[INFO] [stdout]                                at /rustc/1b7dd2252b99671ce5d1cb9664c5f8636329436d/library/std/src/panicking.rs:580:13
[INFO] [stdout]   15:     0x557373ac3556 - std::sys_common::backtrace::__rust_end_short_backtrace::h8b3d3717114f9e59
[INFO] [stdout]                                at /rustc/1b7dd2252b99671ce5d1cb9664c5f8636329436d/library/std/src/sys_common/backtrace.rs:150:18
[INFO] [stdout]   16:     0x557373ac4d22 - rust_begin_unwind
[INFO] [stdout]                                at /rustc/1b7dd2252b99671ce5d1cb9664c5f8636329436d/library/std/src/panicking.rs:578:5
[INFO] [stdout]   17:     0x557373a61ba3 - core::panicking::panic_fmt::hfd368e3fbdabea26
[INFO] [stdout]                                at /rustc/1b7dd2252b99671ce5d1cb9664c5f8636329436d/library/core/src/panicking.rs:67:14
[INFO] [stdout]   18:     0x557373a61c3d - core::panicking::panic::h3f9042d09bd0bf2e
[INFO] [stdout]                                at /rustc/1b7dd2252b99671ce5d1cb9664c5f8636329436d/library/core/src/panicking.rs:117:5
[INFO] [stdout]   19:     0x557373a633ec - step_3_3::User::with_birthdate::he8907b19ac23dd6c
[INFO] [stdout]                                at /opt/rustwide/workdir/3_ecosystem/3_3_date_time/src/main.rs:11:9
[INFO] [stdout]   20:     0x557373a64596 - step_3_3::age_spec::zero_if_birthdate_in_future::hd8cd4d06e08f8d4b
[INFO] [stdout]                                at /opt/rustwide/workdir/3_ecosystem/3_3_date_time/src/main.rs:51:24
[INFO] [stdout]   21:     0x557373a642c7 - step_3_3::age_spec::zero_if_birthdate_in_future::{{closure}}::h8bdaeb5cbdfec953
[INFO] [stdout]                                at /opt/rustwide/workdir/3_ecosystem/3_3_date_time/src/main.rs:44:38
[INFO] [stdout]   22:     0x557373a63165 - core::ops::function::FnOnce::call_once::h0a35173698c7d916
[INFO] [stdout]                                at /rustc/1b7dd2252b99671ce5d1cb9664c5f8636329436d/library/core/src/ops/function.rs:250:5
[INFO] [stdout]   23:     0x557373a9d10f - core::ops::function::FnOnce::call_once::ha6a70e79f7481a7e
[INFO] [stdout]                                at /rustc/1b7dd2252b99671ce5d1cb9664c5f8636329436d/library/core/src/ops/function.rs:250:5
[INFO] [stdout]   24:     0x557373a9d10f - test::__rust_begin_short_backtrace::hce33033019b61e69
[INFO] [stdout]                                at /rustc/1b7dd2252b99671ce5d1cb9664c5f8636329436d/library/test/src/lib.rs:655:18
[INFO] [stdout]   25:     0x557373a6a8fc - test::run_test::{{closure}}::h858d3528838ae3e5
[INFO] [stdout]                                at /rustc/1b7dd2252b99671ce5d1cb9664c5f8636329436d/library/test/src/lib.rs:646:30
[INFO] [stdout]   26:     0x557373a6a8fc - core::ops::function::FnOnce::call_once{{vtable.shim}}::he8ac2b00f01ae79e
[INFO] [stdout]                                at /rustc/1b7dd2252b99671ce5d1cb9664c5f8636329436d/library/core/src/ops/function.rs:250:5
[INFO] [stdout]   27:     0x557373a9c1e6 - <alloc::boxed::Box<F,A> as core::ops::function::FnOnce<Args>>::call_once::h8093d25b522725ef
[INFO] [stdout]                                at /rustc/1b7dd2252b99671ce5d1cb9664c5f8636329436d/library/alloc/src/boxed.rs:1973:9
[INFO] [stdout]   28:     0x557373a9c1e6 - <core::panic::unwind_safe::AssertUnwindSafe<F> as core::ops::function::FnOnce<()>>::call_once::h5c334c204e4a3913
[INFO] [stdout]                                at /rustc/1b7dd2252b99671ce5d1cb9664c5f8636329436d/library/core/src/panic/unwind_safe.rs:271:9
[INFO] [stdout]   29:     0x557373a9c1e6 - std::panicking::try::do_call::ha8b740c7b9478074
[INFO] [stdout]                                at /rustc/1b7dd2252b99671ce5d1cb9664c5f8636329436d/library/std/src/panicking.rs:485:40
[INFO] [stdout]   30:     0x557373a9c1e6 - std::panicking::try::h5d34f63d0e41b64e
[INFO] [stdout]                                at /rustc/1b7dd2252b99671ce5d1cb9664c5f8636329436d/library/std/src/panicking.rs:449:19
[INFO] [stdout]   31:     0x557373a9c1e6 - std::panic::catch_unwind::hcfbb511e1aa7fc67
[INFO] [stdout]                                at /rustc/1b7dd2252b99671ce5d1cb9664c5f8636329436d/library/std/src/panic.rs:140:14
[INFO] [stdout]   32:     0x557373a9c1e6 - test::run_test_in_process::h9abda90f802eaf21
[INFO] [stdout]                                at /rustc/1b7dd2252b99671ce5d1cb9664c5f8636329436d/library/test/src/lib.rs:678:27
[INFO] [stdout]   33:     0x557373a9c1e6 - test::run_test::run_test_inner::{{closure}}::h0f058de91f6c6edf
[INFO] [stdout]                                at /rustc/1b7dd2252b99671ce5d1cb9664c5f8636329436d/library/test/src/lib.rs:572:39
[INFO] [stdout]   34:     0x557373a65105 - test::run_test::run_test_inner::{{closure}}::h5ca48a4c59c6c1fb
[INFO] [stdout]                                at /rustc/1b7dd2252b99671ce5d1cb9664c5f8636329436d/library/test/src/lib.rs:599:37
[INFO] [stdout]   35:     0x557373a65105 - std::sys_common::backtrace::__rust_begin_short_backtrace::h32bd51e1495d4a33
[INFO] [stdout]                                at /rustc/1b7dd2252b99671ce5d1cb9664c5f8636329436d/library/std/src/sys_common/backtrace.rs:134:18
[INFO] [stdout]   36:     0x557373a6a641 - std::thread::Builder::spawn_unchecked_::{{closure}}::{{closure}}::hc086fae9b128b2db
[INFO] [stdout]                                at /rustc/1b7dd2252b99671ce5d1cb9664c5f8636329436d/library/std/src/thread/mod.rs:526:17
[INFO] [stdout]   37:     0x557373a6a641 - <core::panic::unwind_safe::AssertUnwindSafe<F> as core::ops::function::FnOnce<()>>::call_once::hb66571888d270d43
[INFO] [stdout]                                at /rustc/1b7dd2252b99671ce5d1cb9664c5f8636329436d/library/core/src/panic/unwind_safe.rs:271:9
[INFO] [stdout]   38:     0x557373a6a641 - std::panicking::try::do_call::h4fa2ef4f6e51fecf
[INFO] [stdout]                                at /rustc/1b7dd2252b99671ce5d1cb9664c5f8636329436d/library/std/src/panicking.rs:485:40
[INFO] [stdout]   39:     0x557373a6a641 - std::panicking::try::h1e9e22b8584489b5
[INFO] [stdout]                                at /rustc/1b7dd2252b99671ce5d1cb9664c5f8636329436d/library/std/src/panicking.rs:449:19
[INFO] [stdout]   40:     0x557373a6a641 - std::panic::catch_unwind::h44698a3de0e0769e
[INFO] [stdout]                                at /rustc/1b7dd2252b99671ce5d1cb9664c5f8636329436d/library/std/src/panic.rs:140:14
[INFO] [stdout]   41:     0x557373a6a641 - std::thread::Builder::spawn_unchecked_::{{closure}}::h50153abde3fe239e
[INFO] [stdout]                                at /rustc/1b7dd2252b99671ce5d1cb9664c5f8636329436d/library/std/src/thread/mod.rs:525:30
[INFO] [stdout]   42:     0x557373a6a641 - core::ops::function::FnOnce::call_once{{vtable.shim}}::hbe5bbf6f38394364
[INFO] [stdout]                                at /rustc/1b7dd2252b99671ce5d1cb9664c5f8636329436d/library/core/src/ops/function.rs:250:5
[INFO] [stdout]   43:     0x557373ac9725 - <alloc::boxed::Box<F,A> as core::ops::function::FnOnce<Args>>::call_once::h0d83cb2920a49046
[INFO] [stdout]                                at /rustc/1b7dd2252b99671ce5d1cb9664c5f8636329436d/library/alloc/src/boxed.rs:1973:9
[INFO] [stdout]   44:     0x557373ac9725 - <alloc::boxed::Box<F,A> as core::ops::function::FnOnce<Args>>::call_once::hbe0a008aa7d9ef59
[INFO] [stdout]                                at /rustc/1b7dd2252b99671ce5d1cb9664c5f8636329436d/library/alloc/src/boxed.rs:1973:9
[INFO] [stdout]   45:     0x557373ac9725 - std::sys::unix::thread::Thread::new::thread_start::h3a466996bdf6b1f9
[INFO] [stdout]                                at /rustc/1b7dd2252b99671ce5d1cb9664c5f8636329436d/library/std/src/sys/unix/thread.rs:108:17
[INFO] [stdout]   46:     0x7fbb457bdb43 - <unknown>
[INFO] [stdout]   47:     0x7fbb4584ebb4 - __clone
[INFO] [stdout]   48:                0x0 - <unknown>
[INFO] [stdout] 
[INFO] [stdout] 
[INFO] [stdout] failures:
[INFO] [stdout]     age_spec::counts_age
[INFO] [stdout]     age_spec::zero_if_birthdate_in_future
[INFO] [stdout] 
[INFO] [stdout] test result: FAILED. 0 passed; 2 failed; 0 ignored; 0 measured; 0 filtered out; finished in 0.03s
[INFO] [stdout] 
[INFO] running `Command { std: "docker" "inspect" "0729e718f71468f2d860e39ac0147bc4e45e738ed97e9510af08a1c315a2359b", kill_on_drop: false }`
[INFO] running `Command { std: "docker" "rm" "-f" "0729e718f71468f2d860e39ac0147bc4e45e738ed97e9510af08a1c315a2359b", kill_on_drop: false }`
[INFO] [stdout] 0729e718f71468f2d860e39ac0147bc4e45e738ed97e9510af08a1c315a2359b
