[INFO] cloning repository https://github.com/leonardoarcari/rust-hexagonal-architecture
[INFO] running `Command { std: "git" "-c" "credential.helper=" "-c" "credential.helper=/workspace/cargo-home/bin/git-credential-null" "clone" "--bare" "https://github.com/leonardoarcari/rust-hexagonal-architecture" "/workspace/cache/git-repos/https%3A%2F%2Fgithub.com%2Fleonardoarcari%2Frust-hexagonal-architecture", kill_on_drop: false }`
[INFO] [stderr] Cloning into bare repository '/workspace/cache/git-repos/https%3A%2F%2Fgithub.com%2Fleonardoarcari%2Frust-hexagonal-architecture'...
[INFO] running `Command { std: "git" "rev-parse" "HEAD", kill_on_drop: false }`
[INFO] [stdout] 51b3279a0a60688cfb97068a6dce81616f15d7a4
[INFO] testing leonardoarcari/rust-hexagonal-architecture against 1.69.0 for beta-1.70-1
[INFO] running `Command { std: "git" "clone" "/workspace/cache/git-repos/https%3A%2F%2Fgithub.com%2Fleonardoarcari%2Frust-hexagonal-architecture" "/workspace/builds/worker-1-tc1/source", kill_on_drop: false }`
[INFO] [stderr] Cloning into '/workspace/builds/worker-1-tc1/source'...
[INFO] [stderr] done.
[INFO] validating manifest of git repo https://github.com/leonardoarcari/rust-hexagonal-architecture on toolchain 1.69.0
[INFO] running `Command { std: CARGO_HOME="/workspace/cargo-home" RUSTUP_HOME="/workspace/rustup-home" "/workspace/cargo-home/bin/cargo" "+1.69.0" "metadata" "--manifest-path" "Cargo.toml" "--no-deps", kill_on_drop: false }`
[INFO] started tweaking git repo https://github.com/leonardoarcari/rust-hexagonal-architecture
[INFO] finished tweaking git repo https://github.com/leonardoarcari/rust-hexagonal-architecture
[INFO] tweaked toml for git repo https://github.com/leonardoarcari/rust-hexagonal-architecture written to /workspace/builds/worker-1-tc1/source/Cargo.toml
[INFO] crate git repo https://github.com/leonardoarcari/rust-hexagonal-architecture already has a lockfile, it will not be regenerated
[INFO] running `Command { std: CARGO_HOME="/workspace/cargo-home" RUSTUP_HOME="/workspace/rustup-home" "/workspace/cargo-home/bin/cargo" "+1.69.0" "fetch" "--manifest-path" "Cargo.toml", kill_on_drop: false }`
[INFO] [stderr]  Downloading crates ...
[INFO] [stderr]   Downloaded bae v0.1.6
[INFO] [stderr]   Downloaded rust_decimal v1.16.0
[INFO] [stderr]   Downloaded testcontainers v0.12.0
[INFO] [stderr]   Downloaded sea-strum v0.21.0
[INFO] [stderr]   Downloaded sea-strum_macros v0.21.2
[INFO] [stderr]   Downloaded sea-orm-macros v0.2.4
[INFO] [stderr]   Downloaded shaku_rocket v0.7.0-rc.1
[INFO] [stderr]   Downloaded sea-query v0.16.5
[INFO] [stderr]   Downloaded sea-orm v0.2.4
[INFO] running `Command { std: "docker" "create" "-v" "/var/lib/crater-agent-workspace/builds/worker-1-tc1/target:/opt/rustwide/target:rw,Z" "-v" "/var/lib/crater-agent-workspace/builds/worker-1-tc1/source:/opt/rustwide/workdir:ro,Z" "-v" "/var/lib/crater-agent-workspace/cargo-home:/opt/rustwide/cargo-home:ro,Z" "-v" "/var/lib/crater-agent-workspace/rustup-home:/opt/rustwide/rustup-home:ro,Z" "-e" "SOURCE_DIR=/opt/rustwide/workdir" "-e" "CARGO_TARGET_DIR=/opt/rustwide/target" "-e" "CARGO_HOME=/opt/rustwide/cargo-home" "-e" "RUSTUP_HOME=/opt/rustwide/rustup-home" "-w" "/opt/rustwide/workdir" "-m" "1610612736" "--user" "0:0" "--network" "none" "ghcr.io/rust-lang/crates-build-env/linux@sha256:5ff2268d62e97bff2cde7d5815dd6ed5b47097566f13b8d0ca110b04b60e07ed" "/opt/rustwide/cargo-home/bin/cargo" "+1.69.0" "metadata" "--no-deps" "--format-version=1", kill_on_drop: false }`
[INFO] [stdout] 9891169d5b9436eec5dbe4619b950ad46d090ffd642cecf8daea782664be5cfe
[INFO] running `Command { std: "docker" "start" "-a" "9891169d5b9436eec5dbe4619b950ad46d090ffd642cecf8daea782664be5cfe", kill_on_drop: false }`
[INFO] running `Command { std: "docker" "inspect" "9891169d5b9436eec5dbe4619b950ad46d090ffd642cecf8daea782664be5cfe", kill_on_drop: false }`
[INFO] running `Command { std: "docker" "rm" "-f" "9891169d5b9436eec5dbe4619b950ad46d090ffd642cecf8daea782664be5cfe", kill_on_drop: false }`
[INFO] [stdout] 9891169d5b9436eec5dbe4619b950ad46d090ffd642cecf8daea782664be5cfe
[INFO] running `Command { std: "docker" "create" "-v" "/var/lib/crater-agent-workspace/builds/worker-1-tc1/target:/opt/rustwide/target:rw,Z" "-v" "/var/lib/crater-agent-workspace/builds/worker-1-tc1/source:/opt/rustwide/workdir:ro,Z" "-v" "/var/lib/crater-agent-workspace/cargo-home:/opt/rustwide/cargo-home:ro,Z" "-v" "/var/lib/crater-agent-workspace/rustup-home:/opt/rustwide/rustup-home:ro,Z" "-e" "SOURCE_DIR=/opt/rustwide/workdir" "-e" "CARGO_TARGET_DIR=/opt/rustwide/target" "-e" "CARGO_INCREMENTAL=0" "-e" "RUST_BACKTRACE=full" "-e" "RUSTFLAGS=--cap-lints=warn" "-e" "RUSTDOCFLAGS=--cap-lints=warn" "-e" "CARGO_HOME=/opt/rustwide/cargo-home" "-e" "RUSTUP_HOME=/opt/rustwide/rustup-home" "-w" "/opt/rustwide/workdir" "-m" "1610612736" "--user" "0:0" "--network" "none" "ghcr.io/rust-lang/crates-build-env/linux@sha256:5ff2268d62e97bff2cde7d5815dd6ed5b47097566f13b8d0ca110b04b60e07ed" "/opt/rustwide/cargo-home/bin/cargo" "+1.69.0" "build" "--frozen" "--message-format=json", kill_on_drop: false }`
[INFO] [stdout] 48417ea0baa54ad832df9554ec2a32b9e95f0bb7023c628ef2d0cf7751d6b3e7
[INFO] running `Command { std: "docker" "start" "-a" "48417ea0baa54ad832df9554ec2a32b9e95f0bb7023c628ef2d0cf7751d6b3e7", kill_on_drop: false }`
[INFO] [stderr]     Blocking waiting for file lock on package cache
[INFO] [stderr]    Compiling proc-macro2 v1.0.27
[INFO] [stderr]    Compiling version_check v0.9.3
[INFO] [stderr]    Compiling unicode-xid v0.2.2
[INFO] [stderr]    Compiling syn v1.0.73
[INFO] [stderr]    Compiling libc v0.2.98
[INFO] [stderr]    Compiling autocfg v1.0.1
[INFO] [stderr]    Compiling cfg-if v1.0.0
[INFO] [stderr]    Compiling once_cell v1.8.0
[INFO] [stderr]    Compiling memchr v2.4.0
[INFO] [stderr]    Compiling serde_derive v1.0.126
[INFO] [stderr]    Compiling log v0.4.14
[INFO] [stderr]    Compiling serde v1.0.126
[INFO] [stderr]    Compiling pin-project-lite v0.2.7
[INFO] [stderr]    Compiling proc-macro-hack v0.5.19
[INFO] [stderr]    Compiling futures-core v0.3.15
[INFO] [stderr]    Compiling parking_lot_core v0.8.5
[INFO] [stderr]    Compiling instant v0.1.10
[INFO] [stderr]    Compiling scopeguard v1.1.0
[INFO] [stderr]    Compiling bytes v1.0.1
[INFO] [stderr]    Compiling smallvec v1.6.1
[INFO] [stderr]    Compiling lock_api v0.4.5
[INFO] [stderr]    Compiling proc-macro-nested v0.1.7
[INFO] [stderr]    Compiling futures-channel v0.3.15
[INFO] [stderr]    Compiling itoa v0.4.7
[INFO] [stderr]    Compiling futures-sink v0.3.15
[INFO] [stderr]    Compiling lazy_static v1.4.0
[INFO] [stderr]    Compiling tokio v1.8.1
[INFO] [stderr]    Compiling futures-macro v0.3.15
[INFO] [stderr]    Compiling ahash v0.7.4
[INFO] [stderr]    Compiling futures-task v0.3.15
[INFO] [stderr]    Compiling futures-util v0.3.15
[INFO] [stderr]    Compiling indexmap v1.7.0
[INFO] [stderr]    Compiling bitflags v1.2.1
[INFO] [stderr]    Compiling typenum v1.13.0
[INFO] [stderr]    Compiling fnv v1.0.7
[INFO] [stderr]    Compiling generic-array v0.14.4
[INFO] [stderr]    Compiling slab v0.4.3
[INFO] [stderr]    Compiling futures-io v0.3.15
[INFO] [stderr]    Compiling pin-utils v0.1.0
[INFO] [stderr]    Compiling num-traits v0.2.14
[INFO] [stderr]    Compiling cc v1.0.69
[INFO] [stderr]    Compiling yansi v0.5.0
[INFO] [stderr]    Compiling proc-macro2-diagnostics v0.9.1
[INFO] [stderr]    Compiling quote v1.0.9
[INFO] [stderr]    Compiling ryu v1.0.5
[INFO] [stderr]    Compiling percent-encoding v2.1.0
[INFO] [stderr]    Compiling spin v0.5.2
[INFO] [stderr]    Compiling untrusted v0.7.1
[INFO] [stderr]    Compiling standback v0.2.17
[INFO] [stderr]    Compiling getrandom v0.2.3
[INFO] [stderr]    Compiling signal-hook-registry v1.4.0
[INFO] [stderr]    Compiling mio v0.7.13
[INFO] [stderr]    Compiling num_cpus v1.13.0
[INFO] [stderr]    Compiling num-integer v0.1.44
[INFO] [stderr]    Compiling unicode-segmentation v1.8.0
[INFO] [stderr]    Compiling ppv-lite86 v0.2.10
[INFO] [stderr]    Compiling matches v0.1.8
[INFO] [stderr]    Compiling parking_lot v0.11.2
[INFO] [stderr]    Compiling rand_core v0.6.3
[INFO] [stderr]    Compiling hashbrown v0.11.2
[INFO] [stderr]    Compiling heck v0.3.3
[INFO] [stderr]    Compiling tinyvec_macros v0.1.0
[INFO] [stderr]    Compiling arrayvec v0.5.2
[INFO] [stderr]    Compiling radium v0.5.3
[INFO] [stderr]    Compiling rand_chacha v0.3.1
[INFO] [stderr]    Compiling tinyvec v1.3.1
[INFO] [stderr]    Compiling http v0.2.4
[INFO] [stderr]    Compiling serde_json v1.0.64
[INFO] [stderr]    Compiling crossbeam-utils v0.8.5
[INFO] [stderr]    Compiling lexical-core v0.7.6
[INFO] [stderr]    Compiling httparse v1.4.1
[INFO] [stderr]    Compiling rand v0.8.4
[INFO] [stderr]    Compiling ring v0.16.20
[INFO] [stderr]    Compiling opaque-debug v0.3.0
[INFO] [stderr]    Compiling const_fn v0.4.8
[INFO] [stderr]    Compiling either v1.6.1
[INFO] [stderr]    Compiling unicode-bidi v0.3.5
[INFO] [stderr]    Compiling aho-corasick v0.7.18
[INFO] [stderr]    Compiling tracing-core v0.1.18
[INFO] [stderr]    Compiling time v0.2.27
[INFO] [stderr]    Compiling digest v0.9.0
[INFO] [stderr]    Compiling block-buffer v0.9.0
[INFO] [stderr]    Compiling uncased v0.9.6
[INFO] [stderr]    Compiling nom v6.1.2
[INFO] [stderr]    Compiling num-bigint v0.3.2
[INFO] [stderr]    Compiling static_assertions v1.1.0
[INFO] [stderr]    Compiling funty v1.1.0
[INFO] [stderr]    Compiling regex-syntax v0.6.25
[INFO] [stderr]    Compiling base64 v0.13.0
[INFO] [stderr]    Compiling tap v1.0.1
[INFO] [stderr]    Compiling wyz v0.2.0
[INFO] [stderr]    Compiling subtle v2.4.1
[INFO] [stderr]    Compiling unicode-normalization v0.1.19
[INFO] [stderr]    Compiling cpufeatures v0.1.5
[INFO] [stderr]    Compiling build_const v0.2.2
[INFO] [stderr]    Compiling crypto-mac v0.10.1
[INFO] [stderr]    Compiling tracing v0.1.26
[INFO] [stderr]    Compiling crc v1.8.1
[INFO] [stderr]    Compiling time v0.1.44
[INFO] [stderr]    Compiling cookie v0.15.0
[INFO] [stderr]    Compiling bitvec v0.19.5
[INFO] [stderr]    Compiling proc-macro-error-attr v0.4.12
[INFO] [stderr]    Compiling try-lock v0.2.3
[INFO] [stderr]    Compiling ref-cast v1.0.6
[INFO] [stderr]    Compiling convert_case v0.4.0
[INFO] [stderr]    Compiling crossbeam-queue v0.3.2
[INFO] [stderr]    Compiling inlinable_string v0.1.14
[INFO] [stderr]    Compiling ident_case v1.0.1
[INFO] [stderr]    Compiling whoami v1.1.2
[INFO] [stderr]    Compiling strsim v0.10.0
[INFO] [stderr]    Compiling http-body v0.4.2
[INFO] [stderr]    Compiling idna v0.2.3
[INFO] [stderr]    Compiling want v0.3.0
[INFO] [stderr]    Compiling chrono v0.4.19
[INFO] [stderr]    Compiling hmac v0.10.1
[INFO] [stderr]    Compiling sha2 v0.9.5
[INFO] [stderr]    Compiling form_urlencoded v1.0.1
[INFO] [stderr]    Compiling dirs-sys v0.3.6
[INFO] [stderr]    Compiling socket2 v0.4.0
[INFO] [stderr]    Compiling proc-macro-error v0.4.12
[INFO] [stderr]    Compiling maplit v1.0.2
[INFO] [stderr]    Compiling async-trait v0.1.50
[INFO] [stderr]    Compiling mime v0.3.16
[INFO] [stderr]    Compiling unicode_categories v0.1.1
[INFO] [stderr]    Compiling hex v0.4.3
[INFO] [stderr]    Compiling encoding_rs v0.8.28
[INFO] [stderr]    Compiling httpdate v1.0.1
[INFO] [stderr]    Compiling tower-service v0.3.1
[INFO] [stderr]    Compiling regex v1.5.4
[INFO] [stderr]    Compiling url v2.2.2
[INFO] [stderr]    Compiling dirs v3.0.2
[INFO] [stderr]    Compiling stringprep v0.1.2
[INFO] [stderr]    Compiling crossbeam-channel v0.5.1
[INFO] [stderr]    Compiling sha-1 v0.9.7
[INFO] [stderr]    Compiling md-5 v0.9.1
[INFO] [stderr]    Compiling hashlink v0.7.0
[INFO] [stderr]    Compiling atoi v0.4.0
[INFO] [stderr]    Compiling stable-pattern v0.1.0
[INFO] [stderr]    Compiling figment v0.10.6
[INFO] [stderr]    Compiling multer v2.0.0
[INFO] [stderr]    Compiling atomic v0.5.0
[INFO] [stderr]    Compiling unchecked-index v0.2.2
[INFO] [stderr]    Compiling state v0.5.2
[INFO] [stderr]    Compiling byteorder v1.4.3
[INFO] [stderr]    Compiling twoway v0.2.2
[INFO] [stderr]    Compiling rocket v0.5.0-rc.1
[INFO] [stderr]    Compiling atty v0.2.14
[INFO] [stderr]    Compiling bigdecimal v0.2.2
[INFO] [stderr]    Compiling glob v0.3.0
[INFO] [stderr]    Compiling syn-mid v0.5.3
[INFO] [stderr]    Compiling darling_core v0.12.4
[INFO] [stderr]    Compiling dotenv v0.15.0
[INFO] [stderr]    Compiling spin v0.9.2
[INFO] [stderr]    Compiling devise_core v0.3.0
[INFO] [stderr]    Compiling remove_dir_all v0.5.3
[INFO] [stderr]    Compiling anymap v0.12.1
[INFO] [stderr]    Compiling webpki v0.21.4
[INFO] [stderr]    Compiling sct v0.6.1
[INFO] [stderr]    Compiling tempfile v3.2.0
[INFO] [stderr]    Compiling anyhow v1.0.42
[INFO] [stderr]    Compiling binascii v0.1.4
[INFO] [stderr]    Compiling same-file v1.0.6
[INFO] [stderr]    Compiling termcolor v1.1.2
[INFO] [stderr]    Compiling humantime v2.1.0
[INFO] [stderr]    Compiling walkdir v2.3.2
[INFO] [stderr]    Compiling rustls v0.19.1
[INFO] [stderr]    Compiling webpki-roots v0.21.1
[INFO] [stderr]    Compiling env_logger v0.9.0
[INFO] [stderr]    Compiling sqlformat v0.1.6
[INFO] [stderr]    Compiling tokio-macros v1.3.0
[INFO] [stderr]    Compiling thiserror-impl v1.0.26
[INFO] [stderr]    Compiling time-macros-impl v0.1.2
[INFO] [stderr]    Compiling pear_codegen v0.2.3
[INFO] [stderr]    Compiling ref-cast-impl v1.0.6
[INFO] [stderr]    Compiling async-stream-impl v0.3.2
[INFO] [stderr]    Compiling devise_codegen v0.3.0
[INFO] [stderr]    Compiling derive_more v0.99.16
[INFO] [stderr]    Compiling shaku_derive v0.6.1
[INFO] [stderr]    Compiling darling_macro v0.12.4
[INFO] [stderr]    Compiling sea-strum_macros v0.21.2
[INFO] [stderr]    Compiling darling v0.12.4
[INFO] [stderr]    Compiling time-macros v0.1.1
[INFO] [stderr]    Compiling async-stream v0.3.2
[INFO] [stderr]    Compiling derive_builder_core v0.10.2
[INFO] [stderr]    Compiling devise v0.3.0
[INFO] [stderr]    Compiling bae v0.1.6
[INFO] [stderr]    Compiling pear v0.2.3
[INFO] [stderr]    Compiling thiserror v1.0.26
[INFO] [stderr]    Compiling shaku v0.6.1
[INFO] [stderr]    Compiling sea-query-derive v0.2.0
[INFO] [stderr]    Compiling derive_builder_macro v0.10.2
[INFO] [stderr]    Compiling sea-orm-macros v0.2.4
[INFO] [stderr]    Compiling sea-strum v0.21.0
[INFO] [stderr]    Compiling derive_builder v0.10.2
[INFO] [stderr]    Compiling futures-executor v0.3.15
[INFO] [stderr]    Compiling futures v0.3.15
[INFO] [stderr]    Compiling tokio-util v0.6.7
[INFO] [stderr]    Compiling tokio-stream v0.1.7
[INFO] [stderr]    Compiling tokio-rustls v0.22.0
[INFO] [stderr]    Compiling sqlx-rt v0.5.5
[INFO] [stderr]    Compiling rust_decimal v1.16.0
[INFO] [stderr]    Compiling uuid v0.8.2
[INFO] [stderr]    Compiling toml v0.5.8
[INFO] [stderr]    Compiling ubyte v0.10.1
[INFO] [stderr]    Compiling h2 v0.3.3
[INFO] [stderr]    Compiling sqlx-core v0.5.5
[INFO] [stderr]    Compiling sea-query v0.16.5
[INFO] [stderr]    Compiling testcontainers v0.12.0
[INFO] [stderr]    Compiling hyper v0.14.10
[INFO] [stderr]    Compiling rocket_http v0.5.0-rc.1
[INFO] [stderr]    Compiling sqlx-macros v0.5.5
[INFO] [stderr]    Compiling rocket_codegen v0.5.0-rc.1
[INFO] [stderr]    Compiling sqlx v0.5.5
[INFO] [stderr]    Compiling sea-orm v0.2.4
[INFO] [stderr]    Compiling shaku_rocket v0.7.0-rc.1
[INFO] [stderr]    Compiling rocket-hexagonal v0.1.0 (/opt/rustwide/workdir)
[INFO] [stdout] warning: field `id` is never read
[INFO] [stdout]    --> src/adapter/output/account_repository.rs:155:5
[INFO] [stdout]     |
[INFO] [stdout] 154 | pub struct AccountDto {
[INFO] [stdout]     |            ---------- field in this struct
[INFO] [stdout] 155 |     id: i64,
[INFO] [stdout]     |     ^^
[INFO] [stdout]     |
[INFO] [stdout]     = note: `AccountDto` has a derived impl for the trait `Debug`, but this is intentionally ignored during dead code analysis
[INFO] [stdout]     = note: `#[warn(dead_code)]` on by default
[INFO] [stdout] 
[INFO] [stdout] 
[INFO] [stdout] warning: 1 warning emitted
[INFO] [stdout] 
[INFO] [stdout] 
[INFO] [stderr]     Finished dev [unoptimized + debuginfo] target(s) in 41.95s
[INFO] [stderr] warning: the following packages contain code that will be rejected by a future version of Rust: nom v6.1.2, sqlx-macros v0.5.5, ubyte v0.10.1
[INFO] [stderr] note: to see what the problems were, use the option `--future-incompat-report`, or run `cargo report future-incompatibilities --id 1`
[INFO] running `Command { std: "docker" "inspect" "48417ea0baa54ad832df9554ec2a32b9e95f0bb7023c628ef2d0cf7751d6b3e7", kill_on_drop: false }`
[INFO] running `Command { std: "docker" "rm" "-f" "48417ea0baa54ad832df9554ec2a32b9e95f0bb7023c628ef2d0cf7751d6b3e7", kill_on_drop: false }`
[INFO] [stdout] 48417ea0baa54ad832df9554ec2a32b9e95f0bb7023c628ef2d0cf7751d6b3e7
[INFO] running `Command { std: "docker" "create" "-v" "/var/lib/crater-agent-workspace/builds/worker-1-tc1/target:/opt/rustwide/target:rw,Z" "-v" "/var/lib/crater-agent-workspace/builds/worker-1-tc1/source:/opt/rustwide/workdir:ro,Z" "-v" "/var/lib/crater-agent-workspace/cargo-home:/opt/rustwide/cargo-home:ro,Z" "-v" "/var/lib/crater-agent-workspace/rustup-home:/opt/rustwide/rustup-home:ro,Z" "-e" "SOURCE_DIR=/opt/rustwide/workdir" "-e" "CARGO_TARGET_DIR=/opt/rustwide/target" "-e" "CARGO_INCREMENTAL=0" "-e" "RUST_BACKTRACE=full" "-e" "RUSTFLAGS=--cap-lints=warn" "-e" "RUSTDOCFLAGS=--cap-lints=warn" "-e" "CARGO_HOME=/opt/rustwide/cargo-home" "-e" "RUSTUP_HOME=/opt/rustwide/rustup-home" "-w" "/opt/rustwide/workdir" "-m" "1610612736" "--user" "0:0" "--network" "none" "ghcr.io/rust-lang/crates-build-env/linux@sha256:5ff2268d62e97bff2cde7d5815dd6ed5b47097566f13b8d0ca110b04b60e07ed" "/opt/rustwide/cargo-home/bin/cargo" "+1.69.0" "test" "--frozen" "--no-run" "--message-format=json", kill_on_drop: false }`
[INFO] [stdout] 21d55e444ca7f885ae08c2fe569f6145d36c527e483c0110156446f032239fb4
[INFO] running `Command { std: "docker" "start" "-a" "21d55e444ca7f885ae08c2fe569f6145d36c527e483c0110156446f032239fb4", kill_on_drop: false }`
[INFO] [stdout] warning: field `id` is never read
[INFO] [stdout]    --> src/adapter/output/account_repository.rs:155:5
[INFO] [stdout]     |
[INFO] [stdout] 154 | pub struct AccountDto {
[INFO] [stdout]     |            ---------- field in this struct
[INFO] [stdout] 155 |     id: i64,
[INFO] [stdout]     |     ^^
[INFO] [stdout]     |
[INFO] [stdout]     = note: `AccountDto` has a derived impl for the trait `Debug`, but this is intentionally ignored during dead code analysis
[INFO] [stdout]     = note: `#[warn(dead_code)]` on by default
[INFO] [stdout] 
[INFO] [stdout] 
[INFO] [stderr]    Compiling rocket-hexagonal v0.1.0 (/opt/rustwide/workdir)
[INFO] [stdout] warning: 1 warning emitted
[INFO] [stdout] 
[INFO] [stdout] 
[INFO] [stdout] warning: field `id` is never read
[INFO] [stdout]    --> src/adapter/output/account_repository.rs:155:5
[INFO] [stdout]     |
[INFO] [stdout] 154 | pub struct AccountDto {
[INFO] [stdout]     |            ---------- field in this struct
[INFO] [stdout] 155 |     id: i64,
[INFO] [stdout]     |     ^^
[INFO] [stdout]     |
[INFO] [stdout]     = note: `AccountDto` has a derived impl for the trait `Debug`, but this is intentionally ignored during dead code analysis
[INFO] [stdout]     = note: `#[warn(dead_code)]` on by default
[INFO] [stdout] 
[INFO] [stdout] 
[INFO] [stdout] warning: 1 warning emitted
[INFO] [stdout] 
[INFO] [stdout] 
[INFO] [stderr]     Finished test [unoptimized + debuginfo] target(s) in 5.98s
[INFO] [stderr] warning: the following packages contain code that will be rejected by a future version of Rust: nom v6.1.2, sqlx-macros v0.5.5, ubyte v0.10.1
[INFO] [stderr] note: to see what the problems were, use the option `--future-incompat-report`, or run `cargo report future-incompatibilities --id 1`
[INFO] running `Command { std: "docker" "inspect" "21d55e444ca7f885ae08c2fe569f6145d36c527e483c0110156446f032239fb4", kill_on_drop: false }`
[INFO] running `Command { std: "docker" "rm" "-f" "21d55e444ca7f885ae08c2fe569f6145d36c527e483c0110156446f032239fb4", kill_on_drop: false }`
[INFO] [stdout] 21d55e444ca7f885ae08c2fe569f6145d36c527e483c0110156446f032239fb4
[INFO] running `Command { std: "docker" "create" "-v" "/var/lib/crater-agent-workspace/builds/worker-1-tc1/target:/opt/rustwide/target:rw,Z" "-v" "/var/lib/crater-agent-workspace/builds/worker-1-tc1/source:/opt/rustwide/workdir:ro,Z" "-v" "/var/lib/crater-agent-workspace/cargo-home:/opt/rustwide/cargo-home:ro,Z" "-v" "/var/lib/crater-agent-workspace/rustup-home:/opt/rustwide/rustup-home:ro,Z" "-e" "SOURCE_DIR=/opt/rustwide/workdir" "-e" "CARGO_TARGET_DIR=/opt/rustwide/target" "-e" "CARGO_INCREMENTAL=0" "-e" "RUST_BACKTRACE=full" "-e" "RUSTFLAGS=--cap-lints=warn" "-e" "RUSTDOCFLAGS=--cap-lints=warn" "-e" "CARGO_HOME=/opt/rustwide/cargo-home" "-e" "RUSTUP_HOME=/opt/rustwide/rustup-home" "-w" "/opt/rustwide/workdir" "-m" "1610612736" "--user" "0:0" "--network" "none" "ghcr.io/rust-lang/crates-build-env/linux@sha256:5ff2268d62e97bff2cde7d5815dd6ed5b47097566f13b8d0ca110b04b60e07ed" "/opt/rustwide/cargo-home/bin/cargo" "+1.69.0" "test" "--frozen", kill_on_drop: false }`
[INFO] [stdout] a800730574d6ab5e73d589be719fe7da537804778edcd8b9e24136b057d1a449
[INFO] running `Command { std: "docker" "start" "-a" "a800730574d6ab5e73d589be719fe7da537804778edcd8b9e24136b057d1a449", kill_on_drop: false }`
[INFO] [stderr] warning: field `id` is never read
[INFO] [stderr]    --> src/adapter/output/account_repository.rs:155:5
[INFO] [stderr]     |
[INFO] [stderr] 154 | pub struct AccountDto {
[INFO] [stderr]     |            ---------- field in this struct
[INFO] [stderr] 155 |     id: i64,
[INFO] [stderr]     |     ^^
[INFO] [stderr]     |
[INFO] [stderr]     = note: `AccountDto` has a derived impl for the trait `Debug`, but this is intentionally ignored during dead code analysis
[INFO] [stderr]     = note: `#[warn(dead_code)]` on by default
[INFO] [stderr] 
[INFO] [stderr] warning: `rocket-hexagonal` (lib) generated 1 warning
[INFO] [stderr] warning: `rocket-hexagonal` (lib test) generated 1 warning (1 duplicate)
[INFO] [stderr]     Finished test [unoptimized + debuginfo] target(s) in 0.15s
[INFO] [stderr] warning: the following packages contain code that will be rejected by a future version of Rust: nom v6.1.2, sqlx-macros v0.5.5, ubyte v0.10.1
[INFO] [stderr] note: to see what the problems were, use the option `--future-incompat-report`, or run `cargo report future-incompatibilities --id 1`
[INFO] [stderr]      Running unittests src/lib.rs (/opt/rustwide/target/debug/deps/rocket_hexagonal-e637166228a6d4c5)
[INFO] [stdout] 
[INFO] [stdout] running 12 tests
[INFO] [stdout] test domain::account::tests::withdrawal_failure ... ok
[INFO] [stdout] test domain::account::tests::calculates_balance ... ok
[INFO] [stdout] test domain::account::tests::deposit_success ... ok
[INFO] [stdout] test domain::account::tests::withdrawal_succeeds ... ok
[INFO] [stdout] test domain::activity::tests::activity_window_calculates_end_timestamp ... ok
[INFO] [stdout] test domain::activity::tests::activity_window_calculates_start_timestamp ... ok
[INFO] [stdout] test domain::activity::tests::calculates_balance ... ok
[INFO] [stdout] test domain::money::tests::test_is_cmp ... ok
[INFO] [stdout] test domain::money::tests::test_money_add ... ok
[INFO] [stdout] test domain::money::tests::test_money_addassign ... ok
[INFO] [stderr] [2023-04-30T13:35:10Z INFO  rocket_hexagonal::infrastructure::tests] Running Postgres instance...
[INFO] [stderr] [2023-04-30T13:35:10Z INFO  rocket_hexagonal::infrastructure::tests] Running Postgres instance...
[INFO] [stdout] test adapter::output::account_repository::tests::it_loads_account ... FAILED
[INFO] [stdout] test infrastructure::container::tests::test_mock_load_account_port ... FAILED
[INFO] [stdout] 
[INFO] [stdout] failures:
[INFO] [stdout] 
[INFO] [stdout] ---- adapter::output::account_repository::tests::it_loads_account stdout ----
[INFO] [stdout] thread 'adapter::output::account_repository::tests::it_loads_account' panicked at 'failed to start container', /opt/rustwide/cargo-home/registry/src/github.com-1ecc6299db9ec823/testcontainers-0.12.0/src/clients/cli.rs:145:9
[INFO] [stdout] stack backtrace:
[INFO] [stdout]    0:     0x562ca1b602ba - std::backtrace_rs::backtrace::libunwind::trace::ha9053a9a07ca49cb
[INFO] [stdout]                                at /rustc/84c898d65adf2f39a5a98507f1fe0ce10a2b8dbc/library/std/src/../../backtrace/src/backtrace/libunwind.rs:93:5
[INFO] [stdout]    1:     0x562ca1b602ba - std::backtrace_rs::backtrace::trace_unsynchronized::h9c2852a457ad564e
[INFO] [stdout]                                at /rustc/84c898d65adf2f39a5a98507f1fe0ce10a2b8dbc/library/std/src/../../backtrace/src/backtrace/mod.rs:66:5
[INFO] [stdout]    2:     0x562ca1b602ba - std::sys_common::backtrace::_print_fmt::h457936fbfaa0070f
[INFO] [stdout]                                at /rustc/84c898d65adf2f39a5a98507f1fe0ce10a2b8dbc/library/std/src/sys_common/backtrace.rs:65:5
[INFO] [stdout]    3:     0x562ca1b602ba - <std::sys_common::backtrace::_print::DisplayBacktrace as core::fmt::Display>::fmt::h5779d7bf7f70cb0c
[INFO] [stdout]                                at /rustc/84c898d65adf2f39a5a98507f1fe0ce10a2b8dbc/library/std/src/sys_common/backtrace.rs:44:22
[INFO] [stdout]    4:     0x562ca1b8740e - core::fmt::write::h5a4baaff1bcd3eb5
[INFO] [stdout]                                at /rustc/84c898d65adf2f39a5a98507f1fe0ce10a2b8dbc/library/core/src/fmt/mod.rs:1232:17
[INFO] [stdout]    5:     0x562ca1b5cb25 - std::io::Write::write_fmt::h478f79c628ef31d1
[INFO] [stdout]                                at /rustc/84c898d65adf2f39a5a98507f1fe0ce10a2b8dbc/library/std/src/io/mod.rs:1684:15
[INFO] [stdout]    6:     0x562ca1b60085 - std::sys_common::backtrace::_print::h5fcdc36060f177e8
[INFO] [stdout]                                at /rustc/84c898d65adf2f39a5a98507f1fe0ce10a2b8dbc/library/std/src/sys_common/backtrace.rs:47:5
[INFO] [stdout]    7:     0x562ca1b60085 - std::sys_common::backtrace::print::h54ca9458b876c8bf
[INFO] [stdout]                                at /rustc/84c898d65adf2f39a5a98507f1fe0ce10a2b8dbc/library/std/src/sys_common/backtrace.rs:34:9
[INFO] [stdout]    8:     0x562ca1b61ecf - std::panicking::default_hook::{{closure}}::hbe471161c7664ed6
[INFO] [stdout]                                at /rustc/84c898d65adf2f39a5a98507f1fe0ce10a2b8dbc/library/std/src/panicking.rs:271:22
[INFO] [stdout]    9:     0x562ca1b61b8f - std::panicking::default_hook::ha3500da57aa4ac4f
[INFO] [stdout]                                at /rustc/84c898d65adf2f39a5a98507f1fe0ce10a2b8dbc/library/std/src/panicking.rs:287:9
[INFO] [stdout]   10:     0x562ca14d8127 - <alloc::boxed::Box<F,A> as core::ops::function::Fn<Args>>::call::hdf1b89dd137ece34
[INFO] [stdout]                                at /rustc/84c898d65adf2f39a5a98507f1fe0ce10a2b8dbc/library/alloc/src/boxed.rs:2001:9
[INFO] [stdout]   11:     0x562ca14d8127 - test::test_main::{{closure}}::h9081a79f20e75698
[INFO] [stdout]                                at /rustc/84c898d65adf2f39a5a98507f1fe0ce10a2b8dbc/library/test/src/lib.rs:135:21
[INFO] [stdout]   12:     0x562ca1b625fd - <alloc::boxed::Box<F,A> as core::ops::function::Fn<Args>>::call::h6507bddc3eebb4a5
[INFO] [stdout]                                at /rustc/84c898d65adf2f39a5a98507f1fe0ce10a2b8dbc/library/alloc/src/boxed.rs:2001:9
[INFO] [stdout]   13:     0x562ca1b625fd - std::panicking::rust_panic_with_hook::h50c09d000dc561d2
[INFO] [stdout]                                at /rustc/84c898d65adf2f39a5a98507f1fe0ce10a2b8dbc/library/std/src/panicking.rs:696:13
[INFO] [stdout]   14:     0x562ca1a3c12a - std::panicking::begin_panic::{{closure}}::hc6108300c203a421
[INFO] [stdout]                                at /rustc/84c898d65adf2f39a5a98507f1fe0ce10a2b8dbc/library/std/src/panicking.rs:612:9
[INFO] [stdout]   15:     0x562ca1a3cd1a - std::sys_common::backtrace::__rust_end_short_backtrace::h32ed8841b3799a5f
[INFO] [stdout]                                at /rustc/84c898d65adf2f39a5a98507f1fe0ce10a2b8dbc/library/std/src/sys_common/backtrace.rs:150:18
[INFO] [stdout]   16:     0x562ca1a3c070 - std::panicking::begin_panic::hbc3b78510869e27d
[INFO] [stdout]                                at /rustc/84c898d65adf2f39a5a98507f1fe0ce10a2b8dbc/library/std/src/panicking.rs:611:12
[INFO] [stdout]   17:     0x562ca147a826 - <testcontainers::clients::cli::Cli as testcontainers::core::docker::Docker>::run_with_args::hf0a896f9f8c6256d
[INFO] [stdout]                                at /opt/rustwide/cargo-home/registry/src/github.com-1ecc6299db9ec823/testcontainers-0.12.0/src/clients/cli.rs:145:9
[INFO] [stdout]   18:     0x562ca147abae - <testcontainers::clients::cli::Cli as testcontainers::core::docker::Docker>::run::h5b5be281bbc08df4
[INFO] [stdout]                                at /opt/rustwide/cargo-home/registry/src/github.com-1ecc6299db9ec823/testcontainers-0.12.0/src/clients/cli.rs:122:9
[INFO] [stdout]   19:     0x562ca1459b03 - rocket_hexagonal::infrastructure::tests::PgContainer::new::h5f5c366e5053266d
[INFO] [stdout]                                at /opt/rustwide/workdir/src/infrastructure/tests.rs:80:25
[INFO] [stdout]   20:     0x562ca145c667 - rocket_hexagonal::infrastructure::tests::PG_CONTAINER::__init::hfdda36c26d4f24a3
[INFO] [stdout]                                at /opt/rustwide/workdir/src/infrastructure/tests.rs:26:49
[INFO] [stdout]   21:     0x562ca145c71d - rocket_hexagonal::infrastructure::tests::PG_CONTAINER::__getit::{{closure}}::hcaf0cdd8cbb2e85e
[INFO] [stdout]                                at /rustc/84c898d65adf2f39a5a98507f1fe0ce10a2b8dbc/library/std/src/thread/local.rs:354:25
[INFO] [stdout]   22:     0x562ca14775ca - std::thread::local::lazy::LazyKeyInner<T>::initialize::h3d5cd92ceea4763b
[INFO] [stdout]                                at /rustc/84c898d65adf2f39a5a98507f1fe0ce10a2b8dbc/library/std/src/thread/local.rs:810:25
[INFO] [stdout]   23:     0x562ca1453426 - std::thread::local::fast::Key<T>::try_initialize::ha5f04abed092eb94
[INFO] [stdout]                                at /rustc/84c898d65adf2f39a5a98507f1fe0ce10a2b8dbc/library/std/src/thread/local.rs:987:31
[INFO] [stdout]   24:     0x562ca14537ce - std::thread::local::fast::Key<T>::get::h938ebbb4a7e89cef
[INFO] [stdout]                                at /rustc/84c898d65adf2f39a5a98507f1fe0ce10a2b8dbc/library/std/src/thread/local.rs:970:29
[INFO] [stdout]   25:     0x562ca145c6a8 - rocket_hexagonal::infrastructure::tests::PG_CONTAINER::__getit::h896fee0a8123d5f6
[INFO] [stdout]                                at /rustc/84c898d65adf2f39a5a98507f1fe0ce10a2b8dbc/library/std/src/thread/local.rs:346:21
[INFO] [stdout]   26:     0x562ca144788d - std::thread::local::LocalKey<T>::try_with::h543fb0924aac71b5
[INFO] [stdout]                                at /rustc/84c898d65adf2f39a5a98507f1fe0ce10a2b8dbc/library/std/src/thread/local.rs:445:32
[INFO] [stdout]   27:     0x562ca14471ac - std::thread::local::LocalKey<T>::with::h2d76381ee381ffce
[INFO] [stdout]                                at /rustc/84c898d65adf2f39a5a98507f1fe0ce10a2b8dbc/library/std/src/thread/local.rs:422:9
[INFO] [stdout]   28:     0x562ca1458eaf - rocket_hexagonal::infrastructure::tests::testing_module::{{closure}}::hbfdf77ee78d471bd
[INFO] [stdout]                                at /opt/rustwide/workdir/src/infrastructure/tests.rs:47:15
[INFO] [stdout]   29:     0x562ca14448d1 - rocket_hexagonal::adapter::output::account_repository::tests::it_loads_account::{{closure}}::hee59a68e182d9c63
[INFO] [stdout]                                at /opt/rustwide/workdir/src/adapter/output/account_repository.rs:197:38
[INFO] [stdout]   30:     0x562ca146006b - <core::pin::Pin<P> as core::future::future::Future>::poll::h423bcf029065b083
[INFO] [stdout]                                at /rustc/84c898d65adf2f39a5a98507f1fe0ce10a2b8dbc/library/core/src/future/future.rs:125:9
[INFO] [stdout]   31:     0x562ca1434544 - tokio::runtime::basic_scheduler::Inner<P>::block_on::{{closure}}::{{closure}}::h284ab59ab3519f79
[INFO] [stdout]                                at /opt/rustwide/cargo-home/registry/src/github.com-1ecc6299db9ec823/tokio-1.8.1/src/runtime/basic_scheduler.rs:213:62
[INFO] [stdout]   32:     0x562ca143ff69 - tokio::coop::with_budget::{{closure}}::hecb22a5f524a561f
[INFO] [stdout]                                at /opt/rustwide/cargo-home/registry/src/github.com-1ecc6299db9ec823/tokio-1.8.1/src/coop.rs:106:9
[INFO] [stdout]   33:     0x562ca1447f24 - std::thread::local::LocalKey<T>::try_with::h89eda501024ecc14
[INFO] [stdout]                                at /rustc/84c898d65adf2f39a5a98507f1fe0ce10a2b8dbc/library/std/src/thread/local.rs:446:16
[INFO] [stdout]   34:     0x562ca144731a - std::thread::local::LocalKey<T>::with::h9fa530e1f0dc4c69
[INFO] [stdout]                                at /rustc/84c898d65adf2f39a5a98507f1fe0ce10a2b8dbc/library/std/src/thread/local.rs:422:9
[INFO] [stdout]   35:     0x562ca1433350 - tokio::coop::with_budget::he13e0f7e188c45a9
[INFO] [stdout]                                at /opt/rustwide/cargo-home/registry/src/github.com-1ecc6299db9ec823/tokio-1.8.1/src/coop.rs:99:5
[INFO] [stdout]   36:     0x562ca1433350 - tokio::coop::budget::hf7a4bf4e8dc211d4
[INFO] [stdout]                                at /opt/rustwide/cargo-home/registry/src/github.com-1ecc6299db9ec823/tokio-1.8.1/src/coop.rs:76:5
[INFO] [stdout]   37:     0x562ca1433350 - tokio::runtime::basic_scheduler::Inner<P>::block_on::{{closure}}::h2e55edc0f0892567
[INFO] [stdout]                                at /opt/rustwide/cargo-home/registry/src/github.com-1ecc6299db9ec823/tokio-1.8.1/src/runtime/basic_scheduler.rs:213:39
[INFO] [stdout]   38:     0x562ca1435a51 - tokio::runtime::basic_scheduler::enter::{{closure}}::hd75d56dac4a8512a
[INFO] [stdout]                                at /opt/rustwide/cargo-home/registry/src/github.com-1ecc6299db9ec823/tokio-1.8.1/src/runtime/basic_scheduler.rs:323:29
[INFO] [stdout]   39:     0x562ca146e6c7 - tokio::macros::scoped_tls::ScopedKey<T>::set::h2a1e4ad0ebe9c751
[INFO] [stdout]                                at /opt/rustwide/cargo-home/registry/src/github.com-1ecc6299db9ec823/tokio-1.8.1/src/macros/scoped_tls.rs:61:9
[INFO] [stdout]   40:     0x562ca1435643 - tokio::runtime::basic_scheduler::enter::hef64ad7bb6bea653
[INFO] [stdout]                                at /opt/rustwide/cargo-home/registry/src/github.com-1ecc6299db9ec823/tokio-1.8.1/src/runtime/basic_scheduler.rs:323:5
[INFO] [stdout]   41:     0x562ca1432f9b - tokio::runtime::basic_scheduler::Inner<P>::block_on::h8598bdeedf4bf600
[INFO] [stdout]                                at /opt/rustwide/cargo-home/registry/src/github.com-1ecc6299db9ec823/tokio-1.8.1/src/runtime/basic_scheduler.rs:202:9
[INFO] [stdout]   42:     0x562ca143485a - tokio::runtime::basic_scheduler::InnerGuard<P>::block_on::h750d70333d6afaa6
[INFO] [stdout]                                at /opt/rustwide/cargo-home/registry/src/github.com-1ecc6299db9ec823/tokio-1.8.1/src/runtime/basic_scheduler.rs:516:9
[INFO] [stdout]   43:     0x562ca1434da1 - tokio::runtime::basic_scheduler::BasicScheduler<P>::block_on::h83cb201976a5e12c
[INFO] [stdout]                                at /opt/rustwide/cargo-home/registry/src/github.com-1ecc6299db9ec823/tokio-1.8.1/src/runtime/basic_scheduler.rs:162:24
[INFO] [stdout]   44:     0x562ca146f9c5 - tokio::runtime::Runtime::block_on::h1a86bd86bb4cfba4
[INFO] [stdout]                                at /opt/rustwide/cargo-home/registry/src/github.com-1ecc6299db9ec823/tokio-1.8.1/src/runtime/mod.rs:450:46
[INFO] [stdout]   45:     0x562ca1444669 - rocket_hexagonal::adapter::output::account_repository::tests::it_loads_account::h639cc44212887720
[INFO] [stdout]                                at /opt/rustwide/workdir/src/adapter/output/account_repository.rs:212:9
[INFO] [stdout]   46:     0x562ca1444547 - rocket_hexagonal::adapter::output::account_repository::tests::it_loads_account::{{closure}}::h93f783cf51622e15
[INFO] [stdout]                                at /opt/rustwide/workdir/src/adapter/output/account_repository.rs:194:36
[INFO] [stdout]   47:     0x562ca1465405 - core::ops::function::FnOnce::call_once::hacb07c2ced368b00
[INFO] [stdout]                                at /rustc/84c898d65adf2f39a5a98507f1fe0ce10a2b8dbc/library/core/src/ops/function.rs:250:5
[INFO] [stdout]   48:     0x562ca14dd50f - core::ops::function::FnOnce::call_once::h7d969581be7d0075
[INFO] [stdout]                                at /rustc/84c898d65adf2f39a5a98507f1fe0ce10a2b8dbc/library/core/src/ops/function.rs:250:5
[INFO] [stdout]   49:     0x562ca14dd50f - test::__rust_begin_short_backtrace::hca25a52684e56655
[INFO] [stdout]                                at /rustc/84c898d65adf2f39a5a98507f1fe0ce10a2b8dbc/library/test/src/lib.rs:656:18
[INFO] [stdout]   50:     0x562ca14aeb2c - test::run_test::{{closure}}::ha8ac744c4af1a4bb
[INFO] [stdout]                                at /rustc/84c898d65adf2f39a5a98507f1fe0ce10a2b8dbc/library/test/src/lib.rs:647:30
[INFO] [stdout]   51:     0x562ca14aeb2c - core::ops::function::FnOnce::call_once{{vtable.shim}}::h7b411a9ed45bdecf
[INFO] [stdout]                                at /rustc/84c898d65adf2f39a5a98507f1fe0ce10a2b8dbc/library/core/src/ops/function.rs:250:5
[INFO] [stdout]   52:     0x562ca14dc4d6 - <alloc::boxed::Box<F,A> as core::ops::function::FnOnce<Args>>::call_once::hd05328869a8ed200
[INFO] [stdout]                                at /rustc/84c898d65adf2f39a5a98507f1fe0ce10a2b8dbc/library/alloc/src/boxed.rs:1987:9
[INFO] [stdout]   53:     0x562ca14dc4d6 - <core::panic::unwind_safe::AssertUnwindSafe<F> as core::ops::function::FnOnce<()>>::call_once::h0c601ce20bd5b2be
[INFO] [stdout]                                at /rustc/84c898d65adf2f39a5a98507f1fe0ce10a2b8dbc/library/core/src/panic/unwind_safe.rs:271:9
[INFO] [stdout]   54:     0x562ca14dc4d6 - std::panicking::try::do_call::ha4be5c164fe30854
[INFO] [stdout]                                at /rustc/84c898d65adf2f39a5a98507f1fe0ce10a2b8dbc/library/std/src/panicking.rs:487:40
[INFO] [stdout]   55:     0x562ca14dc4d6 - std::panicking::try::h604546f3609af05f
[INFO] [stdout]                                at /rustc/84c898d65adf2f39a5a98507f1fe0ce10a2b8dbc/library/std/src/panicking.rs:451:19
[INFO] [stdout]   56:     0x562ca14dc4d6 - std::panic::catch_unwind::h5bfa8afe44c9c2f9
[INFO] [stdout]                                at /rustc/84c898d65adf2f39a5a98507f1fe0ce10a2b8dbc/library/std/src/panic.rs:140:14
[INFO] [stdout]   57:     0x562ca14dc4d6 - test::run_test_in_process::hd50dee55dd63e6aa
[INFO] [stdout]                                at /rustc/84c898d65adf2f39a5a98507f1fe0ce10a2b8dbc/library/test/src/lib.rs:679:27
[INFO] [stdout]   58:     0x562ca14dc4d6 - test::run_test::run_test_inner::{{closure}}::h4aa0f433aa85cea8
[INFO] [stdout]                                at /rustc/84c898d65adf2f39a5a98507f1fe0ce10a2b8dbc/library/test/src/lib.rs:573:39
[INFO] [stdout]   59:     0x562ca14a91a1 - test::run_test::run_test_inner::{{closure}}::had56431adf24b4d6
[INFO] [stdout]                                at /rustc/84c898d65adf2f39a5a98507f1fe0ce10a2b8dbc/library/test/src/lib.rs:600:37
[INFO] [stdout]   60:     0x562ca14a91a1 - std::sys_common::backtrace::__rust_begin_short_backtrace::ha8d9890e0c73bf13
[INFO] [stdout]                                at /rustc/84c898d65adf2f39a5a98507f1fe0ce10a2b8dbc/library/std/src/sys_common/backtrace.rs:134:18
[INFO] [stdout]   61:     0x562ca14aebbb - std::thread::Builder::spawn_unchecked_::{{closure}}::{{closure}}::h251832bcb4a95327
[INFO] [stdout]                                at /rustc/84c898d65adf2f39a5a98507f1fe0ce10a2b8dbc/library/std/src/thread/mod.rs:560:17
[INFO] [stdout]   62:     0x562ca14aebbb - <core::panic::unwind_safe::AssertUnwindSafe<F> as core::ops::function::FnOnce<()>>::call_once::h8fdff598fa414831
[INFO] [stdout]                                at /rustc/84c898d65adf2f39a5a98507f1fe0ce10a2b8dbc/library/core/src/panic/unwind_safe.rs:271:9
[INFO] [stdout]   63:     0x562ca14aebbb - std::panicking::try::do_call::h455dd2f7764a950f
[INFO] [stdout]                                at /rustc/84c898d65adf2f39a5a98507f1fe0ce10a2b8dbc/library/std/src/panicking.rs:487:40
[INFO] [stdout]   64:     0x562ca14aebbb - std::panicking::try::had6f23b7b73ae72a
[INFO] [stdout]                                at /rustc/84c898d65adf2f39a5a98507f1fe0ce10a2b8dbc/library/std/src/panicking.rs:451:19
[INFO] [stdout]   65:     0x562ca14aebbb - std::panic::catch_unwind::ha6a5ca3915b4dad0
[INFO] [stdout]                                at /rustc/84c898d65adf2f39a5a98507f1fe0ce10a2b8dbc/library/std/src/panic.rs:140:14
[INFO] [stdout]   66:     0x562ca14aebbb - std::thread::Builder::spawn_unchecked_::{{closure}}::h883b72ef75da6231
[INFO] [stdout]                                at /rustc/84c898d65adf2f39a5a98507f1fe0ce10a2b8dbc/library/std/src/thread/mod.rs:559:30
[INFO] [stdout]   67:     0x562ca14aebbb - core::ops::function::FnOnce::call_once{{vtable.shim}}::hb7dff73dc8bd2ccb
[INFO] [stdout]                                at /rustc/84c898d65adf2f39a5a98507f1fe0ce10a2b8dbc/library/core/src/ops/function.rs:250:5
[INFO] [stdout]   68:     0x562ca1b677a3 - <alloc::boxed::Box<F,A> as core::ops::function::FnOnce<Args>>::call_once::h39990b24eedef2ab
[INFO] [stdout]                                at /rustc/84c898d65adf2f39a5a98507f1fe0ce10a2b8dbc/library/alloc/src/boxed.rs:1987:9
[INFO] [stdout]   69:     0x562ca1b677a3 - <alloc::boxed::Box<F,A> as core::ops::function::FnOnce<Args>>::call_once::h01a027258444143b
[INFO] [stdout]                                at /rustc/84c898d65adf2f39a5a98507f1fe0ce10a2b8dbc/library/alloc/src/boxed.rs:1987:9
[INFO] [stdout]   70:     0x562ca1b677a3 - std::sys::unix::thread::Thread::new::thread_start::ha4f1cdd9c25884ba
[INFO] [stdout]                                at /rustc/84c898d65adf2f39a5a98507f1fe0ce10a2b8dbc/library/std/src/sys/unix/thread.rs:108:17
[INFO] [stdout]   71:     0x7f52302cab43 - <unknown>
[INFO] [stdout]   72:     0x7f523035bbb4 - __clone
[INFO] [stdout]   73:                0x0 - <unknown>
[INFO] [stdout] 
[INFO] [stdout] ---- infrastructure::container::tests::test_mock_load_account_port stdout ----
[INFO] [stdout] thread 'infrastructure::container::tests::test_mock_load_account_port' panicked at 'failed to start container', /opt/rustwide/cargo-home/registry/src/github.com-1ecc6299db9ec823/testcontainers-0.12.0/src/clients/cli.rs:145:9
[INFO] [stdout] stack backtrace:
[INFO] [stdout]    0:     0x562ca1b602ba - std::backtrace_rs::backtrace::libunwind::trace::ha9053a9a07ca49cb
[INFO] [stdout]                                at /rustc/84c898d65adf2f39a5a98507f1fe0ce10a2b8dbc/library/std/src/../../backtrace/src/backtrace/libunwind.rs:93:5
[INFO] [stdout]    1:     0x562ca1b602ba - std::backtrace_rs::backtrace::trace_unsynchronized::h9c2852a457ad564e
[INFO] [stdout]                                at /rustc/84c898d65adf2f39a5a98507f1fe0ce10a2b8dbc/library/std/src/../../backtrace/src/backtrace/mod.rs:66:5
[INFO] [stdout]    2:     0x562ca1b602ba - std::sys_common::backtrace::_print_fmt::h457936fbfaa0070f
[INFO] [stdout]                                at /rustc/84c898d65adf2f39a5a98507f1fe0ce10a2b8dbc/library/std/src/sys_common/backtrace.rs:65:5
[INFO] [stdout]    3:     0x562ca1b602ba - <std::sys_common::backtrace::_print::DisplayBacktrace as core::fmt::Display>::fmt::h5779d7bf7f70cb0c
[INFO] [stdout]                                at /rustc/84c898d65adf2f39a5a98507f1fe0ce10a2b8dbc/library/std/src/sys_common/backtrace.rs:44:22
[INFO] [stdout]    4:     0x562ca1b8740e - core::fmt::write::h5a4baaff1bcd3eb5
[INFO] [stdout]                                at /rustc/84c898d65adf2f39a5a98507f1fe0ce10a2b8dbc/library/core/src/fmt/mod.rs:1232:17
[INFO] [stdout]    5:     0x562ca1b5cb25 - std::io::Write::write_fmt::h478f79c628ef31d1
[INFO] [stdout]                                at /rustc/84c898d65adf2f39a5a98507f1fe0ce10a2b8dbc/library/std/src/io/mod.rs:1684:15
[INFO] [stdout]    6:     0x562ca1b60085 - std::sys_common::backtrace::_print::h5fcdc36060f177e8
[INFO] [stdout]                                at /rustc/84c898d65adf2f39a5a98507f1fe0ce10a2b8dbc/library/std/src/sys_common/backtrace.rs:47:5
[INFO] [stdout]    7:     0x562ca1b60085 - std::sys_common::backtrace::print::h54ca9458b876c8bf
[INFO] [stdout]                                at /rustc/84c898d65adf2f39a5a98507f1fe0ce10a2b8dbc/library/std/src/sys_common/backtrace.rs:34:9
[INFO] [stdout]    8:     0x562ca1b61ecf - std::panicking::default_hook::{{closure}}::hbe471161c7664ed6
[INFO] [stdout]                                at /rustc/84c898d65adf2f39a5a98507f1fe0ce10a2b8dbc/library/std/src/panicking.rs:271:22
[INFO] [stdout]    9:     0x562ca1b61b8f - std::panicking::default_hook::ha3500da57aa4ac4f
[INFO] [stdout]                                at /rustc/84c898d65adf2f39a5a98507f1fe0ce10a2b8dbc/library/std/src/panicking.rs:287:9
[INFO] [stdout]   10:     0x562ca14d8127 - <alloc::boxed::Box<F,A> as core::ops::function::Fn<Args>>::call::hdf1b89dd137ece34
[INFO] [stdout]                                at /rustc/84c898d65adf2f39a5a98507f1fe0ce10a2b8dbc/library/alloc/src/boxed.rs:2001:9
[INFO] [stdout]   11:     0x562ca14d8127 - test::test_main::{{closure}}::h9081a79f20e75698
[INFO] [stdout]                                at /rustc/84c898d65adf2f39a5a98507f1fe0ce10a2b8dbc/library/test/src/lib.rs:135:21
[INFO] [stdout]   12:     0x562ca1b625fd - <alloc::boxed::Box<F,A> as core::ops::function::Fn<Args>>::call::h6507bddc3eebb4a5
[INFO] [stdout]                                at /rustc/84c898d65adf2f39a5a98507f1fe0ce10a2b8dbc/library/alloc/src/boxed.rs:2001:9
[INFO] [stdout]   13:     0x562ca1b625fd - std::panicking::rust_panic_with_hook::h50c09d000dc561d2
[INFO] [stdout]                                at /rustc/84c898d65adf2f39a5a98507f1fe0ce10a2b8dbc/library/std/src/panicking.rs:696:13
[INFO] [stdout]   14:     0x562ca1a3c12a - std::panicking::begin_panic::{{closure}}::hc6108300c203a421
[INFO] [stdout]                                at /rustc/84c898d65adf2f39a5a98507f1fe0ce10a2b8dbc/library/std/src/panicking.rs:612:9
[INFO] [stdout]   15:     0x562ca1a3cd1a - std::sys_common::backtrace::__rust_end_short_backtrace::h32ed8841b3799a5f
[INFO] [stdout]                                at /rustc/84c898d65adf2f39a5a98507f1fe0ce10a2b8dbc/library/std/src/sys_common/backtrace.rs:150:18
[INFO] [stdout]   16:     0x562ca1a3c070 - std::panicking::begin_panic::hbc3b78510869e27d
[INFO] [stdout]                                at /rustc/84c898d65adf2f39a5a98507f1fe0ce10a2b8dbc/library/std/src/panicking.rs:611:12
[INFO] [stdout]   17:     0x562ca147a826 - <testcontainers::clients::cli::Cli as testcontainers::core::docker::Docker>::run_with_args::hf0a896f9f8c6256d
[INFO] [stdout]                                at /opt/rustwide/cargo-home/registry/src/github.com-1ecc6299db9ec823/testcontainers-0.12.0/src/clients/cli.rs:145:9
[INFO] [stdout]   18:     0x562ca147abae - <testcontainers::clients::cli::Cli as testcontainers::core::docker::Docker>::run::h5b5be281bbc08df4
[INFO] [stdout]                                at /opt/rustwide/cargo-home/registry/src/github.com-1ecc6299db9ec823/testcontainers-0.12.0/src/clients/cli.rs:122:9
[INFO] [stdout]   19:     0x562ca1459b03 - rocket_hexagonal::infrastructure::tests::PgContainer::new::h5f5c366e5053266d
[INFO] [stdout]                                at /opt/rustwide/workdir/src/infrastructure/tests.rs:80:25
[INFO] [stdout]   20:     0x562ca145c667 - rocket_hexagonal::infrastructure::tests::PG_CONTAINER::__init::hfdda36c26d4f24a3
[INFO] [stdout]                                at /opt/rustwide/workdir/src/infrastructure/tests.rs:26:49
[INFO] [stdout]   21:     0x562ca145c71d - rocket_hexagonal::infrastructure::tests::PG_CONTAINER::__getit::{{closure}}::hcaf0cdd8cbb2e85e
[INFO] [stdout]                                at /rustc/84c898d65adf2f39a5a98507f1fe0ce10a2b8dbc/library/std/src/thread/local.rs:354:25
[INFO] [stdout]   22:     0x562ca14775ca - std::thread::local::lazy::LazyKeyInner<T>::initialize::h3d5cd92ceea4763b
[INFO] [stdout]                                at /rustc/84c898d65adf2f39a5a98507f1fe0ce10a2b8dbc/library/std/src/thread/local.rs:810:25
[INFO] [stdout]   23:     0x562ca1453426 - std::thread::local::fast::Key<T>::try_initialize::ha5f04abed092eb94
[INFO] [stdout]                                at /rustc/84c898d65adf2f39a5a98507f1fe0ce10a2b8dbc/library/std/src/thread/local.rs:987:31
[INFO] [stdout]   24:     0x562ca14537ce - std::thread::local::fast::Key<T>::get::h938ebbb4a7e89cef
[INFO] [stdout]                                at /rustc/84c898d65adf2f39a5a98507f1fe0ce10a2b8dbc/library/std/src/thread/local.rs:970:29
[INFO] [stdout]   25:     0x562ca145c6a8 - rocket_hexagonal::infrastructure::tests::PG_CONTAINER::__getit::h896fee0a8123d5f6
[INFO] [stdout]                                at /rustc/84c898d65adf2f39a5a98507f1fe0ce10a2b8dbc/library/std/src/thread/local.rs:346:21
[INFO] [stdout]   26:     0x562ca144788d - std::thread::local::LocalKey<T>::try_with::h543fb0924aac71b5
[INFO] [stdout]                                at /rustc/84c898d65adf2f39a5a98507f1fe0ce10a2b8dbc/library/std/src/thread/local.rs:445:32
[INFO] [stdout]   27:     0x562ca14471ac - std::thread::local::LocalKey<T>::with::h2d76381ee381ffce
[INFO] [stdout]                                at /rustc/84c898d65adf2f39a5a98507f1fe0ce10a2b8dbc/library/std/src/thread/local.rs:422:9
[INFO] [stdout]   28:     0x562ca1458eaf - rocket_hexagonal::infrastructure::tests::testing_module::{{closure}}::hbfdf77ee78d471bd
[INFO] [stdout]                                at /opt/rustwide/workdir/src/infrastructure/tests.rs:47:15
[INFO] [stdout]   29:     0x562ca1474be6 - rocket_hexagonal::infrastructure::container::tests::test_mock_load_account_port::{{closure}}::h5d4c6c60cdc8ff02
[INFO] [stdout]                                at /opt/rustwide/workdir/src/infrastructure/container.rs:72:13
[INFO] [stdout]   30:     0x562ca145ffbb - <core::pin::Pin<P> as core::future::future::Future>::poll::h2eb071e19c70eb04
[INFO] [stdout]                                at /rustc/84c898d65adf2f39a5a98507f1fe0ce10a2b8dbc/library/core/src/future/future.rs:125:9
[INFO] [stdout]   31:     0x562ca1434504 - tokio::runtime::basic_scheduler::Inner<P>::block_on::{{closure}}::{{closure}}::h14718b6aeabbcadc
[INFO] [stdout]                                at /opt/rustwide/cargo-home/registry/src/github.com-1ecc6299db9ec823/tokio-1.8.1/src/runtime/basic_scheduler.rs:213:62
[INFO] [stdout]   32:     0x562ca143f759 - tokio::coop::with_budget::{{closure}}::h05299fefba29ba95
[INFO] [stdout]                                at /opt/rustwide/cargo-home/registry/src/github.com-1ecc6299db9ec823/tokio-1.8.1/src/coop.rs:106:9
[INFO] [stdout]   33:     0x562ca1447544 - std::thread::local::LocalKey<T>::try_with::h0383d90b05706df4
[INFO] [stdout]                                at /rustc/84c898d65adf2f39a5a98507f1fe0ce10a2b8dbc/library/std/src/thread/local.rs:446:16
[INFO] [stdout]   34:     0x562ca14471ea - std::thread::local::LocalKey<T>::with::h3a446246f14ba6a6
[INFO] [stdout]                                at /rustc/84c898d65adf2f39a5a98507f1fe0ce10a2b8dbc/library/std/src/thread/local.rs:422:9
[INFO] [stdout]   35:     0x562ca1433dd0 - tokio::coop::with_budget::hc52cea23f3981bcd
[INFO] [stdout]                                at /opt/rustwide/cargo-home/registry/src/github.com-1ecc6299db9ec823/tokio-1.8.1/src/coop.rs:99:5
[INFO] [stdout]   36:     0x562ca1433dd0 - tokio::coop::budget::hc845c63cd514d1bb
[INFO] [stdout]                                at /opt/rustwide/cargo-home/registry/src/github.com-1ecc6299db9ec823/tokio-1.8.1/src/coop.rs:76:5
[INFO] [stdout]   37:     0x562ca1433dd0 - tokio::runtime::basic_scheduler::Inner<P>::block_on::{{closure}}::h5d24615813d15665
[INFO] [stdout]                                at /opt/rustwide/cargo-home/registry/src/github.com-1ecc6299db9ec823/tokio-1.8.1/src/runtime/basic_scheduler.rs:213:39
[INFO] [stdout]   38:     0x562ca1435a91 - tokio::runtime::basic_scheduler::enter::{{closure}}::hf817057bad2c4259
[INFO] [stdout]                                at /opt/rustwide/cargo-home/registry/src/github.com-1ecc6299db9ec823/tokio-1.8.1/src/runtime/basic_scheduler.rs:323:29
[INFO] [stdout]   39:     0x562ca146e7d7 - tokio::macros::scoped_tls::ScopedKey<T>::set::hc03e960945716b9c
[INFO] [stdout]                                at /opt/rustwide/cargo-home/registry/src/github.com-1ecc6299db9ec823/tokio-1.8.1/src/macros/scoped_tls.rs:61:9
[INFO] [stdout]   40:     0x562ca14359c3 - tokio::runtime::basic_scheduler::enter::hf7548ada9abb2f23
[INFO] [stdout]                                at /opt/rustwide/cargo-home/registry/src/github.com-1ecc6299db9ec823/tokio-1.8.1/src/runtime/basic_scheduler.rs:323:5
[INFO] [stdout]   41:     0x562ca1432fbb - tokio::runtime::basic_scheduler::Inner<P>::block_on::hd8c42908b679988f
[INFO] [stdout]                                at /opt/rustwide/cargo-home/registry/src/github.com-1ecc6299db9ec823/tokio-1.8.1/src/runtime/basic_scheduler.rs:202:9
[INFO] [stdout]   42:     0x562ca14347ba - tokio::runtime::basic_scheduler::InnerGuard<P>::block_on::h74af109697e532a9
[INFO] [stdout]                                at /opt/rustwide/cargo-home/registry/src/github.com-1ecc6299db9ec823/tokio-1.8.1/src/runtime/basic_scheduler.rs:516:9
[INFO] [stdout]   43:     0x562ca1434971 - tokio::runtime::basic_scheduler::BasicScheduler<P>::block_on::h50872600d6e36bcf
[INFO] [stdout]                                at /opt/rustwide/cargo-home/registry/src/github.com-1ecc6299db9ec823/tokio-1.8.1/src/runtime/basic_scheduler.rs:162:24
[INFO] [stdout]   44:     0x562ca146fbc5 - tokio::runtime::Runtime::block_on::hf9a4886300f1d21c
[INFO] [stdout]                                at /opt/rustwide/cargo-home/registry/src/github.com-1ecc6299db9ec823/tokio-1.8.1/src/runtime/mod.rs:450:46
[INFO] [stdout]   45:     0x562ca1474959 - rocket_hexagonal::infrastructure::container::tests::test_mock_load_account_port::he3bacafbcda0bd5b
[INFO] [stdout]                                at /opt/rustwide/workdir/src/infrastructure/container.rs:80:9
[INFO] [stdout]   46:     0x562ca1474837 - rocket_hexagonal::infrastructure::container::tests::test_mock_load_account_port::{{closure}}::h8842a5e59e7c6b35
[INFO] [stdout]                                at /opt/rustwide/workdir/src/infrastructure/container.rs:69:47
[INFO] [stdout]   47:     0x562ca1465635 - core::ops::function::FnOnce::call_once::he1fa1a35a67a5ba4
[INFO] [stdout]                                at /rustc/84c898d65adf2f39a5a98507f1fe0ce10a2b8dbc/library/core/src/ops/function.rs:250:5
[INFO] [stdout]   48:     0x562ca14dd50f - core::ops::function::FnOnce::call_once::h7d969581be7d0075
[INFO] [stdout]                                at /rustc/84c898d65adf2f39a5a98507f1fe0ce10a2b8dbc/library/core/src/ops/function.rs:250:5
[INFO] [stdout]   49:     0x562ca14dd50f - test::__rust_begin_short_backtrace::hca25a52684e56655
[INFO] [stdout]                                at /rustc/84c898d65adf2f39a5a98507f1fe0ce10a2b8dbc/library/test/src/lib.rs:656:18
[INFO] [stdout]   50:     0x562ca14aeb2c - test::run_test::{{closure}}::ha8ac744c4af1a4bb
[INFO] [stdout]                                at /rustc/84c898d65adf2f39a5a98507f1fe0ce10a2b8dbc/library/test/src/lib.rs:647:30
[INFO] [stdout]   51:     0x562ca14aeb2c - core::ops::function::FnOnce::call_once{{vtable.shim}}::h7b411a9ed45bdecf
[INFO] [stdout]                                at /rustc/84c898d65adf2f39a5a98507f1fe0ce10a2b8dbc/library/core/src/ops/function.rs:250:5
[INFO] [stdout]   52:     0x562ca14dc4d6 - <alloc::boxed::Box<F,A> as core::ops::function::FnOnce<Args>>::call_once::hd05328869a8ed200
[INFO] [stdout]                                at /rustc/84c898d65adf2f39a5a98507f1fe0ce10a2b8dbc/library/alloc/src/boxed.rs:1987:9
[INFO] [stdout]   53:     0x562ca14dc4d6 - <core::panic::unwind_safe::AssertUnwindSafe<F> as core::ops::function::FnOnce<()>>::call_once::h0c601ce20bd5b2be
[INFO] [stdout]                                at /rustc/84c898d65adf2f39a5a98507f1fe0ce10a2b8dbc/library/core/src/panic/unwind_safe.rs:271:9
[INFO] [stdout]   54:     0x562ca14dc4d6 - std::panicking::try::do_call::ha4be5c164fe30854
[INFO] [stdout]                                at /rustc/84c898d65adf2f39a5a98507f1fe0ce10a2b8dbc/library/std/src/panicking.rs:487:40
[INFO] [stdout]   55:     0x562ca14dc4d6 - std::panicking::try::h604546f3609af05f
[INFO] [stdout]                                at /rustc/84c898d65adf2f39a5a98507f1fe0ce10a2b8dbc/library/std/src/panicking.rs:451:19
[INFO] [stdout]   56:     0x562ca14dc4d6 - std::panic::catch_unwind::h5bfa8afe44c9c2f9
[INFO] [stdout]                                at /rustc/84c898d65adf2f39a5a98507f1fe0ce10a2b8dbc/library/std/src/panic.rs:140:14
[INFO] [stdout]   57:     0x562ca14dc4d6 - test::run_test_in_process::hd50dee55dd63e6aa
[INFO] [stdout]                                at /rustc/84c898d65adf2f39a5a98507f1fe0ce10a2b8dbc/library/test/src/lib.rs:679:27
[INFO] [stdout]   58:     0x562ca14dc4d6 - test::run_test::run_test_inner::{{closure}}::h4aa0f433aa85cea8
[INFO] [stdout]                                at /rustc/84c898d65adf2f39a5a98507f1fe0ce10a2b8dbc/library/test/src/lib.rs:573:39
[INFO] [stdout]   59:     0x562ca14a91a1 - test::run_test::run_test_inner::{{closure}}::had56431adf24b4d6
[INFO] [stdout]                                at /rustc/84c898d65adf2f39a5a98507f1fe0ce10a2b8dbc/library/test/src/lib.rs:600:37
[INFO] [stdout]   60:     0x562ca14a91a1 - std::sys_common::backtrace::__rust_begin_short_backtrace::ha8d9890e0c73bf13
[INFO] [stdout]                                at /rustc/84c898d65adf2f39a5a98507f1fe0ce10a2b8dbc/library/std/src/sys_common/backtrace.rs:134:18
[INFO] [stdout]   61:     0x562ca14aebbb - std::thread::Builder::spawn_unchecked_::{{closure}}::{{closure}}::h251832bcb4a95327
[INFO] [stdout]                                at /rustc/84c898d65adf2f39a5a98507f1fe0ce10a2b8dbc/library/std/src/thread/mod.rs:560:17
[INFO] [stdout]   62:     0x562ca14aebbb - <core::panic::unwind_safe::AssertUnwindSafe<F> as core::ops::function::FnOnce<()>>::call_once::h8fdff598fa414831
[INFO] [stdout]                                at /rustc/84c898d65adf2f39a5a98507f1fe0ce10a2b8dbc/library/core/src/panic/unwind_safe.rs:271:9
[INFO] [stdout]   63:     0x562ca14aebbb - std::panicking::try::do_call::h455dd2f7764a950f
[INFO] [stdout]                                at /rustc/84c898d65adf2f39a5a98507f1fe0ce10a2b8dbc/library/std/src/panicking.rs:487:40
[INFO] [stdout]   64:     0x562ca14aebbb - std::panicking::try::had6f23b7b73ae72a
[INFO] [stdout]                                at /rustc/84c898d65adf2f39a5a98507f1fe0ce10a2b8dbc/library/std/src/panicking.rs:451:19
[INFO] [stdout]   65:     0x562ca14aebbb - std::panic::catch_unwind::ha6a5ca3915b4dad0
[INFO] [stdout]                                at /rustc/84c898d65adf2f39a5a98507f1fe0ce10a2b8dbc/library/std/src/panic.rs:140:14
[INFO] [stdout]   66:     0x562ca14aebbb - std::thread::Builder::spawn_unchecked_::{{closure}}::h883b72ef75da6231
[INFO] [stdout]                                at /rustc/84c898d65adf2f39a5a98507f1fe0ce10a2b8dbc/library/std/src/thread/mod.rs:559:30
[INFO] [stdout]   67:     0x562ca14aebbb - core::ops::function::FnOnce::call_once{{vtable.shim}}::hb7dff73dc8bd2ccb
[INFO] [stdout]                                at /rustc/84c898d65adf2f39a5a98507f1fe0ce10a2b8dbc/library/core/src/ops/function.rs:250:5
[INFO] [stdout]   68:     0x562ca1b677a3 - <alloc::boxed::Box<F,A> as core::ops::function::FnOnce<Args>>::call_once::h39990b24eedef2ab
[INFO] [stdout]                                at /rustc/84c898d65adf2f39a5a98507f1fe0ce10a2b8dbc/library/alloc/src/boxed.rs:1987:9
[INFO] [stdout]   69:     0x562ca1b677a3 - <alloc::boxed::Box<F,A> as core::ops::function::FnOnce<Args>>::call_once::h01a027258444143b
[INFO] [stdout]                                at /rustc/84c898d65adf2f39a5a98507f1fe0ce10a2b8dbc/library/alloc/src/boxed.rs:1987:9
[INFO] [stdout]   70:     0x562ca1b677a3 - std::sys::unix::thread::Thread::new::thread_start::ha4f1cdd9c25884ba
[INFO] [stdout]                                at /rustc/84c898d65adf2f39a5a98507f1fe0ce10a2b8dbc/library/std/src/sys/unix/thread.rs:108:17
[INFO] [stdout]   71:     0x7f52302cab43 - <unknown>
[INFO] [stdout]   72:     0x7f523035bbb4 - __clone
[INFO] [stdout]   73:                0x0 - <unknown>
[INFO] [stdout] 
[INFO] [stdout] 
[INFO] [stdout] failures:
[INFO] [stdout]     adapter::output::account_repository::tests::it_loads_account
[INFO] [stdout]     infrastructure::container::tests::test_mock_load_account_port
[INFO] [stdout] 
[INFO] [stdout] test result: FAILED. 10 passed; 2 failed; 0 ignored; 0 measured; 0 filtered out; finished in 0.39s
[INFO] [stdout] 
[INFO] [stderr] error: test failed, to rerun pass `--lib`
[INFO] running `Command { std: "docker" "inspect" "a800730574d6ab5e73d589be719fe7da537804778edcd8b9e24136b057d1a449", kill_on_drop: false }`
[INFO] running `Command { std: "docker" "rm" "-f" "a800730574d6ab5e73d589be719fe7da537804778edcd8b9e24136b057d1a449", kill_on_drop: false }`
[INFO] [stdout] a800730574d6ab5e73d589be719fe7da537804778edcd8b9e24136b057d1a449
