[INFO] cloning repository https://github.com/leo60228/rust-saber
[INFO] running `Command { std: "git" "-c" "credential.helper=" "-c" "credential.helper=/workspace/cargo-home/bin/git-credential-null" "clone" "--bare" "https://github.com/leo60228/rust-saber" "/workspace/cache/git-repos/https%3A%2F%2Fgithub.com%2Fleo60228%2Frust-saber", kill_on_drop: false }`
[INFO] [stderr] Cloning into bare repository '/workspace/cache/git-repos/https%3A%2F%2Fgithub.com%2Fleo60228%2Frust-saber'...
[INFO] running `Command { std: "git" "rev-parse" "HEAD", kill_on_drop: false }`
[INFO] [stdout] 25027fc20b1589fa5f69e16205e3f45c0a55a96d
[INFO] testing leo60228/rust-saber against beta-2023-04-20 for beta-1.70-1
[INFO] running `Command { std: "git" "clone" "/workspace/cache/git-repos/https%3A%2F%2Fgithub.com%2Fleo60228%2Frust-saber" "/workspace/builds/worker-3-tc2/source", kill_on_drop: false }`
[INFO] [stderr] Cloning into '/workspace/builds/worker-3-tc2/source'...
[INFO] [stderr] done.
[INFO] validating manifest of git repo https://github.com/leo60228/rust-saber on toolchain beta-2023-04-20
[INFO] running `Command { std: CARGO_HOME="/workspace/cargo-home" RUSTUP_HOME="/workspace/rustup-home" "/workspace/cargo-home/bin/cargo" "+beta-2023-04-20" "metadata" "--manifest-path" "Cargo.toml" "--no-deps", kill_on_drop: false }`
[INFO] removed /workspace/builds/worker-3-tc2/source/.cargo/config
[INFO] started tweaking git repo https://github.com/leo60228/rust-saber
[INFO] finished tweaking git repo https://github.com/leo60228/rust-saber
[INFO] tweaked toml for git repo https://github.com/leo60228/rust-saber written to /workspace/builds/worker-3-tc2/source/Cargo.toml
[INFO] crate git repo https://github.com/leo60228/rust-saber already has a lockfile, it will not be regenerated
[INFO] running `Command { std: CARGO_HOME="/workspace/cargo-home" RUSTUP_HOME="/workspace/rustup-home" "/workspace/cargo-home/bin/cargo" "+beta-2023-04-20" "fetch" "--manifest-path" "Cargo.toml", kill_on_drop: false }`
[INFO] [stderr]     Updating crates.io index
[INFO] [stderr]  Downloading crates ...
[INFO] [stderr]   Downloaded errno v0.1.8
[INFO] [stderr]   Downloaded android_logger v0.8.3
[INFO] [stderr]   Downloaded libproc v0.3.2
[INFO] running `Command { std: "docker" "create" "-v" "/var/lib/crater-agent-workspace/builds/worker-3-tc2/target:/opt/rustwide/target:rw,Z" "-v" "/var/lib/crater-agent-workspace/builds/worker-3-tc2/source:/opt/rustwide/workdir:ro,Z" "-v" "/var/lib/crater-agent-workspace/cargo-home:/opt/rustwide/cargo-home:ro,Z" "-v" "/var/lib/crater-agent-workspace/rustup-home:/opt/rustwide/rustup-home:ro,Z" "-e" "SOURCE_DIR=/opt/rustwide/workdir" "-e" "CARGO_TARGET_DIR=/opt/rustwide/target" "-e" "CARGO_HOME=/opt/rustwide/cargo-home" "-e" "RUSTUP_HOME=/opt/rustwide/rustup-home" "-w" "/opt/rustwide/workdir" "-m" "1610612736" "--user" "0:0" "--network" "none" "ghcr.io/rust-lang/crates-build-env/linux@sha256:5ff2268d62e97bff2cde7d5815dd6ed5b47097566f13b8d0ca110b04b60e07ed" "/opt/rustwide/cargo-home/bin/cargo" "+beta-2023-04-20" "metadata" "--no-deps" "--format-version=1", kill_on_drop: false }`
[INFO] [stdout] dd45b0411e99f292c9bc23254180e3f4b89dc669e6c7c882dbccbea6f9b3a5cf
[INFO] running `Command { std: "docker" "start" "-a" "dd45b0411e99f292c9bc23254180e3f4b89dc669e6c7c882dbccbea6f9b3a5cf", kill_on_drop: false }`
[INFO] running `Command { std: "docker" "inspect" "dd45b0411e99f292c9bc23254180e3f4b89dc669e6c7c882dbccbea6f9b3a5cf", kill_on_drop: false }`
[INFO] running `Command { std: "docker" "rm" "-f" "dd45b0411e99f292c9bc23254180e3f4b89dc669e6c7c882dbccbea6f9b3a5cf", kill_on_drop: false }`
[INFO] [stdout] dd45b0411e99f292c9bc23254180e3f4b89dc669e6c7c882dbccbea6f9b3a5cf
[INFO] running `Command { std: "docker" "create" "-v" "/var/lib/crater-agent-workspace/builds/worker-3-tc2/target:/opt/rustwide/target:rw,Z" "-v" "/var/lib/crater-agent-workspace/builds/worker-3-tc2/source:/opt/rustwide/workdir:ro,Z" "-v" "/var/lib/crater-agent-workspace/cargo-home:/opt/rustwide/cargo-home:ro,Z" "-v" "/var/lib/crater-agent-workspace/rustup-home:/opt/rustwide/rustup-home:ro,Z" "-e" "SOURCE_DIR=/opt/rustwide/workdir" "-e" "CARGO_TARGET_DIR=/opt/rustwide/target" "-e" "CARGO_INCREMENTAL=0" "-e" "RUST_BACKTRACE=full" "-e" "RUSTFLAGS=--cap-lints=warn" "-e" "RUSTDOCFLAGS=--cap-lints=warn" "-e" "CARGO_HOME=/opt/rustwide/cargo-home" "-e" "RUSTUP_HOME=/opt/rustwide/rustup-home" "-w" "/opt/rustwide/workdir" "-m" "1610612736" "--user" "0:0" "--network" "none" "ghcr.io/rust-lang/crates-build-env/linux@sha256:5ff2268d62e97bff2cde7d5815dd6ed5b47097566f13b8d0ca110b04b60e07ed" "/opt/rustwide/cargo-home/bin/cargo" "+beta-2023-04-20" "build" "--frozen" "--message-format=json", kill_on_drop: false }`
[INFO] [stdout] 7082d6f03a12a0e553f5f0e43882462d639763bf00ec38a18c5d6f5750fe6824
[INFO] running `Command { std: "docker" "start" "-a" "7082d6f03a12a0e553f5f0e43882462d639763bf00ec38a18c5d6f5750fe6824", kill_on_drop: false }`
[INFO] [stderr]    Compiling proc-macro2 v0.4.30
[INFO] [stderr]    Compiling cc v1.0.37
[INFO] [stderr]    Compiling unicode-xid v0.1.0
[INFO] [stderr]    Compiling syn v0.15.40
[INFO] [stderr]    Compiling libc v0.2.60
[INFO] [stderr]    Compiling cfg-if v0.1.9
[INFO] [stderr]    Compiling rustc-demangle v0.1.15
[INFO] [stderr]    Compiling failure_derive v0.1.5
[INFO] [stderr]    Compiling log v0.4.7
[INFO] [stderr]    Compiling lazy_static v1.3.0
[INFO] [stderr]    Compiling backtrace-sys v0.1.31
[INFO] [stderr]    Compiling rust_saber v0.1.0 (/opt/rustwide/workdir/rust_saber)
[INFO] [stderr]    Compiling quote v0.6.13
[INFO] [stderr]    Compiling backtrace v0.3.33
[INFO] [stderr]    Compiling log-panics v2.0.0
[INFO] [stderr]    Compiling synstructure v0.10.2
[INFO] [stderr]    Compiling rust_saber_macros v0.1.0 (/opt/rustwide/workdir/rust_saber_macros)
[INFO] [stderr]    Compiling failure v0.1.5
[INFO] [stderr]    Compiling proc-maps v0.1.6 (https://github.com/leo60228/proc-maps.git?branch=android#f9f9e8d6)
[INFO] [stdout] warning: unused variable: `offset`
[INFO] [stdout]    --> rust_saber/src/lib.rs:133:9
[INFO] [stdout]     |
[INFO] [stdout] 133 |     let offset = bs_offset(addr) as u32;
[INFO] [stdout]     |         ^^^^^^ help: if this is intentional, prefix it with an underscore: `_offset`
[INFO] [stdout]     |
[INFO] [stdout]     = note: `#[warn(unused_variables)]` on by default
[INFO] [stdout] 
[INFO] [stdout] 
[INFO] [stdout] warning: variable does not need to be mutable
[INFO] [stdout]    --> rust_saber/src/lib.rs:132:9
[INFO] [stdout]     |
[INFO] [stdout] 132 |     let mut ptr: *mut u32 = std::ptr::null_mut();
[INFO] [stdout]     |         ----^^^
[INFO] [stdout]     |         |
[INFO] [stdout]     |         help: remove this `mut`
[INFO] [stdout]     |
[INFO] [stdout]     = note: `#[warn(unused_mut)]` on by default
[INFO] [stdout] 
[INFO] [stdout] 
[INFO] [stdout] warning: 2 warnings emitted
[INFO] [stdout] 
[INFO] [stdout] 
[INFO] [stderr]    Compiling sample_mod v0.1.0 (/opt/rustwide/workdir/sample_mod)
[INFO] [stderr]     Finished dev [unoptimized + debuginfo] target(s) in 5.05s
[INFO] running `Command { std: "docker" "inspect" "7082d6f03a12a0e553f5f0e43882462d639763bf00ec38a18c5d6f5750fe6824", kill_on_drop: false }`
[INFO] running `Command { std: "docker" "rm" "-f" "7082d6f03a12a0e553f5f0e43882462d639763bf00ec38a18c5d6f5750fe6824", kill_on_drop: false }`
[INFO] [stdout] 7082d6f03a12a0e553f5f0e43882462d639763bf00ec38a18c5d6f5750fe6824
[INFO] running `Command { std: "docker" "create" "-v" "/var/lib/crater-agent-workspace/builds/worker-3-tc2/target:/opt/rustwide/target:rw,Z" "-v" "/var/lib/crater-agent-workspace/builds/worker-3-tc2/source:/opt/rustwide/workdir:ro,Z" "-v" "/var/lib/crater-agent-workspace/cargo-home:/opt/rustwide/cargo-home:ro,Z" "-v" "/var/lib/crater-agent-workspace/rustup-home:/opt/rustwide/rustup-home:ro,Z" "-e" "SOURCE_DIR=/opt/rustwide/workdir" "-e" "CARGO_TARGET_DIR=/opt/rustwide/target" "-e" "CARGO_INCREMENTAL=0" "-e" "RUST_BACKTRACE=full" "-e" "RUSTFLAGS=--cap-lints=warn" "-e" "RUSTDOCFLAGS=--cap-lints=warn" "-e" "CARGO_HOME=/opt/rustwide/cargo-home" "-e" "RUSTUP_HOME=/opt/rustwide/rustup-home" "-w" "/opt/rustwide/workdir" "-m" "1610612736" "--user" "0:0" "--network" "none" "ghcr.io/rust-lang/crates-build-env/linux@sha256:5ff2268d62e97bff2cde7d5815dd6ed5b47097566f13b8d0ca110b04b60e07ed" "/opt/rustwide/cargo-home/bin/cargo" "+beta-2023-04-20" "test" "--frozen" "--no-run" "--message-format=json", kill_on_drop: false }`
[INFO] [stdout] f15c47086827adeedd49d483609cf298f92043470d1107da8a137f68feec969e
[INFO] running `Command { std: "docker" "start" "-a" "f15c47086827adeedd49d483609cf298f92043470d1107da8a137f68feec969e", kill_on_drop: false }`
[INFO] [stderr]    Compiling rust_saber_macros v0.1.0 (/opt/rustwide/workdir/rust_saber_macros)
[INFO] [stderr]    Compiling rust_saber v0.1.0 (/opt/rustwide/workdir/rust_saber)
[INFO] [stdout] warning: unused variable: `offset`
[INFO] [stdout]    --> rust_saber/src/lib.rs:133:9
[INFO] [stdout]     |
[INFO] [stdout] 133 |     let offset = bs_offset(addr) as u32;
[INFO] [stdout]     |         ^^^^^^ help: if this is intentional, prefix it with an underscore: `_offset`
[INFO] [stdout]     |
[INFO] [stdout]     = note: `#[warn(unused_variables)]` on by default
[INFO] [stdout] 
[INFO] [stdout] 
[INFO] [stdout] warning: unused variable: `offset`
[INFO] [stdout]    --> rust_saber/src/lib.rs:133:9
[INFO] [stdout]     |
[INFO] [stdout] 133 |     let offset = bs_offset(addr) as u32;
[INFO] [stdout]     |         ^^^^^^ help: if this is intentional, prefix it with an underscore: `_offset`
[INFO] [stdout]     |
[INFO] [stdout]     = note: `#[warn(unused_variables)]` on by default
[INFO] [stdout] 
[INFO] [stdout] 
[INFO] [stdout] warning: variable does not need to be mutable
[INFO] [stdout]    --> rust_saber/src/lib.rs:132:9
[INFO] [stdout]     |
[INFO] [stdout] 132 |     let mut ptr: *mut u32 = std::ptr::null_mut();
[INFO] [stdout]     |         ----^^^
[INFO] [stdout]     |         |
[INFO] [stdout]     |         help: remove this `mut`
[INFO] [stdout]     |
[INFO] [stdout]     = note: `#[warn(unused_mut)]` on by default
[INFO] [stdout] 
[INFO] [stdout] 
[INFO] [stdout] warning: variable does not need to be mutable
[INFO] [stdout]    --> rust_saber/src/lib.rs:132:9
[INFO] [stdout]     |
[INFO] [stdout] 132 |     let mut ptr: *mut u32 = std::ptr::null_mut();
[INFO] [stdout]     |         ----^^^
[INFO] [stdout]     |         |
[INFO] [stdout]     |         help: remove this `mut`
[INFO] [stdout]     |
[INFO] [stdout]     = note: `#[warn(unused_mut)]` on by default
[INFO] [stdout] 
[INFO] [stdout] 
[INFO] [stdout] warning: 2 warnings emitted
[INFO] [stdout] 
[INFO] [stdout] 
[INFO] [stderr]    Compiling sample_mod v0.1.0 (/opt/rustwide/workdir/sample_mod)
[INFO] [stdout] warning: 2 warnings emitted
[INFO] [stdout] 
[INFO] [stdout] 
[INFO] [stderr]     Finished test [unoptimized + debuginfo] target(s) in 0.92s
[INFO] running `Command { std: "docker" "inspect" "f15c47086827adeedd49d483609cf298f92043470d1107da8a137f68feec969e", kill_on_drop: false }`
[INFO] running `Command { std: "docker" "rm" "-f" "f15c47086827adeedd49d483609cf298f92043470d1107da8a137f68feec969e", kill_on_drop: false }`
[INFO] [stdout] f15c47086827adeedd49d483609cf298f92043470d1107da8a137f68feec969e
[INFO] running `Command { std: "docker" "create" "-v" "/var/lib/crater-agent-workspace/builds/worker-3-tc2/target:/opt/rustwide/target:rw,Z" "-v" "/var/lib/crater-agent-workspace/builds/worker-3-tc2/source:/opt/rustwide/workdir:ro,Z" "-v" "/var/lib/crater-agent-workspace/cargo-home:/opt/rustwide/cargo-home:ro,Z" "-v" "/var/lib/crater-agent-workspace/rustup-home:/opt/rustwide/rustup-home:ro,Z" "-e" "SOURCE_DIR=/opt/rustwide/workdir" "-e" "CARGO_TARGET_DIR=/opt/rustwide/target" "-e" "CARGO_INCREMENTAL=0" "-e" "RUST_BACKTRACE=full" "-e" "RUSTFLAGS=--cap-lints=warn" "-e" "RUSTDOCFLAGS=--cap-lints=warn" "-e" "CARGO_HOME=/opt/rustwide/cargo-home" "-e" "RUSTUP_HOME=/opt/rustwide/rustup-home" "-w" "/opt/rustwide/workdir" "-m" "1610612736" "--user" "0:0" "--network" "none" "ghcr.io/rust-lang/crates-build-env/linux@sha256:5ff2268d62e97bff2cde7d5815dd6ed5b47097566f13b8d0ca110b04b60e07ed" "/opt/rustwide/cargo-home/bin/cargo" "+beta-2023-04-20" "test" "--frozen", kill_on_drop: false }`
[INFO] [stdout] 6768c3eb6fb2f508897c42ef54aa63329d36fd94f2f7b97d298eeef51776b65c
[INFO] running `Command { std: "docker" "start" "-a" "6768c3eb6fb2f508897c42ef54aa63329d36fd94f2f7b97d298eeef51776b65c", kill_on_drop: false }`
[INFO] [stderr] warning: unused variable: `offset`
[INFO] [stderr]    --> rust_saber/src/lib.rs:133:9
[INFO] [stderr]     |
[INFO] [stderr] 133 |     let offset = bs_offset(addr) as u32;
[INFO] [stderr]     |         ^^^^^^ help: if this is intentional, prefix it with an underscore: `_offset`
[INFO] [stderr]     |
[INFO] [stderr]     = note: `#[warn(unused_variables)]` on by default
[INFO] [stderr] 
[INFO] [stderr] warning: variable does not need to be mutable
[INFO] [stderr]    --> rust_saber/src/lib.rs:132:9
[INFO] [stderr]     |
[INFO] [stderr] 132 |     let mut ptr: *mut u32 = std::ptr::null_mut();
[INFO] [stderr]     |         ----^^^
[INFO] [stderr]     |         |
[INFO] [stderr]     |         help: remove this `mut`
[INFO] [stderr]     |
[INFO] [stderr]     = note: `#[warn(unused_mut)]` on by default
[INFO] [stderr] 
[INFO] [stderr] warning: `rust_saber` (lib) generated 2 warnings (run `cargo fix --lib -p rust_saber` to apply 2 suggestions)
[INFO] [stderr] warning: `rust_saber` (lib test) generated 2 warnings (2 duplicates)
[INFO] [stderr]     Finished test [unoptimized + debuginfo] target(s) in 0.02s
[INFO] [stderr]      Running unittests src/lib.rs (/opt/rustwide/target/debug/deps/rust_saber-ddebc652788bc530)
[INFO] [stdout] 
[INFO] [stdout] running 0 tests
[INFO] [stdout] 
[INFO] [stdout] test result: ok. 0 passed; 0 failed; 0 ignored; 0 measured; 0 filtered out; finished in 0.00s
[INFO] [stdout] 
[INFO] [stderr]      Running unittests src/lib.rs (/opt/rustwide/target/debug/deps/rust_saber_macros-c28ab317824bf115)
[INFO] [stdout] 
[INFO] [stdout] running 0 tests
[INFO] [stdout] 
[INFO] [stdout] test result: ok. 0 passed; 0 failed; 0 ignored; 0 measured; 0 filtered out; finished in 0.00s
[INFO] [stdout] 
[INFO] [stderr]      Running unittests src/lib.rs (/opt/rustwide/target/debug/deps/sample_mod-eb1c5cffe10be530)
[INFO] [stdout] 
[INFO] [stdout] running 0 tests
[INFO] [stdout] 
[INFO] [stdout] test result: ok. 0 passed; 0 failed; 0 ignored; 0 measured; 0 filtered out; finished in 0.00s
[INFO] [stdout] 
[INFO] [stderr]    Doc-tests rust_saber
[INFO] [stdout] 
[INFO] [stdout] running 2 tests
[INFO] [stdout] test src/lib.rs - (line 5) - compile ... ok
[INFO] [stdout] test src/lib.rs - base_addr (line 69) - compile ... FAILED
[INFO] [stdout] 
[INFO] [stdout] failures:
[INFO] [stdout] 
[INFO] [stdout] ---- src/lib.rs - base_addr (line 69) stdout ----
[INFO] [stdout] error[E0425]: cannot find function `base_addr` in this scope
[INFO] [stdout]  --> src/lib.rs:72:33
[INFO] [stdout]   |
[INFO] [stdout] 4 | / lazy_static! {
[INFO] [stdout] 5 | |     static ref BASE_ADDR: u64 = base_addr("/data/app/com.beatgames.beatsaber-1/lib/arm/libil2cpp.so");
[INFO] [stdout]   | |                                 ^^^^^^^^^
[INFO] [stdout] 6 | | }
[INFO] [stdout]   | |_- similarly named static `BASE_ADDR` defined here
[INFO] [stdout]   |
[INFO] [stdout] help: a static with a similar name exists
[INFO] [stdout]   |
[INFO] [stdout] 5 |     static ref BASE_ADDR: u64 = BASE_ADDR("/data/app/com.beatgames.beatsaber-1/lib/arm/libil2cpp.so");
[INFO] [stdout]   |                                 ~~~~~~~~~
[INFO] [stdout] help: consider importing this function
[INFO] [stdout]   |
[INFO] [stdout] 2 + use rust_saber::base_addr;
[INFO] [stdout]   |
[INFO] [stdout] 
[INFO] [stdout] error: aborting due to previous error
[INFO] [stdout] 
[INFO] [stdout] For more information about this error, try `rustc --explain E0425`.
[INFO] [stdout] Couldn't compile the test.
[INFO] [stdout] 
[INFO] [stdout] failures:
[INFO] [stdout]     src/lib.rs - base_addr (line 69)
[INFO] [stdout] 
[INFO] [stdout] test result: FAILED. 1 passed; 1 failed; 0 ignored; 0 measured; 0 filtered out; finished in 0.04s
[INFO] [stdout] 
[INFO] [stderr] error: doctest failed, to rerun pass `-p rust_saber --doc`
[INFO] running `Command { std: "docker" "inspect" "6768c3eb6fb2f508897c42ef54aa63329d36fd94f2f7b97d298eeef51776b65c", kill_on_drop: false }`
[INFO] running `Command { std: "docker" "rm" "-f" "6768c3eb6fb2f508897c42ef54aa63329d36fd94f2f7b97d298eeef51776b65c", kill_on_drop: false }`
[INFO] [stdout] 6768c3eb6fb2f508897c42ef54aa63329d36fd94f2f7b97d298eeef51776b65c
