[INFO] cloning repository https://github.com/lcdr/raknet_shim
[INFO] running `Command { std: "git" "-c" "credential.helper=" "-c" "credential.helper=/workspace/cargo-home/bin/git-credential-null" "clone" "--bare" "https://github.com/lcdr/raknet_shim" "/workspace/cache/git-repos/https%3A%2F%2Fgithub.com%2Flcdr%2Fraknet_shim", kill_on_drop: false }`
[INFO] [stderr] Cloning into bare repository '/workspace/cache/git-repos/https%3A%2F%2Fgithub.com%2Flcdr%2Fraknet_shim'...
[INFO] running `Command { std: "git" "rev-parse" "HEAD", kill_on_drop: false }`
[INFO] [stdout] e2f9c18ed5e66dd70ba5e245f58756f5f2977625
[INFO] testing lcdr/raknet_shim against beta-2023-04-20 for beta-1.70-1
[INFO] running `Command { std: "git" "clone" "/workspace/cache/git-repos/https%3A%2F%2Fgithub.com%2Flcdr%2Fraknet_shim" "/workspace/builds/worker-7-tc2/source", kill_on_drop: false }`
[INFO] [stderr] Cloning into '/workspace/builds/worker-7-tc2/source'...
[INFO] [stderr] done.
[INFO] validating manifest of git repo https://github.com/lcdr/raknet_shim on toolchain beta-2023-04-20
[INFO] running `Command { std: CARGO_HOME="/workspace/cargo-home" RUSTUP_HOME="/workspace/rustup-home" "/workspace/cargo-home/bin/cargo" "+beta-2023-04-20" "metadata" "--manifest-path" "Cargo.toml" "--no-deps", kill_on_drop: false }`
[INFO] started tweaking git repo https://github.com/lcdr/raknet_shim
[INFO] finished tweaking git repo https://github.com/lcdr/raknet_shim
[INFO] tweaked toml for git repo https://github.com/lcdr/raknet_shim written to /workspace/builds/worker-7-tc2/source/Cargo.toml
[INFO] crate git repo https://github.com/lcdr/raknet_shim already has a lockfile, it will not be regenerated
[INFO] running `Command { std: CARGO_HOME="/workspace/cargo-home" RUSTUP_HOME="/workspace/rustup-home" "/workspace/cargo-home/bin/cargo" "+beta-2023-04-20" "fetch" "--manifest-path" "Cargo.toml", kill_on_drop: false }`
[INFO] [stderr]     Updating crates.io index
[INFO] [stderr]  Downloading crates ...
[INFO] [stderr]   Downloaded endio v0.1.0
[INFO] [stderr]   Downloaded endio_bit v0.1.0
[INFO] running `Command { std: "docker" "create" "-v" "/var/lib/crater-agent-workspace/builds/worker-7-tc2/target:/opt/rustwide/target:rw,Z" "-v" "/var/lib/crater-agent-workspace/builds/worker-7-tc2/source:/opt/rustwide/workdir:ro,Z" "-v" "/var/lib/crater-agent-workspace/cargo-home:/opt/rustwide/cargo-home:ro,Z" "-v" "/var/lib/crater-agent-workspace/rustup-home:/opt/rustwide/rustup-home:ro,Z" "-e" "SOURCE_DIR=/opt/rustwide/workdir" "-e" "CARGO_TARGET_DIR=/opt/rustwide/target" "-e" "CARGO_HOME=/opt/rustwide/cargo-home" "-e" "RUSTUP_HOME=/opt/rustwide/rustup-home" "-w" "/opt/rustwide/workdir" "-m" "1610612736" "--user" "0:0" "--network" "none" "ghcr.io/rust-lang/crates-build-env/linux@sha256:5ff2268d62e97bff2cde7d5815dd6ed5b47097566f13b8d0ca110b04b60e07ed" "/opt/rustwide/cargo-home/bin/cargo" "+beta-2023-04-20" "metadata" "--no-deps" "--format-version=1", kill_on_drop: false }`
[INFO] [stdout] 7c2e1f0ce5c4c8654c1e4cb301143895800379bf727cd1732e3aa747e18dd04c
[INFO] running `Command { std: "docker" "start" "-a" "7c2e1f0ce5c4c8654c1e4cb301143895800379bf727cd1732e3aa747e18dd04c", kill_on_drop: false }`
[INFO] running `Command { std: "docker" "inspect" "7c2e1f0ce5c4c8654c1e4cb301143895800379bf727cd1732e3aa747e18dd04c", kill_on_drop: false }`
[INFO] running `Command { std: "docker" "rm" "-f" "7c2e1f0ce5c4c8654c1e4cb301143895800379bf727cd1732e3aa747e18dd04c", kill_on_drop: false }`
[INFO] [stdout] 7c2e1f0ce5c4c8654c1e4cb301143895800379bf727cd1732e3aa747e18dd04c
[INFO] running `Command { std: "docker" "create" "-v" "/var/lib/crater-agent-workspace/builds/worker-7-tc2/target:/opt/rustwide/target:rw,Z" "-v" "/var/lib/crater-agent-workspace/builds/worker-7-tc2/source:/opt/rustwide/workdir:ro,Z" "-v" "/var/lib/crater-agent-workspace/cargo-home:/opt/rustwide/cargo-home:ro,Z" "-v" "/var/lib/crater-agent-workspace/rustup-home:/opt/rustwide/rustup-home:ro,Z" "-e" "SOURCE_DIR=/opt/rustwide/workdir" "-e" "CARGO_TARGET_DIR=/opt/rustwide/target" "-e" "CARGO_INCREMENTAL=0" "-e" "RUST_BACKTRACE=full" "-e" "RUSTFLAGS=--cap-lints=warn" "-e" "RUSTDOCFLAGS=--cap-lints=warn" "-e" "CARGO_HOME=/opt/rustwide/cargo-home" "-e" "RUSTUP_HOME=/opt/rustwide/rustup-home" "-w" "/opt/rustwide/workdir" "-m" "1610612736" "--user" "0:0" "--network" "none" "ghcr.io/rust-lang/crates-build-env/linux@sha256:5ff2268d62e97bff2cde7d5815dd6ed5b47097566f13b8d0ca110b04b60e07ed" "/opt/rustwide/cargo-home/bin/cargo" "+beta-2023-04-20" "build" "--frozen" "--message-format=json", kill_on_drop: false }`
[INFO] [stdout] 058c008471d887221ab7c783df97eeecf09aeddfafba2aa31bebfa7eb56aad88
[INFO] running `Command { std: "docker" "start" "-a" "058c008471d887221ab7c783df97eeecf09aeddfafba2aa31bebfa7eb56aad88", kill_on_drop: false }`
[INFO] [stderr]    Compiling libc v0.2.49
[INFO] [stderr]    Compiling cc v1.0.29
[INFO] [stderr]    Compiling untrusted v0.6.2
[INFO] [stderr]    Compiling lazy_static v1.3.0
[INFO] [stderr]    Compiling byteorder v1.3.1
[INFO] [stderr]    Compiling safemem v0.3.0
[INFO] [stderr]    Compiling cfg-if v0.1.6
[INFO] [stderr]    Compiling endio_bit v0.1.0
[INFO] [stderr]    Compiling log v0.4.6
[INFO] [stderr]    Compiling endio v0.1.0
[INFO] [stderr]    Compiling base64 v0.9.3
[INFO] [stderr]    Compiling ring v0.13.5
[INFO] [stderr]    Compiling webpki v0.18.1
[INFO] [stderr]    Compiling sct v0.4.0
[INFO] [stderr]    Compiling rustls v0.14.0
[INFO] [stderr]    Compiling webpki-roots v0.15.0
[INFO] [stderr]    Compiling raknet_shim v0.1.0 (/opt/rustwide/workdir)
[INFO] [stderr]     Finished dev [unoptimized + debuginfo] target(s) in 8.68s
[INFO] running `Command { std: "docker" "inspect" "058c008471d887221ab7c783df97eeecf09aeddfafba2aa31bebfa7eb56aad88", kill_on_drop: false }`
[INFO] running `Command { std: "docker" "rm" "-f" "058c008471d887221ab7c783df97eeecf09aeddfafba2aa31bebfa7eb56aad88", kill_on_drop: false }`
[INFO] [stdout] 058c008471d887221ab7c783df97eeecf09aeddfafba2aa31bebfa7eb56aad88
[INFO] running `Command { std: "docker" "create" "-v" "/var/lib/crater-agent-workspace/builds/worker-7-tc2/target:/opt/rustwide/target:rw,Z" "-v" "/var/lib/crater-agent-workspace/builds/worker-7-tc2/source:/opt/rustwide/workdir:ro,Z" "-v" "/var/lib/crater-agent-workspace/cargo-home:/opt/rustwide/cargo-home:ro,Z" "-v" "/var/lib/crater-agent-workspace/rustup-home:/opt/rustwide/rustup-home:ro,Z" "-e" "SOURCE_DIR=/opt/rustwide/workdir" "-e" "CARGO_TARGET_DIR=/opt/rustwide/target" "-e" "CARGO_INCREMENTAL=0" "-e" "RUST_BACKTRACE=full" "-e" "RUSTFLAGS=--cap-lints=warn" "-e" "RUSTDOCFLAGS=--cap-lints=warn" "-e" "CARGO_HOME=/opt/rustwide/cargo-home" "-e" "RUSTUP_HOME=/opt/rustwide/rustup-home" "-w" "/opt/rustwide/workdir" "-m" "1610612736" "--user" "0:0" "--network" "none" "ghcr.io/rust-lang/crates-build-env/linux@sha256:5ff2268d62e97bff2cde7d5815dd6ed5b47097566f13b8d0ca110b04b60e07ed" "/opt/rustwide/cargo-home/bin/cargo" "+beta-2023-04-20" "test" "--frozen" "--no-run" "--message-format=json", kill_on_drop: false }`
[INFO] [stdout] 20b8568b69f812326608121ab554b6e8ca36641f15bc58d51bf0c464a828b5a7
[INFO] running `Command { std: "docker" "start" "-a" "20b8568b69f812326608121ab554b6e8ca36641f15bc58d51bf0c464a828b5a7", kill_on_drop: false }`
[INFO] [stderr]    Compiling raknet_shim v0.1.0 (/opt/rustwide/workdir)
[INFO] [stderr]     Finished test [unoptimized + debuginfo] target(s) in 1.20s
[INFO] running `Command { std: "docker" "inspect" "20b8568b69f812326608121ab554b6e8ca36641f15bc58d51bf0c464a828b5a7", kill_on_drop: false }`
[INFO] running `Command { std: "docker" "rm" "-f" "20b8568b69f812326608121ab554b6e8ca36641f15bc58d51bf0c464a828b5a7", kill_on_drop: false }`
[INFO] [stdout] 20b8568b69f812326608121ab554b6e8ca36641f15bc58d51bf0c464a828b5a7
[INFO] running `Command { std: "docker" "create" "-v" "/var/lib/crater-agent-workspace/builds/worker-7-tc2/target:/opt/rustwide/target:rw,Z" "-v" "/var/lib/crater-agent-workspace/builds/worker-7-tc2/source:/opt/rustwide/workdir:ro,Z" "-v" "/var/lib/crater-agent-workspace/cargo-home:/opt/rustwide/cargo-home:ro,Z" "-v" "/var/lib/crater-agent-workspace/rustup-home:/opt/rustwide/rustup-home:ro,Z" "-e" "SOURCE_DIR=/opt/rustwide/workdir" "-e" "CARGO_TARGET_DIR=/opt/rustwide/target" "-e" "CARGO_INCREMENTAL=0" "-e" "RUST_BACKTRACE=full" "-e" "RUSTFLAGS=--cap-lints=warn" "-e" "RUSTDOCFLAGS=--cap-lints=warn" "-e" "CARGO_HOME=/opt/rustwide/cargo-home" "-e" "RUSTUP_HOME=/opt/rustwide/rustup-home" "-w" "/opt/rustwide/workdir" "-m" "1610612736" "--user" "0:0" "--network" "none" "ghcr.io/rust-lang/crates-build-env/linux@sha256:5ff2268d62e97bff2cde7d5815dd6ed5b47097566f13b8d0ca110b04b60e07ed" "/opt/rustwide/cargo-home/bin/cargo" "+beta-2023-04-20" "test" "--frozen", kill_on_drop: false }`
[INFO] [stdout] c3845463e1283d0924ad01a055a36fe0e3286ce8dec697a2027953c01af52e44
[INFO] running `Command { std: "docker" "start" "-a" "c3845463e1283d0924ad01a055a36fe0e3286ce8dec697a2027953c01af52e44", kill_on_drop: false }`
[INFO] [stderr]     Finished test [unoptimized + debuginfo] target(s) in 0.01s
[INFO] [stderr]      Running unittests src/main.rs (/opt/rustwide/target/debug/deps/raknet_shim-fd770b1cb01cc716)
[INFO] [stdout] 
[INFO] [stdout] running 59 tests
[INFO] [stdout] test raknet::comp::tests::read_comp_u16_large ... ok
[INFO] [stdout] test raknet::comp::tests::read_comp_u16_small ... ok
[INFO] [stdout] test raknet::rangelist::tests::clear ... ok
[INFO] [stdout] test raknet::rangelist::tests::deserialize ... ok
[INFO] [stdout] test raknet::comp::tests::read_comp_u32_large ... ok
[INFO] [stdout] test raknet::rangelist::tests::insert ... ok
[INFO] [stdout] test raknet::rangelist::tests::multiple_ranges ... ok
[INFO] [stdout] test raknet::rangelist::tests::serialize ... ok
[INFO] [stdout] test raknet::rangelist::tests::underflow ... ok
[INFO] [stdout] test raknet::recv::tests::disconnect_close ... ok
[INFO] [stdout] test raknet::rangelist::tests::overflow ... ok
[INFO] [stdout] test raknet::recv::tests::all_split_packets ... ok
[INFO] [stdout] test raknet::recv::tests::rel_ord_duplicate ... ok
[INFO] [stdout] test raknet::recv::tests::rel_ord_overflow_duplicate ... ok
[INFO] [stdout] test raknet::recv::tests::rel_ord_caught_up ... ok
[INFO] [stdout] test raknet::recv::tests::rel_ord_gap ... ok
[INFO] [stdout] test raknet::recv::tests::rel_ord_overflow_index ... ok
[INFO] [stdout] test raknet::recv::tests::rel_ord_overflow_index_out_of_order ... ok
[INFO] [stdout] test raknet::recv::tests::rel_ord_overflow_queue_drain ... ok
[INFO] [stdout] test raknet::recv::tests::rel_ord_too_early ... ok
[INFO] [stdout] test raknet::recv::tests::unrel ... ok
[INFO] [stdout] test raknet::recv::tests::unrel_seq_caught_up ... ok
[INFO] [stdout] test raknet::recv::tests::unrel_seq_duplicate ... ok
[INFO] [stdout] test raknet::recv::tests::unrel_seq_overflow ... ok
[INFO] [stdout] test raknet::recv::tests::unrel_seq_overflow_gap ... ok
[INFO] [stdout] test raknet::recv::tests::unrel_seq_too_early ... ok
[INFO] [stdout] test raknet::send::tests::message_number ... ok
[INFO] [stdout] test raknet::send::tests::overflow ... ok
[INFO] [stdout] test raknet::send::tests::rel_ord_index ... ok
[INFO] [stdout] test raknet::send::tests::split_packet ... ok
[INFO] [stdout] test raknet::send::tests::unrel_seq_index ... ok
[INFO] [stdout] test raknet::comp::tests::write_comp_u16_large ... ok
[INFO] [stdout] test raknet::comp::tests::read_comp_u32_small ... ok
[INFO] [stdout] test raknet::comp::tests::write_comp_u16_small ... ok
[INFO] [stdout] test raknet::comp::tests::write_comp_u32_small ... ok
[INFO] [stdout] test string::tests::read_invalid_utf8 ... ok
[INFO] [stdout] test string::tests::read_long ... ok
[INFO] [stdout] test raknet::recv::tests::single_split_packet ... ok
[INFO] [stdout] test string::tests::read_short ... ok
[INFO] [stdout] test raknet::recv::tests::unrel_seq_gap_too_large ... ok
[INFO] [stdout] test string::tests::read_no_null ... ok
[INFO] [stdout] test raknet::comp::tests::write_comp_u32_large ... ok
[INFO] [stdout] test string::tests::write_long ... ok
[INFO] [stdout] test string::tests::write_short ... ok
[INFO] [stdout] test string::tests::write_too_long ... ok
[INFO] [stdout] test tcpudp::tests_tcp::recv_partial_data ... ok
[INFO] [stdout] test tcpudp::tests_tcp::recv_partial_len_before ... ok
[INFO] [stdout] test tcpudp::tests_tcp::recv_partial_len_after ... ok
[INFO] [stdout] test tcpudp::tests_tcp::recv_whole ... ok
[INFO] [stdout] test tcpudp::tests_udp::recv_unrel_seq_overflow ... ok
[INFO] [stdout] test tcpudp::tests_udp::recv_unrel ... ok
[INFO] [stdout] test tcpudp::tests_udp::recv_unrel_seq_out_of_order ... ok
[INFO] [stdout] test tcpudp::tests_udp::recv_unrel_seq ... ok
[INFO] [stdout] test tcpudp::tests_tcp::send_ok ... ok
[INFO] [stdout] test tcpudp::tests_udp::recv_unrel_seq_wrap ... ok
[INFO] [stdout] test tcpudp::tests_udp::send_unrel_seq ... ok
[INFO] [stdout] test tcpudp::tests_udp::send_unrel ... ok
[INFO] [stdout] test string::tests::read_eof - should panic ... ok
[INFO] [stdout] test tcpudp::tests_tcp::send_shutdown ... FAILED
[INFO] [stdout] 
[INFO] [stdout] failures:
[INFO] [stdout] 
[INFO] [stdout] ---- tcpudp::tests_tcp::send_shutdown stdout ----
[INFO] [stdout] thread 'tcpudp::tests_tcp::send_shutdown' panicked at 'assertion failed: `(left == right)`
[INFO] [stdout]   left: `BrokenPipe`,
[INFO] [stdout]  right: `ConnectionAborted`', src/tcpudp/mod.rs:251:9
[INFO] [stdout] stack backtrace:
[INFO] [stdout]    0:     0x55af32cd582a - std::backtrace_rs::backtrace::libunwind::trace::h2f05d0192276a8f6
[INFO] [stdout]                                at /rustc/1b7dd2252b99671ce5d1cb9664c5f8636329436d/library/std/src/../../backtrace/src/backtrace/libunwind.rs:93:5
[INFO] [stdout]    1:     0x55af32cd582a - std::backtrace_rs::backtrace::trace_unsynchronized::hedc23dff7a1af150
[INFO] [stdout]                                at /rustc/1b7dd2252b99671ce5d1cb9664c5f8636329436d/library/std/src/../../backtrace/src/backtrace/mod.rs:66:5
[INFO] [stdout]    2:     0x55af32cd582a - std::sys_common::backtrace::_print_fmt::h17541ef7592f3ce2
[INFO] [stdout]                                at /rustc/1b7dd2252b99671ce5d1cb9664c5f8636329436d/library/std/src/sys_common/backtrace.rs:65:5
[INFO] [stdout]    3:     0x55af32cd582a - <std::sys_common::backtrace::_print::DisplayBacktrace as core::fmt::Display>::fmt::h20f75df5ab0c0792
[INFO] [stdout]                                at /rustc/1b7dd2252b99671ce5d1cb9664c5f8636329436d/library/std/src/sys_common/backtrace.rs:44:22
[INFO] [stdout]    4:     0x55af32cfb50f - core::fmt::write::h78109e6f466b3af6
[INFO] [stdout]                                at /rustc/1b7dd2252b99671ce5d1cb9664c5f8636329436d/library/core/src/fmt/mod.rs:1254:17
[INFO] [stdout]    5:     0x55af32cd23e5 - std::io::Write::write_fmt::hd24bfb68a1b35a25
[INFO] [stdout]                                at /rustc/1b7dd2252b99671ce5d1cb9664c5f8636329436d/library/std/src/io/mod.rs:1698:15
[INFO] [stdout]    6:     0x55af32cd55f5 - std::sys_common::backtrace::_print::h8dac57a9f8fbf9a5
[INFO] [stdout]                                at /rustc/1b7dd2252b99671ce5d1cb9664c5f8636329436d/library/std/src/sys_common/backtrace.rs:47:5
[INFO] [stdout]    7:     0x55af32cd55f5 - std::sys_common::backtrace::print::hf9ecbf41d1aa712f
[INFO] [stdout]                                at /rustc/1b7dd2252b99671ce5d1cb9664c5f8636329436d/library/std/src/sys_common/backtrace.rs:34:9
[INFO] [stdout]    8:     0x55af32cd72ae - std::panicking::default_hook::{{closure}}::h04c07acfc84ca028
[INFO] [stdout]                                at /rustc/1b7dd2252b99671ce5d1cb9664c5f8636329436d/library/std/src/panicking.rs:269:22
[INFO] [stdout]    9:     0x55af32cd6fe1 - std::panicking::default_hook::h01f6bb23e1eceb2c
[INFO] [stdout]                                at /rustc/1b7dd2252b99671ce5d1cb9664c5f8636329436d/library/std/src/panicking.rs:285:9
[INFO] [stdout]   10:     0x55af32ca9f5b - <alloc::boxed::Box<F,A> as core::ops::function::Fn<Args>>::call::h87fe9f7b2fd49e4c
[INFO] [stdout]                                at /rustc/1b7dd2252b99671ce5d1cb9664c5f8636329436d/library/alloc/src/boxed.rs:1987:9
[INFO] [stdout]   11:     0x55af32ca9f5b - test::test_main::{{closure}}::he94d679243a7531b
[INFO] [stdout]                                at /rustc/1b7dd2252b99671ce5d1cb9664c5f8636329436d/library/test/src/lib.rs:134:21
[INFO] [stdout]   12:     0x55af32cd7994 - <alloc::boxed::Box<F,A> as core::ops::function::Fn<Args>>::call::h3f2d6d8b14c4769f
[INFO] [stdout]                                at /rustc/1b7dd2252b99671ce5d1cb9664c5f8636329436d/library/alloc/src/boxed.rs:1987:9
[INFO] [stdout]   13:     0x55af32cd7994 - std::panicking::rust_panic_with_hook::h2bb3722bbaf2f6df
[INFO] [stdout]                                at /rustc/1b7dd2252b99671ce5d1cb9664c5f8636329436d/library/std/src/panicking.rs:695:13
[INFO] [stdout]   14:     0x55af32cd7709 - std::panicking::begin_panic_handler::{{closure}}::h91bc7f36a4be011b
[INFO] [stdout]                                at /rustc/1b7dd2252b99671ce5d1cb9664c5f8636329436d/library/std/src/panicking.rs:582:13
[INFO] [stdout]   15:     0x55af32cd5c96 - std::sys_common::backtrace::__rust_end_short_backtrace::h8b3d3717114f9e59
[INFO] [stdout]                                at /rustc/1b7dd2252b99671ce5d1cb9664c5f8636329436d/library/std/src/sys_common/backtrace.rs:150:18
[INFO] [stdout]   16:     0x55af32cd7462 - rust_begin_unwind
[INFO] [stdout]                                at /rustc/1b7dd2252b99671ce5d1cb9664c5f8636329436d/library/std/src/panicking.rs:578:5
[INFO] [stdout]   17:     0x55af32c41db3 - core::panicking::panic_fmt::hfd368e3fbdabea26
[INFO] [stdout]                                at /rustc/1b7dd2252b99671ce5d1cb9664c5f8636329436d/library/core/src/panicking.rs:67:14
[INFO] [stdout]   18:     0x55af32c4217f - core::panicking::assert_failed_inner::haef49168e1798a91
[INFO] [stdout]   19:     0x55af32c5a24a - core::panicking::assert_failed::h76fe5b76e8d316d6
[INFO] [stdout]                                at /rustc/1b7dd2252b99671ce5d1cb9664c5f8636329436d/library/core/src/panicking.rs:228:5
[INFO] [stdout]   20:     0x55af32c647fa - raknet_shim::tcpudp::tests_tcp::send_shutdown::h927d4cf966c81d17
[INFO] [stdout]                                at /opt/rustwide/workdir/src/tcpudp/mod.rs:251:3
[INFO] [stdout]   21:     0x55af32c64497 - raknet_shim::tcpudp::tests_tcp::send_shutdown::{{closure}}::hb84b3e99cc5ca836
[INFO] [stdout]                                at /opt/rustwide/workdir/src/tcpudp/mod.rs:247:21
[INFO] [stdout]   22:     0x55af32c72d75 - core::ops::function::FnOnce::call_once::h916742b5a459c15f
[INFO] [stdout]                                at /rustc/1b7dd2252b99671ce5d1cb9664c5f8636329436d/library/core/src/ops/function.rs:250:5
[INFO] [stdout]   23:     0x55af32caee2f - core::ops::function::FnOnce::call_once::ha6a70e79f7481a7e
[INFO] [stdout]                                at /rustc/1b7dd2252b99671ce5d1cb9664c5f8636329436d/library/core/src/ops/function.rs:250:5
[INFO] [stdout]   24:     0x55af32caee2f - test::__rust_begin_short_backtrace::hce33033019b61e69
[INFO] [stdout]                                at /rustc/1b7dd2252b99671ce5d1cb9664c5f8636329436d/library/test/src/lib.rs:655:18
[INFO] [stdout]   25:     0x55af32c7c61c - test::run_test::{{closure}}::h858d3528838ae3e5
[INFO] [stdout]                                at /rustc/1b7dd2252b99671ce5d1cb9664c5f8636329436d/library/test/src/lib.rs:646:30
[INFO] [stdout]   26:     0x55af32c7c61c - core::ops::function::FnOnce::call_once{{vtable.shim}}::he8ac2b00f01ae79e
[INFO] [stdout]                                at /rustc/1b7dd2252b99671ce5d1cb9664c5f8636329436d/library/core/src/ops/function.rs:250:5
[INFO] [stdout]   27:     0x55af32cadf06 - <alloc::boxed::Box<F,A> as core::ops::function::FnOnce<Args>>::call_once::h8093d25b522725ef
[INFO] [stdout]                                at /rustc/1b7dd2252b99671ce5d1cb9664c5f8636329436d/library/alloc/src/boxed.rs:1973:9
[INFO] [stdout]   28:     0x55af32cadf06 - <core::panic::unwind_safe::AssertUnwindSafe<F> as core::ops::function::FnOnce<()>>::call_once::h5c334c204e4a3913
[INFO] [stdout]                                at /rustc/1b7dd2252b99671ce5d1cb9664c5f8636329436d/library/core/src/panic/unwind_safe.rs:271:9
[INFO] [stdout]   29:     0x55af32cadf06 - std::panicking::try::do_call::ha8b740c7b9478074
[INFO] [stdout]                                at /rustc/1b7dd2252b99671ce5d1cb9664c5f8636329436d/library/std/src/panicking.rs:485:40
[INFO] [stdout]   30:     0x55af32cadf06 - std::panicking::try::h5d34f63d0e41b64e
[INFO] [stdout]                                at /rustc/1b7dd2252b99671ce5d1cb9664c5f8636329436d/library/std/src/panicking.rs:449:19
[INFO] [stdout]   31:     0x55af32cadf06 - std::panic::catch_unwind::hcfbb511e1aa7fc67
[INFO] [stdout]                                at /rustc/1b7dd2252b99671ce5d1cb9664c5f8636329436d/library/std/src/panic.rs:140:14
[INFO] [stdout]   32:     0x55af32cadf06 - test::run_test_in_process::h9abda90f802eaf21
[INFO] [stdout]                                at /rustc/1b7dd2252b99671ce5d1cb9664c5f8636329436d/library/test/src/lib.rs:678:27
[INFO] [stdout]   33:     0x55af32cadf06 - test::run_test::run_test_inner::{{closure}}::h0f058de91f6c6edf
[INFO] [stdout]                                at /rustc/1b7dd2252b99671ce5d1cb9664c5f8636329436d/library/test/src/lib.rs:572:39
[INFO] [stdout]   34:     0x55af32c76e25 - test::run_test::run_test_inner::{{closure}}::h5ca48a4c59c6c1fb
[INFO] [stdout]                                at /rustc/1b7dd2252b99671ce5d1cb9664c5f8636329436d/library/test/src/lib.rs:599:37
[INFO] [stdout]   35:     0x55af32c76e25 - std::sys_common::backtrace::__rust_begin_short_backtrace::h32bd51e1495d4a33
[INFO] [stdout]                                at /rustc/1b7dd2252b99671ce5d1cb9664c5f8636329436d/library/std/src/sys_common/backtrace.rs:134:18
[INFO] [stdout]   36:     0x55af32c7c361 - std::thread::Builder::spawn_unchecked_::{{closure}}::{{closure}}::hc086fae9b128b2db
[INFO] [stdout]                                at /rustc/1b7dd2252b99671ce5d1cb9664c5f8636329436d/library/std/src/thread/mod.rs:526:17
[INFO] [stdout]   37:     0x55af32c7c361 - <core::panic::unwind_safe::AssertUnwindSafe<F> as core::ops::function::FnOnce<()>>::call_once::hb66571888d270d43
[INFO] [stdout]                                at /rustc/1b7dd2252b99671ce5d1cb9664c5f8636329436d/library/core/src/panic/unwind_safe.rs:271:9
[INFO] [stdout]   38:     0x55af32c7c361 - std::panicking::try::do_call::h4fa2ef4f6e51fecf
[INFO] [stdout]                                at /rustc/1b7dd2252b99671ce5d1cb9664c5f8636329436d/library/std/src/panicking.rs:485:40
[INFO] [stdout]   39:     0x55af32c7c361 - std::panicking::try::h1e9e22b8584489b5
[INFO] [stdout]                                at /rustc/1b7dd2252b99671ce5d1cb9664c5f8636329436d/library/std/src/panicking.rs:449:19
[INFO] [stdout]   40:     0x55af32c7c361 - std::panic::catch_unwind::h44698a3de0e0769e
[INFO] [stdout]                                at /rustc/1b7dd2252b99671ce5d1cb9664c5f8636329436d/library/std/src/panic.rs:140:14
[INFO] [stdout]   41:     0x55af32c7c361 - std::thread::Builder::spawn_unchecked_::{{closure}}::h50153abde3fe239e
[INFO] [stdout]                                at /rustc/1b7dd2252b99671ce5d1cb9664c5f8636329436d/library/std/src/thread/mod.rs:525:30
[INFO] [stdout]   42:     0x55af32c7c361 - core::ops::function::FnOnce::call_once{{vtable.shim}}::hbe5bbf6f38394364
[INFO] [stdout]                                at /rustc/1b7dd2252b99671ce5d1cb9664c5f8636329436d/library/core/src/ops/function.rs:250:5
[INFO] [stdout]   43:     0x55af32cdc005 - <alloc::boxed::Box<F,A> as core::ops::function::FnOnce<Args>>::call_once::h0d83cb2920a49046
[INFO] [stdout]                                at /rustc/1b7dd2252b99671ce5d1cb9664c5f8636329436d/library/alloc/src/boxed.rs:1973:9
[INFO] [stdout]   44:     0x55af32cdc005 - <alloc::boxed::Box<F,A> as core::ops::function::FnOnce<Args>>::call_once::hbe0a008aa7d9ef59
[INFO] [stdout]                                at /rustc/1b7dd2252b99671ce5d1cb9664c5f8636329436d/library/alloc/src/boxed.rs:1973:9
[INFO] [stdout]   45:     0x55af32cdc005 - std::sys::unix::thread::Thread::new::thread_start::h3a466996bdf6b1f9
[INFO] [stdout]                                at /rustc/1b7dd2252b99671ce5d1cb9664c5f8636329436d/library/std/src/sys/unix/thread.rs:108:17
[INFO] [stdout]   46:     0x7fa5d5e6ab43 - <unknown>
[INFO] [stdout]   47:     0x7fa5d5efbbb4 - __clone
[INFO] [stdout]   48:                0x0 - <unknown>
[INFO] [stdout] 
[INFO] [stdout] 
[INFO] [stdout] failures:
[INFO] [stdout]     tcpudp::tests_tcp::send_shutdown
[INFO] [stdout] 
[INFO] [stdout] test result: FAILED. 58 passed; 1 failed; 0 ignored; 0 measured; 0 filtered out; finished in 0.03s
[INFO] [stdout] 
[INFO] [stderr] error: test failed, to rerun pass `--bin raknet_shim`
[INFO] running `Command { std: "docker" "inspect" "c3845463e1283d0924ad01a055a36fe0e3286ce8dec697a2027953c01af52e44", kill_on_drop: false }`
[INFO] running `Command { std: "docker" "rm" "-f" "c3845463e1283d0924ad01a055a36fe0e3286ce8dec697a2027953c01af52e44", kill_on_drop: false }`
[INFO] [stdout] c3845463e1283d0924ad01a055a36fe0e3286ce8dec697a2027953c01af52e44
